172.70.207.82 - - [08/May/2025:12:22:53 +0200] "GET /?play=phim+sec+hot+nhat HTTP/1.1" 200 999 "-" "Mozilla/5.0 AppleWebKit/537.36 (KHTML, like Gecko; compatible; GPTBot/1.2; +https://openai.com/gptbot)"
172.71.142.60 - - [08/May/2025:12:22:54 +0200] "GET /?i=289657721 HTTP/1.1" 200 93801 "-" "Mozilla/5.0 (compatible; DotBot/1.2; +https://opensiteexplorer.org/dotbot; [email protected])"
172.70.207.82 - - [08/May/2025:12:22:54 +0200] "GET /?hot=phim+sex+ban+trinh HTTP/1.1" 200 999 "-" "Mozilla/5.0 AppleWebKit/537.36 (KHTML, like Gecko; compatible; GPTBot/1.2; +https://openai.com/gptbot)"
162.158.42.18 - - [08/May/2025:12:22:55 +0200] "GET /?i=292350921 HTTP/1.1" 200 93801 "-" "Mozilla/5.0 (compatible; DotBot/1.2; +https://opensiteexplorer.org/dotbot; [email protected])"
172.70.207.82 - - [08/May/2025:12:22:55 +0200] "GET /?play=phim+sex+gai.xinh HTTP/1.1" 200 999 "-" "Mozilla/5.0 AppleWebKit/537.36 (KHTML, like Gecko; compatible; GPTBot/1.2; +https://openai.com/gptbot)"
108.162.246.4 - - [08/May/2025:12:22:56 +0200] "GET /?i=297870321 HTTP/1.1" 200 93801 "-" "Mozilla/5.0 (compatible; DotBot/1.2; +https://opensiteexplorer.org/dotbot; [email protected])"
172.70.207.82 - - [08/May/2025:12:22:56 +0200] "GET /?produc_id=phim+sex+cap HTTP/1.1" 200 999 "-" "Mozilla/5.0 AppleWebKit/537.36 (KHTML, like Gecko; compatible; GPTBot/1.2; +https://openai.com/gptbot)"
162.158.41.19 - - [08/May/2025:12:22:56 +0200] "GET /?i=298746221 HTTP/1.1" 200 93801 "-" "Mozilla/5.0 (compatible; DotBot/1.2; +https://opensiteexplorer.org/dotbot; [email protected])"
172.68.22.2 - - [08/May/2025:12:22:57 +0200] "GET /?i=30565421 HTTP/1.1" 200 93801 "-" "Mozilla/5.0 (compatible; DotBot/1.2; +https://opensiteexplorer.org/dotbot; [email protected])"
172.70.207.82 - - [08/May/2025:12:22:58 +0200] "GET /?top=phim+sec+trung+hoa HTTP/1.1" 200 999 "-" "Mozilla/5.0 AppleWebKit/537.36 (KHTML, like Gecko; compatible; GPTBot/1.2; +https://openai.com/gptbot)"
172.70.207.82 - - [08/May/2025:12:22:59 +0200] "GET /?hot=phim+sex+cong+chua HTTP/1.1" 200 999 "-" "Mozilla/5.0 AppleWebKit/537.36 (KHTML, like Gecko; compatible; GPTBot/1.2; +https://openai.com/gptbot)"
172.71.131.57 - - [08/May/2025:12:22:59 +0200] "GET /?hot=trung%20ni%C3%AAn%20sex HTTP/1.1" 200 999 "-" "Mozilla/5.0 (compatible; MJ12bot/v1.4.8; http://mj12bot.com/)"
162.158.42.89 - - [08/May/2025:12:22:59 +0200] "GET /?i=308016121 HTTP/1.1" 200 93801 "-" "Mozilla/5.0 (compatible; DotBot/1.2; +https://opensiteexplorer.org/dotbot; [email protected])"
172.70.207.82 - - [08/May/2025:12:23:00 +0200] "GET /?top=phim+set+cha+duong HTTP/1.1" 200 999 "-" "Mozilla/5.0 AppleWebKit/537.36 (KHTML, like Gecko; compatible; GPTBot/1.2; +https://openai.com/gptbot)"
172.70.207.82 - - [08/May/2025:12:23:01 +0200] "GET /?play=sex+viet+hot+nhat HTTP/1.1" 200 999 "-" "Mozilla/5.0 AppleWebKit/537.36 (KHTML, like Gecko; compatible; GPTBot/1.2; +https://openai.com/gptbot)"
172.68.22.73 - - [08/May/2025:12:23:01 +0200] "GET /?i=315190421 HTTP/1.1" 200 93801 "-" "Mozilla/5.0 (compatible; DotBot/1.2; +https://opensiteexplorer.org/dotbot; [email protected])"
172.70.207.82 - - [08/May/2025:12:23:02 +0200] "GET /?bet=vung+trom+dit+nhau HTTP/1.1" 200 999 "-" "Mozilla/5.0 AppleWebKit/537.36 (KHTML, like Gecko; compatible; GPTBot/1.2; +https://openai.com/gptbot)"
172.70.143.8 - - [08/May/2025:12:23:03 +0200] "GET /?i=106148621 HTTP/1.1" 200 93801 "-" "Mozilla/5.0 (Linux; Android 5.0) AppleWebKit/537.36 (KHTML, like Gecko) Mobile Safari/537.36 (compatible; Bytespider; [email protected])"
172.70.207.82 - - [08/May/2025:12:23:03 +0200] "GET /?hot=sex+gai+trung+quoc HTTP/1.1" 200 999 "-" "Mozilla/5.0 AppleWebKit/537.36 (KHTML, like Gecko; compatible; GPTBot/1.2; +https://openai.com/gptbot)"
162.158.42.225 - - [08/May/2025:12:23:04 +0200] "GET /?i=324925221 HTTP/1.1" 200 93801 "-" "Mozilla/5.0 (compatible; DotBot/1.2; +https://opensiteexplorer.org/dotbot; [email protected])"
162.158.88.142 - - [08/May/2025:12:23:04 +0200] "GET /IMG/logo/img-20231108-wa0084.jpg HTTP/1.1" 200 8767 "http://www.igihango.com/?i=106148621" "Mozilla/5.0 (Linux; Android 5.0) AppleWebKit/537.36 (KHTML, like Gecko) Mobile Safari/537.36 (compatible; Bytespider; [email protected])"
172.70.207.82 - - [08/May/2025:12:23:04 +0200] "GET /?play=phim+sex+tau+dien HTTP/1.1" 200 999 "-" "Mozilla/5.0 AppleWebKit/537.36 (KHTML, like Gecko; compatible; GPTBot/1.2; +https://openai.com/gptbot)"
108.162.246.4 - - [08/May/2025:12:23:05 +0200] "GET /?i=329999021 HTTP/1.1" 200 93801 "-" "Mozilla/5.0 (compatible; DotBot/1.2; +https://opensiteexplorer.org/dotbot; [email protected])"
172.70.207.82 - - [08/May/2025:12:23:06 +0200] "GET /?keyword=me+ke+nhat+ban HTTP/1.1" 200 999 "-" "Mozilla/5.0 AppleWebKit/537.36 (KHTML, like Gecko; compatible; GPTBot/1.2; +https://openai.com/gptbot)"
172.70.207.82 - - [08/May/2025:12:23:07 +0200] "GET /?produc_id=hiep+dam+jav HTTP/1.1" 200 999 "-" "Mozilla/5.0 AppleWebKit/537.36 (KHTML, like Gecko; compatible; GPTBot/1.2; +https://openai.com/gptbot)"
162.158.42.235 - - [08/May/2025:12:23:07 +0200] "GET /?i=334237521 HTTP/1.1" 200 93801 "-" "Mozilla/5.0 (compatible; DotBot/1.2; +https://opensiteexplorer.org/dotbot; [email protected])"
172.70.207.82 - - [08/May/2025:12:23:08 +0200] "GET /?bet=anh+sex+yua+mikami HTTP/1.1" 200 999 "-" "Mozilla/5.0 AppleWebKit/537.36 (KHTML, like Gecko; compatible; GPTBot/1.2; +https://openai.com/gptbot)"
172.70.207.82 - - [08/May/2025:12:23:09 +0200] "GET /?produc_id=nung+lon.com HTTP/1.1" 200 999 "-" "Mozilla/5.0 AppleWebKit/537.36 (KHTML, like Gecko; compatible; GPTBot/1.2; +https://openai.com/gptbot)"
108.162.245.36 - - [08/May/2025:12:23:09 +0200] "GET /?i=337668021 HTTP/1.1" 200 93801 "-" "Mozilla/5.0 (compatible; DotBot/1.2; +https://opensiteexplorer.org/dotbot; [email protected])"
172.70.207.82 - - [08/May/2025:12:23:10 +0200] "GET /?keyword=phim+sex+em+vo HTTP/1.1" 200 999 "-" "Mozilla/5.0 AppleWebKit/537.36 (KHTML, like Gecko; compatible; GPTBot/1.2; +https://openai.com/gptbot)"
172.68.22.39 - - [08/May/2025:12:23:11 +0200] "GET /?i=339636621 HTTP/1.1" 200 93801 "-" "Mozilla/5.0 (compatible; DotBot/1.2; +https://opensiteexplorer.org/dotbot; [email protected])"
172.70.207.82 - - [08/May/2025:12:23:12 +0200] "GET /?keyword=phim+sex+my+hd HTTP/1.1" 200 999 "-" "Mozilla/5.0 AppleWebKit/537.36 (KHTML, like Gecko; compatible; GPTBot/1.2; +https://openai.com/gptbot)"
172.70.207.82 - - [08/May/2025:12:23:13 +0200] "GET /?app=sex+ko+che+vietsub HTTP/1.1" 200 999 "-" "Mozilla/5.0 AppleWebKit/537.36 (KHTML, like Gecko; compatible; GPTBot/1.2; +https://openai.com/gptbot)"
172.71.131.58 - - [08/May/2025:12:23:13 +0200] "GET /?hot=vi%E1%BB%87t%20sex HTTP/1.1" 200 999 "-" "Mozilla/5.0 (compatible; MJ12bot/v1.4.8; http://mj12bot.com/)"
172.68.22.72 - - [08/May/2025:12:23:13 +0200] "GET /?i=341279621 HTTP/1.1" 200 93801 "-" "Mozilla/5.0 (compatible; DotBot/1.2; +https://opensiteexplorer.org/dotbot; [email protected])"
172.70.207.82 - - [08/May/2025:12:23:14 +0200] "GET /?hot=phim+vung+trom.com HTTP/1.1" 200 999 "-" "Mozilla/5.0 AppleWebKit/537.36 (KHTML, like Gecko; compatible; GPTBot/1.2; +https://openai.com/gptbot)"
108.162.246.68 - - [08/May/2025:12:23:15 +0200] "GET /?i=354733821 HTTP/1.1" 200 93801 "-" "Mozilla/5.0 (compatible; DotBot/1.2; +https://opensiteexplorer.org/dotbot; [email protected])"
172.70.207.82 - - [08/May/2025:12:23:15 +0200] "GET /?produc_id=phim+sex+myx HTTP/1.1" 200 999 "-" "Mozilla/5.0 AppleWebKit/537.36 (KHTML, like Gecko; compatible; GPTBot/1.2; +https://openai.com/gptbot)"
172.70.207.82 - - [08/May/2025:12:23:16 +0200] "GET /?play=phim+sex+chon+loc HTTP/1.1" 200 999 "-" "Mozilla/5.0 AppleWebKit/537.36 (KHTML, like Gecko; compatible; GPTBot/1.2; +https://openai.com/gptbot)"
172.68.22.38 - - [08/May/2025:12:23:17 +0200] "GET /?i=356799321 HTTP/1.1" 200 93801 "-" "Mozilla/5.0 (compatible; DotBot/1.2; +https://opensiteexplorer.org/dotbot; [email protected])"
172.70.207.82 - - [08/May/2025:12:23:17 +0200] "GET /?hot=trang+sex+viet+nam HTTP/1.1" 200 999 "-" "Mozilla/5.0 AppleWebKit/537.36 (KHTML, like Gecko; compatible; GPTBot/1.2; +https://openai.com/gptbot)"
162.158.41.18 - - [08/May/2025:12:23:18 +0200] "GET /?i=360306321 HTTP/1.1" 200 93801 "-" "Mozilla/5.0 (compatible; DotBot/1.2; +https://opensiteexplorer.org/dotbot; [email protected])"
172.70.207.82 - - [08/May/2025:12:23:19 +0200] "GET /?produc_id=jav+phim+moi HTTP/1.1" 200 999 "-" "Mozilla/5.0 AppleWebKit/537.36 (KHTML, like Gecko; compatible; GPTBot/1.2; +https://openai.com/gptbot)"
172.68.23.203 - - [08/May/2025:12:23:20 +0200] "GET /?i=367145821 HTTP/1.1" 200 93801 "-" "Mozilla/5.0 (compatible; DotBot/1.2; +https://opensiteexplorer.org/dotbot; [email protected])"
172.70.207.82 - - [08/May/2025:12:23:20 +0200] "GET /?bet=phim+sex+cafe+troi HTTP/1.1" 200 999 "-" "Mozilla/5.0 AppleWebKit/537.36 (KHTML, like Gecko; compatible; GPTBot/1.2; +https://openai.com/gptbot)"
172.70.207.82 - - [08/May/2025:12:23:21 +0200] "GET /?top=phim+sex+javhd+hay HTTP/1.1" 200 999 "-" "Mozilla/5.0 AppleWebKit/537.36 (KHTML, like Gecko; compatible; GPTBot/1.2; +https://openai.com/gptbot)"
108.162.245.84 - - [08/May/2025:12:23:21 +0200] "GET /?i=374578121 HTTP/1.1" 200 93801 "-" "Mozilla/5.0 (compatible; DotBot/1.2; +https://opensiteexplorer.org/dotbot; [email protected])"
172.70.207.82 - - [08/May/2025:12:23:22 +0200] "GET /?ios=phim+sex+trong+bar HTTP/1.1" 200 999 "-" "Mozilla/5.0 AppleWebKit/537.36 (KHTML, like Gecko; compatible; GPTBot/1.2; +https://openai.com/gptbot)"
172.68.22.3 - - [08/May/2025:12:23:23 +0200] "GET /?i=374989121 HTTP/1.1" 200 93801 "-" "Mozilla/5.0 (compatible; DotBot/1.2; +https://opensiteexplorer.org/dotbot; [email protected])"
172.70.207.82 - - [08/May/2025:12:23:23 +0200] "GET /?play=gai+tam+khong+che HTTP/1.1" 200 999 "-" "Mozilla/5.0 AppleWebKit/537.36 (KHTML, like Gecko; compatible; GPTBot/1.2; +https://openai.com/gptbot)"
172.70.207.82 - - [08/May/2025:12:23:24 +0200] "GET /?produc_id=clip+sex+heo HTTP/1.1" 200 999 "-" "Mozilla/5.0 AppleWebKit/537.36 (KHTML, like Gecko; compatible; GPTBot/1.2; +https://openai.com/gptbot)"
172.70.207.82 - - [08/May/2025:12:23:26 +0200] "GET /?produc_id=dit+ban+than HTTP/1.1" 200 999 "-" "Mozilla/5.0 AppleWebKit/537.36 (KHTML, like Gecko; compatible; GPTBot/1.2; +https://openai.com/gptbot)"
172.68.22.73 - - [08/May/2025:12:23:26 +0200] "GET /?i=375428221 HTTP/1.1" 200 93801 "-" "Mozilla/5.0 (compatible; DotBot/1.2; +https://opensiteexplorer.org/dotbot; [email protected])"
172.70.207.82 - - [08/May/2025:12:23:27 +0200] "GET /?play=phim+sex+viet+usb HTTP/1.1" 200 999 "-" "Mozilla/5.0 AppleWebKit/537.36 (KHTML, like Gecko; compatible; GPTBot/1.2; +https://openai.com/gptbot)"
172.70.207.82 - - [08/May/2025:12:23:28 +0200] "GET /?produc_id=gai+viet+tam HTTP/1.1" 200 999 "-" "Mozilla/5.0 AppleWebKit/537.36 (KHTML, like Gecko; compatible; GPTBot/1.2; +https://openai.com/gptbot)"
172.68.22.73 - - [08/May/2025:12:23:28 +0200] "GET /?i=379793221 HTTP/1.1" 200 93801 "-" "Mozilla/5.0 (compatible; DotBot/1.2; +https://opensiteexplorer.org/dotbot; [email protected])"
172.68.164.27 - - [08/May/2025:12:23:29 +0200] "GET /?i=304417821 HTTP/1.1" 200 93801 "-" "Mozilla/5.0 (Linux; Android 5.0) AppleWebKit/537.36 (KHTML, like Gecko) Mobile Safari/537.36 (compatible; Bytespider; [email protected])"
172.70.207.82 - - [08/May/2025:12:23:29 +0200] "GET /?bet=film+sex+loan+luan HTTP/1.1" 200 999 "-" "Mozilla/5.0 AppleWebKit/537.36 (KHTML, like Gecko; compatible; GPTBot/1.2; +https://openai.com/gptbot)"
162.158.88.143 - - [08/May/2025:12:23:30 +0200] "GET /IMG/logo/img-20231108-wa0084.jpg HTTP/1.1" 200 8767 "http://www.igihango.com/?i=304417821" "Mozilla/5.0 (Linux; Android 5.0) AppleWebKit/537.36 (KHTML, like Gecko) Mobile Safari/537.36 (compatible; Bytespider; [email protected])"
172.70.207.82 - - [08/May/2025:12:23:30 +0200] "GET /?keyword=xem+sex+jav+hd HTTP/1.1" 200 999 "-" "Mozilla/5.0 AppleWebKit/537.36 (KHTML, like Gecko; compatible; GPTBot/1.2; +https://openai.com/gptbot)"
172.68.23.203 - - [08/May/2025:12:23:31 +0200] "GET /?i=383113821 HTTP/1.1" 200 93801 "-" "Mozilla/5.0 (compatible; DotBot/1.2; +https://opensiteexplorer.org/dotbot; [email protected])"
172.70.207.82 - - [08/May/2025:12:23:31 +0200] "GET /?hot=phim+sex+trung+hoa HTTP/1.1" 200 999 "-" "Mozilla/5.0 AppleWebKit/537.36 (KHTML, like Gecko; compatible; GPTBot/1.2; +https://openai.com/gptbot)"
172.68.22.2 - - [08/May/2025:12:23:33 +0200] "GET /?i=393420621 HTTP/1.1" 200 93801 "-" "Mozilla/5.0 (compatible; DotBot/1.2; +https://opensiteexplorer.org/dotbot; [email protected])"
172.70.207.82 - - [08/May/2025:12:23:33 +0200] "GET /?bet=sex+gai+trung+quoc HTTP/1.1" 200 999 "-" "Mozilla/5.0 AppleWebKit/537.36 (KHTML, like Gecko; compatible; GPTBot/1.2; +https://openai.com/gptbot)"
172.70.207.82 - - [08/May/2025:12:23:34 +0200] "GET /?hot=phim+xes+vung+trom HTTP/1.1" 200 999 "-" "Mozilla/5.0 AppleWebKit/537.36 (KHTML, like Gecko; compatible; GPTBot/1.2; +https://openai.com/gptbot)"
162.158.42.17 - - [08/May/2025:12:23:34 +0200] "GET /?i=394418821 HTTP/1.1" 200 93801 "-" "Mozilla/5.0 (compatible; DotBot/1.2; +https://opensiteexplorer.org/dotbot; [email protected])"
172.70.207.82 - - [08/May/2025:12:23:35 +0200] "GET /?produc_id=hiep+dam+sex HTTP/1.1" 200 999 "-" "Mozilla/5.0 AppleWebKit/537.36 (KHTML, like Gecko; compatible; GPTBot/1.2; +https://openai.com/gptbot)"
162.158.42.196 - - [08/May/2025:12:23:36 +0200] "GET /?i=395659321 HTTP/1.1" 200 93801 "-" "Mozilla/5.0 (compatible; DotBot/1.2; +https://opensiteexplorer.org/dotbot; [email protected])"
172.70.207.82 - - [08/May/2025:12:23:36 +0200] "GET /?top=trang+phim+sex+gay HTTP/1.1" 200 999 "-" "Mozilla/5.0 AppleWebKit/537.36 (KHTML, like Gecko; compatible; GPTBot/1.2; +https://openai.com/gptbot)"
172.70.207.82 - - [08/May/2025:12:23:37 +0200] "GET /?keyword=sex+hai+anh+em HTTP/1.1" 200 999 "-" "Mozilla/5.0 AppleWebKit/537.36 (KHTML, like Gecko; compatible; GPTBot/1.2; +https://openai.com/gptbot)"
162.158.42.90 - - [08/May/2025:12:23:37 +0200] "GET /?i=40163421 HTTP/1.1" 200 93801 "-" "Mozilla/5.0 (compatible; DotBot/1.2; +https://opensiteexplorer.org/dotbot; [email protected])"
172.70.207.82 - - [08/May/2025:12:23:38 +0200] "GET /?play=phim+xes+viet+nam HTTP/1.1" 200 999 "-" "Mozilla/5.0 AppleWebKit/537.36 (KHTML, like Gecko; compatible; GPTBot/1.2; +https://openai.com/gptbot)"
172.68.22.72 - - [08/May/2025:12:23:39 +0200] "GET /?i=406069821 HTTP/1.1" 200 93801 "-" "Mozilla/5.0 (compatible; DotBot/1.2; +https://opensiteexplorer.org/dotbot; [email protected])"
172.70.207.82 - - [08/May/2025:12:23:39 +0200] "GET /?produc_id=phim+sex+top HTTP/1.1" 200 999 "-" "Mozilla/5.0 AppleWebKit/537.36 (KHTML, like Gecko; compatible; GPTBot/1.2; +https://openai.com/gptbot)"
172.68.22.39 - - [08/May/2025:12:23:40 +0200] "GET /?i=424473521 HTTP/1.1" 200 93801 "-" "Mozilla/5.0 (compatible; DotBot/1.2; +https://opensiteexplorer.org/dotbot; [email protected])"
172.70.207.82 - - [08/May/2025:12:23:41 +0200] "GET /?play=phim+sex+thuoc+me HTTP/1.1" 200 999 "-" "Mozilla/5.0 AppleWebKit/537.36 (KHTML, like Gecko; compatible; GPTBot/1.2; +https://openai.com/gptbot)"
172.71.151.77 - - [08/May/2025:12:23:41 +0200] "GET /?i=443186521 HTTP/1.1" 200 93801 "-" "Mozilla/5.0 (compatible; DotBot/1.2; +https://opensiteexplorer.org/dotbot; [email protected])"
172.70.207.82 - - [08/May/2025:12:23:42 +0200] "GET /?produc_id=soi+keo+phap HTTP/1.1" 200 999 "-" "Mozilla/5.0 AppleWebKit/537.36 (KHTML, like Gecko; compatible; GPTBot/1.2; +https://openai.com/gptbot)"
172.71.147.53 - - [08/May/2025:12:23:42 +0200] "GET /?i=450227021 HTTP/1.1" 200 93801 "-" "Mozilla/5.0 (compatible; DotBot/1.2; +https://opensiteexplorer.org/dotbot; [email protected])"
172.70.207.82 - - [08/May/2025:12:23:43 +0200] "GET /?produc_id=phim+sex+nhe HTTP/1.1" 200 999 "-" "Mozilla/5.0 AppleWebKit/537.36 (KHTML, like Gecko; compatible; GPTBot/1.2; +https://openai.com/gptbot)"
172.71.147.93 - - [08/May/2025:12:23:43 +0200] "GET /?i=451243321 HTTP/1.1" 200 93801 "-" "Mozilla/5.0 (compatible; DotBot/1.2; +https://opensiteexplorer.org/dotbot; [email protected])"
172.70.207.82 - - [08/May/2025:12:23:44 +0200] "GET /?ios=vung+trom+gai+xinh HTTP/1.1" 200 999 "-" "Mozilla/5.0 AppleWebKit/537.36 (KHTML, like Gecko; compatible; GPTBot/1.2; +https://openai.com/gptbot)"
172.69.17.154 - - [08/May/2025:12:23:45 +0200] "GET /robots.txt HTTP/1.1" 200 116 "-" "Mozilla/5.0 AppleWebKit/537.36 (KHTML, like Gecko; compatible; ClaudeBot/1.0; [email protected])"
172.71.151.165 - - [08/May/2025:12:23:45 +0200] "GET /?i=452594521 HTTP/1.1" 200 93801 "-" "Mozilla/5.0 (compatible; DotBot/1.2; +https://opensiteexplorer.org/dotbot; [email protected])"
172.70.207.82 - - [08/May/2025:12:23:45 +0200] "GET /?play=phim+sex+viet+sbu HTTP/1.1" 200 999 "-" "Mozilla/5.0 AppleWebKit/537.36 (KHTML, like Gecko; compatible; GPTBot/1.2; +https://openai.com/gptbot)"
172.70.207.82 - - [08/May/2025:12:23:46 +0200] "GET /?hot=pim+set+trung+quoc HTTP/1.1" 200 999 "-" "Mozilla/5.0 AppleWebKit/537.36 (KHTML, like Gecko; compatible; GPTBot/1.2; +https://openai.com/gptbot)"
172.68.22.73 - - [08/May/2025:12:23:46 +0200] "GET /?i=468491121 HTTP/1.1" 200 93801 "-" "Mozilla/5.0 (compatible; DotBot/1.2; +https://opensiteexplorer.org/dotbot; [email protected])"
172.70.207.82 - - [08/May/2025:12:23:47 +0200] "GET /?app=gai+xinh+khoe+buom HTTP/1.1" 200 999 "-" "Mozilla/5.0 AppleWebKit/537.36 (KHTML, like Gecko; compatible; GPTBot/1.2; +https://openai.com/gptbot)"
172.69.7.165 - - [08/May/2025:12:23:48 +0200] "GET /?bet=phim+xxx+%C4%91am+m%E1%BB%B9 HTTP/1.1" 200 999 "-" "Mozilla/5.0 AppleWebKit/537.36 (KHTML, like Gecko; compatible; ClaudeBot/1.0; [email protected])"
172.68.22.39 - - [08/May/2025:12:23:48 +0200] "GET /?i=468588521 HTTP/1.1" 200 93801 "-" "Mozilla/5.0 (compatible; DotBot/1.2; +https://opensiteexplorer.org/dotbot; [email protected])"
172.70.207.82 - - [08/May/2025:12:23:49 +0200] "GET /?bet=phim+sex+nguoi+hau HTTP/1.1" 200 999 "-" "Mozilla/5.0 AppleWebKit/537.36 (KHTML, like Gecko; compatible; GPTBot/1.2; +https://openai.com/gptbot)"
172.69.6.195 - - [08/May/2025:12:23:49 +0200] "GET /?top=sex+gai+gai HTTP/1.1" 200 999 "-" "Mozilla/5.0 AppleWebKit/537.36 (KHTML, like Gecko; compatible; ClaudeBot/1.0; [email protected])"
172.71.150.191 - - [08/May/2025:12:23:49 +0200] "GET /?i=470251221 HTTP/1.1" 200 93801 "-" "Mozilla/5.0 (compatible; DotBot/1.2; +https://opensiteexplorer.org/dotbot; [email protected])"
172.70.127.69 - - [08/May/2025:12:23:50 +0200] "GET /?bet=sex+h%C3%A0+lan HTTP/1.1" 200 999 "-" "Mozilla/5.0 AppleWebKit/537.36 (KHTML, like Gecko; compatible; ClaudeBot/1.0; [email protected])"
172.71.254.38 - - [08/May/2025:12:23:50 +0200] "GET /?hot=phim+sex+bu+lon+len+dinh HTTP/1.1" 200 999 "-" "Mozilla/5.0 AppleWebKit/537.36 (KHTML, like Gecko; compatible; ClaudeBot/1.0; [email protected])"
172.70.207.82 - - [08/May/2025:12:23:50 +0200] "GET /?bet=quay+len+khong+che HTTP/1.1" 200 999 "-" "Mozilla/5.0 AppleWebKit/537.36 (KHTML, like Gecko; compatible; GPTBot/1.2; +https://openai.com/gptbot)"
172.70.127.69 - - [08/May/2025:12:23:50 +0200] "GET /?video=phim+sex+my+trang HTTP/1.1" 200 999 "-" "Mozilla/5.0 AppleWebKit/537.36 (KHTML, like Gecko; compatible; ClaudeBot/1.0; [email protected])"
172.69.59.74 - - [08/May/2025:12:23:51 +0200] "GET /?hot=phim+sextrungquoc HTTP/1.1" 200 999 "-" "Mozilla/5.0 AppleWebKit/537.36 (KHTML, like Gecko; compatible; ClaudeBot/1.0; [email protected])"
172.70.207.82 - - [08/May/2025:12:23:51 +0200] "GET /?ios=quay+len+van+phong HTTP/1.1" 200 999 "-" "Mozilla/5.0 AppleWebKit/537.36 (KHTML, like Gecko; compatible; GPTBot/1.2; +https://openai.com/gptbot)"
162.158.41.207 - - [08/May/2025:12:23:51 +0200] "GET /?i=471330421 HTTP/1.1" 200 93801 "-" "Mozilla/5.0 (compatible; DotBot/1.2; +https://opensiteexplorer.org/dotbot; [email protected])"
172.69.17.49 - - [08/May/2025:12:23:52 +0200] "GET /?play=sex+ga HTTP/1.1" 200 999 "-" "Mozilla/5.0 AppleWebKit/537.36 (KHTML, like Gecko; compatible; ClaudeBot/1.0; [email protected])"
172.70.207.82 - - [08/May/2025:12:23:52 +0200] "GET /?app=phim+sex+quay+lend HTTP/1.1" 200 999 "-" "Mozilla/5.0 AppleWebKit/537.36 (KHTML, like Gecko; compatible; GPTBot/1.2; +https://openai.com/gptbot)"
172.70.207.82 - - [08/May/2025:12:23:53 +0200] "GET /?top=truc+tiep+bong+dda HTTP/1.1" 200 999 "-" "Mozilla/5.0 AppleWebKit/537.36 (KHTML, like Gecko; compatible; GPTBot/1.2; +https://openai.com/gptbot)"
172.68.23.204 - - [08/May/2025:12:23:54 +0200] "GET /?i=474049221 HTTP/1.1" 200 93801 "-" "Mozilla/5.0 (compatible; DotBot/1.2; +https://opensiteexplorer.org/dotbot; [email protected])"
172.70.207.82 - - [08/May/2025:12:23:54 +0200] "GET /?keyword=ltd+bd+hom+nay HTTP/1.1" 200 999 "-" "Mozilla/5.0 AppleWebKit/537.36 (KHTML, like Gecko; compatible; GPTBot/1.2; +https://openai.com/gptbot)"
172.70.142.154 - - [08/May/2025:12:23:55 +0200] "GET /?i=240349321 HTTP/1.1" 200 93801 "-" "Mozilla/5.0 (Linux; Android 5.0) AppleWebKit/537.36 (KHTML, like Gecko) Mobile Safari/537.36 (compatible; Bytespider; [email protected])"
172.70.207.82 - - [08/May/2025:12:23:56 +0200] "GET /?produc_id=chich+gai+vn HTTP/1.1" 200 999 "-" "Mozilla/5.0 AppleWebKit/537.36 (KHTML, like Gecko; compatible; GPTBot/1.2; +https://openai.com/gptbot)"
162.158.88.143 - - [08/May/2025:12:23:56 +0200] "GET /IMG/logo/img-20231108-wa0084.jpg HTTP/1.1" 200 8767 "http://www.igihango.com/?i=240349321" "Mozilla/5.0 (Linux; Android 5.0) AppleWebKit/537.36 (KHTML, like Gecko) Mobile Safari/537.36 (compatible; Bytespider; [email protected])"
172.70.207.82 - - [08/May/2025:12:23:57 +0200] "GET /?produc_id=buom+gai+dep HTTP/1.1" 200 999 "-" "Mozilla/5.0 AppleWebKit/537.36 (KHTML, like Gecko; compatible; GPTBot/1.2; +https://openai.com/gptbot)"
162.158.41.86 - - [08/May/2025:12:23:57 +0200] "GET /?i=475554721 HTTP/1.1" 200 93801 "-" "Mozilla/5.0 (compatible; DotBot/1.2; +https://opensiteexplorer.org/dotbot; [email protected])"
172.70.207.82 - - [08/May/2025:12:23:58 +0200] "GET /?hot=xem+sex+trung+quoc HTTP/1.1" 200 999 "-" "Mozilla/5.0 AppleWebKit/537.36 (KHTML, like Gecko; compatible; GPTBot/1.2; +https://openai.com/gptbot)"
172.70.207.82 - - [08/May/2025:12:23:59 +0200] "GET /?produc_id=phim+sex+heo HTTP/1.1" 200 999 "-" "Mozilla/5.0 AppleWebKit/537.36 (KHTML, like Gecko; compatible; GPTBot/1.2; +https://openai.com/gptbot)"
172.71.150.202 - - [08/May/2025:12:23:59 +0200] "GET /?i=477065721 HTTP/1.1" 200 93801 "-" "Mozilla/5.0 (compatible; DotBot/1.2; +https://opensiteexplorer.org/dotbot; [email protected])"
172.70.207.82 - - [08/May/2025:12:24:00 +0200] "GET /?produc_id=phim+sex.heo HTTP/1.1" 200 999 "-" "Mozilla/5.0 AppleWebKit/537.36 (KHTML, like Gecko; compatible; GPTBot/1.2; +https://openai.com/gptbot)"
172.70.207.82 - - [08/May/2025:12:24:01 +0200] "GET /?top=sex+china+hiep+dam HTTP/1.1" 200 999 "-" "Mozilla/5.0 AppleWebKit/537.36 (KHTML, like Gecko; compatible; GPTBot/1.2; +https://openai.com/gptbot)"
162.158.41.86 - - [08/May/2025:12:24:01 +0200] "GET /?i=477254121 HTTP/1.1" 200 93801 "-" "Mozilla/5.0 (compatible; DotBot/1.2; +https://opensiteexplorer.org/dotbot; [email protected])"
172.70.207.82 - - [08/May/2025:12:24:02 +0200] "GET /?hot=phim-sex-vung-trom HTTP/1.1" 200 999 "-" "Mozilla/5.0 AppleWebKit/537.36 (KHTML, like Gecko; compatible; GPTBot/1.2; +https://openai.com/gptbot)"
162.158.42.17 - - [08/May/2025:12:24:03 +0200] "GET /?i=479682321 HTTP/1.1" 200 93801 "-" "Mozilla/5.0 (compatible; DotBot/1.2; +https://opensiteexplorer.org/dotbot; [email protected])"
172.70.207.82 - - [08/May/2025:12:24:04 +0200] "GET /?produc_id=vung+tro.com HTTP/1.1" 200 999 "-" "Mozilla/5.0 AppleWebKit/537.36 (KHTML, like Gecko; compatible; GPTBot/1.2; +https://openai.com/gptbot)"
172.70.207.82 - - [08/May/2025:12:24:05 +0200] "GET /?top=fim+sec+trung+quoc HTTP/1.1" 200 999 "-" "Mozilla/5.0 AppleWebKit/537.36 (KHTML, like Gecko; compatible; GPTBot/1.2; +https://openai.com/gptbot)"
162.158.41.206 - - [08/May/2025:12:24:05 +0200] "GET /?i=481367221 HTTP/1.1" 200 93801 "-" "Mozilla/5.0 (compatible; DotBot/1.2; +https://opensiteexplorer.org/dotbot; [email protected])"
172.70.207.82 - - [08/May/2025:12:24:06 +0200] "GET /?play=phim+xec+nhat+ban HTTP/1.1" 200 999 "-" "Mozilla/5.0 AppleWebKit/537.36 (KHTML, like Gecko; compatible; GPTBot/1.2; +https://openai.com/gptbot)"
172.71.142.5 - - [08/May/2025:12:24:07 +0200] "GET /?i=484187321 HTTP/1.1" 200 93801 "-" "Mozilla/5.0 (compatible; DotBot/1.2; +https://opensiteexplorer.org/dotbot; [email protected])"
172.70.207.82 - - [08/May/2025:12:24:07 +0200] "GET /?play=sex+viet+quay+len HTTP/1.1" 200 999 "-" "Mozilla/5.0 AppleWebKit/537.36 (KHTML, like Gecko; compatible; GPTBot/1.2; +https://openai.com/gptbot)"
172.70.207.82 - - [08/May/2025:12:24:08 +0200] "GET /?play=phim+xx+trung+hoa HTTP/1.1" 200 999 "-" "Mozilla/5.0 AppleWebKit/537.36 (KHTML, like Gecko; compatible; GPTBot/1.2; +https://openai.com/gptbot)"
162.158.42.17 - - [08/May/2025:12:24:08 +0200] "GET /?i=494858821 HTTP/1.1" 200 93801 "-" "Mozilla/5.0 (compatible; DotBot/1.2; +https://opensiteexplorer.org/dotbot; [email protected])"
172.70.207.82 - - [08/May/2025:12:24:10 +0200] "GET /?play=sex+han+khong+che HTTP/1.1" 200 999 "-" "Mozilla/5.0 AppleWebKit/537.36 (KHTML, like Gecko; compatible; GPTBot/1.2; +https://openai.com/gptbot)"
162.158.42.226 - - [08/May/2025:12:24:10 +0200] "GET /?i=499855621 HTTP/1.1" 200 93801 "-" "Mozilla/5.0 (compatible; DotBot/1.2; +https://opensiteexplorer.org/dotbot; [email protected])"
172.70.207.82 - - [08/May/2025:12:24:11 +0200] "GET /?produc_id=dit+gai+sinh HTTP/1.1" 200 999 "-" "Mozilla/5.0 AppleWebKit/537.36 (KHTML, like Gecko; compatible; GPTBot/1.2; +https://openai.com/gptbot)"
172.68.22.38 - - [08/May/2025:12:24:11 +0200] "GET /?i=51638621 HTTP/1.1" 200 93801 "-" "Mozilla/5.0 (compatible; DotBot/1.2; +https://opensiteexplorer.org/dotbot; [email protected])"
172.70.207.82 - - [08/May/2025:12:24:12 +0200] "GET /?ios=phim+xex+trung+hoa HTTP/1.1" 200 999 "-" "Mozilla/5.0 AppleWebKit/537.36 (KHTML, like Gecko; compatible; GPTBot/1.2; +https://openai.com/gptbot)"
162.158.42.8 - - [08/May/2025:12:24:12 +0200] "GET /?i=56653621 HTTP/1.1" 200 93801 "-" "Mozilla/5.0 (compatible; DotBot/1.2; +https://opensiteexplorer.org/dotbot; [email protected])"
172.70.207.82 - - [08/May/2025:12:24:13 +0200] "GET /?play=sex+link+moi+nhat HTTP/1.1" 200 999 "-" "Mozilla/5.0 AppleWebKit/537.36 (KHTML, like Gecko; compatible; GPTBot/1.2; +https://openai.com/gptbot)"
172.68.22.73 - - [08/May/2025:12:24:13 +0200] "GET /?i=59940121 HTTP/1.1" 200 93801 "-" "Mozilla/5.0 (compatible; DotBot/1.2; +https://opensiteexplorer.org/dotbot; [email protected])"
172.70.207.82 - - [08/May/2025:12:24:14 +0200] "GET /?bet=phim.sec.loan.luan HTTP/1.1" 200 999 "-" "Mozilla/5.0 AppleWebKit/537.36 (KHTML, like Gecko; compatible; GPTBot/1.2; +https://openai.com/gptbot)"
172.71.147.202 - - [08/May/2025:12:24:14 +0200] "GET /?i=72281721 HTTP/1.1" 200 93801 "-" "Mozilla/5.0 (compatible; DotBot/1.2; +https://opensiteexplorer.org/dotbot; [email protected])"
172.68.22.73 - - [08/May/2025:12:24:15 +0200] "GET /?i=81853621 HTTP/1.1" 200 93801 "-" "Mozilla/5.0 (compatible; DotBot/1.2; +https://opensiteexplorer.org/dotbot; [email protected])"
172.70.207.82 - - [08/May/2025:12:24:15 +0200] "GET /?bet=phim+sex+loat+luan HTTP/1.1" 200 999 "-" "Mozilla/5.0 AppleWebKit/537.36 (KHTML, like Gecko; compatible; GPTBot/1.2; +https://openai.com/gptbot)"
172.68.22.3 - - [08/May/2025:12:24:16 +0200] "GET /?i=96752921 HTTP/1.1" 200 93801 "-" "Mozilla/5.0 (compatible; DotBot/1.2; +https://opensiteexplorer.org/dotbot; [email protected])"
172.70.207.82 - - [08/May/2025:12:24:16 +0200] "GET /?play=xem+buom+gai+xinh HTTP/1.1" 200 999 "-" "Mozilla/5.0 AppleWebKit/537.36 (KHTML, like Gecko; compatible; GPTBot/1.2; +https://openai.com/gptbot)"
162.158.42.18 - - [08/May/2025:12:24:17 +0200] "GET /?i=96884321 HTTP/1.1" 200 93801 "-" "Mozilla/5.0 (compatible; DotBot/1.2; +https://opensiteexplorer.org/dotbot; [email protected])"
172.70.207.82 - - [08/May/2025:12:24:18 +0200] "GET /?bet=quay+len+van+phong HTTP/1.1" 200 999 "-" "Mozilla/5.0 AppleWebKit/537.36 (KHTML, like Gecko; compatible; GPTBot/1.2; +https://openai.com/gptbot)"
172.68.22.73 - - [08/May/2025:12:24:18 +0200] "GET /?i=481145421 HTTP/1.1" 200 93801 "-" "Mozilla/5.0 (compatible; DotBot/1.2; +https://opensiteexplorer.org/dotbot; [email protected])"
172.70.207.82 - - [08/May/2025:12:24:19 +0200] "GET /?ios=phim+set+vung+trom HTTP/1.1" 200 999 "-" "Mozilla/5.0 AppleWebKit/537.36 (KHTML, like Gecko; compatible; GPTBot/1.2; +https://openai.com/gptbot)"
172.68.23.203 - - [08/May/2025:12:24:19 +0200] "GET /?i=46634521 HTTP/1.1" 200 93801 "-" "Mozilla/5.0 (compatible; DotBot/1.2; +https://opensiteexplorer.org/dotbot; [email protected])"
172.70.207.82 - - [08/May/2025:12:24:20 +0200] "GET /?play=gai+viet+tu+suong HTTP/1.1" 200 999 "-" "Mozilla/5.0 AppleWebKit/537.36 (KHTML, like Gecko; compatible; GPTBot/1.2; +https://openai.com/gptbot)"
172.71.150.67 - - [08/May/2025:12:24:20 +0200] "GET /?i=48590821 HTTP/1.1" 200 93801 "-" "Mozilla/5.0 (compatible; DotBot/1.2; +https://opensiteexplorer.org/dotbot; [email protected])"
172.70.207.82 - - [08/May/2025:12:24:21 +0200] "GET /?play=phim+sez+gai+xinh HTTP/1.1" 200 999 "-" "Mozilla/5.0 AppleWebKit/537.36 (KHTML, like Gecko; compatible; GPTBot/1.2; +https://openai.com/gptbot)"
172.71.150.216 - - [08/May/2025:12:24:21 +0200] "GET /?i=69239421 HTTP/1.1" 200 93801 "-" "Mozilla/5.0 (compatible; DotBot/1.2; +https://opensiteexplorer.org/dotbot; [email protected])"
172.70.93.31 - - [08/May/2025:12:24:21 +0200] "GET /?i=493278121 HTTP/1.1" 200 93801 "-" "Mozilla/5.0 (Linux; Android 5.0) AppleWebKit/537.36 (KHTML, like Gecko) Mobile Safari/537.36 (compatible; Bytespider; [email protected])"
172.70.207.82 - - [08/May/2025:12:24:22 +0200] "GET /?top=phim+set+hang+quoc HTTP/1.1" 200 999 "-" "Mozilla/5.0 AppleWebKit/537.36 (KHTML, like Gecko; compatible; GPTBot/1.2; +https://openai.com/gptbot)"
172.71.150.67 - - [08/May/2025:12:24:22 +0200] "GET /?i=160637221 HTTP/1.1" 200 93801 "-" "Mozilla/5.0 (compatible; DotBot/1.2; +https://opensiteexplorer.org/dotbot; [email protected])"
162.158.88.142 - - [08/May/2025:12:24:23 +0200] "GET /IMG/logo/img-20231108-wa0084.jpg HTTP/1.1" 200 8767 "http://www.igihango.com/?i=493278121" "Mozilla/5.0 (Linux; Android 5.0) AppleWebKit/537.36 (KHTML, like Gecko) Mobile Safari/537.36 (compatible; Bytespider; [email protected])"
172.68.23.203 - - [08/May/2025:12:24:23 +0200] "GET /?i=165879321 HTTP/1.1" 200 93801 "-" "Mozilla/5.0 (compatible; DotBot/1.2; +https://opensiteexplorer.org/dotbot; [email protected])"
172.70.207.82 - - [08/May/2025:12:24:23 +0200] "GET /?keyword=thu+dam+ko+che HTTP/1.1" 200 999 "-" "Mozilla/5.0 AppleWebKit/537.36 (KHTML, like Gecko; compatible; GPTBot/1.2; +https://openai.com/gptbot)"
172.68.22.73 - - [08/May/2025:12:24:24 +0200] "GET /?i=217743621 HTTP/1.1" 200 93801 "-" "Mozilla/5.0 (compatible; DotBot/1.2; +https://opensiteexplorer.org/dotbot; [email protected])"
172.70.207.82 - - [08/May/2025:12:24:25 +0200] "GET /?bet=phim+sex+luan+loan HTTP/1.1" 200 999 "-" "Mozilla/5.0 AppleWebKit/537.36 (KHTML, like Gecko; compatible; GPTBot/1.2; +https://openai.com/gptbot)"
162.158.41.6 - - [08/May/2025:12:24:25 +0200] "GET /?i=242999221 HTTP/1.1" 200 93801 "-" "Mozilla/5.0 (compatible; DotBot/1.2; +https://opensiteexplorer.org/dotbot; [email protected])"
172.70.207.82 - - [08/May/2025:12:24:26 +0200] "GET /?produc_id=sex+gai+cute HTTP/1.1" 200 999 "-" "Mozilla/5.0 AppleWebKit/537.36 (KHTML, like Gecko; compatible; GPTBot/1.2; +https://openai.com/gptbot)"
172.68.22.2 - - [08/May/2025:12:24:26 +0200] "GET /?i=262260721 HTTP/1.1" 200 93801 "-" "Mozilla/5.0 (compatible; DotBot/1.2; +https://opensiteexplorer.org/dotbot; [email protected])"
172.68.22.38 - - [08/May/2025:12:24:27 +0200] "GET /?i=266641621 HTTP/1.1" 200 93801 "-" "Mozilla/5.0 (compatible; DotBot/1.2; +https://opensiteexplorer.org/dotbot; [email protected])"
172.70.207.82 - - [08/May/2025:12:24:27 +0200] "GET /?play=phim+sex+dang+ngu HTTP/1.1" 200 999 "-" "Mozilla/5.0 AppleWebKit/537.36 (KHTML, like Gecko; compatible; GPTBot/1.2; +https://openai.com/gptbot)"
172.71.150.191 - - [08/May/2025:12:24:28 +0200] "GET /?i=275606121 HTTP/1.1" 200 93801 "-" "Mozilla/5.0 (compatible; DotBot/1.2; +https://opensiteexplorer.org/dotbot; [email protected])"
172.70.207.82 - - [08/May/2025:12:24:28 +0200] "GET /?top=sex+vietsub+kh+che HTTP/1.1" 200 999 "-" "Mozilla/5.0 AppleWebKit/537.36 (KHTML, like Gecko; compatible; GPTBot/1.2; +https://openai.com/gptbot)"
172.70.207.82 - - [08/May/2025:12:24:29 +0200] "GET /?keyword=hau+ve+canh+mu HTTP/1.1" 200 999 "-" "Mozilla/5.0 AppleWebKit/537.36 (KHTML, like Gecko; compatible; GPTBot/1.2; +https://openai.com/gptbot)"
172.71.146.100 - - [08/May/2025:12:24:30 +0200] "GET /?i=314591121 HTTP/1.1" 200 93801 "-" "Mozilla/5.0 (compatible; DotBot/1.2; +https://opensiteexplorer.org/dotbot; [email protected])"
172.70.207.82 - - [08/May/2025:12:24:30 +0200] "GET /?produc_id=phim+set+cha HTTP/1.1" 200 999 "-" "Mozilla/5.0 AppleWebKit/537.36 (KHTML, like Gecko; compatible; GPTBot/1.2; +https://openai.com/gptbot)"
172.70.207.82 - - [08/May/2025:12:24:31 +0200] "GET /?top=phim-sex-khong-che HTTP/1.1" 200 999 "-" "Mozilla/5.0 AppleWebKit/537.36 (KHTML, like Gecko; compatible; GPTBot/1.2; +https://openai.com/gptbot)"
172.70.207.82 - - [08/May/2025:12:24:33 +0200] "GET /?produc_id=xxn+gai+xinh HTTP/1.1" 200 999 "-" "Mozilla/5.0 AppleWebKit/537.36 (KHTML, like Gecko; compatible; GPTBot/1.2; +https://openai.com/gptbot)"
162.158.42.196 - - [08/May/2025:12:24:33 +0200] "GET /?i=351886921 HTTP/1.1" 200 93801 "-" "Mozilla/5.0 (compatible; DotBot/1.2; +https://opensiteexplorer.org/dotbot; [email protected])"
172.70.207.82 - - [08/May/2025:12:24:34 +0200] "GET /?play=sec+phuong+my+chi HTTP/1.1" 200 999 "-" "Mozilla/5.0 AppleWebKit/537.36 (KHTML, like Gecko; compatible; GPTBot/1.2; +https://openai.com/gptbot)"
172.70.207.82 - - [08/May/2025:12:24:35 +0200] "GET /?play=phim+dit+nhau.com HTTP/1.1" 200 999 "-" "Mozilla/5.0 AppleWebKit/537.36 (KHTML, like Gecko; compatible; GPTBot/1.2; +https://openai.com/gptbot)"
172.70.207.82 - - [08/May/2025:12:24:36 +0200] "GET /?produc_id=phim+set.com HTTP/1.1" 200 999 "-" "Mozilla/5.0 AppleWebKit/537.36 (KHTML, like Gecko; compatible; GPTBot/1.2; +https://openai.com/gptbot)"
172.71.150.67 - - [08/May/2025:12:24:36 +0200] "GET /?i=369433021 HTTP/1.1" 200 93801 "-" "Mozilla/5.0 (compatible; DotBot/1.2; +https://opensiteexplorer.org/dotbot; [email protected])"
172.70.207.82 - - [08/May/2025:12:24:37 +0200] "GET /?hot=phim+sex+teen+girl HTTP/1.1" 200 999 "-" "Mozilla/5.0 AppleWebKit/537.36 (KHTML, like Gecko; compatible; GPTBot/1.2; +https://openai.com/gptbot)"
172.70.207.82 - - [08/May/2025:12:24:38 +0200] "GET /?app=vung+trom+gai+xinh HTTP/1.1" 200 999 "-" "Mozilla/5.0 AppleWebKit/537.36 (KHTML, like Gecko; compatible; GPTBot/1.2; +https://openai.com/gptbot)"
172.70.207.82 - - [08/May/2025:12:24:40 +0200] "GET /?top=sex+gai+trung+quoc HTTP/1.1" 200 999 "-" "Mozilla/5.0 AppleWebKit/537.36 (KHTML, like Gecko; compatible; GPTBot/1.2; +https://openai.com/gptbot)"
172.71.142.37 - - [08/May/2025:12:24:40 +0200] "GET /?i=369881921 HTTP/1.1" 200 131 "-" "Mozilla/5.0 (compatible; DotBot/1.2; +https://opensiteexplorer.org/dotbot; [email protected])"
172.70.207.82 - - [08/May/2025:12:24:41 +0200] "GET /?play=phim+sez+moi+nhat HTTP/1.1" 200 999 "-" "Mozilla/5.0 AppleWebKit/537.36 (KHTML, like Gecko; compatible; GPTBot/1.2; +https://openai.com/gptbot)"
172.70.207.82 - - [08/May/2025:12:24:42 +0200] "GET /?produc_id=phim+xet+dit HTTP/1.1" 200 999 "-" "Mozilla/5.0 AppleWebKit/537.36 (KHTML, like Gecko; compatible; GPTBot/1.2; +https://openai.com/gptbot)"
172.70.207.82 - - [08/May/2025:12:24:43 +0200] "GET /?produc_id=choi+em+xinh HTTP/1.1" 200 999 "-" "Mozilla/5.0 AppleWebKit/537.36 (KHTML, like Gecko; compatible; GPTBot/1.2; +https://openai.com/gptbot)"
172.70.207.82 - - [08/May/2025:12:24:44 +0200] "GET /?keyword=sex+lon+dep+vn HTTP/1.1" 200 999 "-" "Mozilla/5.0 AppleWebKit/537.36 (KHTML, like Gecko; compatible; GPTBot/1.2; +https://openai.com/gptbot)"
162.158.42.196 - - [08/May/2025:12:24:45 +0200] "GET /?i=372767921 HTTP/1.1" 200 93801 "-" "Mozilla/5.0 (compatible; DotBot/1.2; +https://opensiteexplorer.org/dotbot; [email protected])"
172.70.207.82 - - [08/May/2025:12:24:45 +0200] "GET /?keyword=jav+sex+ko+che HTTP/1.1" 200 999 "-" "Mozilla/5.0 AppleWebKit/537.36 (KHTML, like Gecko; compatible; GPTBot/1.2; +https://openai.com/gptbot)"
172.70.207.82 - - [08/May/2025:12:24:47 +0200] "GET /?produc_id=chich+em+gai HTTP/1.1" 200 999 "-" "Mozilla/5.0 AppleWebKit/537.36 (KHTML, like Gecko; compatible; GPTBot/1.2; +https://openai.com/gptbot)"
172.70.207.82 - - [08/May/2025:12:24:48 +0200] "GET /?app=pim+xec+trung+quoc HTTP/1.1" 200 999 "-" "Mozilla/5.0 AppleWebKit/537.36 (KHTML, like Gecko; compatible; GPTBot/1.2; +https://openai.com/gptbot)"
104.23.175.102 - - [08/May/2025:12:24:48 +0200] "GET /?i=197082421 HTTP/1.1" 200 93801 "-" "Mozilla/5.0 (Linux; Android 5.0) AppleWebKit/537.36 (KHTML, like Gecko) Mobile Safari/537.36 (compatible; Bytespider; [email protected])"
162.158.88.142 - - [08/May/2025:12:24:49 +0200] "GET /IMG/logo/img-20231108-wa0084.jpg HTTP/1.1" 200 131 "http://www.igihango.com/?i=197082421" "Mozilla/5.0 (Linux; Android 5.0) AppleWebKit/537.36 (KHTML, like Gecko) Mobile Safari/537.36 (compatible; Bytespider; [email protected])"
172.70.207.82 - - [08/May/2025:12:24:49 +0200] "GET /?produc_id=lon+gai+xinh HTTP/1.1" 200 999 "-" "Mozilla/5.0 AppleWebKit/537.36 (KHTML, like Gecko; compatible; GPTBot/1.2; +https://openai.com/gptbot)"
172.71.146.109 - - [08/May/2025:12:24:50 +0200] "GET /?i=376518821 HTTP/1.1" 200 93801 "-" "Mozilla/5.0 (compatible; DotBot/1.2; +https://opensiteexplorer.org/dotbot; [email protected])"
172.70.207.82 - - [08/May/2025:12:24:50 +0200] "GET /?play=tu+suong+gai+xinh HTTP/1.1" 200 999 "-" "Mozilla/5.0 AppleWebKit/537.36 (KHTML, like Gecko; compatible; GPTBot/1.2; +https://openai.com/gptbot)"
172.70.207.82 - - [08/May/2025:12:24:51 +0200] "GET /?app=phim+sex+trung+moi HTTP/1.1" 200 999 "-" "Mozilla/5.0 AppleWebKit/537.36 (KHTML, like Gecko; compatible; GPTBot/1.2; +https://openai.com/gptbot)"
172.70.207.82 - - [08/May/2025:12:24:52 +0200] "GET /?top=pim+xec+trung+quoc HTTP/1.1" 200 999 "-" "Mozilla/5.0 AppleWebKit/537.36 (KHTML, like Gecko; compatible; GPTBot/1.2; +https://openai.com/gptbot)"
172.71.147.54 - - [08/May/2025:12:24:52 +0200] "GET /?i=38422621 HTTP/1.1" 200 131 "-" "Mozilla/5.0 (compatible; DotBot/1.2; +https://opensiteexplorer.org/dotbot; [email protected])"
172.70.207.82 - - [08/May/2025:12:24:54 +0200] "GET /?app=quay+len+khong+che HTTP/1.1" 200 999 "-" "Mozilla/5.0 AppleWebKit/537.36 (KHTML, like Gecko; compatible; GPTBot/1.2; +https://openai.com/gptbot)"
172.70.207.82 - - [08/May/2025:12:24:55 +0200] "GET /?keyword=dit+gai+lon+to HTTP/1.1" 200 999 "-" "Mozilla/5.0 AppleWebKit/537.36 (KHTML, like Gecko; compatible; GPTBot/1.2; +https://openai.com/gptbot)"
172.68.23.204 - - [08/May/2025:12:24:55 +0200] "GET /?i=386728421 HTTP/1.1" 200 93801 "-" "Mozilla/5.0 (compatible; DotBot/1.2; +https://opensiteexplorer.org/dotbot; [email protected])"
172.70.207.82 - - [08/May/2025:12:24:56 +0200] "GET /?app=phim+sex.loan+luan HTTP/1.1" 200 999 "-" "Mozilla/5.0 AppleWebKit/537.36 (KHTML, like Gecko; compatible; GPTBot/1.2; +https://openai.com/gptbot)"
172.70.207.82 - - [08/May/2025:12:24:57 +0200] "GET /?app=phim+sec+trung+hoa HTTP/1.1" 200 999 "-" "Mozilla/5.0 AppleWebKit/537.36 (KHTML, like Gecko; compatible; GPTBot/1.2; +https://openai.com/gptbot)"
162.158.42.7 - - [08/May/2025:12:24:57 +0200] "GET /?i=389569021 HTTP/1.1" 200 93801 "-" "Mozilla/5.0 (compatible; DotBot/1.2; +https://opensiteexplorer.org/dotbot; [email protected])"
172.70.207.82 - - [08/May/2025:12:24:58 +0200] "GET /?app=phim+jav+vung+trom HTTP/1.1" 200 999 "-" "Mozilla/5.0 AppleWebKit/537.36 (KHTML, like Gecko; compatible; GPTBot/1.2; +https://openai.com/gptbot)"
172.70.207.82 - - [08/May/2025:12:24:59 +0200] "GET /?hot=gai+trung+quoc+sex HTTP/1.1" 200 999 "-" "Mozilla/5.0 AppleWebKit/537.36 (KHTML, like Gecko; compatible; GPTBot/1.2; +https://openai.com/gptbot)"
162.158.42.235 - - [08/May/2025:12:24:59 +0200] "GET /?i=396629121 HTTP/1.1" 200 93801 "-" "Mozilla/5.0 (compatible; DotBot/1.2; +https://opensiteexplorer.org/dotbot; [email protected])"
172.70.207.82 - - [08/May/2025:12:25:00 +0200] "GET /?play=sex+nhat+hoc+sinh HTTP/1.1" 200 999 "-" "Mozilla/5.0 AppleWebKit/537.36 (KHTML, like Gecko; compatible; GPTBot/1.2; +https://openai.com/gptbot)"
172.68.23.204 - - [08/May/2025:12:25:01 +0200] "GET /?i=398666621 HTTP/1.1" 200 93801 "-" "Mozilla/5.0 (compatible; DotBot/1.2; +https://opensiteexplorer.org/dotbot; [email protected])"
172.70.207.82 - - [08/May/2025:12:25:02 +0200] "GET /?app=quay+len+cafe+choi HTTP/1.1" 200 999 "-" "Mozilla/5.0 AppleWebKit/537.36 (KHTML, like Gecko; compatible; GPTBot/1.2; +https://openai.com/gptbot)"
172.70.207.82 - - [08/May/2025:12:25:03 +0200] "GET /?ios=phim+sex+hang+quoc HTTP/1.1" 200 999 "-" "Mozilla/5.0 AppleWebKit/537.36 (KHTML, like Gecko; compatible; GPTBot/1.2; +https://openai.com/gptbot)"
172.71.147.54 - - [08/May/2025:12:25:03 +0200] "GET /?i=403069221 HTTP/1.1" 200 131 "-" "Mozilla/5.0 (compatible; DotBot/1.2; +https://opensiteexplorer.org/dotbot; [email protected])"
172.70.207.82 - - [08/May/2025:12:25:04 +0200] "GET /?ios=phim+sex+quan+cafe HTTP/1.1" 200 999 "-" "Mozilla/5.0 AppleWebKit/537.36 (KHTML, like Gecko; compatible; GPTBot/1.2; +https://openai.com/gptbot)"
162.158.41.238 - - [08/May/2025:12:25:04 +0200] "GET /?i=419185921 HTTP/1.1" 200 93801 "-" "Mozilla/5.0 (compatible; DotBot/1.2; +https://opensiteexplorer.org/dotbot; [email protected])"
172.70.207.82 - - [08/May/2025:12:25:05 +0200] "GET /?top=phim-sex-vung-trom HTTP/1.1" 200 999 "-" "Mozilla/5.0 AppleWebKit/537.36 (KHTML, like Gecko; compatible; GPTBot/1.2; +https://openai.com/gptbot)"
172.71.151.93 - - [08/May/2025:12:25:06 +0200] "GET /?i=43564121 HTTP/1.1" 200 93801 "-" "Mozilla/5.0 (compatible; DotBot/1.2; +https://opensiteexplorer.org/dotbot; [email protected])"
172.70.207.82 - - [08/May/2025:12:25:06 +0200] "GET /?keyword=pim+set+ko+che HTTP/1.1" 200 999 "-" "Mozilla/5.0 AppleWebKit/537.36 (KHTML, like Gecko; compatible; GPTBot/1.2; +https://openai.com/gptbot)"
108.162.245.131 - - [08/May/2025:12:25:07 +0200] "GET /?i=441488321 HTTP/1.1" 200 93801 "-" "Mozilla/5.0 (compatible; DotBot/1.2; +https://opensiteexplorer.org/dotbot; [email protected])"
172.70.207.82 - - [08/May/2025:12:25:07 +0200] "GET /?produc_id=set+phim+heo HTTP/1.1" 200 999 "-" "Mozilla/5.0 AppleWebKit/537.36 (KHTML, like Gecko; compatible; GPTBot/1.2; +https://openai.com/gptbot)"
172.71.135.108 - - [08/May/2025:12:25:08 +0200] "GET /?hot=phim%20sex%20l%E1%BB%93n%20l%C3%B4ng%20nhi%E1%BB%81u HTTP/1.1" 200 999 "-" "Mozilla/5.0 (compatible; MJ12bot/v1.4.8; http://mj12bot.com/)"
172.71.142.195 - - [08/May/2025:12:25:08 +0200] "GET /?i=443331721 HTTP/1.1" 200 93801 "-" "Mozilla/5.0 (compatible; DotBot/1.2; +https://opensiteexplorer.org/dotbot; [email protected])"
172.71.150.217 - - [08/May/2025:12:25:09 +0200] "GET /?i=448247221 HTTP/1.1" 200 131 "-" "Mozilla/5.0 (compatible; DotBot/1.2; +https://opensiteexplorer.org/dotbot; [email protected])"
172.70.207.82 - - [08/May/2025:12:25:09 +0200] "GET /?hot=vung+trom+phim+sex HTTP/1.1" 200 999 "-" "Mozilla/5.0 AppleWebKit/537.36 (KHTML, like Gecko; compatible; GPTBot/1.2; +https://openai.com/gptbot)"
172.68.22.2 - - [08/May/2025:12:25:09 +0200] "GET /?i=453314021 HTTP/1.1" 200 131 "-" "Mozilla/5.0 (compatible; DotBot/1.2; +https://opensiteexplorer.org/dotbot; [email protected])"
172.70.207.82 - - [08/May/2025:12:25:10 +0200] "GET /?produc_id=sexx+chau+au HTTP/1.1" 200 999 "-" "Mozilla/5.0 AppleWebKit/537.36 (KHTML, like Gecko; compatible; GPTBot/1.2; +https://openai.com/gptbot)"
172.71.147.202 - - [08/May/2025:12:25:10 +0200] "GET /?i=453350521 HTTP/1.1" 200 93801 "-" "Mozilla/5.0 (compatible; DotBot/1.2; +https://opensiteexplorer.org/dotbot; [email protected])"
172.71.142.60 - - [08/May/2025:12:25:10 +0200] "GET /?i=456676821 HTTP/1.1" 200 93801 "-" "Mozilla/5.0 (compatible; DotBot/1.2; +https://opensiteexplorer.org/dotbot; [email protected])"
172.70.207.82 - - [08/May/2025:12:25:11 +0200] "GET /?play=phim+sex+viet+sut HTTP/1.1" 200 999 "-" "Mozilla/5.0 AppleWebKit/537.36 (KHTML, like Gecko; compatible; GPTBot/1.2; +https://openai.com/gptbot)"
172.68.23.204 - - [08/May/2025:12:25:11 +0200] "GET /?i=458071021 HTTP/1.1" 200 93801 "-" "Mozilla/5.0 (compatible; DotBot/1.2; +https://opensiteexplorer.org/dotbot; [email protected])"
172.70.207.82 - - [08/May/2025:12:25:12 +0200] "GET /?produc_id=phim+xec+hay HTTP/1.1" 200 999 "-" "Mozilla/5.0 AppleWebKit/537.36 (KHTML, like Gecko; compatible; GPTBot/1.2; +https://openai.com/gptbot)"
172.71.146.180 - - [08/May/2025:12:25:12 +0200] "GET /?i=460525021 HTTP/1.1" 200 93801 "-" "Mozilla/5.0 (compatible; DotBot/1.2; +https://opensiteexplorer.org/dotbot; [email protected])"
172.70.207.82 - - [08/May/2025:12:25:13 +0200] "GET /?top=sex+vung+trom+nhat HTTP/1.1" 200 999 "-" "Mozilla/5.0 AppleWebKit/537.36 (KHTML, like Gecko; compatible; GPTBot/1.2; +https://openai.com/gptbot)"
172.71.135.107 - - [08/May/2025:12:25:14 +0200] "GET /?hot=phim%20sex%20%C4%91it%20em%20g%C3%A1i HTTP/1.1" 200 999 "-" "Mozilla/5.0 (compatible; MJ12bot/v1.4.8; http://mj12bot.com/)"
162.158.170.171 - - [08/May/2025:12:25:14 +0200] "GET /?i=100684721 HTTP/1.1" 200 93801 "-" "Mozilla/5.0 (Linux; Android 5.0) AppleWebKit/537.36 (KHTML, like Gecko) Mobile Safari/537.36 (compatible; Bytespider; [email protected])"
172.71.147.55 - - [08/May/2025:12:25:14 +0200] "GET /?i=462809721 HTTP/1.1" 200 93801 "-" "Mozilla/5.0 (compatible; DotBot/1.2; +https://opensiteexplorer.org/dotbot; [email protected])"
172.70.207.82 - - [08/May/2025:12:25:14 +0200] "GET /?bet=sex+nhat+vung+trom HTTP/1.1" 200 999 "-" "Mozilla/5.0 AppleWebKit/537.36 (KHTML, like Gecko; compatible; GPTBot/1.2; +https://openai.com/gptbot)"
162.158.88.143 - - [08/May/2025:12:25:15 +0200] "GET /IMG/logo/img-20231108-wa0084.jpg HTTP/1.1" 200 8767 "http://www.igihango.com/?i=100684721" "Mozilla/5.0 (Linux; Android 5.0) AppleWebKit/537.36 (KHTML, like Gecko) Mobile Safari/537.36 (compatible; Bytespider; [email protected])"
172.70.207.82 - - [08/May/2025:12:25:15 +0200] "GET /?play=lo+gan+mien+trung HTTP/1.1" 200 999 "-" "Mozilla/5.0 AppleWebKit/537.36 (KHTML, like Gecko; compatible; GPTBot/1.2; +https://openai.com/gptbot)"
172.71.142.58 - - [08/May/2025:12:25:16 +0200] "GET /?i=464331621 HTTP/1.1" 200 93801 "-" "Mozilla/5.0 (compatible; DotBot/1.2; +https://opensiteexplorer.org/dotbot; [email protected])"
172.70.207.82 - - [08/May/2025:12:25:17 +0200] "GET /?produc_id=phim+tu+quay HTTP/1.1" 200 999 "-" "Mozilla/5.0 AppleWebKit/537.36 (KHTML, like Gecko; compatible; GPTBot/1.2; +https://openai.com/gptbot)"
172.70.207.82 - - [08/May/2025:12:25:18 +0200] "GET /?produc_id=hot+sex+viet HTTP/1.1" 200 999 "-" "Mozilla/5.0 AppleWebKit/537.36 (KHTML, like Gecko; compatible; GPTBot/1.2; +https://openai.com/gptbot)"
172.71.150.46 - - [08/May/2025:12:25:18 +0200] "GET /?i=472861821 HTTP/1.1" 200 93801 "-" "Mozilla/5.0 (compatible; DotBot/1.2; +https://opensiteexplorer.org/dotbot; [email protected])"
172.70.207.82 - - [08/May/2025:12:25:19 +0200] "GET /?hot=phim+sec+nguoi+mau HTTP/1.1" 200 999 "-" "Mozilla/5.0 AppleWebKit/537.36 (KHTML, like Gecko; compatible; GPTBot/1.2; +https://openai.com/gptbot)"
172.71.135.107 - - [08/May/2025:12:25:19 +0200] "GET /?hot=sex%20ch%C3%A2u%20%C3%A2u HTTP/1.1" 200 999 "-" "Mozilla/5.0 (compatible; MJ12bot/v1.4.8; http://mj12bot.com/)"
172.70.207.82 - - [08/May/2025:12:25:20 +0200] "GET /?bet=phim+set+nguoi+mau HTTP/1.1" 200 999 "-" "Mozilla/5.0 AppleWebKit/537.36 (KHTML, like Gecko; compatible; GPTBot/1.2; +https://openai.com/gptbot)"
172.71.147.202 - - [08/May/2025:12:25:20 +0200] "GET /?i=479237821 HTTP/1.1" 200 93801 "-" "Mozilla/5.0 (compatible; DotBot/1.2; +https://opensiteexplorer.org/dotbot; [email protected])"
172.71.135.107 - - [08/May/2025:12:25:21 +0200] "GET /?hot=sex%20c%C3%B4ng%20khai HTTP/1.1" 200 999 "-" "Mozilla/5.0 (compatible; MJ12bot/v1.4.8; http://mj12bot.com/)"
172.70.207.82 - - [08/May/2025:12:25:21 +0200] "GET /?produc_id=clip+sex+moi HTTP/1.1" 200 999 "-" "Mozilla/5.0 AppleWebKit/537.36 (KHTML, like Gecko; compatible; GPTBot/1.2; +https://openai.com/gptbot)"
172.71.147.56 - - [08/May/2025:12:25:22 +0200] "GET /?i=480406621 HTTP/1.1" 200 93801 "-" "Mozilla/5.0 (compatible; DotBot/1.2; +https://opensiteexplorer.org/dotbot; [email protected])"
172.70.207.82 - - [08/May/2025:12:25:22 +0200] "GET /?produc_id=sex+dai+loan HTTP/1.1" 200 999 "-" "Mozilla/5.0 AppleWebKit/537.36 (KHTML, like Gecko; compatible; GPTBot/1.2; +https://openai.com/gptbot)"
172.71.135.107 - - [08/May/2025:12:25:23 +0200] "GET /?hot=sex%20em%20g%C3%A1i%20trung%20qu%E1%BB%91c HTTP/1.1" 200 999 "-" "Mozilla/5.0 (compatible; MJ12bot/v1.4.8; http://mj12bot.com/)"
162.158.42.225 - - [08/May/2025:12:25:23 +0200] "GET /?i=353884021 HTTP/1.1" 200 93801 "-" "Mozilla/5.0 (compatible; DotBot/1.2; +https://opensiteexplorer.org/dotbot; [email protected])"
172.70.207.82 - - [08/May/2025:12:25:23 +0200] "GET /?produc_id=sex+sao+viet HTTP/1.1" 200 999 "-" "Mozilla/5.0 AppleWebKit/537.36 (KHTML, like Gecko; compatible; GPTBot/1.2; +https://openai.com/gptbot)"
162.158.42.8 - - [08/May/2025:12:25:24 +0200] "GET /?i=49861021 HTTP/1.1" 200 93801 "-" "Mozilla/5.0 (compatible; DotBot/1.2; +https://opensiteexplorer.org/dotbot; [email protected])"
172.70.207.82 - - [08/May/2025:12:25:25 +0200] "GET /?produc_id=dit+nhau+voi HTTP/1.1" 200 999 "-" "Mozilla/5.0 AppleWebKit/537.36 (KHTML, like Gecko; compatible; GPTBot/1.2; +https://openai.com/gptbot)"
