172.70.207.188 - - [08/May/2025:11:38:18 +0200] "GET /?produc_id=ng%E1%BB%8Dc+trinh+%C4%91%E1%BB%8Bt+nhau HTTP/1.1" 200 999 "-" "Mozilla/5.0 AppleWebKit/537.36 (KHTML, like Gecko; compatible; GPTBot/1.2; +https://openai.com/gptbot)"
172.70.207.188 - - [08/May/2025:11:38:19 +0200] "GET /?video=xxx+vi%E1%BB%87t HTTP/1.1" 200 999 "-" "Mozilla/5.0 AppleWebKit/537.36 (KHTML, like Gecko; compatible; GPTBot/1.2; +https://openai.com/gptbot)"
172.70.207.188 - - [08/May/2025:11:38:20 +0200] "GET /?video=vi%E1%BB%87t+xxx HTTP/1.1" 200 999 "-" "Mozilla/5.0 AppleWebKit/537.36 (KHTML, like Gecko; compatible; GPTBot/1.2; +https://openai.com/gptbot)"
172.70.207.188 - - [08/May/2025:11:38:21 +0200] "GET /?produc_id=lo%E1%BA%A1n+lu%E1%BA%ADn+vi%E1%BB%87t+nam HTTP/1.1" 200 999 "-" "Mozilla/5.0 AppleWebKit/537.36 (KHTML, like Gecko; compatible; GPTBot/1.2; +https://openai.com/gptbot)"
172.70.207.188 - - [08/May/2025:11:38:22 +0200] "GET /?video=%C4%91%E1%BB%8Bt+nhau+m%E1%BB%9Bi+nh%E1%BA%A5t HTTP/1.1" 200 999 "-" "Mozilla/5.0 AppleWebKit/537.36 (KHTML, like Gecko; compatible; GPTBot/1.2; +https://openai.com/gptbot)"
172.70.207.188 - - [08/May/2025:11:38:23 +0200] "GET /?produc_id=tin+b%C3%B3ng+%C4%91%C3%A1+24 HTTP/1.1" 200 999 "-" "Mozilla/5.0 AppleWebKit/537.36 (KHTML, like Gecko; compatible; GPTBot/1.2; +https://openai.com/gptbot)"
172.70.207.188 - - [08/May/2025:11:38:25 +0200] "GET /?game=d%E1%BB%B1+%C4%91o%C3%A1n+b%C3%B3ng HTTP/1.1" 200 999 "-" "Mozilla/5.0 AppleWebKit/537.36 (KHTML, like Gecko; compatible; GPTBot/1.2; +https://openai.com/gptbot)"
172.70.207.188 - - [08/May/2025:11:38:26 +0200] "GET /?game=%C3%B4ng+%C4%91%E1%BB%8Bt+ch%C3%A1u HTTP/1.1" 200 999 "-" "Mozilla/5.0 AppleWebKit/537.36 (KHTML, like Gecko; compatible; GPTBot/1.2; +https://openai.com/gptbot)"
172.70.207.188 - - [08/May/2025:11:38:27 +0200] "GET /?game=%C4%91%E1%BB%8Bt+h%C3%A0ng+x%C3%B3m HTTP/1.1" 200 999 "-" "Mozilla/5.0 AppleWebKit/537.36 (KHTML, like Gecko; compatible; GPTBot/1.2; +https://openai.com/gptbot)"
162.158.88.51 - - [08/May/2025:11:38:27 +0200] "GET /?i=58884221 HTTP/1.1" 200 93801 "-" "Mozilla/5.0 (Linux; Android 5.0) AppleWebKit/537.36 (KHTML, like Gecko) Mobile Safari/537.36 (compatible; Bytespider; [email protected])"
172.70.207.188 - - [08/May/2025:11:38:28 +0200] "GET /?hot=b%C3%B3i+chuy%E1%BB%87n+t%C3%ACnh+c%E1%BA%A3m HTTP/1.1" 200 999 "-" "Mozilla/5.0 AppleWebKit/537.36 (KHTML, like Gecko; compatible; GPTBot/1.2; +https://openai.com/gptbot)"
172.68.164.36 - - [08/May/2025:11:38:28 +0200] "GET /IMG/logo/1024x538_cmsv2_c54013e5-8833-5743-86fc-a18b87d54ede-8113070.jpg.webp HTTP/1.1" 200 8812 "http://www.igihango.com/?i=58884221" "Mozilla/5.0 (Linux; Android 5.0) AppleWebKit/537.36 (KHTML, like Gecko) Mobile Safari/537.36 (compatible; Bytespider; [email protected])"
162.158.88.143 - - [08/May/2025:11:38:28 +0200] "GET /IMG/logo/img-20231108-wa0084.jpg HTTP/1.1" 200 8767 "http://www.igihango.com/?i=58884221" "Mozilla/5.0 (Linux; Android 5.0) AppleWebKit/537.36 (KHTML, like Gecko) Mobile Safari/537.36 (compatible; Bytespider; [email protected])"
172.70.207.188 - - [08/May/2025:11:38:29 +0200] "GET /?play=gia+%C4%91%C3%ACnh+lo%E1%BA%A1n+lu%C3%A2n HTTP/1.1" 200 999 "-" "Mozilla/5.0 AppleWebKit/537.36 (KHTML, like Gecko; compatible; GPTBot/1.2; +https://openai.com/gptbot)"
172.70.207.188 - - [08/May/2025:11:38:30 +0200] "GET /?bet=%C4%91%C3%A1nh+banh+tr%E1%BB%B1c+ti%E1%BA%BFp HTTP/1.1" 200 999 "-" "Mozilla/5.0 AppleWebKit/537.36 (KHTML, like Gecko; compatible; GPTBot/1.2; +https://openai.com/gptbot)"
172.70.207.188 - - [08/May/2025:11:38:32 +0200] "GET /?top=%C4%91%C3%A1nh+banh+tr%E1%BB%B1c+ti%E1%BA%BFp HTTP/1.1" 200 999 "-" "Mozilla/5.0 AppleWebKit/537.36 (KHTML, like Gecko; compatible; GPTBot/1.2; +https://openai.com/gptbot)"
172.70.207.188 - - [08/May/2025:11:38:33 +0200] "GET /?bet=b%C3%B3i+chuy%E1%BB%87n+t%C3%ACnh+c%E1%BA%A3m HTTP/1.1" 200 999 "-" "Mozilla/5.0 AppleWebKit/537.36 (KHTML, like Gecko; compatible; GPTBot/1.2; +https://openai.com/gptbot)"
172.70.207.188 - - [08/May/2025:11:38:34 +0200] "GET /?hot=%C4%91%C3%A1nh+banh+tr%E1%BB%B1c+ti%E1%BA%BFp HTTP/1.1" 200 999 "-" "Mozilla/5.0 AppleWebKit/537.36 (KHTML, like Gecko; compatible; GPTBot/1.2; +https://openai.com/gptbot)"
172.70.207.188 - - [08/May/2025:11:38:35 +0200] "GET /?play=%C4%91%C3%A1+thomo+tr%E1%BB%B1c+ti%E1%BA%BFp HTTP/1.1" 200 999 "-" "Mozilla/5.0 AppleWebKit/537.36 (KHTML, like Gecko; compatible; GPTBot/1.2; +https://openai.com/gptbot)"
172.70.207.188 - - [08/May/2025:11:38:36 +0200] "GET /?play=lo%E1%BA%A1n+lu%C3%A2n+gia+%C4%91%C3%ACnh HTTP/1.1" 200 999 "-" "Mozilla/5.0 AppleWebKit/537.36 (KHTML, like Gecko; compatible; GPTBot/1.2; +https://openai.com/gptbot)"
172.70.207.188 - - [08/May/2025:11:38:37 +0200] "GET /?keyword=phim+sex+anh+h%C3%A0ng+x%C3%B3m HTTP/1.1" 200 999 "-" "Mozilla/5.0 AppleWebKit/537.36 (KHTML, like Gecko; compatible; GPTBot/1.2; +https://openai.com/gptbot)"
172.70.207.188 - - [08/May/2025:11:38:38 +0200] "GET /?bet=phim+sex+kh%C3%B4ng+che+vi%C3%A9tub HTTP/1.1" 200 999 "-" "Mozilla/5.0 AppleWebKit/537.36 (KHTML, like Gecko; compatible; GPTBot/1.2; +https://openai.com/gptbot)"
172.70.207.188 - - [08/May/2025:11:38:40 +0200] "GET /?bet=phim+sex+vi%C3%A9tub+kh%C3%B4ng+che HTTP/1.1" 200 999 "-" "Mozilla/5.0 AppleWebKit/537.36 (KHTML, like Gecko; compatible; GPTBot/1.2; +https://openai.com/gptbot)"
172.70.207.188 - - [08/May/2025:11:38:41 +0200] "GET /?bet=sex+lo%E1%BA%A1n+lu%C3%A2n+phim+sex+lo%E1%BA%A1n+lu%C3%A2n HTTP/1.1" 200 999 "-" "Mozilla/5.0 AppleWebKit/537.36 (KHTML, like Gecko; compatible; GPTBot/1.2; +https://openai.com/gptbot)"
172.70.207.188 - - [08/May/2025:11:38:42 +0200] "GET /?video=d%E1%BB%B1+%C4%91o%C3%A1n+bong+%C4%91a HTTP/1.1" 200 999 "-" "Mozilla/5.0 AppleWebKit/537.36 (KHTML, like Gecko; compatible; GPTBot/1.2; +https://openai.com/gptbot)"
172.70.207.188 - - [08/May/2025:11:38:43 +0200] "GET /?top=g%C3%A1i+%C4%91%E1%BA%B9p+lon+to HTTP/1.1" 200 999 "-" "Mozilla/5.0 AppleWebKit/537.36 (KHTML, like Gecko; compatible; GPTBot/1.2; +https://openai.com/gptbot)"
172.70.207.188 - - [08/May/2025:11:38:44 +0200] "GET /?ios=g%C3%A1i+%C4%91%E1%BA%B9p+lon+to HTTP/1.1" 200 999 "-" "Mozilla/5.0 AppleWebKit/537.36 (KHTML, like Gecko; compatible; GPTBot/1.2; +https://openai.com/gptbot)"
172.70.207.188 - - [08/May/2025:11:38:45 +0200] "GET /?top=phim+x+g%C3%A1i+%C4%91%E1%BA%B9p HTTP/1.1" 200 999 "-" "Mozilla/5.0 AppleWebKit/537.36 (KHTML, like Gecko; compatible; GPTBot/1.2; +https://openai.com/gptbot)"
172.70.207.188 - - [08/May/2025:11:38:46 +0200] "GET /?app=sex+em+g%C3%A1i+%C4%91%E1%BA%B9p HTTP/1.1" 200 999 "-" "Mozilla/5.0 AppleWebKit/537.36 (KHTML, like Gecko; compatible; GPTBot/1.2; +https://openai.com/gptbot)"
172.70.207.188 - - [08/May/2025:11:38:48 +0200] "GET /?hot=g%C3%A1i+%C4%91%E1%BA%B9p+lon+to HTTP/1.1" 200 999 "-" "Mozilla/5.0 AppleWebKit/537.36 (KHTML, like Gecko; compatible; GPTBot/1.2; +https://openai.com/gptbot)"
172.70.207.188 - - [08/May/2025:11:38:49 +0200] "GET /?hot=phim+x+g%C3%A1i+%C4%91%E1%BA%B9p HTTP/1.1" 200 999 "-" "Mozilla/5.0 AppleWebKit/537.36 (KHTML, like Gecko; compatible; GPTBot/1.2; +https://openai.com/gptbot)"
172.70.207.188 - - [08/May/2025:11:38:50 +0200] "GET /?produc_id=l%E1%BB%8Bch+thi+%C4%91%E1%BA%A5u+gi%E1%BA%A3i+v%C3%B4+%C4%91%E1%BB%8Bch+b%C3%B3ng+%C4%91%C3%A1+%C4%91%E1%BB%A9c HTTP/1.1" 200 999 "-" "Mozilla/5.0 AppleWebKit/537.36 (KHTML, like Gecko; compatible; GPTBot/1.2; +https://openai.com/gptbot)"
172.70.207.188 - - [08/May/2025:11:38:51 +0200] "GET /?top=phim+sex+%C3%B4ng+v%C3%A0+ch%C3%A1u HTTP/1.1" 200 999 "-" "Mozilla/5.0 AppleWebKit/537.36 (KHTML, like Gecko; compatible; GPTBot/1.2; +https://openai.com/gptbot)"
172.70.207.188 - - [08/May/2025:11:38:52 +0200] "GET /?bet=phim+sex+%C3%B4ng+v%C3%A0+ch%C3%A1u HTTP/1.1" 200 999 "-" "Mozilla/5.0 AppleWebKit/537.36 (KHTML, like Gecko; compatible; GPTBot/1.2; +https://openai.com/gptbot)"
172.70.207.188 - - [08/May/2025:11:38:53 +0200] "GET /?app=lich+thi+dau+ngoai+hang+anh+moi+nhat HTTP/1.1" 200 999 "-" "Mozilla/5.0 AppleWebKit/537.36 (KHTML, like Gecko; compatible; GPTBot/1.2; +https://openai.com/gptbot)"
162.158.189.112 - - [08/May/2025:11:38:53 +0200] "GET /?i=266136121 HTTP/1.1" 200 93801 "-" "Mozilla/5.0 (Linux; Android 5.0) AppleWebKit/537.36 (KHTML, like Gecko) Mobile Safari/537.36 (compatible; Bytespider; [email protected])"
172.68.164.36 - - [08/May/2025:11:38:54 +0200] "GET /IMG/logo/1024x538_cmsv2_c54013e5-8833-5743-86fc-a18b87d54ede-8113070.jpg.webp HTTP/1.1" 200 8812 "http://www.igihango.com/?i=266136121" "Mozilla/5.0 (Linux; Android 5.0) AppleWebKit/537.36 (KHTML, like Gecko) Mobile Safari/537.36 (compatible; Bytespider; [email protected])"
162.158.88.142 - - [08/May/2025:11:38:54 +0200] "GET /IMG/logo/img-20231108-wa0084.jpg HTTP/1.1" 200 8767 "http://www.igihango.com/?i=266136121" "Mozilla/5.0 (Linux; Android 5.0) AppleWebKit/537.36 (KHTML, like Gecko) Mobile Safari/537.36 (compatible; Bytespider; [email protected])"
172.70.207.188 - - [08/May/2025:11:38:55 +0200] "GET /?hot=lich+thi+dau+ngoai+hang+anh+moi+nhat HTTP/1.1" 200 999 "-" "Mozilla/5.0 AppleWebKit/537.36 (KHTML, like Gecko; compatible; GPTBot/1.2; +https://openai.com/gptbot)"
172.70.207.188 - - [08/May/2025:11:38:56 +0200] "GET /?ios=lich+thi+dau+ngoai+hang+anh+moi+nhat HTTP/1.1" 200 999 "-" "Mozilla/5.0 AppleWebKit/537.36 (KHTML, like Gecko; compatible; GPTBot/1.2; +https://openai.com/gptbot)"
172.70.207.188 - - [08/May/2025:11:38:57 +0200] "GET /?top=lich+thi+dau+ngoai+hang+anh+moi+nhat HTTP/1.1" 200 999 "-" "Mozilla/5.0 AppleWebKit/537.36 (KHTML, like Gecko; compatible; GPTBot/1.2; +https://openai.com/gptbot)"
172.70.207.188 - - [08/May/2025:11:38:58 +0200] "GET /?game=anime+r34 HTTP/1.1" 200 999 "-" "Mozilla/5.0 AppleWebKit/537.36 (KHTML, like Gecko; compatible; GPTBot/1.2; +https://openai.com/gptbot)"
172.70.207.188 - - [08/May/2025:11:38:59 +0200] "GET /?game=bongda+88 HTTP/1.1" 200 999 "-" "Mozilla/5.0 AppleWebKit/537.36 (KHTML, like Gecko; compatible; GPTBot/1.2; +https://openai.com/gptbot)"
172.70.207.188 - - [08/May/2025:11:39:00 +0200] "GET /?game=sex+dam69 HTTP/1.1" 200 999 "-" "Mozilla/5.0 AppleWebKit/537.36 (KHTML, like Gecko; compatible; GPTBot/1.2; +https://openai.com/gptbot)"
172.70.207.188 - - [08/May/2025:11:39:02 +0200] "GET /?produc_id=phim+xx+phim+xx HTTP/1.1" 200 999 "-" "Mozilla/5.0 AppleWebKit/537.36 (KHTML, like Gecko; compatible; GPTBot/1.2; +https://openai.com/gptbot)"
172.70.207.188 - - [08/May/2025:11:39:03 +0200] "GET /?play=ch%E1%BB%8Bch+kh%C3%B4ng+che HTTP/1.1" 200 999 "-" "Mozilla/5.0 AppleWebKit/537.36 (KHTML, like Gecko; compatible; GPTBot/1.2; +https://openai.com/gptbot)"
172.70.207.188 - - [08/May/2025:11:39:04 +0200] "GET /?play=ch%E1%BB%8Bch+g%C3%A1i+china HTTP/1.1" 200 999 "-" "Mozilla/5.0 AppleWebKit/537.36 (KHTML, like Gecko; compatible; GPTBot/1.2; +https://openai.com/gptbot)"
172.70.207.188 - - [08/May/2025:11:39:05 +0200] "GET /?app=link+sex+l%C6%B0u+di%E1%BB%87c+phi HTTP/1.1" 200 999 "-" "Mozilla/5.0 AppleWebKit/537.36 (KHTML, like Gecko; compatible; GPTBot/1.2; +https://openai.com/gptbot)"
172.70.207.188 - - [08/May/2025:11:39:06 +0200] "GET /?ios=link+sex+l%C6%B0u+di%E1%BB%87c+phi HTTP/1.1" 200 999 "-" "Mozilla/5.0 AppleWebKit/537.36 (KHTML, like Gecko; compatible; GPTBot/1.2; +https://openai.com/gptbot)"
172.70.207.188 - - [08/May/2025:11:39:07 +0200] "GET /?game=g%C3%A1i+kh%E1%BA%A9u+d%C3%A2m HTTP/1.1" 200 999 "-" "Mozilla/5.0 AppleWebKit/537.36 (KHTML, like Gecko; compatible; GPTBot/1.2; +https://openai.com/gptbot)"
172.70.207.188 - - [08/May/2025:11:39:09 +0200] "GET /?app=sex+%C3%A1+%C3%A2u HTTP/1.1" 200 999 "-" "Mozilla/5.0 AppleWebKit/537.36 (KHTML, like Gecko; compatible; GPTBot/1.2; +https://openai.com/gptbot)"
172.70.207.188 - - [08/May/2025:11:39:10 +0200] "GET /?bet=sex+%C3%A1+%C3%A2u HTTP/1.1" 200 999 "-" "Mozilla/5.0 AppleWebKit/537.36 (KHTML, like Gecko; compatible; GPTBot/1.2; +https://openai.com/gptbot)"
172.70.207.188 - - [08/May/2025:11:39:11 +0200] "GET /?hot=xe+vision+2022+gi%C3%A1+bao+nhi%C3%AAu HTTP/1.1" 200 999 "-" "Mozilla/5.0 AppleWebKit/537.36 (KHTML, like Gecko; compatible; GPTBot/1.2; +https://openai.com/gptbot)"
172.70.207.188 - - [08/May/2025:11:39:12 +0200] "GET /?bet=xe+vision+2022+gi%C3%A1+bao+nhi%C3%AAu HTTP/1.1" 200 999 "-" "Mozilla/5.0 AppleWebKit/537.36 (KHTML, like Gecko; compatible; GPTBot/1.2; +https://openai.com/gptbot)"
172.70.207.188 - - [08/May/2025:11:39:13 +0200] "GET /?app=phim+18++g%C3%A1i+xinh HTTP/1.1" 200 999 "-" "Mozilla/5.0 AppleWebKit/537.36 (KHTML, like Gecko; compatible; GPTBot/1.2; +https://openai.com/gptbot)"
172.70.207.188 - - [08/May/2025:11:39:14 +0200] "GET /?hot=phim+18++g%C3%A1i+xinh HTTP/1.1" 200 999 "-" "Mozilla/5.0 AppleWebKit/537.36 (KHTML, like Gecko; compatible; GPTBot/1.2; +https://openai.com/gptbot)"
172.70.207.188 - - [08/May/2025:11:39:16 +0200] "GET /?top=phim+18++g%C3%A1i+xinh HTTP/1.1" 200 999 "-" "Mozilla/5.0 AppleWebKit/537.36 (KHTML, like Gecko; compatible; GPTBot/1.2; +https://openai.com/gptbot)"
172.70.207.188 - - [08/May/2025:11:39:17 +0200] "GET /?video=sex+g%C3%A1i+ngoan HTTP/1.1" 200 999 "-" "Mozilla/5.0 AppleWebKit/537.36 (KHTML, like Gecko; compatible; GPTBot/1.2; +https://openai.com/gptbot)"
172.70.207.188 - - [08/May/2025:11:39:18 +0200] "GET /?video=h%C3%A0ng+ngon.com HTTP/1.1" 200 999 "-" "Mozilla/5.0 AppleWebKit/537.36 (KHTML, like Gecko; compatible; GPTBot/1.2; +https://openai.com/gptbot)"
172.70.207.188 - - [08/May/2025:11:39:19 +0200] "GET /?video=sex+g%C3%A1i+xinhh HTTP/1.1" 200 999 "-" "Mozilla/5.0 AppleWebKit/537.36 (KHTML, like Gecko; compatible; GPTBot/1.2; +https://openai.com/gptbot)"
172.69.176.72 - - [08/May/2025:11:39:19 +0200] "GET /?i=198608621 HTTP/1.1" 200 93801 "-" "Mozilla/5.0 (Linux; Android 5.0) AppleWebKit/537.36 (KHTML, like Gecko) Mobile Safari/537.36 (compatible; Bytespider; [email protected])"
172.69.17.72 - - [08/May/2025:11:39:20 +0200] "GET /?keyword=phim+4000 HTTP/1.1" 200 999 "-" "Mozilla/5.0 AppleWebKit/537.36 (KHTML, like Gecko; compatible; ClaudeBot/1.0; [email protected])"
172.71.1.164 - - [08/May/2025:11:39:20 +0200] "GET /?top=secloanluan HTTP/1.1" 200 999 "-" "Mozilla/5.0 AppleWebKit/537.36 (KHTML, like Gecko; compatible; ClaudeBot/1.0; [email protected])"
172.69.17.194 - - [08/May/2025:11:39:20 +0200] "GET /?video=t%C3%B4+thanh+ph%C6%B0%C6%A1ng+b%C3%A0i+ca+%C4%91%E1%BA%A5t+ph%C6%B0%C6%A1ng+nam HTTP/1.1" 200 999 "-" "Mozilla/5.0 AppleWebKit/537.36 (KHTML, like Gecko; compatible; ClaudeBot/1.0; [email protected])"
172.69.7.6 - - [08/May/2025:11:39:20 +0200] "GET /?ios=b%C3%B3ng+da+truc+tiep HTTP/1.1" 200 999 "-" "Mozilla/5.0 AppleWebKit/537.36 (KHTML, like Gecko; compatible; ClaudeBot/1.0; [email protected])"
172.70.207.188 - - [08/May/2025:11:39:20 +0200] "GET /?video=g%C3%A1i+xinh+phim HTTP/1.1" 200 999 "-" "Mozilla/5.0 AppleWebKit/537.36 (KHTML, like Gecko; compatible; GPTBot/1.2; +https://openai.com/gptbot)"
172.70.127.181 - - [08/May/2025:11:39:20 +0200] "GET /?app=phim+sex+ng%C6%B0%E1%BB%9Di+v%C3%A0+ng%E1%BB%B1a HTTP/1.1" 200 999 "-" "Mozilla/5.0 AppleWebKit/537.36 (KHTML, like Gecko; compatible; ClaudeBot/1.0; [email protected])"
172.70.207.188 - - [08/May/2025:11:39:21 +0200] "GET /?video=phim+g%C3%A1i+xinh HTTP/1.1" 200 999 "-" "Mozilla/5.0 AppleWebKit/537.36 (KHTML, like Gecko; compatible; GPTBot/1.2; +https://openai.com/gptbot)"
172.70.207.188 - - [08/May/2025:11:39:23 +0200] "GET /?video=sex+ga%CC%81i+xinh HTTP/1.1" 200 999 "-" "Mozilla/5.0 AppleWebKit/537.36 (KHTML, like Gecko; compatible; GPTBot/1.2; +https://openai.com/gptbot)"
172.68.164.37 - - [08/May/2025:11:39:24 +0200] "GET /IMG/logo/1024x538_cmsv2_c54013e5-8833-5743-86fc-a18b87d54ede-8113070.jpg.webp HTTP/1.1" 200 8812 "http://www.igihango.com/?i=198608621" "Mozilla/5.0 (Linux; Android 5.0) AppleWebKit/537.36 (KHTML, like Gecko) Mobile Safari/537.36 (compatible; Bytespider; [email protected])"
172.70.207.188 - - [08/May/2025:11:39:24 +0200] "GET /?top=video+ph%C3%A1+trinh HTTP/1.1" 200 999 "-" "Mozilla/5.0 AppleWebKit/537.36 (KHTML, like Gecko; compatible; GPTBot/1.2; +https://openai.com/gptbot)"
162.158.88.142 - - [08/May/2025:11:39:25 +0200] "GET /IMG/logo/img-20231108-wa0084.jpg HTTP/1.1" 200 8767 "http://www.igihango.com/?i=198608621" "Mozilla/5.0 (Linux; Android 5.0) AppleWebKit/537.36 (KHTML, like Gecko) Mobile Safari/537.36 (compatible; Bytespider; [email protected])"
172.70.207.188 - - [08/May/2025:11:39:25 +0200] "GET /?video=xem+phim+th%C3%A1i HTTP/1.1" 200 999 "-" "Mozilla/5.0 AppleWebKit/537.36 (KHTML, like Gecko; compatible; GPTBot/1.2; +https://openai.com/gptbot)"
172.70.207.188 - - [08/May/2025:11:39:26 +0200] "GET /?video=g%C3%A1i+xinh+khoe HTTP/1.1" 200 999 "-" "Mozilla/5.0 AppleWebKit/537.36 (KHTML, like Gecko; compatible; GPTBot/1.2; +https://openai.com/gptbot)"
172.70.207.188 - - [08/May/2025:11:39:27 +0200] "GET /?video=chit+g%C3%A1i+xinh HTTP/1.1" 200 999 "-" "Mozilla/5.0 AppleWebKit/537.36 (KHTML, like Gecko; compatible; GPTBot/1.2; +https://openai.com/gptbot)"
172.70.207.188 - - [08/May/2025:11:39:28 +0200] "GET /?game=%C4%91%E1%BB%8Bt+nhau+v%E1%BB%9Bi+em+v%E1%BB%A3 HTTP/1.1" 200 999 "-" "Mozilla/5.0 AppleWebKit/537.36 (KHTML, like Gecko; compatible; GPTBot/1.2; +https://openai.com/gptbot)"
172.70.207.188 - - [08/May/2025:11:39:30 +0200] "GET /?hot=sex+ch%C3%A2u+%C3%A2u+k+che HTTP/1.1" 200 999 "-" "Mozilla/5.0 AppleWebKit/537.36 (KHTML, like Gecko; compatible; GPTBot/1.2; +https://openai.com/gptbot)"
172.70.207.188 - - [08/May/2025:11:39:31 +0200] "GET /?app=sex+ch%C3%A2u+%C3%A2u+k+che HTTP/1.1" 200 999 "-" "Mozilla/5.0 AppleWebKit/537.36 (KHTML, like Gecko; compatible; GPTBot/1.2; +https://openai.com/gptbot)"
172.70.207.188 - - [08/May/2025:11:39:32 +0200] "GET /?bet=sex+ch%C3%A2u+%C3%A2u+k+che HTTP/1.1" 200 999 "-" "Mozilla/5.0 AppleWebKit/537.36 (KHTML, like Gecko; compatible; GPTBot/1.2; +https://openai.com/gptbot)"
172.70.207.188 - - [08/May/2025:11:39:33 +0200] "GET /?produc_id=sech+ch%C3%A2u+%C3%A2u HTTP/1.1" 200 999 "-" "Mozilla/5.0 AppleWebKit/537.36 (KHTML, like Gecko; compatible; GPTBot/1.2; +https://openai.com/gptbot)"
172.70.207.188 - - [08/May/2025:11:39:34 +0200] "GET /?produc_id=xech+ch%C3%A2u+%C3%A2u HTTP/1.1" 200 999 "-" "Mozilla/5.0 AppleWebKit/537.36 (KHTML, like Gecko; compatible; GPTBot/1.2; +https://openai.com/gptbot)"
172.68.245.211 - - [08/May/2025:11:39:34 +0200] "GET /?hot=porn%20\xc3\xa2u HTTP/1.1" 200 93801 "-" "meta-externalagent/1.1 (+https://developers.facebook.com/docs/sharing/webmasters/crawler)"
172.70.207.188 - - [08/May/2025:11:39:35 +0200] "GET /?produc_id=m%C3%A1y+bay+b%C3%A0+gi%C3%A0+vi%C3%AAt+nam HTTP/1.1" 200 999 "-" "Mozilla/5.0 AppleWebKit/537.36 (KHTML, like Gecko; compatible; GPTBot/1.2; +https://openai.com/gptbot)"
172.70.207.188 - - [08/May/2025:11:39:36 +0200] "GET /?ios=c%C3%B4+gi%C3%A1o+minami+aizawa HTTP/1.1" 200 999 "-" "Mozilla/5.0 AppleWebKit/537.36 (KHTML, like Gecko; compatible; GPTBot/1.2; +https://openai.com/gptbot)"
172.70.207.188 - - [08/May/2025:11:39:38 +0200] "GET /?play=sex+ch%C3%A2u+%C3%A2u+y+t%C3%A1 HTTP/1.1" 200 999 "-" "Mozilla/5.0 AppleWebKit/537.36 (KHTML, like Gecko; compatible; GPTBot/1.2; +https://openai.com/gptbot)"
172.70.207.188 - - [08/May/2025:11:39:39 +0200] "GET /?produc_id=phim+sex+ph%C6%B0%C6%A1ng+m%E1%BB%B9+chi HTTP/1.1" 200 999 "-" "Mozilla/5.0 AppleWebKit/537.36 (KHTML, like Gecko; compatible; GPTBot/1.2; +https://openai.com/gptbot)"
172.70.207.188 - - [08/May/2025:11:39:40 +0200] "GET /?produc_id=clip+sex+ph%C6%B0%C6%A1ng+m%E1%BB%B9+chi HTTP/1.1" 200 999 "-" "Mozilla/5.0 AppleWebKit/537.36 (KHTML, like Gecko; compatible; GPTBot/1.2; +https://openai.com/gptbot)"
172.70.207.188 - - [08/May/2025:11:39:41 +0200] "GET /?top=phim+sex+lo%E1%BA%A1n+lu%C3%A2n+kh%C3%B4ng+che HTTP/1.1" 200 999 "-" "Mozilla/5.0 AppleWebKit/537.36 (KHTML, like Gecko; compatible; GPTBot/1.2; +https://openai.com/gptbot)"
172.70.207.188 - - [08/May/2025:11:39:42 +0200] "GET /?bet=phim+sex+lo%E1%BA%A1n+lu%C3%A2n+kh%C3%B4ng+che HTTP/1.1" 200 999 "-" "Mozilla/5.0 AppleWebKit/537.36 (KHTML, like Gecko; compatible; GPTBot/1.2; +https://openai.com/gptbot)"
172.70.207.188 - - [08/May/2025:11:39:43 +0200] "GET /?top=phim+sex+kh%C3%B4ng+che+lo%E1%BA%A1n+lu%C3%A2n HTTP/1.1" 200 999 "-" "Mozilla/5.0 AppleWebKit/537.36 (KHTML, like Gecko; compatible; GPTBot/1.2; +https://openai.com/gptbot)"
172.70.207.188 - - [08/May/2025:11:39:45 +0200] "GET /?bet=xem+phim+sex+kh%C3%B4ng+qu%E1%BA%A3ng+c%C3%A1o HTTP/1.1" 200 999 "-" "Mozilla/5.0 AppleWebKit/537.36 (KHTML, like Gecko; compatible; GPTBot/1.2; +https://openai.com/gptbot)"
172.70.207.188 - - [08/May/2025:11:39:46 +0200] "GET /?video=xem+%C4%91%E1%BB%8Bt HTTP/1.1" 200 999 "-" "Mozilla/5.0 AppleWebKit/537.36 (KHTML, like Gecko; compatible; GPTBot/1.2; +https://openai.com/gptbot)"
162.158.106.33 - - [08/May/2025:11:39:46 +0200] "GET /?i=358599021 HTTP/1.1" 200 93801 "-" "Mozilla/5.0 (Linux; Android 5.0) AppleWebKit/537.36 (KHTML, like Gecko) Mobile Safari/537.36 (compatible; Bytespider; [email protected])"
172.68.164.37 - - [08/May/2025:11:39:47 +0200] "GET /IMG/logo/1024x538_cmsv2_c54013e5-8833-5743-86fc-a18b87d54ede-8113070.jpg.webp HTTP/1.1" 200 131 "http://www.igihango.com/?i=358599021" "Mozilla/5.0 (Linux; Android 5.0) AppleWebKit/537.36 (KHTML, like Gecko) Mobile Safari/537.36 (compatible; Bytespider; [email protected])"
162.158.88.143 - - [08/May/2025:11:39:47 +0200] "GET /IMG/logo/img-20231108-wa0084.jpg HTTP/1.1" 200 131 "http://www.igihango.com/?i=358599021" "Mozilla/5.0 (Linux; Android 5.0) AppleWebKit/537.36 (KHTML, like Gecko) Mobile Safari/537.36 (compatible; Bytespider; [email protected])"
172.70.207.188 - - [08/May/2025:11:39:47 +0200] "GET /?video=n%E1%BB%87n+g%C3%A1i HTTP/1.1" 200 999 "-" "Mozilla/5.0 AppleWebKit/537.36 (KHTML, like Gecko; compatible; GPTBot/1.2; +https://openai.com/gptbot)"
172.70.207.188 - - [08/May/2025:11:39:48 +0200] "GET /?ios=video+%C4%91%E1%BB%8Bt HTTP/1.1" 200 999 "-" "Mozilla/5.0 AppleWebKit/537.36 (KHTML, like Gecko; compatible; GPTBot/1.2; +https://openai.com/gptbot)"
172.70.207.188 - - [08/May/2025:11:39:49 +0200] "GET /?video=l%C3%B3c+l%E1%BB%93n HTTP/1.1" 200 999 "-" "Mozilla/5.0 AppleWebKit/537.36 (KHTML, like Gecko; compatible; GPTBot/1.2; +https://openai.com/gptbot)"
172.70.207.188 - - [08/May/2025:11:39:50 +0200] "GET /?video=xex+%C4%91%E1%BA%B9p HTTP/1.1" 200 999 "-" "Mozilla/5.0 AppleWebKit/537.36 (KHTML, like Gecko; compatible; GPTBot/1.2; +https://openai.com/gptbot)"
172.70.207.188 - - [08/May/2025:11:39:51 +0200] "GET /?video=m%C3%B3c+l%E1%BB%93n HTTP/1.1" 200 999 "-" "Mozilla/5.0 AppleWebKit/537.36 (KHTML, like Gecko; compatible; GPTBot/1.2; +https://openai.com/gptbot)"
172.70.207.188 - - [08/May/2025:11:39:53 +0200] "GET /?video=jav+%C4%91%E1%BA%B9p HTTP/1.1" 200 999 "-" "Mozilla/5.0 AppleWebKit/537.36 (KHTML, like Gecko; compatible; GPTBot/1.2; +https://openai.com/gptbot)"
172.70.207.188 - - [08/May/2025:11:39:54 +0200] "GET /?video=d%C4%91am+m%E1%BB%B9 HTTP/1.1" 200 999 "-" "Mozilla/5.0 AppleWebKit/537.36 (KHTML, like Gecko; compatible; GPTBot/1.2; +https://openai.com/gptbot)"
172.70.207.188 - - [08/May/2025:11:39:55 +0200] "GET /?app=video+%C4%91%E1%BB%8Bt HTTP/1.1" 200 999 "-" "Mozilla/5.0 AppleWebKit/537.36 (KHTML, like Gecko; compatible; GPTBot/1.2; +https://openai.com/gptbot)"
172.70.207.188 - - [08/May/2025:11:39:56 +0200] "GET /?hot=video+%C4%91%E1%BB%8Bt HTTP/1.1" 200 999 "-" "Mozilla/5.0 AppleWebKit/537.36 (KHTML, like Gecko; compatible; GPTBot/1.2; +https://openai.com/gptbot)"
172.70.207.188 - - [08/May/2025:11:39:57 +0200] "GET /?video=v%C3%A0o+r%E1%BB%93i HTTP/1.1" 200 999 "-" "Mozilla/5.0 AppleWebKit/537.36 (KHTML, like Gecko; compatible; GPTBot/1.2; +https://openai.com/gptbot)"
172.70.207.188 - - [08/May/2025:11:39:58 +0200] "GET /?video=lon+%C4%91%E1%BA%B9p HTTP/1.1" 200 999 "-" "Mozilla/5.0 AppleWebKit/537.36 (KHTML, like Gecko; compatible; GPTBot/1.2; +https://openai.com/gptbot)"
172.70.207.188 - - [08/May/2025:11:40:00 +0200] "GET /?video=g%C3%A1i+l%E1%BB%93n HTTP/1.1" 200 999 "-" "Mozilla/5.0 AppleWebKit/537.36 (KHTML, like Gecko; compatible; GPTBot/1.2; +https://openai.com/gptbot)"
172.70.207.188 - - [08/May/2025:11:40:01 +0200] "GET /?video=ti%E1%BB%81n+%C6%A1i HTTP/1.1" 200 999 "-" "Mozilla/5.0 AppleWebKit/537.36 (KHTML, like Gecko; compatible; GPTBot/1.2; +https://openai.com/gptbot)"
172.70.207.188 - - [08/May/2025:11:40:02 +0200] "GET /?video=heo+%C4%91%E1%BA%B9p HTTP/1.1" 200 999 "-" "Mozilla/5.0 AppleWebKit/537.36 (KHTML, like Gecko; compatible; GPTBot/1.2; +https://openai.com/gptbot)"
172.70.207.188 - - [08/May/2025:11:40:03 +0200] "GET /?video=%C6%A1i+ti%E1%BB%81n HTTP/1.1" 200 999 "-" "Mozilla/5.0 AppleWebKit/537.36 (KHTML, like Gecko; compatible; GPTBot/1.2; +https://openai.com/gptbot)"
172.70.207.188 - - [08/May/2025:11:40:04 +0200] "GET /?video=sex+%C4%91%E1%BA%B9p HTTP/1.1" 200 999 "-" "Mozilla/5.0 AppleWebKit/537.36 (KHTML, like Gecko; compatible; GPTBot/1.2; +https://openai.com/gptbot)"
172.70.207.188 - - [08/May/2025:11:40:05 +0200] "GET /?video=man+city+%C4%91%E1%BA%A5u+v%E1%BB%9Bi+wolves HTTP/1.1" 200 999 "-" "Mozilla/5.0 AppleWebKit/537.36 (KHTML, like Gecko; compatible; GPTBot/1.2; +https://openai.com/gptbot)"
172.70.207.188 - - [08/May/2025:11:40:06 +0200] "GET /?video=phim+x%C3%A9t+vi%E1%BB%87t+nam+g%C3%A1i+xinh HTTP/1.1" 200 999 "-" "Mozilla/5.0 AppleWebKit/537.36 (KHTML, like Gecko; compatible; GPTBot/1.2; +https://openai.com/gptbot)"
172.70.127.191 - - [08/May/2025:11:40:07 +0200] "GET /?play=fim+set+chau+au HTTP/1.1" 200 999 "-" "Mozilla/5.0 AppleWebKit/537.36 (KHTML, like Gecko; compatible; ClaudeBot/1.0; [email protected])"
172.69.17.210 - - [08/May/2025:11:40:07 +0200] "GET /?game=aston+villa+%C4%91%E1%BA%A5u+v%E1%BB%9Bi+arsenal HTTP/1.1" 200 999 "-" "Mozilla/5.0 AppleWebKit/537.36 (KHTML, like Gecko; compatible; ClaudeBot/1.0; [email protected])"
172.69.17.76 - - [08/May/2025:11:40:07 +0200] "GET /?game=sex+h%E1%BB%9Bt+t%C3%B3c HTTP/1.1" 200 999 "-" "Mozilla/5.0 AppleWebKit/537.36 (KHTML, like Gecko; compatible; ClaudeBot/1.0; [email protected])"
172.70.130.24 - - [08/May/2025:11:40:07 +0200] "GET /?top=sex+ko+che+hi%E1%BA%BFp+d%C3%A2m HTTP/1.1" 200 999 "-" "Mozilla/5.0 AppleWebKit/537.36 (KHTML, like Gecko; compatible; ClaudeBot/1.0; [email protected])"
172.69.17.139 - - [08/May/2025:11:40:07 +0200] "GET /?top=si%C3%AAu+d%C3%A2m.com HTTP/1.1" 200 999 "-" "Mozilla/5.0 AppleWebKit/537.36 (KHTML, like Gecko; compatible; ClaudeBot/1.0; [email protected])"
172.70.207.188 - - [08/May/2025:11:40:08 +0200] "GET /?video=phim+lo%E1%BA%A1n+lu%C3%A2n+vi%E1%BB%87t+nam HTTP/1.1" 200 999 "-" "Mozilla/5.0 AppleWebKit/537.36 (KHTML, like Gecko; compatible; GPTBot/1.2; +https://openai.com/gptbot)"
172.70.207.188 - - [08/May/2025:11:40:09 +0200] "GET /?video=arsenal+%C4%91%E1%BA%A5u+v%E1%BB%9Bi+man+utd HTTP/1.1" 200 999 "-" "Mozilla/5.0 AppleWebKit/537.36 (KHTML, like Gecko; compatible; GPTBot/1.2; +https://openai.com/gptbot)"
172.70.207.188 - - [08/May/2025:11:40:10 +0200] "GET /?video=phim+vi%E1%BB%87t+nam+lo%E1%BA%A1n+lu%C3%A2n HTTP/1.1" 200 999 "-" "Mozilla/5.0 AppleWebKit/537.36 (KHTML, like Gecko; compatible; GPTBot/1.2; +https://openai.com/gptbot)"
172.70.207.188 - - [08/May/2025:11:40:11 +0200] "GET /?bet=m%E1%BB%B9+%C4%91%E1%BB%8Bt+nhau HTTP/1.1" 200 999 "-" "Mozilla/5.0 AppleWebKit/537.36 (KHTML, like Gecko; compatible; GPTBot/1.2; +https://openai.com/gptbot)"
172.70.207.188 - - [08/May/2025:11:40:12 +0200] "GET /?hot=m%E1%BB%B9+%C4%91%E1%BB%8Bt+nhau HTTP/1.1" 200 999 "-" "Mozilla/5.0 AppleWebKit/537.36 (KHTML, like Gecko; compatible; GPTBot/1.2; +https://openai.com/gptbot)"
108.162.226.87 - - [08/May/2025:11:40:12 +0200] "GET /?i=308208021 HTTP/1.1" 200 93801 "-" "Mozilla/5.0 (Linux; Android 5.0) AppleWebKit/537.36 (KHTML, like Gecko) Mobile Safari/537.36 (compatible; Bytespider; [email protected])"
172.68.164.37 - - [08/May/2025:11:40:13 +0200] "GET /IMG/logo/1024x538_cmsv2_c54013e5-8833-5743-86fc-a18b87d54ede-8113070.jpg.webp HTTP/1.1" 200 131 "http://www.igihango.com/?i=308208021" "Mozilla/5.0 (Linux; Android 5.0) AppleWebKit/537.36 (KHTML, like Gecko) Mobile Safari/537.36 (compatible; Bytespider; [email protected])"
162.158.88.142 - - [08/May/2025:11:40:13 +0200] "GET /IMG/logo/img-20231108-wa0084.jpg HTTP/1.1" 200 131 "http://www.igihango.com/?i=308208021" "Mozilla/5.0 (Linux; Android 5.0) AppleWebKit/537.36 (KHTML, like Gecko) Mobile Safari/537.36 (compatible; Bytespider; [email protected])"
172.70.207.188 - - [08/May/2025:11:40:13 +0200] "GET /?keyword=%C4%91it+g%C3%A1i+ch%E1%BB%ADa HTTP/1.1" 200 999 "-" "Mozilla/5.0 AppleWebKit/537.36 (KHTML, like Gecko; compatible; GPTBot/1.2; +https://openai.com/gptbot)"
172.70.207.188 - - [08/May/2025:11:40:14 +0200] "GET /?keyword=t%C6%B0+h%C3%A0ng+tu%E1%BA%A7n HTTP/1.1" 200 999 "-" "Mozilla/5.0 AppleWebKit/537.36 (KHTML, like Gecko; compatible; GPTBot/1.2; +https://openai.com/gptbot)"
172.70.207.188 - - [08/May/2025:11:40:16 +0200] "GET /?keyword=s%C6%B0%E1%BB%9Dn+x%C3%A1m+sex HTTP/1.1" 200 999 "-" "Mozilla/5.0 AppleWebKit/537.36 (KHTML, like Gecko; compatible; GPTBot/1.2; +https://openai.com/gptbot)"
172.70.207.188 - - [08/May/2025:11:40:17 +0200] "GET /?keyword=sex+s%C6%B0%E1%BB%9Dn+x%C3%A1m HTTP/1.1" 200 999 "-" "Mozilla/5.0 AppleWebKit/537.36 (KHTML, like Gecko; compatible; GPTBot/1.2; +https://openai.com/gptbot)"
172.70.207.188 - - [08/May/2025:11:40:18 +0200] "GET /?produc_id=li%E1%BA%BFm+l%E1%BB%97+%C4%91%C3%ADt HTTP/1.1" 200 999 "-" "Mozilla/5.0 AppleWebKit/537.36 (KHTML, like Gecko; compatible; GPTBot/1.2; +https://openai.com/gptbot)"
172.70.207.188 - - [08/May/2025:11:40:19 +0200] "GET /?app=quay+l%C3%A9n+g%C3%A1i+th%E1%BB%A7+d%C3%A2m HTTP/1.1" 200 999 "-" "Mozilla/5.0 AppleWebKit/537.36 (KHTML, like Gecko; compatible; GPTBot/1.2; +https://openai.com/gptbot)"
172.70.207.188 - - [08/May/2025:11:40:20 +0200] "GET /?hot=quay+l%C3%A9n+g%C3%A1i+th%E1%BB%A7+d%C3%A2m HTTP/1.1" 200 999 "-" "Mozilla/5.0 AppleWebKit/537.36 (KHTML, like Gecko; compatible; GPTBot/1.2; +https://openai.com/gptbot)"
172.70.207.188 - - [08/May/2025:11:40:21 +0200] "GET /?video=v%C3%BA+to+tr%C3%B2n HTTP/1.1" 200 999 "-" "Mozilla/5.0 AppleWebKit/537.36 (KHTML, like Gecko; compatible; GPTBot/1.2; +https://openai.com/gptbot)"
172.70.207.188 - - [08/May/2025:11:40:23 +0200] "GET /?video=sex+b%C3%B3p+v%C3%BA HTTP/1.1" 200 999 "-" "Mozilla/5.0 AppleWebKit/537.36 (KHTML, like Gecko; compatible; GPTBot/1.2; +https://openai.com/gptbot)"
172.70.207.188 - - [08/May/2025:11:40:24 +0200] "GET /?video=flop+l%C3%A0+g%C3%AC HTTP/1.1" 200 999 "-" "Mozilla/5.0 AppleWebKit/537.36 (KHTML, like Gecko; compatible; GPTBot/1.2; +https://openai.com/gptbot)"
172.70.207.188 - - [08/May/2025:11:40:25 +0200] "GET /?video=b%C3%B3p+v%C3%BA+nam HTTP/1.1" 200 999 "-" "Mozilla/5.0 AppleWebKit/537.36 (KHTML, like Gecko; compatible; GPTBot/1.2; +https://openai.com/gptbot)"
172.70.207.188 - - [08/May/2025:11:40:26 +0200] "GET /?video=b%C3%B3p+v%C3%BA+sex HTTP/1.1" 200 999 "-" "Mozilla/5.0 AppleWebKit/537.36 (KHTML, like Gecko; compatible; GPTBot/1.2; +https://openai.com/gptbot)"
172.70.207.188 - - [08/May/2025:11:40:27 +0200] "GET /?game=xx+g%C3%A1i+xinh+%C4%91%E1%BA%B9p HTTP/1.1" 200 999 "-" "Mozilla/5.0 AppleWebKit/537.36 (KHTML, like Gecko; compatible; GPTBot/1.2; +https://openai.com/gptbot)"
172.70.207.188 - - [08/May/2025:11:40:28 +0200] "GET /?game=xem+sex+g%C3%A1i+%C4%91%E1%BA%B9p HTTP/1.1" 200 999 "-" "Mozilla/5.0 AppleWebKit/537.36 (KHTML, like Gecko; compatible; GPTBot/1.2; +https://openai.com/gptbot)"
172.70.207.188 - - [08/May/2025:11:40:29 +0200] "GET /?video=phim+sex+sex+h%C3%A0n+qu%E1%BB%91c HTTP/1.1" 200 999 "-" "Mozilla/5.0 AppleWebKit/537.36 (KHTML, like Gecko; compatible; GPTBot/1.2; +https://openai.com/gptbot)"
172.70.207.188 - - [08/May/2025:11:40:31 +0200] "GET /?video=k%E1%BA%BFt+qu%E1%BA%A3+x%E1%BB%95+s%E1%BB%91+%C4%91%E1%BA%B7c+bi%E1%BB%87t+n%C4%83m+2023 HTTP/1.1" 200 999 "-" "Mozilla/5.0 AppleWebKit/537.36 (KHTML, like Gecko; compatible; GPTBot/1.2; +https://openai.com/gptbot)"
172.70.207.188 - - [08/May/2025:11:40:32 +0200] "GET /?keyword=gi%C3%A1+sonic+h%C3%B4m+nay HTTP/1.1" 200 999 "-" "Mozilla/5.0 AppleWebKit/537.36 (KHTML, like Gecko; compatible; GPTBot/1.2; +https://openai.com/gptbot)"
172.70.207.188 - - [08/May/2025:11:40:33 +0200] "GET /?keyword=phim+set+h%C3%A0ng+x%C3%B3m HTTP/1.1" 200 999 "-" "Mozilla/5.0 AppleWebKit/537.36 (KHTML, like Gecko; compatible; GPTBot/1.2; +https://openai.com/gptbot)"
172.70.207.188 - - [08/May/2025:11:40:34 +0200] "GET /?keyword=sex+g%C3%A1i+c%C3%B2n+trinh HTTP/1.1" 200 999 "-" "Mozilla/5.0 AppleWebKit/537.36 (KHTML, like Gecko; compatible; GPTBot/1.2; +https://openai.com/gptbot)"
172.70.207.188 - - [08/May/2025:11:40:35 +0200] "GET /?video=l%E1%BB%8Bch+%C4%91%E1%BA%A5u+cktg HTTP/1.1" 200 999 "-" "Mozilla/5.0 AppleWebKit/537.36 (KHTML, like Gecko; compatible; GPTBot/1.2; +https://openai.com/gptbot)"
172.70.207.188 - - [08/May/2025:11:40:36 +0200] "GET /?ios=sex+ng%C3%A2n98 HTTP/1.1" 200 999 "-" "Mozilla/5.0 AppleWebKit/537.36 (KHTML, like Gecko; compatible; GPTBot/1.2; +https://openai.com/gptbot)"
172.70.207.188 - - [08/May/2025:11:40:37 +0200] "GET /?app=sex+ng%C3%A2n98 HTTP/1.1" 200 999 "-" "Mozilla/5.0 AppleWebKit/537.36 (KHTML, like Gecko; compatible; GPTBot/1.2; +https://openai.com/gptbot)"
172.70.207.188 - - [08/May/2025:11:40:39 +0200] "GET /?video=sex+vi%E1%BB%87t+%C4%91%E1%BA%B9p HTTP/1.1" 200 999 "-" "Mozilla/5.0 AppleWebKit/537.36 (KHTML, like Gecko; compatible; GPTBot/1.2; +https://openai.com/gptbot)"
172.70.207.188 - - [08/May/2025:11:40:40 +0200] "GET /?hot=l%E1%BB%8Bch+thi+%C4%91%E1%BA%A5u+b%C3%B3ng+%C4%91%C3%A1+%C4%91%C3%AAm+nay+v%C3%A0+ng%C3%A0y+mai HTTP/1.1" 200 999 "-" "Mozilla/5.0 AppleWebKit/537.36 (KHTML, like Gecko; compatible; GPTBot/1.2; +https://openai.com/gptbot)"
172.70.207.188 - - [08/May/2025:11:40:41 +0200] "GET /?play=l%E1%BB%8Bch+thi+%C4%91%E1%BA%A5u+b%C3%B3ng+%C4%91%C3%A1+%C4%91%C3%AAm+nay+v%C3%A0+ng%C3%A0y+mai HTTP/1.1" 200 999 "-" "Mozilla/5.0 AppleWebKit/537.36 (KHTML, like Gecko; compatible; GPTBot/1.2; +https://openai.com/gptbot)"
172.70.207.188 - - [08/May/2025:11:40:42 +0200] "GET /?bet=l%E1%BB%8Bch+thi+%C4%91%E1%BA%A5u+b%C3%B3ng+%C4%91%C3%A1+%C4%91%C3%AAm+nay+v%C3%A0+ng%C3%A0y+mai HTTP/1.1" 200 999 "-" "Mozilla/5.0 AppleWebKit/537.36 (KHTML, like Gecko; compatible; GPTBot/1.2; +https://openai.com/gptbot)"
172.70.207.188 - - [08/May/2025:11:40:43 +0200] "GET /?bet=v%E1%BB%ABa+x%C4%83m+v%E1%BB%ABa+%C4%91%E1%BB%8Bt HTTP/1.1" 200 999 "-" "Mozilla/5.0 AppleWebKit/537.36 (KHTML, like Gecko; compatible; GPTBot/1.2; +https://openai.com/gptbot)"
172.70.207.188 - - [08/May/2025:11:40:44 +0200] "GET /?top=v%E1%BB%ABa+x%C4%83m+v%E1%BB%ABa+%C4%91%E1%BB%8Bt HTTP/1.1" 200 999 "-" "Mozilla/5.0 AppleWebKit/537.36 (KHTML, like Gecko; compatible; GPTBot/1.2; +https://openai.com/gptbot)"
172.70.207.188 - - [08/May/2025:11:40:46 +0200] "GET /?hot=v%E1%BB%ABa+x%C4%83m+v%E1%BB%ABa+%C4%91%E1%BB%8Bt HTTP/1.1" 200 999 "-" "Mozilla/5.0 AppleWebKit/537.36 (KHTML, like Gecko; compatible; GPTBot/1.2; +https://openai.com/gptbot)"
172.70.207.188 - - [08/May/2025:11:40:47 +0200] "GET /?game=phim+sex+nh%E1%BA%ADt+b%E1%BA%A3n+hay+nh%E1%BA%A5t HTTP/1.1" 200 999 "-" "Mozilla/5.0 AppleWebKit/537.36 (KHTML, like Gecko; compatible; GPTBot/1.2; +https://openai.com/gptbot)"
172.70.207.188 - - [08/May/2025:11:40:48 +0200] "GET /?game=phim+sex+hay+nh%E1%BA%A5t+nh%E1%BA%ADt+b%E1%BA%A3n HTTP/1.1" 200 999 "-" "Mozilla/5.0 AppleWebKit/537.36 (KHTML, like Gecko; compatible; GPTBot/1.2; +https://openai.com/gptbot)"
172.70.207.188 - - [08/May/2025:11:40:49 +0200] "GET /?keyword=%C4%91%E1%BB%8Bt+g%C3%A1i+xinh+%C4%91%E1%BA%B9p HTTP/1.1" 200 999 "-" "Mozilla/5.0 AppleWebKit/537.36 (KHTML, like Gecko; compatible; GPTBot/1.2; +https://openai.com/gptbot)"
172.70.207.188 - - [08/May/2025:11:40:50 +0200] "GET /?keyword=phim+c%C3%A2p+3+nh%C3%A2t+ban HTTP/1.1" 200 999 "-" "Mozilla/5.0 AppleWebKit/537.36 (KHTML, like Gecko; compatible; GPTBot/1.2; +https://openai.com/gptbot)"
172.70.207.188 - - [08/May/2025:11:40:51 +0200] "GET /?video=b%E1%BA%A1o+d%C3%A2m+em+g%C3%A1i HTTP/1.1" 200 999 "-" "Mozilla/5.0 AppleWebKit/537.36 (KHTML, like Gecko; compatible; GPTBot/1.2; +https://openai.com/gptbot)"
172.70.207.188 - - [08/May/2025:11:40:53 +0200] "GET /?video=phim+sex+vi%E1%BB%87t+nam+clipsex HTTP/1.1" 200 999 "-" "Mozilla/5.0 AppleWebKit/537.36 (KHTML, like Gecko; compatible; GPTBot/1.2; +https://openai.com/gptbot)"
172.70.207.188 - - [08/May/2025:11:40:54 +0200] "GET /?video=u20+ch%C3%A2u+%C3%A1+bxh HTTP/1.1" 200 999 "-" "Mozilla/5.0 AppleWebKit/537.36 (KHTML, like Gecko; compatible; GPTBot/1.2; +https://openai.com/gptbot)"
172.70.207.188 - - [08/May/2025:11:40:55 +0200] "GET /?produc_id=c%C3%A1ch+ch%E1%BB%8Bch+ch%E1%BB%8B+g%C3%A1i HTTP/1.1" 200 999 "-" "Mozilla/5.0 AppleWebKit/537.36 (KHTML, like Gecko; compatible; GPTBot/1.2; +https://openai.com/gptbot)"
172.70.207.188 - - [08/May/2025:11:40:56 +0200] "GET /?video=sexgayhanquoc HTTP/1.1" 200 999 "-" "Mozilla/5.0 AppleWebKit/537.36 (KHTML, like Gecko; compatible; GPTBot/1.2; +https://openai.com/gptbot)"
172.70.207.188 - - [08/May/2025:11:40:57 +0200] "GET /?video=phimtrungquoc HTTP/1.1" 200 999 "-" "Mozilla/5.0 AppleWebKit/537.36 (KHTML, like Gecko; compatible; GPTBot/1.2; +https://openai.com/gptbot)"
172.70.207.188 - - [08/May/2025:11:40:58 +0200] "GET /?video=ch%C6%A1i+g%C3%A1i+c%C3%B2n+trinh HTTP/1.1" 200 999 "-" "Mozilla/5.0 AppleWebKit/537.36 (KHTML, like Gecko; compatible; GPTBot/1.2; +https://openai.com/gptbot)"
172.70.207.188 - - [08/May/2025:11:40:59 +0200] "GET /?keyword=china+th%E1%BB%A7+d%C3%A2m HTTP/1.1" 200 999 "-" "Mozilla/5.0 AppleWebKit/537.36 (KHTML, like Gecko; compatible; GPTBot/1.2; +https://openai.com/gptbot)"
172.70.207.188 - - [08/May/2025:11:41:01 +0200] "GET /?keyword=sex+kh%E1%BB%8Fa+th%C3%A2n HTTP/1.1" 200 999 "-" "Mozilla/5.0 AppleWebKit/537.36 (KHTML, like Gecko; compatible; GPTBot/1.2; +https://openai.com/gptbot)"
172.70.207.188 - - [08/May/2025:11:41:02 +0200] "GET /?keyword=sex+l%E1%BB%8Dan+lu%C3%A2n HTTP/1.1" 200 999 "-" "Mozilla/5.0 AppleWebKit/537.36 (KHTML, like Gecko; compatible; GPTBot/1.2; +https://openai.com/gptbot)"
172.70.207.188 - - [08/May/2025:11:41:03 +0200] "GET /?keyword=phim+qu%E1%BA%A7n+l%C3%B3t HTTP/1.1" 200 999 "-" "Mozilla/5.0 AppleWebKit/537.36 (KHTML, like Gecko; compatible; GPTBot/1.2; +https://openai.com/gptbot)"
172.70.207.188 - - [08/May/2025:11:41:04 +0200] "GET /?video=b%E1%BA%A3ng+x%E1%BA%BFp.h%E1%BA%A1ng+bundesliga HTTP/1.1" 200 999 "-" "Mozilla/5.0 AppleWebKit/537.36 (KHTML, like Gecko; compatible; GPTBot/1.2; +https://openai.com/gptbot)"
162.158.163.155 - - [08/May/2025:11:41:04 +0200] "GET /?i=236688621 HTTP/1.1" 200 93801 "-" "Mozilla/5.0 (Linux; Android 5.0) AppleWebKit/537.36 (KHTML, like Gecko) Mobile Safari/537.36 (compatible; Bytespider; [email protected])"
172.68.242.83 - - [08/May/2025:11:41:04 +0200] "GET /?i=108837221 HTTP/1.1" 200 93801 "-" "Mozilla/5.0 (Linux; Android 5.0) AppleWebKit/537.36 (KHTML, like Gecko) Mobile Safari/537.36 (compatible; Bytespider; [email protected])"
172.70.130.236 - - [08/May/2025:11:41:05 +0200] "GET /?hot=sex+hiep+dam+vn HTTP/1.1" 200 999 "-" "Mozilla/5.0 AppleWebKit/537.36 (KHTML, like Gecko; compatible; ClaudeBot/1.0; [email protected])"
172.70.207.188 - - [08/May/2025:11:41:05 +0200] "GET /?top=truy%E1%BB%87n+tranh+sex+m%E1%BB%9Bi+nh%E1%BA%A5t HTTP/1.1" 200 999 "-" "Mozilla/5.0 AppleWebKit/537.36 (KHTML, like Gecko; compatible; GPTBot/1.2; +https://openai.com/gptbot)"
172.70.207.188 - - [08/May/2025:11:41:06 +0200] "GET /?play=k%C3%A8o+nh%C3%A0+c%C3%A1i5 HTTP/1.1" 200 999 "-" "Mozilla/5.0 AppleWebKit/537.36 (KHTML, like Gecko; compatible; GPTBot/1.2; +https://openai.com/gptbot)"
172.68.164.36 - - [08/May/2025:11:41:07 +0200] "GET /IMG/logo/1024x538_cmsv2_c54013e5-8833-5743-86fc-a18b87d54ede-8113070.jpg.webp HTTP/1.1" 200 8812 "http://www.igihango.com/?i=108837221" "Mozilla/5.0 (Linux; Android 5.0) AppleWebKit/537.36 (KHTML, like Gecko) Mobile Safari/537.36 (compatible; Bytespider; [email protected])"
162.158.88.143 - - [08/May/2025:11:41:07 +0200] "GET /IMG/logo/img-20231108-wa0084.jpg HTTP/1.1" 200 8767 "http://www.igihango.com/?i=108837221" "Mozilla/5.0 (Linux; Android 5.0) AppleWebKit/537.36 (KHTML, like Gecko) Mobile Safari/537.36 (compatible; Bytespider; [email protected])"
172.70.207.188 - - [08/May/2025:11:41:08 +0200] "GET /?play=phim+con+heo+%C3%A2u+m%E1%BB%B9 HTTP/1.1" 200 999 "-" "Mozilla/5.0 AppleWebKit/537.36 (KHTML, like Gecko; compatible; GPTBot/1.2; +https://openai.com/gptbot)"
172.70.207.188 - - [08/May/2025:11:41:09 +0200] "GET /?top=sex+online+nh%E1%BA%ADt+b%E1%BA%A3n HTTP/1.1" 200 999 "-" "Mozilla/5.0 AppleWebKit/537.36 (KHTML, like Gecko; compatible; GPTBot/1.2; +https://openai.com/gptbot)"
172.68.164.36 - - [08/May/2025:11:41:09 +0200] "GET /IMG/logo/1024x538_cmsv2_c54013e5-8833-5743-86fc-a18b87d54ede-8113070.jpg.webp HTTP/1.1" 200 8812 "http://www.igihango.com/?i=236688621" "Mozilla/5.0 (Linux; Android 5.0) AppleWebKit/537.36 (KHTML, like Gecko) Mobile Safari/537.36 (compatible; Bytespider; [email protected])"
162.158.88.143 - - [08/May/2025:11:41:10 +0200] "GET /IMG/logo/img-20231108-wa0084.jpg HTTP/1.1" 200 8767 "http://www.igihango.com/?i=236688621" "Mozilla/5.0 (Linux; Android 5.0) AppleWebKit/537.36 (KHTML, like Gecko) Mobile Safari/537.36 (compatible; Bytespider; [email protected])"
172.70.207.188 - - [08/May/2025:11:41:10 +0200] "GET /?hot=sex+online+nh%E1%BA%ADt+b%E1%BA%A3n HTTP/1.1" 200 999 "-" "Mozilla/5.0 AppleWebKit/537.36 (KHTML, like Gecko; compatible; GPTBot/1.2; +https://openai.com/gptbot)"
172.70.207.188 - - [08/May/2025:11:41:11 +0200] "GET /?keyword=b%E1%BB%93+%C4%91%C3%A0o+nha+vs+uruguay HTTP/1.1" 200 999 "-" "Mozilla/5.0 AppleWebKit/537.36 (KHTML, like Gecko; compatible; GPTBot/1.2; +https://openai.com/gptbot)"
172.70.207.188 - - [08/May/2025:11:41:12 +0200] "GET /?game=sex+vietnam+2024 HTTP/1.1" 200 999 "-" "Mozilla/5.0 AppleWebKit/537.36 (KHTML, like Gecko; compatible; GPTBot/1.2; +https://openai.com/gptbot)"
172.70.207.188 - - [08/May/2025:11:41:13 +0200] "GET /?produc_id=sex+lo%E1%BA%A1n+lu%C3%A2n+g%C3%A1i+xinh HTTP/1.1" 200 999 "-" "Mozilla/5.0 AppleWebKit/537.36 (KHTML, like Gecko; compatible; GPTBot/1.2; +https://openai.com/gptbot)"
172.70.207.188 - - [08/May/2025:11:41:15 +0200] "GET /?produc_id=sex+g%C3%A1i+xinh+lo%E1%BA%A1n+lu%C3%A2n HTTP/1.1" 200 999 "-" "Mozilla/5.0 AppleWebKit/537.36 (KHTML, like Gecko; compatible; GPTBot/1.2; +https://openai.com/gptbot)"
172.70.207.188 - - [08/May/2025:11:41:16 +0200] "GET /?produc_id=sex+l%C3%B2n+%C4%91%E1%BA%B9p HTTP/1.1" 200 999 "-" "Mozilla/5.0 AppleWebKit/537.36 (KHTML, like Gecko; compatible; GPTBot/1.2; +https://openai.com/gptbot)"
172.70.207.188 - - [08/May/2025:11:41:17 +0200] "GET /?video=vn+show+l%E1%BB%93n HTTP/1.1" 200 999 "-" "Mozilla/5.0 AppleWebKit/537.36 (KHTML, like Gecko; compatible; GPTBot/1.2; +https://openai.com/gptbot)"
172.70.207.188 - - [08/May/2025:11:41:18 +0200] "GET /?top=k%C3%A8o+nh%C3%A0+c%C3%A1i5 HTTP/1.1" 200 999 "-" "Mozilla/5.0 AppleWebKit/537.36 (KHTML, like Gecko; compatible; GPTBot/1.2; +https://openai.com/gptbot)"
172.70.207.188 - - [08/May/2025:11:41:19 +0200] "GET /?hot=k%C3%A8o+nh%C3%A0+c%C3%A1i5 HTTP/1.1" 200 999 "-" "Mozilla/5.0 AppleWebKit/537.36 (KHTML, like Gecko; compatible; GPTBot/1.2; +https://openai.com/gptbot)"
172.70.207.188 - - [08/May/2025:11:41:20 +0200] "GET /?app=k%C3%A8o+nh%C3%A0+c%C3%A1i5 HTTP/1.1" 200 999 "-" "Mozilla/5.0 AppleWebKit/537.36 (KHTML, like Gecko; compatible; GPTBot/1.2; +https://openai.com/gptbot)"
172.70.207.188 - - [08/May/2025:11:41:21 +0200] "GET /?bet=k%C3%A8o+nh%C3%A0+c%C3%A1i5 HTTP/1.1" 200 999 "-" "Mozilla/5.0 AppleWebKit/537.36 (KHTML, like Gecko; compatible; GPTBot/1.2; +https://openai.com/gptbot)"
172.70.207.188 - - [08/May/2025:11:41:23 +0200] "GET /?video=l%E1%BB%93n+ch%E1%BA%A3y+n%C6%B0%E1%BB%9Bc HTTP/1.1" 200 999 "-" "Mozilla/5.0 AppleWebKit/537.36 (KHTML, like Gecko; compatible; GPTBot/1.2; +https://openai.com/gptbot)"
172.70.207.188 - - [08/May/2025:11:41:24 +0200] "GET /?video=ch%E1%BA%A3y+n%C6%B0%E1%BB%9Bc+l%E1%BB%93n HTTP/1.1" 200 999 "-" "Mozilla/5.0 AppleWebKit/537.36 (KHTML, like Gecko; compatible; GPTBot/1.2; +https://openai.com/gptbot)"
172.70.207.188 - - [08/May/2025:11:41:25 +0200] "GET /?video=g%C3%A1i+vi%E1%BB%87t+th%E1%BB%A7+d%C3%A1m HTTP/1.1" 200 999 "-" "Mozilla/5.0 AppleWebKit/537.36 (KHTML, like Gecko; compatible; GPTBot/1.2; +https://openai.com/gptbot)"
172.70.207.188 - - [08/May/2025:11:41:26 +0200] "GET /?video=seex+trung+qu%E1%BB%91c HTTP/1.1" 200 999 "-" "Mozilla/5.0 AppleWebKit/537.36 (KHTML, like Gecko; compatible; GPTBot/1.2; +https://openai.com/gptbot)"
172.70.207.188 - - [08/May/2025:11:41:27 +0200] "GET /?video=xlxx+trung+qu%E1%BB%91c HTTP/1.1" 200 999 "-" "Mozilla/5.0 AppleWebKit/537.36 (KHTML, like Gecko; compatible; GPTBot/1.2; +https://openai.com/gptbot)"
172.70.207.188 - - [08/May/2025:11:41:29 +0200] "GET /?hot=coi+phim+sex+g%C3%A1i+%C4%91%E1%BA%B9p HTTP/1.1" 200 999 "-" "Mozilla/5.0 AppleWebKit/537.36 (KHTML, like Gecko; compatible; GPTBot/1.2; +https://openai.com/gptbot)"
172.70.207.188 - - [08/May/2025:11:41:30 +0200] "GET /?bet=cho+t%C3%B4i+xem+%C4%91%E1%BB%8Bt+nhau HTTP/1.1" 200 999 "-" "Mozilla/5.0 AppleWebKit/537.36 (KHTML, like Gecko; compatible; GPTBot/1.2; +https://openai.com/gptbot)"
162.158.163.81 - - [08/May/2025:11:41:31 +0200] "GET /?i=390911921 HTTP/1.1" 200 93801 "-" "Mozilla/5.0 (Linux; Android 5.0) AppleWebKit/537.36 (KHTML, like Gecko) Mobile Safari/537.36 (compatible; Bytespider; [email protected])"
172.70.207.188 - - [08/May/2025:11:41:31 +0200] "GET /?hot=sex+em+g%C3%A1i+xinh+%C4%91%E1%BA%B9p HTTP/1.1" 200 999 "-" "Mozilla/5.0 AppleWebKit/537.36 (KHTML, like Gecko; compatible; GPTBot/1.2; +https://openai.com/gptbot)"
172.68.164.37 - - [08/May/2025:11:41:32 +0200] "GET /IMG/logo/1024x538_cmsv2_c54013e5-8833-5743-86fc-a18b87d54ede-8113070.jpg.webp HTTP/1.1" 200 8812 "http://www.igihango.com/?i=390911921" "Mozilla/5.0 (Linux; Android 5.0) AppleWebKit/537.36 (KHTML, like Gecko) Mobile Safari/537.36 (compatible; Bytespider; [email protected])"
172.70.207.188 - - [08/May/2025:11:41:32 +0200] "GET /?top=sex+em+g%C3%A1i+xinh+%C4%91%E1%BA%B9p HTTP/1.1" 200 999 "-" "Mozilla/5.0 AppleWebKit/537.36 (KHTML, like Gecko; compatible; GPTBot/1.2; +https://openai.com/gptbot)"
162.158.88.142 - - [08/May/2025:11:41:32 +0200] "GET /IMG/logo/img-20231108-wa0084.jpg HTTP/1.1" 200 8767 "http://www.igihango.com/?i=390911921" "Mozilla/5.0 (Linux; Android 5.0) AppleWebKit/537.36 (KHTML, like Gecko) Mobile Safari/537.36 (compatible; Bytespider; [email protected])"
172.70.207.188 - - [08/May/2025:11:41:33 +0200] "GET /?ios=phim+sex+ko+che+g%C3%A1i+%C4%91%E1%BA%B9p HTTP/1.1" 200 999 "-" "Mozilla/5.0 AppleWebKit/537.36 (KHTML, like Gecko; compatible; GPTBot/1.2; +https://openai.com/gptbot)"
172.70.207.188 - - [08/May/2025:11:41:34 +0200] "GET /?top=anh+trai+%C4%91%E1%BB%8Bt+em+g%C3%A1i HTTP/1.1" 200 999 "-" "Mozilla/5.0 AppleWebKit/537.36 (KHTML, like Gecko; compatible; GPTBot/1.2; +https://openai.com/gptbot)"
172.71.1.146 - - [08/May/2025:11:41:35 +0200] "GET /?game=l%E1%BB%8Bch+thi+%C4%91%E1%BA%A5u+v%C3%B2ng+lo%E1%BA%A1i+ch%C3%A2u+%C3%A1 HTTP/1.1" 200 999 "-" "Mozilla/5.0 AppleWebKit/537.36 (KHTML, like Gecko; compatible; ClaudeBot/1.0; [email protected])"
172.71.254.72 - - [08/May/2025:11:41:35 +0200] "GET /?video=b%C3%BAp+b%C3%AA+t%C3%ACnh+d%E1%BB%A5c+sex HTTP/1.1" 200 999 "-" "Mozilla/5.0 AppleWebKit/537.36 (KHTML, like Gecko; compatible; ClaudeBot/1.0; [email protected])"
172.69.6.162 - - [08/May/2025:11:41:35 +0200] "GET /?app=ph%C6%B0%C6%A1ng+m%C4%A9+chi+sex HTTP/1.1" 200 999 "-" "Mozilla/5.0 AppleWebKit/537.36 (KHTML, like Gecko; compatible; ClaudeBot/1.0; [email protected])"
172.70.131.136 - - [08/May/2025:11:41:36 +0200] "GET /?keyword=h%E1%BA%ADu+tr%C6%B0%E1%BB%9Dng+phim+jav HTTP/1.1" 200 999 "-" "Mozilla/5.0 AppleWebKit/537.36 (KHTML, like Gecko; compatible; ClaudeBot/1.0; [email protected])"
172.70.207.188 - - [08/May/2025:11:41:36 +0200] "GET /?app=ket+qua+bong+%C4%91a+hom+qua HTTP/1.1" 200 999 "-" "Mozilla/5.0 AppleWebKit/537.36 (KHTML, like Gecko; compatible; GPTBot/1.2; +https://openai.com/gptbot)"
172.70.178.180 - - [08/May/2025:11:41:36 +0200] "GET /?top=hen+tai+3+d HTTP/1.1" 200 999 "-" "Mozilla/5.0 AppleWebKit/537.36 (KHTML, like Gecko; compatible; ClaudeBot/1.0; [email protected])"
172.70.207.188 - - [08/May/2025:11:41:37 +0200] "GET /?top=ket+qua+bong+%C4%91a+hom+qua HTTP/1.1" 200 999 "-" "Mozilla/5.0 AppleWebKit/537.36 (KHTML, like Gecko; compatible; GPTBot/1.2; +https://openai.com/gptbot)"
172.70.207.188 - - [08/May/2025:11:41:38 +0200] "GET /?produc_id=sex+m%E1%BB%B9+m%E1%BB%9Bi HTTP/1.1" 200 999 "-" "Mozilla/5.0 AppleWebKit/537.36 (KHTML, like Gecko; compatible; GPTBot/1.2; +https://openai.com/gptbot)"
172.70.207.188 - - [08/May/2025:11:41:39 +0200] "GET /?ios=di%E1%BB%85n+vi%C3%AAn+melody+marks HTTP/1.1" 200 999 "-" "Mozilla/5.0 AppleWebKit/537.36 (KHTML, like Gecko; compatible; GPTBot/1.2; +https://openai.com/gptbot)"
172.70.207.188 - - [08/May/2025:11:41:40 +0200] "GET /?ios=di%E1%BB%85n+vi%C3%AAn+melody+maker HTTP/1.1" 200 999 "-" "Mozilla/5.0 AppleWebKit/537.36 (KHTML, like Gecko; compatible; GPTBot/1.2; +https://openai.com/gptbot)"
172.70.207.188 - - [08/May/2025:11:41:41 +0200] "GET /?video=phim+sex+b%C3%BA+v%C3%BA+c%C3%B3+s%E1%BB%AFa HTTP/1.1" 200 999 "-" "Mozilla/5.0 AppleWebKit/537.36 (KHTML, like Gecko; compatible; GPTBot/1.2; +https://openai.com/gptbot)"
172.70.207.188 - - [08/May/2025:11:41:42 +0200] "GET /?app=%C4%91%E1%BB%8Bt+ng%C6%B0%E1%BB%9Di+y%C3%AAu+c%C5%A9 HTTP/1.1" 200 999 "-" "Mozilla/5.0 AppleWebKit/537.36 (KHTML, like Gecko; compatible; GPTBot/1.2; +https://openai.com/gptbot)"
