172.70.215.57 - - [08/May/2025:11:20:04 +0200] "GET /?video=b%E1%BB%87nh+vi%E1%BB%87n+jav HTTP/1.1" 200 999 "-" "Mozilla/5.0 AppleWebKit/537.36 (KHTML, like Gecko; compatible; GPTBot/1.2; +https://openai.com/gptbot)"
162.158.108.16 - - [08/May/2025:11:20:05 +0200] "GET /?i=89432121 HTTP/1.1" 200 131 "-" "Mozilla/5.0 (Linux; Android 5.0) AppleWebKit/537.36 (KHTML, like Gecko) Mobile Safari/537.36 (compatible; Bytespider; [email protected])"
172.70.215.57 - - [08/May/2025:11:20:05 +0200] "GET /?bet=l%C3%A2uxanhus HTTP/1.1" 200 999 "-" "Mozilla/5.0 AppleWebKit/537.36 (KHTML, like Gecko; compatible; GPTBot/1.2; +https://openai.com/gptbot)"
172.71.151.94 - - [08/May/2025:11:20:06 +0200] "GET /?i=476667821 HTTP/1.1" 200 93801 "-" "Mozilla/5.0 (compatible; DotBot/1.2; +https://opensiteexplorer.org/dotbot; [email protected])"
172.70.215.57 - - [08/May/2025:11:20:06 +0200] "GET /?keyword=kh%C3%B4ng HTTP/1.1" 200 999 "-" "Mozilla/5.0 AppleWebKit/537.36 (KHTML, like Gecko; compatible; GPTBot/1.2; +https://openai.com/gptbot)"
172.70.215.57 - - [08/May/2025:11:20:08 +0200] "GET /?bet=phim+sex+viet+nam+sinh+vi%C3%AAn HTTP/1.1" 200 999 "-" "Mozilla/5.0 AppleWebKit/537.36 (KHTML, like Gecko; compatible; GPTBot/1.2; +https://openai.com/gptbot)"
172.68.22.39 - - [08/May/2025:11:20:08 +0200] "GET /?i=477055021 HTTP/1.1" 200 93801 "-" "Mozilla/5.0 (compatible; DotBot/1.2; +https://opensiteexplorer.org/dotbot; [email protected])"
172.70.215.57 - - [08/May/2025:11:20:09 +0200] "GET /?ios=phim+sex+viet+nam+sinh+vi%C3%AAn HTTP/1.1" 200 999 "-" "Mozilla/5.0 AppleWebKit/537.36 (KHTML, like Gecko; compatible; GPTBot/1.2; +https://openai.com/gptbot)"
172.70.215.57 - - [08/May/2025:11:20:10 +0200] "GET /?produc_id=phim+sex+vi%E1%BB%87t+nam+h%C3%B4m+nay HTTP/1.1" 200 999 "-" "Mozilla/5.0 AppleWebKit/537.36 (KHTML, like Gecko; compatible; GPTBot/1.2; +https://openai.com/gptbot)"
172.71.150.56 - - [08/May/2025:11:20:10 +0200] "GET /?i=480372421 HTTP/1.1" 200 93801 "-" "Mozilla/5.0 (compatible; DotBot/1.2; +https://opensiteexplorer.org/dotbot; [email protected])"
172.70.215.57 - - [08/May/2025:11:20:11 +0200] "GET /?produc_id=phim+sex+l%E1%BB%93n+ko+l%C3%B4ng HTTP/1.1" 200 999 "-" "Mozilla/5.0 AppleWebKit/537.36 (KHTML, like Gecko; compatible; GPTBot/1.2; +https://openai.com/gptbot)"
108.162.245.84 - - [08/May/2025:11:20:12 +0200] "GET /?i=483313621 HTTP/1.1" 200 93801 "-" "Mozilla/5.0 (compatible; DotBot/1.2; +https://opensiteexplorer.org/dotbot; [email protected])"
172.70.215.57 - - [08/May/2025:11:20:12 +0200] "GET /?produc_id=sex+vi%E1%BB%87t+nam+h%C3%B4m+nay HTTP/1.1" 200 999 "-" "Mozilla/5.0 AppleWebKit/537.36 (KHTML, like Gecko; compatible; GPTBot/1.2; +https://openai.com/gptbot)"
172.71.147.202 - - [08/May/2025:11:20:13 +0200] "GET /?i=485794821 HTTP/1.1" 200 131 "-" "Mozilla/5.0 (compatible; DotBot/1.2; +https://opensiteexplorer.org/dotbot; [email protected])"
172.70.215.57 - - [08/May/2025:11:20:13 +0200] "GET /?produc_id=ket+qua+bong+%C4%91%C3%A1+hom+qua HTTP/1.1" 200 999 "-" "Mozilla/5.0 AppleWebKit/537.36 (KHTML, like Gecko; compatible; GPTBot/1.2; +https://openai.com/gptbot)"
172.71.147.202 - - [08/May/2025:11:20:14 +0200] "GET /?i=486278321 HTTP/1.1" 200 93801 "-" "Mozilla/5.0 (compatible; DotBot/1.2; +https://opensiteexplorer.org/dotbot; [email protected])"
172.70.215.57 - - [08/May/2025:11:20:15 +0200] "GET /?keyword=ph%C3%A1+trinh+nh%C6%B0+th%E1%BA%BF+n%C3%A0o HTTP/1.1" 200 999 "-" "Mozilla/5.0 AppleWebKit/537.36 (KHTML, like Gecko; compatible; GPTBot/1.2; +https://openai.com/gptbot)"
162.158.42.236 - - [08/May/2025:11:20:15 +0200] "GET /?i=492362121 HTTP/1.1" 200 131 "-" "Mozilla/5.0 (compatible; DotBot/1.2; +https://opensiteexplorer.org/dotbot; [email protected])"
172.70.215.57 - - [08/May/2025:11:20:16 +0200] "GET /?keyword=sex+hi%E1%BA%BFp+d%C3%A2m+tr%C3%AAn+t%C3%A0u HTTP/1.1" 200 999 "-" "Mozilla/5.0 AppleWebKit/537.36 (KHTML, like Gecko; compatible; GPTBot/1.2; +https://openai.com/gptbot)"
172.68.23.203 - - [08/May/2025:11:20:16 +0200] "GET /?i=494307021 HTTP/1.1" 200 131 "-" "Mozilla/5.0 (compatible; DotBot/1.2; +https://opensiteexplorer.org/dotbot; [email protected])"
172.71.142.12 - - [08/May/2025:11:20:17 +0200] "GET /?i=496426521 HTTP/1.1" 200 131 "-" "Mozilla/5.0 (compatible; DotBot/1.2; +https://opensiteexplorer.org/dotbot; [email protected])"
172.70.215.57 - - [08/May/2025:11:20:17 +0200] "GET /?produc_id=x%E1%BA%BFp+h%E1%BA%A1ng+u23 HTTP/1.1" 200 999 "-" "Mozilla/5.0 AppleWebKit/537.36 (KHTML, like Gecko; compatible; GPTBot/1.2; +https://openai.com/gptbot)"
172.71.142.78 - - [08/May/2025:11:20:17 +0200] "GET /?i=496751821 HTTP/1.1" 200 93801 "-" "Mozilla/5.0 (compatible; DotBot/1.2; +https://opensiteexplorer.org/dotbot; [email protected])"
172.70.215.57 - - [08/May/2025:11:20:18 +0200] "GET /?produc_id=sex+vi%E1%BB%87t+m%E1%BB%9Bi HTTP/1.1" 200 999 "-" "Mozilla/5.0 AppleWebKit/537.36 (KHTML, like Gecko; compatible; GPTBot/1.2; +https://openai.com/gptbot)"
172.70.215.57 - - [08/May/2025:11:20:19 +0200] "GET /?play=phim+sex+b%E1%BB%8F+thu%E1%BB%91c HTTP/1.1" 200 999 "-" "Mozilla/5.0 AppleWebKit/537.36 (KHTML, like Gecko; compatible; GPTBot/1.2; +https://openai.com/gptbot)"
172.71.142.72 - - [08/May/2025:11:20:19 +0200] "GET /?i=497136721 HTTP/1.1" 200 93801 "-" "Mozilla/5.0 (compatible; DotBot/1.2; +https://opensiteexplorer.org/dotbot; [email protected])"
108.162.245.152 - - [08/May/2025:11:20:20 +0200] "GET /?i=430822121 HTTP/1.1" 200 93801 "-" "Mozilla/5.0 (compatible; DotBot/1.2; +https://opensiteexplorer.org/dotbot; [email protected])"
172.70.215.57 - - [08/May/2025:11:20:20 +0200] "GET /?game=du+doan+bong+da+hom+nay HTTP/1.1" 200 999 "-" "Mozilla/5.0 AppleWebKit/537.36 (KHTML, like Gecko; compatible; GPTBot/1.2; +https://openai.com/gptbot)"
172.68.22.73 - - [08/May/2025:11:20:21 +0200] "GET /?i=6437921 HTTP/1.1" 200 93801 "-" "Mozilla/5.0 (compatible; DotBot/1.2; +https://opensiteexplorer.org/dotbot; [email protected])"
172.70.215.57 - - [08/May/2025:11:20:22 +0200] "GET /?game=bxh+bong+da+tay+ban+nha HTTP/1.1" 200 999 "-" "Mozilla/5.0 AppleWebKit/537.36 (KHTML, like Gecko; compatible; GPTBot/1.2; +https://openai.com/gptbot)"
172.70.215.57 - - [08/May/2025:11:20:23 +0200] "GET /?game=doc+bao+bong+da+hom+nay HTTP/1.1" 200 999 "-" "Mozilla/5.0 AppleWebKit/537.36 (KHTML, like Gecko; compatible; GPTBot/1.2; +https://openai.com/gptbot)"
172.71.146.108 - - [08/May/2025:11:20:23 +0200] "GET /?i=250725021 HTTP/1.1" 200 93801 "-" "Mozilla/5.0 (compatible; DotBot/1.2; +https://opensiteexplorer.org/dotbot; [email protected])"
172.70.215.57 - - [08/May/2025:11:20:24 +0200] "GET /?game=ket+bong+da+tay+ban+nha HTTP/1.1" 200 999 "-" "Mozilla/5.0 AppleWebKit/537.36 (KHTML, like Gecko; compatible; GPTBot/1.2; +https://openai.com/gptbot)"
172.70.215.57 - - [08/May/2025:11:20:25 +0200] "GET /?game=sex+di HTTP/1.1" 200 999 "-" "Mozilla/5.0 AppleWebKit/537.36 (KHTML, like Gecko; compatible; GPTBot/1.2; +https://openai.com/gptbot)"
172.70.215.57 - - [08/May/2025:11:20:26 +0200] "GET /?app=t%E1%BB%B7+s%E1%BB%91+88 HTTP/1.1" 200 999 "-" "Mozilla/5.0 AppleWebKit/537.36 (KHTML, like Gecko; compatible; GPTBot/1.2; +https://openai.com/gptbot)"
172.68.23.203 - - [08/May/2025:11:20:26 +0200] "GET /?i=440421121 HTTP/1.1" 200 93801 "-" "Mozilla/5.0 (compatible; DotBot/1.2; +https://opensiteexplorer.org/dotbot; [email protected])"
172.70.215.57 - - [08/May/2025:11:20:27 +0200] "GET /?ios=t%E1%BB%B7+s%E1%BB%91+88 HTTP/1.1" 200 999 "-" "Mozilla/5.0 AppleWebKit/537.36 (KHTML, like Gecko; compatible; GPTBot/1.2; +https://openai.com/gptbot)"
172.70.215.57 - - [08/May/2025:11:20:29 +0200] "GET /?top=t%E1%BB%B7+s%E1%BB%91+88 HTTP/1.1" 200 999 "-" "Mozilla/5.0 AppleWebKit/537.36 (KHTML, like Gecko; compatible; GPTBot/1.2; +https://openai.com/gptbot)"
172.71.146.108 - - [08/May/2025:11:20:30 +0200] "GET /?i=484383921 HTTP/1.1" 200 93801 "-" "Mozilla/5.0 (compatible; DotBot/1.2; +https://opensiteexplorer.org/dotbot; [email protected])"
172.70.215.57 - - [08/May/2025:11:20:30 +0200] "GET /?hot=t%E1%BB%B7+s%E1%BB%91+88 HTTP/1.1" 200 999 "-" "Mozilla/5.0 AppleWebKit/537.36 (KHTML, like Gecko; compatible; GPTBot/1.2; +https://openai.com/gptbot)"
172.70.215.57 - - [08/May/2025:11:20:31 +0200] "GET /?game=xem+ket+qua+bong+da+tay+ban+nha HTTP/1.1" 200 999 "-" "Mozilla/5.0 AppleWebKit/537.36 (KHTML, like Gecko; compatible; GPTBot/1.2; +https://openai.com/gptbot)"
162.158.189.172 - - [08/May/2025:11:20:31 +0200] "GET /?i=210037121 HTTP/1.1" 200 93801 "-" "Mozilla/5.0 (Linux; Android 5.0) AppleWebKit/537.36 (KHTML, like Gecko) Mobile Safari/537.36 (compatible; Bytespider; [email protected])"
172.68.22.2 - - [08/May/2025:11:20:32 +0200] "GET /?i=186266321 HTTP/1.1" 200 131 "-" "Mozilla/5.0 (compatible; DotBot/1.2; +https://opensiteexplorer.org/dotbot; [email protected])"
172.70.215.57 - - [08/May/2025:11:20:32 +0200] "GET /?video=g%C3%A1i+xinh+m%C3%B3c+b%C6%B0%E1%BB%9Bm HTTP/1.1" 200 999 "-" "Mozilla/5.0 AppleWebKit/537.36 (KHTML, like Gecko; compatible; GPTBot/1.2; +https://openai.com/gptbot)"
172.68.164.37 - - [08/May/2025:11:20:32 +0200] "GET /IMG/logo/1024x538_cmsv2_c54013e5-8833-5743-86fc-a18b87d54ede-8113070.jpg.webp HTTP/1.1" 200 131 "http://www.igihango.com/?i=210037121" "Mozilla/5.0 (Linux; Android 5.0) AppleWebKit/537.36 (KHTML, like Gecko) Mobile Safari/537.36 (compatible; Bytespider; [email protected])"
162.158.88.143 - - [08/May/2025:11:20:33 +0200] "GET /IMG/logo/img-20231108-wa0084.jpg HTTP/1.1" 200 8767 "http://www.igihango.com/?i=210037121" "Mozilla/5.0 (Linux; Android 5.0) AppleWebKit/537.36 (KHTML, like Gecko) Mobile Safari/537.36 (compatible; Bytespider; [email protected])"
172.70.215.57 - - [08/May/2025:11:20:33 +0200] "GET /?video=quay+l%C3%A9n+c%C3%A0+ph%C3%AA+ch%C3%B2i HTTP/1.1" 200 999 "-" "Mozilla/5.0 AppleWebKit/537.36 (KHTML, like Gecko; compatible; GPTBot/1.2; +https://openai.com/gptbot)"
162.158.41.249 - - [08/May/2025:11:20:34 +0200] "GET /?i=252814121 HTTP/1.1" 200 131 "-" "Mozilla/5.0 (compatible; DotBot/1.2; +https://opensiteexplorer.org/dotbot; [email protected])"
172.70.215.57 - - [08/May/2025:11:20:35 +0200] "GET /?keyword=k%C3%A8o+chu%E1%BA%A9n+nh%C3%A0+c%C3%A1i HTTP/1.1" 200 999 "-" "Mozilla/5.0 AppleWebKit/537.36 (KHTML, like Gecko; compatible; GPTBot/1.2; +https://openai.com/gptbot)"
162.158.41.238 - - [08/May/2025:11:20:35 +0200] "GET /?i=349067021 HTTP/1.1" 200 93801 "-" "Mozilla/5.0 (compatible; DotBot/1.2; +https://opensiteexplorer.org/dotbot; [email protected])"
172.70.215.57 - - [08/May/2025:11:20:36 +0200] "GET /?keyword=k%C3%A8o+nh%C3%A0+c%C3%A1i+chu%E1%BA%A9n HTTP/1.1" 200 999 "-" "Mozilla/5.0 AppleWebKit/537.36 (KHTML, like Gecko; compatible; GPTBot/1.2; +https://openai.com/gptbot)"
172.70.215.57 - - [08/May/2025:11:20:37 +0200] "GET /?keyword=l%C3%A0m+t%C3%ACnh+sex HTTP/1.1" 200 999 "-" "Mozilla/5.0 AppleWebKit/537.36 (KHTML, like Gecko; compatible; GPTBot/1.2; +https://openai.com/gptbot)"
172.71.151.94 - - [08/May/2025:11:20:37 +0200] "GET /?i=81269021 HTTP/1.1" 200 93801 "-" "Mozilla/5.0 (compatible; DotBot/1.2; +https://opensiteexplorer.org/dotbot; [email protected])"
172.70.215.57 - - [08/May/2025:11:20:38 +0200] "GET /?keyword=sex+l%C3%A0m+t%C3%ACnh HTTP/1.1" 200 999 "-" "Mozilla/5.0 AppleWebKit/537.36 (KHTML, like Gecko; compatible; GPTBot/1.2; +https://openai.com/gptbot)"
108.162.245.119 - - [08/May/2025:11:20:38 +0200] "GET /?i=82656821 HTTP/1.1" 200 93801 "-" "Mozilla/5.0 (compatible; DotBot/1.2; +https://opensiteexplorer.org/dotbot; [email protected])"
172.70.215.57 - - [08/May/2025:11:20:39 +0200] "GET /?keyword=t%C3%ACm+g%C3%A1i+cave HTTP/1.1" 200 999 "-" "Mozilla/5.0 AppleWebKit/537.36 (KHTML, like Gecko; compatible; GPTBot/1.2; +https://openai.com/gptbot)"
172.68.22.2 - - [08/May/2025:11:20:39 +0200] "GET /?i=121679821 HTTP/1.1" 200 93801 "-" "Mozilla/5.0 (compatible; DotBot/1.2; +https://opensiteexplorer.org/dotbot; [email protected])"
172.70.215.57 - - [08/May/2025:11:20:40 +0200] "GET /?video=phim+sex+gay+h%C3%A0n+qu%E1%BB%91c HTTP/1.1" 200 999 "-" "Mozilla/5.0 AppleWebKit/537.36 (KHTML, like Gecko; compatible; GPTBot/1.2; +https://openai.com/gptbot)"
172.68.22.72 - - [08/May/2025:11:20:40 +0200] "GET /?i=265280321 HTTP/1.1" 200 93801 "-" "Mozilla/5.0 (compatible; DotBot/1.2; +https://opensiteexplorer.org/dotbot; [email protected])"
172.70.215.57 - - [08/May/2025:11:20:41 +0200] "GET /?video=quay+l%C3%A9n+sex+vi%E1%BB%87t+nam HTTP/1.1" 200 999 "-" "Mozilla/5.0 AppleWebKit/537.36 (KHTML, like Gecko; compatible; GPTBot/1.2; +https://openai.com/gptbot)"
172.68.22.2 - - [08/May/2025:11:20:41 +0200] "GET /?i=328746621 HTTP/1.1" 200 93801 "-" "Mozilla/5.0 (compatible; DotBot/1.2; +https://opensiteexplorer.org/dotbot; [email protected])"
162.158.41.87 - - [08/May/2025:11:20:42 +0200] "GET /?i=344486821 HTTP/1.1" 200 93801 "-" "Mozilla/5.0 (compatible; DotBot/1.2; +https://opensiteexplorer.org/dotbot; [email protected])"
172.70.215.57 - - [08/May/2025:11:20:42 +0200] "GET /?top=chi%E1%BA%BFu+phim+sex+c%E1%BB%A7a+nh%E1%BA%ADt HTTP/1.1" 200 999 "-" "Mozilla/5.0 AppleWebKit/537.36 (KHTML, like Gecko; compatible; GPTBot/1.2; +https://openai.com/gptbot)"
172.70.215.57 - - [08/May/2025:11:20:44 +0200] "GET /?ios=chi%E1%BA%BFu+phim+sex+c%E1%BB%A7a+nh%E1%BA%ADt HTTP/1.1" 200 999 "-" "Mozilla/5.0 AppleWebKit/537.36 (KHTML, like Gecko; compatible; GPTBot/1.2; +https://openai.com/gptbot)"
172.71.146.181 - - [08/May/2025:11:20:44 +0200] "GET /?i=401488621 HTTP/1.1" 200 93801 "-" "Mozilla/5.0 (compatible; DotBot/1.2; +https://opensiteexplorer.org/dotbot; [email protected])"
172.70.215.57 - - [08/May/2025:11:20:45 +0200] "GET /?hot=chi%E1%BA%BFu+phim+sex+c%E1%BB%A7a+nh%E1%BA%ADt HTTP/1.1" 200 999 "-" "Mozilla/5.0 AppleWebKit/537.36 (KHTML, like Gecko; compatible; GPTBot/1.2; +https://openai.com/gptbot)"
172.70.215.57 - - [08/May/2025:11:20:46 +0200] "GET /?produc_id=sex+d%E1%BB%8Bch+l%E1%BB%87+nhi%E1%BB%87t+ba HTTP/1.1" 200 999 "-" "Mozilla/5.0 AppleWebKit/537.36 (KHTML, like Gecko; compatible; GPTBot/1.2; +https://openai.com/gptbot)"
172.71.151.166 - - [08/May/2025:11:20:46 +0200] "GET /?i=471280321 HTTP/1.1" 200 93801 "-" "Mozilla/5.0 (compatible; DotBot/1.2; +https://opensiteexplorer.org/dotbot; [email protected])"
172.70.215.57 - - [08/May/2025:11:20:47 +0200] "GET /?hot=phim+sex+loan+lu%C3%A2n+kh%C3%B4ng+che HTTP/1.1" 200 999 "-" "Mozilla/5.0 AppleWebKit/537.36 (KHTML, like Gecko; compatible; GPTBot/1.2; +https://openai.com/gptbot)"
172.70.215.57 - - [08/May/2025:11:20:48 +0200] "GET /?ios=phim+sex+loan+lu%C3%A2n+kh%C3%B4ng+che HTTP/1.1" 200 999 "-" "Mozilla/5.0 AppleWebKit/537.36 (KHTML, like Gecko; compatible; GPTBot/1.2; +https://openai.com/gptbot)"
162.158.42.235 - - [08/May/2025:11:20:48 +0200] "GET /?i=50629321 HTTP/1.1" 200 131 "-" "Mozilla/5.0 (compatible; DotBot/1.2; +https://opensiteexplorer.org/dotbot; [email protected])"
172.70.215.57 - - [08/May/2025:11:20:49 +0200] "GET /?produc_id=phim+ph%C3%A1+trinh+trung+qu%E1%BB%91c HTTP/1.1" 200 999 "-" "Mozilla/5.0 AppleWebKit/537.36 (KHTML, like Gecko; compatible; GPTBot/1.2; +https://openai.com/gptbot)"
172.71.150.90 - - [08/May/2025:11:20:50 +0200] "GET /?i=90419321 HTTP/1.1" 200 131 "-" "Mozilla/5.0 (compatible; DotBot/1.2; +https://opensiteexplorer.org/dotbot; [email protected])"
172.70.215.57 - - [08/May/2025:11:20:51 +0200] "GET /?video=s%E1%BA%BD+g%C3%A1i+%C4%91%E1%BA%B9p HTTP/1.1" 200 999 "-" "Mozilla/5.0 AppleWebKit/537.36 (KHTML, like Gecko; compatible; GPTBot/1.2; +https://openai.com/gptbot)"
172.68.22.3 - - [08/May/2025:11:20:51 +0200] "GET /?i=161388621 HTTP/1.1" 200 131 "-" "Mozilla/5.0 (compatible; DotBot/1.2; +https://opensiteexplorer.org/dotbot; [email protected])"
172.70.215.57 - - [08/May/2025:11:20:52 +0200] "GET /?app=phim+sex+co+giao HTTP/1.1" 200 999 "-" "Mozilla/5.0 AppleWebKit/537.36 (KHTML, like Gecko; compatible; GPTBot/1.2; +https://openai.com/gptbot)"
172.71.147.135 - - [08/May/2025:11:20:52 +0200] "GET /?i=17837421 HTTP/1.1" 200 93801 "-" "Mozilla/5.0 (compatible; DotBot/1.2; +https://opensiteexplorer.org/dotbot; [email protected])"
172.70.215.57 - - [08/May/2025:11:20:53 +0200] "GET /?app=phim+set+co+giao HTTP/1.1" 200 999 "-" "Mozilla/5.0 AppleWebKit/537.36 (KHTML, like Gecko; compatible; GPTBot/1.2; +https://openai.com/gptbot)"
172.71.146.43 - - [08/May/2025:11:20:53 +0200] "GET /?i=219283221 HTTP/1.1" 200 93801 "-" "Mozilla/5.0 (compatible; DotBot/1.2; +https://opensiteexplorer.org/dotbot; [email protected])"
172.70.215.57 - - [08/May/2025:11:20:54 +0200] "GET /?hot=phim+set+co+giao HTTP/1.1" 200 999 "-" "Mozilla/5.0 AppleWebKit/537.36 (KHTML, like Gecko; compatible; GPTBot/1.2; +https://openai.com/gptbot)"
162.158.42.90 - - [08/May/2025:11:20:55 +0200] "GET /?i=293921521 HTTP/1.1" 200 93801 "-" "Mozilla/5.0 (compatible; DotBot/1.2; +https://opensiteexplorer.org/dotbot; [email protected])"
172.70.215.57 - - [08/May/2025:11:20:55 +0200] "GET /?play=xnxx+co+giao+vn HTTP/1.1" 200 999 "-" "Mozilla/5.0 AppleWebKit/537.36 (KHTML, like Gecko; compatible; GPTBot/1.2; +https://openai.com/gptbot)"
172.71.150.190 - - [08/May/2025:11:20:56 +0200] "GET /?i=296075321 HTTP/1.1" 200 131 "-" "Mozilla/5.0 (compatible; DotBot/1.2; +https://opensiteexplorer.org/dotbot; [email protected])"
162.158.42.90 - - [08/May/2025:11:20:56 +0200] "GET /?i=29940021 HTTP/1.1" 200 93801 "-" "Mozilla/5.0 (compatible; DotBot/1.2; +https://opensiteexplorer.org/dotbot; [email protected])"
172.70.215.57 - - [08/May/2025:11:20:56 +0200] "GET /?top=hiep+dam+co+giao HTTP/1.1" 200 999 "-" "Mozilla/5.0 AppleWebKit/537.36 (KHTML, like Gecko; compatible; GPTBot/1.2; +https://openai.com/gptbot)"
162.158.42.195 - - [08/May/2025:11:20:57 +0200] "GET /?i=307480621 HTTP/1.1" 200 93801 "-" "Mozilla/5.0 (compatible; DotBot/1.2; +https://opensiteexplorer.org/dotbot; [email protected])"
172.70.215.57 - - [08/May/2025:11:20:58 +0200] "GET /?hot=co+trang+thu+dam HTTP/1.1" 200 999 "-" "Mozilla/5.0 AppleWebKit/537.36 (KHTML, like Gecko; compatible; GPTBot/1.2; +https://openai.com/gptbot)"
162.158.108.53 - - [08/May/2025:11:20:58 +0200] "GET /?i=277598921 HTTP/1.1" 200 131 "-" "Mozilla/5.0 (Linux; Android 5.0) AppleWebKit/537.36 (KHTML, like Gecko) Mobile Safari/537.36 (compatible; Bytespider; [email protected])"
162.158.41.207 - - [08/May/2025:11:20:58 +0200] "GET /?i=362509021 HTTP/1.1" 200 131 "-" "Mozilla/5.0 (compatible; DotBot/1.2; +https://opensiteexplorer.org/dotbot; [email protected])"
172.70.215.57 - - [08/May/2025:11:20:59 +0200] "GET /?game=phim+18+c%E1%BB%A7a+m%E1%BB%B9 HTTP/1.1" 200 999 "-" "Mozilla/5.0 AppleWebKit/537.36 (KHTML, like Gecko; compatible; GPTBot/1.2; +https://openai.com/gptbot)"
172.71.151.93 - - [08/May/2025:11:21:00 +0200] "GET /?i=36910421 HTTP/1.1" 200 131 "-" "Mozilla/5.0 (compatible; DotBot/1.2; +https://opensiteexplorer.org/dotbot; [email protected])"
172.70.215.57 - - [08/May/2025:11:21:00 +0200] "GET /?app=thi+%C4%91%E1%BA%A5u+c%C3%BAp+c1 HTTP/1.1" 200 999 "-" "Mozilla/5.0 AppleWebKit/537.36 (KHTML, like Gecko; compatible; GPTBot/1.2; +https://openai.com/gptbot)"
172.70.215.57 - - [08/May/2025:11:21:01 +0200] "GET /?bet=em+g%C3%A1i+m%C3%B3c+l%E1%BB%93n HTTP/1.1" 200 999 "-" "Mozilla/5.0 AppleWebKit/537.36 (KHTML, like Gecko; compatible; GPTBot/1.2; +https://openai.com/gptbot)"
162.158.41.6 - - [08/May/2025:11:21:01 +0200] "GET /?i=392724021 HTTP/1.1" 200 93801 "-" "Mozilla/5.0 (compatible; DotBot/1.2; +https://opensiteexplorer.org/dotbot; [email protected])"
172.70.215.57 - - [08/May/2025:11:21:02 +0200] "GET /?ios=g%C3%A1i+vn+m%C3%B3c+l%E1%BB%93n HTTP/1.1" 200 999 "-" "Mozilla/5.0 AppleWebKit/537.36 (KHTML, like Gecko; compatible; GPTBot/1.2; +https://openai.com/gptbot)"
172.68.22.2 - - [08/May/2025:11:21:03 +0200] "GET /?i=404565121 HTTP/1.1" 200 93801 "-" "Mozilla/5.0 (compatible; DotBot/1.2; +https://opensiteexplorer.org/dotbot; [email protected])"
172.70.215.57 - - [08/May/2025:11:21:03 +0200] "GET /?app=em+g%C3%A1i+m%C3%B3c+l%E1%BB%93n HTTP/1.1" 200 999 "-" "Mozilla/5.0 AppleWebKit/537.36 (KHTML, like Gecko; compatible; GPTBot/1.2; +https://openai.com/gptbot)"
172.70.215.57 - - [08/May/2025:11:21:05 +0200] "GET /?hot=thi+%C4%91%E1%BA%A5u+c%C3%BAp+c1 HTTP/1.1" 200 999 "-" "Mozilla/5.0 AppleWebKit/537.36 (KHTML, like Gecko; compatible; GPTBot/1.2; +https://openai.com/gptbot)"
172.71.147.54 - - [08/May/2025:11:21:04 +0200] "GET /?i=427085821 HTTP/1.1" 200 93801 "-" "Mozilla/5.0 (compatible; DotBot/1.2; +https://opensiteexplorer.org/dotbot; [email protected])"
172.70.215.57 - - [08/May/2025:11:21:06 +0200] "GET /?hot=m%C3%B3c+l%E1%BB%93n+em+g%C3%A1i HTTP/1.1" 200 999 "-" "Mozilla/5.0 AppleWebKit/537.36 (KHTML, like Gecko; compatible; GPTBot/1.2; +https://openai.com/gptbot)"
172.68.22.72 - - [08/May/2025:11:21:06 +0200] "GET /?i=437362321 HTTP/1.1" 200 93801 "-" "Mozilla/5.0 (compatible; DotBot/1.2; +https://opensiteexplorer.org/dotbot; [email protected])"
172.70.215.57 - - [08/May/2025:11:21:07 +0200] "GET /?app=m%C3%B3c+l%E1%BB%93n+em+g%C3%A1i HTTP/1.1" 200 999 "-" "Mozilla/5.0 AppleWebKit/537.36 (KHTML, like Gecko; compatible; GPTBot/1.2; +https://openai.com/gptbot)"
172.68.22.2 - - [08/May/2025:11:21:07 +0200] "GET /?i=454543421 HTTP/1.1" 200 93801 "-" "Mozilla/5.0 (compatible; DotBot/1.2; +https://opensiteexplorer.org/dotbot; [email protected])"
172.70.215.57 - - [08/May/2025:11:21:08 +0200] "GET /?app=g%C3%A1i+vn+m%C3%B3c+l%E1%BB%93n HTTP/1.1" 200 999 "-" "Mozilla/5.0 AppleWebKit/537.36 (KHTML, like Gecko; compatible; GPTBot/1.2; +https://openai.com/gptbot)"
108.162.245.237 - - [08/May/2025:11:21:08 +0200] "GET /?i=463719321 HTTP/1.1" 200 93801 "-" "Mozilla/5.0 (compatible; DotBot/1.2; +https://opensiteexplorer.org/dotbot; [email protected])"
172.71.147.54 - - [08/May/2025:11:21:09 +0200] "GET /?i=479328121 HTTP/1.1" 200 93801 "-" "Mozilla/5.0 (compatible; DotBot/1.2; +https://opensiteexplorer.org/dotbot; [email protected])"
172.70.215.57 - - [08/May/2025:11:21:09 +0200] "GET /?top=g%C3%A1i+vn+m%C3%B3c+l%E1%BB%93n HTTP/1.1" 200 999 "-" "Mozilla/5.0 AppleWebKit/537.36 (KHTML, like Gecko; compatible; GPTBot/1.2; +https://openai.com/gptbot)"
172.71.146.109 - - [08/May/2025:11:21:10 +0200] "GET /?i=497796121 HTTP/1.1" 200 93801 "-" "Mozilla/5.0 (compatible; DotBot/1.2; +https://opensiteexplorer.org/dotbot; [email protected])"
172.70.215.57 - - [08/May/2025:11:21:10 +0200] "GET /?hot=em+g%C3%A1i+m%C3%B3c+l%E1%BB%93n HTTP/1.1" 200 999 "-" "Mozilla/5.0 AppleWebKit/537.36 (KHTML, like Gecko; compatible; GPTBot/1.2; +https://openai.com/gptbot)"
162.158.42.7 - - [08/May/2025:11:21:11 +0200] "GET /?i=57067121 HTTP/1.1" 200 131 "-" "Mozilla/5.0 (compatible; DotBot/1.2; +https://opensiteexplorer.org/dotbot; [email protected])"
172.70.215.57 - - [08/May/2025:11:21:12 +0200] "GET /?ios=m%C3%B3c+l%E1%BB%93n+em+g%C3%A1i HTTP/1.1" 200 999 "-" "Mozilla/5.0 AppleWebKit/537.36 (KHTML, like Gecko; compatible; GPTBot/1.2; +https://openai.com/gptbot)"
172.71.146.180 - - [08/May/2025:11:21:12 +0200] "GET /?i=76473821 HTTP/1.1" 200 93801 "-" "Mozilla/5.0 (compatible; DotBot/1.2; +https://opensiteexplorer.org/dotbot; [email protected])"
172.70.215.57 - - [08/May/2025:11:21:13 +0200] "GET /?hot=g%C3%A1i+vn+m%C3%B3c+l%E1%BB%93n HTTP/1.1" 200 999 "-" "Mozilla/5.0 AppleWebKit/537.36 (KHTML, like Gecko; compatible; GPTBot/1.2; +https://openai.com/gptbot)"
172.70.215.57 - - [08/May/2025:11:21:14 +0200] "GET /?ios=em+g%C3%A1i+m%C3%B3c+l%E1%BB%93n HTTP/1.1" 200 999 "-" "Mozilla/5.0 AppleWebKit/537.36 (KHTML, like Gecko; compatible; GPTBot/1.2; +https://openai.com/gptbot)"
172.70.215.57 - - [08/May/2025:11:21:15 +0200] "GET /?top=sex+g%C3%A1i+xinh+ch%C3%A2u+m%E1%BB%B9 HTTP/1.1" 200 999 "-" "Mozilla/5.0 AppleWebKit/537.36 (KHTML, like Gecko; compatible; GPTBot/1.2; +https://openai.com/gptbot)"
172.68.23.203 - - [08/May/2025:11:21:15 +0200] "GET /?i=83841921 HTTP/1.1" 200 93801 "-" "Mozilla/5.0 (compatible; DotBot/1.2; +https://opensiteexplorer.org/dotbot; [email protected])"
172.70.215.57 - - [08/May/2025:11:21:16 +0200] "GET /?produc_id=sex+m%E1%BB%B9+g%C3%A1i+gi%C3%A0 HTTP/1.1" 200 999 "-" "Mozilla/5.0 AppleWebKit/537.36 (KHTML, like Gecko; compatible; GPTBot/1.2; +https://openai.com/gptbot)"
108.162.245.179 - - [08/May/2025:11:21:17 +0200] "GET /?i=114668121 HTTP/1.1" 200 131 "-" "Mozilla/5.0 (compatible; DotBot/1.2; +https://opensiteexplorer.org/dotbot; [email protected])"
172.70.215.57 - - [08/May/2025:11:21:17 +0200] "GET /?produc_id=g%C3%A1i+th%E1%BB%A7+d%C3%A2m+vn HTTP/1.1" 200 999 "-" "Mozilla/5.0 AppleWebKit/537.36 (KHTML, like Gecko; compatible; GPTBot/1.2; +https://openai.com/gptbot)"
108.162.245.179 - - [08/May/2025:11:21:18 +0200] "GET /?i=118180221 HTTP/1.1" 200 131 "-" "Mozilla/5.0 (compatible; DotBot/1.2; +https://opensiteexplorer.org/dotbot; [email protected])"
172.70.215.57 - - [08/May/2025:11:21:19 +0200] "GET /?produc_id=em+g%C3%A1i+th%E1%BB%A7+d%C3%A2m HTTP/1.1" 200 999 "-" "Mozilla/5.0 AppleWebKit/537.36 (KHTML, like Gecko; compatible; GPTBot/1.2; +https://openai.com/gptbot)"
172.70.215.57 - - [08/May/2025:11:21:20 +0200] "GET /?produc_id=e+g%C3%A1i+th%E1%BB%A7+d%C3%A2m HTTP/1.1" 200 999 "-" "Mozilla/5.0 AppleWebKit/537.36 (KHTML, like Gecko; compatible; GPTBot/1.2; +https://openai.com/gptbot)"
172.71.150.191 - - [08/May/2025:11:21:20 +0200] "GET /?i=124630421 HTTP/1.1" 200 93801 "-" "Mozilla/5.0 (compatible; DotBot/1.2; +https://opensiteexplorer.org/dotbot; [email protected])"
172.70.215.57 - - [08/May/2025:11:21:21 +0200] "GET /?video=sez+vi%E1%BB%87t HTTP/1.1" 200 999 "-" "Mozilla/5.0 AppleWebKit/537.36 (KHTML, like Gecko; compatible; GPTBot/1.2; +https://openai.com/gptbot)"
172.71.146.180 - - [08/May/2025:11:21:21 +0200] "GET /?i=138156721 HTTP/1.1" 200 93801 "-" "Mozilla/5.0 (compatible; DotBot/1.2; +https://opensiteexplorer.org/dotbot; [email protected])"
172.70.215.57 - - [08/May/2025:11:21:22 +0200] "GET /?video=sex+vi%C3%AAt+69 HTTP/1.1" 200 999 "-" "Mozilla/5.0 AppleWebKit/537.36 (KHTML, like Gecko; compatible; GPTBot/1.2; +https://openai.com/gptbot)"
172.71.150.217 - - [08/May/2025:11:21:22 +0200] "GET /?i=156269421 HTTP/1.1" 200 131 "-" "Mozilla/5.0 (compatible; DotBot/1.2; +https://opensiteexplorer.org/dotbot; [email protected])"
172.70.215.57 - - [08/May/2025:11:21:23 +0200] "GET /?video=vi%E1%BB%87t+sex HTTP/1.1" 200 999 "-" "Mozilla/5.0 AppleWebKit/537.36 (KHTML, like Gecko; compatible; GPTBot/1.2; +https://openai.com/gptbot)"
108.162.246.42 - - [08/May/2025:11:21:23 +0200] "GET /?i=167720921 HTTP/1.1" 200 93801 "-" "Mozilla/5.0 (compatible; DotBot/1.2; +https://opensiteexplorer.org/dotbot; [email protected])"
172.70.147.142 - - [08/May/2025:11:21:24 +0200] "GET /?i=485580421 HTTP/1.1" 200 93801 "-" "Mozilla/5.0 (Linux; Android 5.0) AppleWebKit/537.36 (KHTML, like Gecko) Mobile Safari/537.36 (compatible; Bytespider; [email protected])"
172.70.215.57 - - [08/May/2025:11:21:24 +0200] "GET /?video=jav+vi%E1%BB%87t HTTP/1.1" 200 999 "-" "Mozilla/5.0 AppleWebKit/537.36 (KHTML, like Gecko; compatible; GPTBot/1.2; +https://openai.com/gptbot)"
172.68.22.73 - - [08/May/2025:11:21:24 +0200] "GET /?i=171632221 HTTP/1.1" 200 93801 "-" "Mozilla/5.0 (compatible; DotBot/1.2; +https://opensiteexplorer.org/dotbot; [email protected])"
172.68.164.37 - - [08/May/2025:11:21:25 +0200] "GET /IMG/logo/1024x538_cmsv2_c54013e5-8833-5743-86fc-a18b87d54ede-8113070.jpg.webp HTTP/1.1" 200 8812 "http://www.igihango.com/?i=485580421" "Mozilla/5.0 (Linux; Android 5.0) AppleWebKit/537.36 (KHTML, like Gecko) Mobile Safari/537.36 (compatible; Bytespider; [email protected])"
162.158.88.142 - - [08/May/2025:11:21:25 +0200] "GET /IMG/logo/img-20231108-wa0084.jpg HTTP/1.1" 200 8767 "http://www.igihango.com/?i=485580421" "Mozilla/5.0 (Linux; Android 5.0) AppleWebKit/537.36 (KHTML, like Gecko) Mobile Safari/537.36 (compatible; Bytespider; [email protected])"
172.70.215.57 - - [08/May/2025:11:21:25 +0200] "GET /?video=n%E1%BB%87n+nhau HTTP/1.1" 200 999 "-" "Mozilla/5.0 AppleWebKit/537.36 (KHTML, like Gecko; compatible; GPTBot/1.2; +https://openai.com/gptbot)"
172.71.146.180 - - [08/May/2025:11:21:25 +0200] "GET /?i=184808421 HTTP/1.1" 200 93801 "-" "Mozilla/5.0 (compatible; DotBot/1.2; +https://opensiteexplorer.org/dotbot; [email protected])"
162.158.41.249 - - [08/May/2025:11:21:26 +0200] "GET /?i=189048821 HTTP/1.1" 200 93801 "-" "Mozilla/5.0 (compatible; DotBot/1.2; +https://opensiteexplorer.org/dotbot; [email protected])"
172.70.215.57 - - [08/May/2025:11:21:26 +0200] "GET /?video=cho+ch%C6%A1i+y8 HTTP/1.1" 200 999 "-" "Mozilla/5.0 AppleWebKit/537.36 (KHTML, like Gecko; compatible; GPTBot/1.2; +https://openai.com/gptbot)"
172.70.215.57 - - [08/May/2025:11:21:28 +0200] "GET /?video=xec+vi%E1%BB%87t HTTP/1.1" 200 999 "-" "Mozilla/5.0 AppleWebKit/537.36 (KHTML, like Gecko; compatible; GPTBot/1.2; +https://openai.com/gptbot)"
162.158.41.19 - - [08/May/2025:11:21:28 +0200] "GET /?i=201203021 HTTP/1.1" 200 93801 "-" "Mozilla/5.0 (compatible; DotBot/1.2; +https://opensiteexplorer.org/dotbot; [email protected])"
172.70.215.57 - - [08/May/2025:11:21:29 +0200] "GET /?video=sex+vi%E1%BB%87t HTTP/1.1" 200 999 "-" "Mozilla/5.0 AppleWebKit/537.36 (KHTML, like Gecko; compatible; GPTBot/1.2; +https://openai.com/gptbot)"
172.68.22.2 - - [08/May/2025:11:21:29 +0200] "GET /?i=213948921 HTTP/1.1" 200 93801 "-" "Mozilla/5.0 (compatible; DotBot/1.2; +https://opensiteexplorer.org/dotbot; [email protected])"
172.70.215.57 - - [08/May/2025:11:21:30 +0200] "GET /?video=h%E1%BB%99i+some HTTP/1.1" 200 999 "-" "Mozilla/5.0 AppleWebKit/537.36 (KHTML, like Gecko; compatible; GPTBot/1.2; +https://openai.com/gptbot)"
162.158.41.249 - - [08/May/2025:11:21:30 +0200] "GET /?i=215318721 HTTP/1.1" 200 93801 "-" "Mozilla/5.0 (compatible; DotBot/1.2; +https://opensiteexplorer.org/dotbot; [email protected])"
172.70.215.57 - - [08/May/2025:11:21:31 +0200] "GET /?video=%C4%91it+em+trai HTTP/1.1" 200 999 "-" "Mozilla/5.0 AppleWebKit/537.36 (KHTML, like Gecko; compatible; GPTBot/1.2; +https://openai.com/gptbot)"
172.68.23.203 - - [08/May/2025:11:21:31 +0200] "GET /?i=219323421 HTTP/1.1" 200 93801 "-" "Mozilla/5.0 (compatible; DotBot/1.2; +https://opensiteexplorer.org/dotbot; [email protected])"
172.70.215.57 - - [08/May/2025:11:21:32 +0200] "GET /?video=xex+vi%E1%BB%87t HTTP/1.1" 200 999 "-" "Mozilla/5.0 AppleWebKit/537.36 (KHTML, like Gecko; compatible; GPTBot/1.2; +https://openai.com/gptbot)"
172.71.150.47 - - [08/May/2025:11:21:33 +0200] "GET /?i=231618221 HTTP/1.1" 200 131 "-" "Mozilla/5.0 (compatible; DotBot/1.2; +https://opensiteexplorer.org/dotbot; [email protected])"
172.68.22.39 - - [08/May/2025:11:21:33 +0200] "GET /?i=266260521 HTTP/1.1" 200 93801 "-" "Mozilla/5.0 (compatible; DotBot/1.2; +https://opensiteexplorer.org/dotbot; [email protected])"
172.70.215.57 - - [08/May/2025:11:21:33 +0200] "GET /?ios=tr%C6%B0c+ti%E1%BA%BFp+b%C3%B3ng+%C4%91a HTTP/1.1" 200 999 "-" "Mozilla/5.0 AppleWebKit/537.36 (KHTML, like Gecko; compatible; GPTBot/1.2; +https://openai.com/gptbot)"
172.70.215.57 - - [08/May/2025:11:21:35 +0200] "GET /?produc_id=ti%E1%BA%BFp+b%C3%B3ng+%C4%91%C3%A1+hd HTTP/1.1" 200 999 "-" "Mozilla/5.0 AppleWebKit/537.36 (KHTML, like Gecko; compatible; GPTBot/1.2; +https://openai.com/gptbot)"
172.71.146.108 - - [08/May/2025:11:21:35 +0200] "GET /?i=290982721 HTTP/1.1" 200 93801 "-" "Mozilla/5.0 (compatible; DotBot/1.2; +https://opensiteexplorer.org/dotbot; [email protected])"
172.70.215.57 - - [08/May/2025:11:21:36 +0200] "GET /?keyword=sex+g%C3%A1i+%C4%91%E1%BA%B9p+v%C3%BA+to HTTP/1.1" 200 999 "-" "Mozilla/5.0 AppleWebKit/537.36 (KHTML, like Gecko; compatible; GPTBot/1.2; +https://openai.com/gptbot)"
172.70.215.57 - - [08/May/2025:11:21:37 +0200] "GET /?keyword=truy%E1%BB%87n+%C4%91am+hentai HTTP/1.1" 200 999 "-" "Mozilla/5.0 AppleWebKit/537.36 (KHTML, like Gecko; compatible; GPTBot/1.2; +https://openai.com/gptbot)"
172.68.22.2 - - [08/May/2025:11:21:38 +0200] "GET /?i=299662121 HTTP/1.1" 200 93801 "-" "Mozilla/5.0 (compatible; DotBot/1.2; +https://opensiteexplorer.org/dotbot; [email protected])"
172.70.215.57 - - [08/May/2025:11:21:38 +0200] "GET /?keyword=hentai+%C4%91am+truy%E1%BB%87n HTTP/1.1" 200 999 "-" "Mozilla/5.0 AppleWebKit/537.36 (KHTML, like Gecko; compatible; GPTBot/1.2; +https://openai.com/gptbot)"
172.70.215.57 - - [08/May/2025:11:21:39 +0200] "GET /?produc_id=h%C3%ACnh+x%C4%83m+c%E1%BB%9D+vua HTTP/1.1" 200 999 "-" "Mozilla/5.0 AppleWebKit/537.36 (KHTML, like Gecko; compatible; GPTBot/1.2; +https://openai.com/gptbot)"
108.162.246.98 - - [08/May/2025:11:21:40 +0200] "GET /?i=301222621 HTTP/1.1" 200 93801 "-" "Mozilla/5.0 (compatible; DotBot/1.2; +https://opensiteexplorer.org/dotbot; [email protected])"
172.70.215.57 - - [08/May/2025:11:21:40 +0200] "GET /?video=sex+ch%C3%A2u+%C3%A2u+h%E1%BB%8Dc+sinh HTTP/1.1" 200 999 "-" "Mozilla/5.0 AppleWebKit/537.36 (KHTML, like Gecko; compatible; GPTBot/1.2; +https://openai.com/gptbot)"
172.70.215.57 - - [08/May/2025:11:21:42 +0200] "GET /?video=phim+s%E1%BA%BDx+ch%C3%A2u+%C3%A2u HTTP/1.1" 200 999 "-" "Mozilla/5.0 AppleWebKit/537.36 (KHTML, like Gecko; compatible; GPTBot/1.2; +https://openai.com/gptbot)"
172.70.215.57 - - [08/May/2025:11:21:43 +0200] "GET /?video=phim+sex+m%E1%BB%B9+ch%C3%A2u+%C3%A2u HTTP/1.1" 200 999 "-" "Mozilla/5.0 AppleWebKit/537.36 (KHTML, like Gecko; compatible; GPTBot/1.2; +https://openai.com/gptbot)"
162.158.42.235 - - [08/May/2025:11:21:43 +0200] "GET /?i=314143921 HTTP/1.1" 200 93801 "-" "Mozilla/5.0 (compatible; DotBot/1.2; +https://opensiteexplorer.org/dotbot; [email protected])"
172.70.215.57 - - [08/May/2025:11:21:44 +0200] "GET /?video=sex+ch%C3%A2u+%C3%A2u+ng%E1%BB%B1c+to HTTP/1.1" 200 999 "-" "Mozilla/5.0 AppleWebKit/537.36 (KHTML, like Gecko; compatible; GPTBot/1.2; +https://openai.com/gptbot)"
172.70.215.57 - - [08/May/2025:11:21:45 +0200] "GET /?video=phim+sex+ch%C3%A2u+%C3%A2u+m%E1%BB%B9 HTTP/1.1" 200 999 "-" "Mozilla/5.0 AppleWebKit/537.36 (KHTML, like Gecko; compatible; GPTBot/1.2; +https://openai.com/gptbot)"
162.158.42.196 - - [08/May/2025:11:21:46 +0200] "GET /?i=31608121 HTTP/1.1" 200 93801 "-" "Mozilla/5.0 (compatible; DotBot/1.2; +https://opensiteexplorer.org/dotbot; [email protected])"
172.70.215.57 - - [08/May/2025:11:21:46 +0200] "GET /?video=phim+sex+ch%C3%A2u+%C3%A2u+m%E1%BB%9Bi HTTP/1.1" 200 999 "-" "Mozilla/5.0 AppleWebKit/537.36 (KHTML, like Gecko; compatible; GPTBot/1.2; +https://openai.com/gptbot)"
172.70.215.57 - - [08/May/2025:11:21:47 +0200] "GET /?hot=phim+sex+m%E1%BB%9Bi+h%C3%B4m+nay HTTP/1.1" 200 999 "-" "Mozilla/5.0 AppleWebKit/537.36 (KHTML, like Gecko; compatible; GPTBot/1.2; +https://openai.com/gptbot)"
162.158.41.239 - - [08/May/2025:11:21:48 +0200] "GET /?i=323182221 HTTP/1.1" 200 93801 "-" "Mozilla/5.0 (compatible; DotBot/1.2; +https://opensiteexplorer.org/dotbot; [email protected])"
172.70.215.57 - - [08/May/2025:11:21:49 +0200] "GET /?hot=phim+sex+g%C3%A1i+xinh+m%E1%BB%B9 HTTP/1.1" 200 999 "-" "Mozilla/5.0 AppleWebKit/537.36 (KHTML, like Gecko; compatible; GPTBot/1.2; +https://openai.com/gptbot)"
172.70.215.57 - - [08/May/2025:11:21:50 +0200] "GET /?ios=sex+ko+che+lo%E1%BA%A1n+lu%C3%A2n HTTP/1.1" 200 999 "-" "Mozilla/5.0 AppleWebKit/537.36 (KHTML, like Gecko; compatible; GPTBot/1.2; +https://openai.com/gptbot)"
108.162.245.254 - - [08/May/2025:11:21:50 +0200] "GET /?i=332002021 HTTP/1.1" 200 93801 "-" "Mozilla/5.0 (compatible; DotBot/1.2; +https://opensiteexplorer.org/dotbot; [email protected])"
162.158.108.35 - - [08/May/2025:11:21:50 +0200] "GET /?i=208393221 HTTP/1.1" 200 93801 "-" "Mozilla/5.0 (Linux; Android 5.0) AppleWebKit/537.36 (KHTML, like Gecko) Mobile Safari/537.36 (compatible; Bytespider; [email protected])"
172.70.215.57 - - [08/May/2025:11:21:51 +0200] "GET /?hot=phim+sex+m%E1%BB%B9+g%C3%A1i+xinh HTTP/1.1" 200 999 "-" "Mozilla/5.0 AppleWebKit/537.36 (KHTML, like Gecko; compatible; GPTBot/1.2; +https://openai.com/gptbot)"
172.68.164.36 - - [08/May/2025:11:21:51 +0200] "GET /IMG/logo/1024x538_cmsv2_c54013e5-8833-5743-86fc-a18b87d54ede-8113070.jpg.webp HTTP/1.1" 200 131 "http://www.igihango.com/?i=208393221" "Mozilla/5.0 (Linux; Android 5.0) AppleWebKit/537.36 (KHTML, like Gecko) Mobile Safari/537.36 (compatible; Bytespider; [email protected])"
162.158.88.143 - - [08/May/2025:11:21:51 +0200] "GET /IMG/logo/img-20231108-wa0084.jpg HTTP/1.1" 200 8767 "http://www.igihango.com/?i=208393221" "Mozilla/5.0 (Linux; Android 5.0) AppleWebKit/537.36 (KHTML, like Gecko) Mobile Safari/537.36 (compatible; Bytespider; [email protected])"
162.158.42.8 - - [08/May/2025:11:21:52 +0200] "GET /?i=343157721 HTTP/1.1" 200 131 "-" "Mozilla/5.0 (compatible; DotBot/1.2; +https://opensiteexplorer.org/dotbot; [email protected])"
172.70.215.57 - - [08/May/2025:11:21:52 +0200] "GET /?app=g%C3%A1i+xinh+ng%E1%BB%B1c+to+sex HTTP/1.1" 200 999 "-" "Mozilla/5.0 AppleWebKit/537.36 (KHTML, like Gecko; compatible; GPTBot/1.2; +https://openai.com/gptbot)"
162.158.42.90 - - [08/May/2025:11:21:53 +0200] "GET /?i=355324221 HTTP/1.1" 200 131 "-" "Mozilla/5.0 (compatible; DotBot/1.2; +https://opensiteexplorer.org/dotbot; [email protected])"
172.70.215.57 - - [08/May/2025:11:21:53 +0200] "GET /?bet=phim+sex+g%C3%A1i+xinh+m%E1%BB%B9 HTTP/1.1" 200 999 "-" "Mozilla/5.0 AppleWebKit/537.36 (KHTML, like Gecko; compatible; GPTBot/1.2; +https://openai.com/gptbot)"
162.158.41.249 - - [08/May/2025:11:21:54 +0200] "GET /?i=356532921 HTTP/1.1" 200 93801 "-" "Mozilla/5.0 (compatible; DotBot/1.2; +https://opensiteexplorer.org/dotbot; [email protected])"
172.70.215.57 - - [08/May/2025:11:21:54 +0200] "GET /?hot=sex+lo%E1%BA%A1n+lu%C3%A2n+kh+che HTTP/1.1" 200 999 "-" "Mozilla/5.0 AppleWebKit/537.36 (KHTML, like Gecko; compatible; GPTBot/1.2; +https://openai.com/gptbot)"
162.158.41.249 - - [08/May/2025:11:21:55 +0200] "GET /?i=368250421 HTTP/1.1" 200 131 "-" "Mozilla/5.0 (compatible; DotBot/1.2; +https://opensiteexplorer.org/dotbot; [email protected])"
172.70.215.57 - - [08/May/2025:11:21:55 +0200] "GET /?hot=dit+nhau+voi+ch%E1%BB%8B+d%C3%A2u HTTP/1.1" 200 999 "-" "Mozilla/5.0 AppleWebKit/537.36 (KHTML, like Gecko; compatible; GPTBot/1.2; +https://openai.com/gptbot)"
172.71.151.78 - - [08/May/2025:11:21:56 +0200] "GET /?i=390899821 HTTP/1.1" 200 131 "-" "Mozilla/5.0 (compatible; DotBot/1.2; +https://opensiteexplorer.org/dotbot; [email protected])"
172.70.215.57 - - [08/May/2025:11:21:57 +0200] "GET /?hot=sex+ch%C3%A2u+%C3%A2u+teen HTTP/1.1" 200 999 "-" "Mozilla/5.0 AppleWebKit/537.36 (KHTML, like Gecko; compatible; GPTBot/1.2; +https://openai.com/gptbot)"
172.71.146.180 - - [08/May/2025:11:21:57 +0200] "GET /?i=39441121 HTTP/1.1" 200 93801 "-" "Mozilla/5.0 (compatible; DotBot/1.2; +https://opensiteexplorer.org/dotbot; [email protected])"
162.158.42.7 - - [08/May/2025:11:21:57 +0200] "GET /?i=43327921 HTTP/1.1" 200 131 "-" "Mozilla/5.0 (compatible; DotBot/1.2; +https://opensiteexplorer.org/dotbot; [email protected])"
172.70.215.57 - - [08/May/2025:11:21:58 +0200] "GET /?play=jav+ch%C3%A2u+%C3%A2u+hay HTTP/1.1" 200 999 "-" "Mozilla/5.0 AppleWebKit/537.36 (KHTML, like Gecko; compatible; GPTBot/1.2; +https://openai.com/gptbot)"
172.70.215.57 - - [08/May/2025:11:21:59 +0200] "GET /?bet=sex+ch%C3%A2u+%C3%A2u+teen HTTP/1.1" 200 999 "-" "Mozilla/5.0 AppleWebKit/537.36 (KHTML, like Gecko; compatible; GPTBot/1.2; +https://openai.com/gptbot)"
108.162.245.97 - - [08/May/2025:11:21:59 +0200] "GET /?i=439902921 HTTP/1.1" 200 131 "-" "Mozilla/5.0 (compatible; DotBot/1.2; +https://opensiteexplorer.org/dotbot; [email protected])"
172.70.215.57 - - [08/May/2025:11:22:00 +0200] "GET /?app=phim+ch%C3%A2u+%C3%A2u+hay HTTP/1.1" 200 999 "-" "Mozilla/5.0 AppleWebKit/537.36 (KHTML, like Gecko; compatible; GPTBot/1.2; +https://openai.com/gptbot)"
108.162.245.97 - - [08/May/2025:11:22:00 +0200] "GET /?i=440993821 HTTP/1.1" 200 131 "-" "Mozilla/5.0 (compatible; DotBot/1.2; +https://opensiteexplorer.org/dotbot; [email protected])"
172.70.215.57 - - [08/May/2025:11:22:01 +0200] "GET /?video=t%E1%BB%B7+s%E1%BB%91+%C4%91an+m%E1%BA%A1ch HTTP/1.1" 200 999 "-" "Mozilla/5.0 AppleWebKit/537.36 (KHTML, like Gecko; compatible; GPTBot/1.2; +https://openai.com/gptbot)"
162.158.42.89 - - [08/May/2025:11:22:02 +0200] "GET /?i=442573021 HTTP/1.1" 200 93801 "-" "Mozilla/5.0 (compatible; DotBot/1.2; +https://opensiteexplorer.org/dotbot; [email protected])"
172.70.215.57 - - [08/May/2025:11:22:02 +0200] "GET /?video=sex+vi%E1%BB%87t+g%C3%A1i+%C4%91%E1%BA%B9p HTTP/1.1" 200 999 "-" "Mozilla/5.0 AppleWebKit/537.36 (KHTML, like Gecko; compatible; GPTBot/1.2; +https://openai.com/gptbot)"
172.68.23.204 - - [08/May/2025:11:22:03 +0200] "GET /?i=456329121 HTTP/1.1" 200 93801 "-" "Mozilla/5.0 (compatible; DotBot/1.2; +https://opensiteexplorer.org/dotbot; [email protected])"
172.70.215.57 - - [08/May/2025:11:22:03 +0200] "GET /?bet=x%E1%BB%91daiphat HTTP/1.1" 200 999 "-" "Mozilla/5.0 AppleWebKit/537.36 (KHTML, like Gecko; compatible; GPTBot/1.2; +https://openai.com/gptbot)"
172.69.6.236 - - [08/May/2025:11:22:04 +0200] "GET /?game=sexx+hi%E1%BA%BFp+d%C3%A2m HTTP/1.1" 200 999 "-" "Mozilla/5.0 AppleWebKit/537.36 (KHTML, like Gecko; compatible; ClaudeBot/1.0; [email protected])"
172.68.22.38 - - [08/May/2025:11:22:04 +0200] "GET /?i=460262821 HTTP/1.1" 200 131 "-" "Mozilla/5.0 (compatible; DotBot/1.2; +https://opensiteexplorer.org/dotbot; [email protected])"
172.70.215.57 - - [08/May/2025:11:22:05 +0200] "GET /?hot=phim%C4%91it+nhau HTTP/1.1" 200 999 "-" "Mozilla/5.0 AppleWebKit/537.36 (KHTML, like Gecko; compatible; GPTBot/1.2; +https://openai.com/gptbot)"
172.70.215.57 - - [08/May/2025:11:22:06 +0200] "GET /?ios=x%E1%BB%91daiphat HTTP/1.1" 200 999 "-" "Mozilla/5.0 AppleWebKit/537.36 (KHTML, like Gecko; compatible; GPTBot/1.2; +https://openai.com/gptbot)"
172.70.215.57 - - [08/May/2025:11:22:07 +0200] "GET /?bet=truy%E1%BB%87nsex HTTP/1.1" 200 999 "-" "Mozilla/5.0 AppleWebKit/537.36 (KHTML, like Gecko; compatible; GPTBot/1.2; +https://openai.com/gptbot)"
172.68.22.73 - - [08/May/2025:11:22:07 +0200] "GET /?i=486457221 HTTP/1.1" 200 93801 "-" "Mozilla/5.0 (compatible; DotBot/1.2; +https://opensiteexplorer.org/dotbot; [email protected])"
172.70.215.57 - - [08/May/2025:11:22:08 +0200] "GET /?app=phim%C4%91it+nhau HTTP/1.1" 200 999 "-" "Mozilla/5.0 AppleWebKit/537.36 (KHTML, like Gecko; compatible; GPTBot/1.2; +https://openai.com/gptbot)"
172.70.215.57 - - [08/May/2025:11:22:09 +0200] "GET /?hot=s%E1%BB%91miennam HTTP/1.1" 200 999 "-" "Mozilla/5.0 AppleWebKit/537.36 (KHTML, like Gecko; compatible; GPTBot/1.2; +https://openai.com/gptbot)"
172.70.215.57 - - [08/May/2025:11:22:10 +0200] "GET /?produc_id=tucu%C4%91a HTTP/1.1" 200 999 "-" "Mozilla/5.0 AppleWebKit/537.36 (KHTML, like Gecko; compatible; GPTBot/1.2; +https://openai.com/gptbot)"
172.70.215.57 - - [08/May/2025:11:22:12 +0200] "GET /?top=s%E1%BB%91miennam HTTP/1.1" 200 999 "-" "Mozilla/5.0 AppleWebKit/537.36 (KHTML, like Gecko; compatible; GPTBot/1.2; +https://openai.com/gptbot)"
172.70.215.57 - - [08/May/2025:11:22:13 +0200] "GET /?game=y8+sex HTTP/1.1" 200 999 "-" "Mozilla/5.0 AppleWebKit/537.36 (KHTML, like Gecko; compatible; GPTBot/1.2; +https://openai.com/gptbot)"
172.71.146.43 - - [08/May/2025:11:22:13 +0200] "GET /?i=491574821 HTTP/1.1" 200 93801 "-" "Mozilla/5.0 (compatible; DotBot/1.2; +https://opensiteexplorer.org/dotbot; [email protected])"
172.70.215.57 - - [08/May/2025:11:22:14 +0200] "GET /?game=sex+t4 HTTP/1.1" 200 999 "-" "Mozilla/5.0 AppleWebKit/537.36 (KHTML, like Gecko; compatible; GPTBot/1.2; +https://openai.com/gptbot)"
172.70.215.57 - - [08/May/2025:11:22:15 +0200] "GET /?game=xes+3d HTTP/1.1" 200 999 "-" "Mozilla/5.0 AppleWebKit/537.36 (KHTML, like Gecko; compatible; GPTBot/1.2; +https://openai.com/gptbot)"
172.70.215.57 - - [08/May/2025:11:22:16 +0200] "GET /?game=c2+cup HTTP/1.1" 200 999 "-" "Mozilla/5.0 AppleWebKit/537.36 (KHTML, like Gecko; compatible; GPTBot/1.2; +https://openai.com/gptbot)"
172.70.208.120 - - [08/May/2025:11:22:16 +0200] "GET /?i=203596521 HTTP/1.1" 200 93801 "-" "Mozilla/5.0 (Linux; Android 5.0) AppleWebKit/537.36 (KHTML, like Gecko) Mobile Safari/537.36 (compatible; Bytespider; [email protected])"
172.70.215.57 - - [08/May/2025:11:22:17 +0200] "GET /?game=xsmb+0 HTTP/1.1" 200 999 "-" "Mozilla/5.0 AppleWebKit/537.36 (KHTML, like Gecko; compatible; GPTBot/1.2; +https://openai.com/gptbot)"
172.68.164.36 - - [08/May/2025:11:22:17 +0200] "GET /IMG/logo/1024x538_cmsv2_c54013e5-8833-5743-86fc-a18b87d54ede-8113070.jpg.webp HTTP/1.1" 200 8812 "http://www.igihango.com/?i=203596521" "Mozilla/5.0 (Linux; Android 5.0) AppleWebKit/537.36 (KHTML, like Gecko) Mobile Safari/537.36 (compatible; Bytespider; [email protected])"
162.158.88.142 - - [08/May/2025:11:22:18 +0200] "GET /IMG/logo/img-20231108-wa0084.jpg HTTP/1.1" 200 8767 "http://www.igihango.com/?i=203596521" "Mozilla/5.0 (Linux; Android 5.0) AppleWebKit/537.36 (KHTML, like Gecko) Mobile Safari/537.36 (compatible; Bytespider; [email protected])"
162.158.41.86 - - [08/May/2025:11:22:18 +0200] "GET /?i=491882621 HTTP/1.1" 200 93801 "-" "Mozilla/5.0 (compatible; DotBot/1.2; +https://opensiteexplorer.org/dotbot; [email protected])"
172.70.215.57 - - [08/May/2025:11:22:18 +0200] "GET /?game=sex+3d HTTP/1.1" 200 999 "-" "Mozilla/5.0 AppleWebKit/537.36 (KHTML, like Gecko; compatible; GPTBot/1.2; +https://openai.com/gptbot)"
172.70.215.57 - - [08/May/2025:11:22:20 +0200] "GET /?game=heo+3x HTTP/1.1" 200 999 "-" "Mozilla/5.0 AppleWebKit/537.36 (KHTML, like Gecko; compatible; GPTBot/1.2; +https://openai.com/gptbot)"
172.70.215.57 - - [08/May/2025:11:22:21 +0200] "GET /?top=serbia+%E2%80%93+th%E1%BB%A5y+s%C4%A9 HTTP/1.1" 200 999 "-" "Mozilla/5.0 AppleWebKit/537.36 (KHTML, like Gecko; compatible; GPTBot/1.2; +https://openai.com/gptbot)"
172.70.215.57 - - [08/May/2025:11:22:22 +0200] "GET /?play=serbia+%E2%80%93+th%E1%BB%A5y+s%C4%A9 HTTP/1.1" 200 999 "-" "Mozilla/5.0 AppleWebKit/537.36 (KHTML, like Gecko; compatible; GPTBot/1.2; +https://openai.com/gptbot)"
172.68.22.73 - - [08/May/2025:11:22:22 +0200] "GET /?i=494334621 HTTP/1.1" 200 93801 "-" "Mozilla/5.0 (compatible; DotBot/1.2; +https://opensiteexplorer.org/dotbot; [email protected])"
172.70.215.57 - - [08/May/2025:11:22:23 +0200] "GET /?keyword=xxx+l%C3%A3ng+m%E1%BA%A1n HTTP/1.1" 200 999 "-" "Mozilla/5.0 AppleWebKit/537.36 (KHTML, like Gecko; compatible; GPTBot/1.2; +https://openai.com/gptbot)"
172.70.215.57 - - [08/May/2025:11:22:24 +0200] "GET /?top=phim+sex+ch%E1%BB%8Bch+c%C3%B4+gi%C3%A1o HTTP/1.1" 200 999 "-" "Mozilla/5.0 AppleWebKit/537.36 (KHTML, like Gecko; compatible; GPTBot/1.2; +https://openai.com/gptbot)"
172.70.215.57 - - [08/May/2025:11:22:25 +0200] "GET /?top=ch%E1%BB%8Bch+em+g%C3%A1i+c%C3%B2n+trinh HTTP/1.1" 200 999 "-" "Mozilla/5.0 AppleWebKit/537.36 (KHTML, like Gecko; compatible; GPTBot/1.2; +https://openai.com/gptbot)"
172.71.146.180 - - [08/May/2025:11:22:26 +0200] "GET /?i=49508021 HTTP/1.1" 200 93801 "-" "Mozilla/5.0 (compatible; DotBot/1.2; +https://opensiteexplorer.org/dotbot; [email protected])"
172.70.215.57 - - [08/May/2025:11:22:27 +0200] "GET /?app=phim+sex+ch%E1%BB%8Bch+c%C3%B4+gi%C3%A1o HTTP/1.1" 200 999 "-" "Mozilla/5.0 AppleWebKit/537.36 (KHTML, like Gecko; compatible; GPTBot/1.2; +https://openai.com/gptbot)"
172.70.215.57 - - [08/May/2025:11:22:28 +0200] "GET /?hot=phim+sex+ch%E1%BB%8B+h%C3%A0ng+x%C3%B3m HTTP/1.1" 200 999 "-" "Mozilla/5.0 AppleWebKit/537.36 (KHTML, like Gecko; compatible; GPTBot/1.2; +https://openai.com/gptbot)"
108.162.245.97 - - [08/May/2025:11:22:29 +0200] "GET /?i=498916421 HTTP/1.1" 200 131 "-" "Mozilla/5.0 (compatible; DotBot/1.2; +https://opensiteexplorer.org/dotbot; [email protected])"
172.70.215.57 - - [08/May/2025:11:22:29 +0200] "GET /?produc_id=ch%C6%A1i+b%E1%BA%A1o+d%C3%A2m HTTP/1.1" 200 999 "-" "Mozilla/5.0 AppleWebKit/537.36 (KHTML, like Gecko; compatible; GPTBot/1.2; +https://openai.com/gptbot)"
172.70.215.57 - - [08/May/2025:11:22:30 +0200] "GET /?top=phim+sex+ch%C6%A1i+c%C3%B4+gi%C3%A1o HTTP/1.1" 200 999 "-" "Mozilla/5.0 AppleWebKit/537.36 (KHTML, like Gecko; compatible; GPTBot/1.2; +https://openai.com/gptbot)"
172.68.22.73 - - [08/May/2025:11:22:31 +0200] "GET /?i=6256421 HTTP/1.1" 200 131 "-" "Mozilla/5.0 (compatible; DotBot/1.2; +https://opensiteexplorer.org/dotbot; [email protected])"
172.70.215.57 - - [08/May/2025:11:22:31 +0200] "GET /?ios=phim+sex+ch%E1%BB%8B+h%C3%A0ng+x%C3%B3m HTTP/1.1" 200 999 "-" "Mozilla/5.0 AppleWebKit/537.36 (KHTML, like Gecko; compatible; GPTBot/1.2; +https://openai.com/gptbot)"
172.70.215.57 - - [08/May/2025:11:22:32 +0200] "GET /?app=ch%E1%BB%8Bch+em+g%C3%A1i+c%C3%B2n+trinh HTTP/1.1" 200 999 "-" "Mozilla/5.0 AppleWebKit/537.36 (KHTML, like Gecko; compatible; GPTBot/1.2; +https://openai.com/gptbot)"
172.68.22.2 - - [08/May/2025:11:22:33 +0200] "GET /?i=66948621 HTTP/1.1" 200 93801 "-" "Mozilla/5.0 (compatible; DotBot/1.2; +https://opensiteexplorer.org/dotbot; [email protected])"
172.70.215.57 - - [08/May/2025:11:22:33 +0200] "GET /?app=g%C3%A1i+xinh+kh%C3%B4ng+m%E1%BA%B7c HTTP/1.1" 200 999 "-" "Mozilla/5.0 AppleWebKit/537.36 (KHTML, like Gecko; compatible; GPTBot/1.2; +https://openai.com/gptbot)"
172.70.215.57 - - [08/May/2025:11:22:35 +0200] "GET /?ios=ch%E1%BB%8Bch+em+g%C3%A1i+c%C3%B2n+trinh HTTP/1.1" 200 999 "-" "Mozilla/5.0 AppleWebKit/537.36 (KHTML, like Gecko; compatible; GPTBot/1.2; +https://openai.com/gptbot)"
172.70.215.57 - - [08/May/2025:11:22:36 +0200] "GET /?game=xvidoe HTTP/1.1" 200 999 "-" "Mozilla/5.0 AppleWebKit/537.36 (KHTML, like Gecko; compatible; GPTBot/1.2; +https://openai.com/gptbot)"
172.68.22.39 - - [08/May/2025:11:22:36 +0200] "GET /?i=67781821 HTTP/1.1" 200 93801 "-" "Mozilla/5.0 (compatible; DotBot/1.2; +https://opensiteexplorer.org/dotbot; [email protected])"
172.70.215.57 - - [08/May/2025:11:22:37 +0200] "GET /?game=javfor HTTP/1.1" 200 999 "-" "Mozilla/5.0 AppleWebKit/537.36 (KHTML, like Gecko; compatible; GPTBot/1.2; +https://openai.com/gptbot)"
172.70.215.57 - - [08/May/2025:11:22:38 +0200] "GET /?game=kinato HTTP/1.1" 200 999 "-" "Mozilla/5.0 AppleWebKit/537.36 (KHTML, like Gecko; compatible; GPTBot/1.2; +https://openai.com/gptbot)"
