172.68.22.73 - - [08/May/2025:11:25:16 +0200] "GET /?i=436750421 HTTP/1.1" 200 93801 "-" "Mozilla/5.0 (compatible; DotBot/1.2; +https://opensiteexplorer.org/dotbot; [email protected])"
172.70.215.57 - - [08/May/2025:11:25:17 +0200] "GET /?ios=xem+sex+g%C3%A1i+gi%C3%A0 HTTP/1.1" 200 999 "-" "Mozilla/5.0 AppleWebKit/537.36 (KHTML, like Gecko; compatible; GPTBot/1.2; +https://openai.com/gptbot)"
172.70.215.57 - - [08/May/2025:11:25:18 +0200] "GET /?app=c%C3%A1c+b%C3%A0i+tay+sau HTTP/1.1" 200 999 "-" "Mozilla/5.0 AppleWebKit/537.36 (KHTML, like Gecko; compatible; GPTBot/1.2; +https://openai.com/gptbot)"
172.71.150.216 - - [08/May/2025:11:25:18 +0200] "GET /?i=43783321 HTTP/1.1" 200 93801 "-" "Mozilla/5.0 (compatible; DotBot/1.2; +https://opensiteexplorer.org/dotbot; [email protected])"
172.70.215.57 - - [08/May/2025:11:25:19 +0200] "GET /?top=xem+sex+g%C3%A1i+gi%C3%A0 HTTP/1.1" 200 999 "-" "Mozilla/5.0 AppleWebKit/537.36 (KHTML, like Gecko; compatible; GPTBot/1.2; +https://openai.com/gptbot)"
172.71.147.55 - - [08/May/2025:11:25:19 +0200] "GET /?i=438016221 HTTP/1.1" 200 93801 "-" "Mozilla/5.0 (compatible; DotBot/1.2; +https://opensiteexplorer.org/dotbot; [email protected])"
172.70.215.57 - - [08/May/2025:11:25:20 +0200] "GET /?produc_id=phim+sex+ng%E1%BB%B1c+b%E1%BB%B1 HTTP/1.1" 200 999 "-" "Mozilla/5.0 AppleWebKit/537.36 (KHTML, like Gecko; compatible; GPTBot/1.2; +https://openai.com/gptbot)"
172.68.22.73 - - [08/May/2025:11:25:20 +0200] "GET /?i=43855721 HTTP/1.1" 200 93801 "-" "Mozilla/5.0 (compatible; DotBot/1.2; +https://opensiteexplorer.org/dotbot; [email protected])"
108.162.226.184 - - [08/May/2025:11:25:20 +0200] "GET /?i=187048021 HTTP/1.1" 200 93801 "-" "Mozilla/5.0 (Linux; Android 5.0) AppleWebKit/537.36 (KHTML, like Gecko) Mobile Safari/537.36 (compatible; Bytespider; [email protected])"
172.68.164.36 - - [08/May/2025:11:25:21 +0200] "GET /IMG/logo/1024x538_cmsv2_c54013e5-8833-5743-86fc-a18b87d54ede-8113070.jpg.webp HTTP/1.1" 200 8812 "http://www.igihango.com/?i=187048021" "Mozilla/5.0 (Linux; Android 5.0) AppleWebKit/537.36 (KHTML, like Gecko) Mobile Safari/537.36 (compatible; Bytespider; [email protected])"
162.158.88.143 - - [08/May/2025:11:25:21 +0200] "GET /IMG/logo/img-20231108-wa0084.jpg HTTP/1.1" 200 8767 "http://www.igihango.com/?i=187048021" "Mozilla/5.0 (Linux; Android 5.0) AppleWebKit/537.36 (KHTML, like Gecko) Mobile Safari/537.36 (compatible; Bytespider; [email protected])"
172.70.215.57 - - [08/May/2025:11:25:21 +0200] "GET /?bet=xem+sex+g%C3%A1i+gi%C3%A0 HTTP/1.1" 200 999 "-" "Mozilla/5.0 AppleWebKit/537.36 (KHTML, like Gecko; compatible; GPTBot/1.2; +https://openai.com/gptbot)"
172.71.146.181 - - [08/May/2025:11:25:21 +0200] "GET /?i=439622621 HTTP/1.1" 200 93801 "-" "Mozilla/5.0 (compatible; DotBot/1.2; +https://opensiteexplorer.org/dotbot; [email protected])"
162.158.41.87 - - [08/May/2025:11:25:22 +0200] "GET /?i=450787721 HTTP/1.1" 200 93801 "-" "Mozilla/5.0 (compatible; DotBot/1.2; +https://opensiteexplorer.org/dotbot; [email protected])"
172.70.215.57 - - [08/May/2025:11:25:22 +0200] "GET /?hot=g%C3%A1i+goi+cao+c%C3%A2p HTTP/1.1" 200 999 "-" "Mozilla/5.0 AppleWebKit/537.36 (KHTML, like Gecko; compatible; GPTBot/1.2; +https://openai.com/gptbot)"
172.71.150.191 - - [08/May/2025:11:25:23 +0200] "GET /?i=451133821 HTTP/1.1" 200 93801 "-" "Mozilla/5.0 (compatible; DotBot/1.2; +https://opensiteexplorer.org/dotbot; [email protected])"
172.70.215.57 - - [08/May/2025:11:25:24 +0200] "GET /?play=sex+m%C3%A1y+bay+b%C3%A0 HTTP/1.1" 200 999 "-" "Mozilla/5.0 AppleWebKit/537.36 (KHTML, like Gecko; compatible; GPTBot/1.2; +https://openai.com/gptbot)"
162.158.42.17 - - [08/May/2025:11:25:24 +0200] "GET /?i=451903421 HTTP/1.1" 200 93801 "-" "Mozilla/5.0 (compatible; DotBot/1.2; +https://opensiteexplorer.org/dotbot; [email protected])"
172.70.215.57 - - [08/May/2025:11:25:25 +0200] "GET /?bet=c%C3%A1c+b%C3%A0i+tay+sau HTTP/1.1" 200 999 "-" "Mozilla/5.0 AppleWebKit/537.36 (KHTML, like Gecko; compatible; GPTBot/1.2; +https://openai.com/gptbot)"
172.70.215.57 - - [08/May/2025:11:25:26 +0200] "GET /?video=xxx+vi%E1%BB%87t+n%C4%83m HTTP/1.1" 200 999 "-" "Mozilla/5.0 AppleWebKit/537.36 (KHTML, like Gecko; compatible; GPTBot/1.2; +https://openai.com/gptbot)"
162.158.41.207 - - [08/May/2025:11:25:26 +0200] "GET /?i=456908421 HTTP/1.1" 200 93801 "-" "Mozilla/5.0 (compatible; DotBot/1.2; +https://opensiteexplorer.org/dotbot; [email protected])"
172.70.215.57 - - [08/May/2025:11:25:27 +0200] "GET /?keyword=sex+quay+l%C3%A9n+thay+%C4%91%E1%BB%93 HTTP/1.1" 200 999 "-" "Mozilla/5.0 AppleWebKit/537.36 (KHTML, like Gecko; compatible; GPTBot/1.2; +https://openai.com/gptbot)"
172.70.215.57 - - [08/May/2025:11:25:28 +0200] "GET /?game=l%C3%B4+gan+mi%E1%BB%81n+b%E1%BA%AFc+l%C3%B4+gan+mi%E1%BB%81n+b%E1%BA%AFc HTTP/1.1" 200 999 "-" "Mozilla/5.0 AppleWebKit/537.36 (KHTML, like Gecko; compatible; GPTBot/1.2; +https://openai.com/gptbot)"
172.71.150.169 - - [08/May/2025:11:25:29 +0200] "GET /?i=45852321 HTTP/1.1" 200 93801 "-" "Mozilla/5.0 (compatible; DotBot/1.2; +https://opensiteexplorer.org/dotbot; [email protected])"
172.70.215.57 - - [08/May/2025:11:25:29 +0200] "GET /?hot=l%E1%BB%97+nh%E1%BB%8B HTTP/1.1" 200 999 "-" "Mozilla/5.0 AppleWebKit/537.36 (KHTML, like Gecko; compatible; GPTBot/1.2; +https://openai.com/gptbot)"
172.70.215.57 - - [08/May/2025:11:25:30 +0200] "GET /?hot=l%E1%BB%93n+b%E1%BB%B1 HTTP/1.1" 200 999 "-" "Mozilla/5.0 AppleWebKit/537.36 (KHTML, like Gecko; compatible; GPTBot/1.2; +https://openai.com/gptbot)"
172.71.146.183 - - [08/May/2025:11:25:31 +0200] "GET /?i=46256021 HTTP/1.1" 200 93801 "-" "Mozilla/5.0 (compatible; DotBot/1.2; +https://opensiteexplorer.org/dotbot; [email protected])"
172.70.215.57 - - [08/May/2025:11:25:32 +0200] "GET /?bet=l%E1%BB%93n+b%E1%BB%B1 HTTP/1.1" 200 999 "-" "Mozilla/5.0 AppleWebKit/537.36 (KHTML, like Gecko; compatible; GPTBot/1.2; +https://openai.com/gptbot)"
172.70.215.57 - - [08/May/2025:11:25:33 +0200] "GET /?app=l%E1%BB%97+nh%E1%BB%8B HTTP/1.1" 200 999 "-" "Mozilla/5.0 AppleWebKit/537.36 (KHTML, like Gecko; compatible; GPTBot/1.2; +https://openai.com/gptbot)"
172.71.150.190 - - [08/May/2025:11:25:33 +0200] "GET /?i=468913721 HTTP/1.1" 200 93801 "-" "Mozilla/5.0 (compatible; DotBot/1.2; +https://opensiteexplorer.org/dotbot; [email protected])"
172.70.215.57 - - [08/May/2025:11:25:34 +0200] "GET /?bet=l%E1%BB%97+nh%E1%BB%8B HTTP/1.1" 200 999 "-" "Mozilla/5.0 AppleWebKit/537.36 (KHTML, like Gecko; compatible; GPTBot/1.2; +https://openai.com/gptbot)"
172.71.147.93 - - [08/May/2025:11:25:35 +0200] "GET /?i=471517421 HTTP/1.1" 200 93801 "-" "Mozilla/5.0 (compatible; DotBot/1.2; +https://opensiteexplorer.org/dotbot; [email protected])"
172.70.215.57 - - [08/May/2025:11:25:35 +0200] "GET /?top=l%E1%BB%93n+b%E1%BB%B1 HTTP/1.1" 200 999 "-" "Mozilla/5.0 AppleWebKit/537.36 (KHTML, like Gecko; compatible; GPTBot/1.2; +https://openai.com/gptbot)"
172.70.215.57 - - [08/May/2025:11:25:36 +0200] "GET /?app=l%E1%BB%93n+v%E1%BB%A3 HTTP/1.1" 200 999 "-" "Mozilla/5.0 AppleWebKit/537.36 (KHTML, like Gecko; compatible; GPTBot/1.2; +https://openai.com/gptbot)"
172.71.146.100 - - [08/May/2025:11:25:36 +0200] "GET /?i=477667421 HTTP/1.1" 200 93801 "-" "Mozilla/5.0 (compatible; DotBot/1.2; +https://opensiteexplorer.org/dotbot; [email protected])"
172.70.215.57 - - [08/May/2025:11:25:37 +0200] "GET /?ios=l%E1%BB%93n+b%E1%BB%B1 HTTP/1.1" 200 999 "-" "Mozilla/5.0 AppleWebKit/537.36 (KHTML, like Gecko; compatible; GPTBot/1.2; +https://openai.com/gptbot)"
172.68.23.203 - - [08/May/2025:11:25:38 +0200] "GET /?i=481652121 HTTP/1.1" 200 93801 "-" "Mozilla/5.0 (compatible; DotBot/1.2; +https://opensiteexplorer.org/dotbot; [email protected])"
172.70.215.57 - - [08/May/2025:11:25:38 +0200] "GET /?top=l%E1%BB%97+nh%E1%BB%8B HTTP/1.1" 200 999 "-" "Mozilla/5.0 AppleWebKit/537.36 (KHTML, like Gecko; compatible; GPTBot/1.2; +https://openai.com/gptbot)"
172.71.147.93 - - [08/May/2025:11:25:39 +0200] "GET /?i=486006421 HTTP/1.1" 200 93801 "-" "Mozilla/5.0 (compatible; DotBot/1.2; +https://opensiteexplorer.org/dotbot; [email protected])"
172.70.215.57 - - [08/May/2025:11:25:40 +0200] "GET /?play=t%E1%BB%B7+l%E1%BB%87 HTTP/1.1" 200 999 "-" "Mozilla/5.0 AppleWebKit/537.36 (KHTML, like Gecko; compatible; GPTBot/1.2; +https://openai.com/gptbot)"
172.70.215.57 - - [08/May/2025:11:25:41 +0200] "GET /?play=em+g%C3%A1i+n%E1%BB%A9ng HTTP/1.1" 200 999 "-" "Mozilla/5.0 AppleWebKit/537.36 (KHTML, like Gecko; compatible; GPTBot/1.2; +https://openai.com/gptbot)"
172.71.147.201 - - [08/May/2025:11:25:41 +0200] "GET /?i=496899721 HTTP/1.1" 200 93801 "-" "Mozilla/5.0 (compatible; DotBot/1.2; +https://opensiteexplorer.org/dotbot; [email protected])"
172.70.215.57 - - [08/May/2025:11:25:42 +0200] "GET /?hot=sex+vn+%C4%91eo+k%C3%ADnh HTTP/1.1" 200 999 "-" "Mozilla/5.0 AppleWebKit/537.36 (KHTML, like Gecko; compatible; GPTBot/1.2; +https://openai.com/gptbot)"
172.70.215.57 - - [08/May/2025:11:25:43 +0200] "GET /?play=sex+m%C3%BAt+l%E1%BB%93n HTTP/1.1" 200 999 "-" "Mozilla/5.0 AppleWebKit/537.36 (KHTML, like Gecko; compatible; GPTBot/1.2; +https://openai.com/gptbot)"
172.68.22.38 - - [08/May/2025:11:25:44 +0200] "GET /?i=498148721 HTTP/1.1" 200 93801 "-" "Mozilla/5.0 (compatible; DotBot/1.2; +https://opensiteexplorer.org/dotbot; [email protected])"
172.70.215.57 - - [08/May/2025:11:25:44 +0200] "GET /?ios=phim+th%E1%BB%A5+d%C3%A2m HTTP/1.1" 200 999 "-" "Mozilla/5.0 AppleWebKit/537.36 (KHTML, like Gecko; compatible; GPTBot/1.2; +https://openai.com/gptbot)"
172.70.215.57 - - [08/May/2025:11:25:45 +0200] "GET /?bet=sex+m%E1%BB%9Bi+nh%C3%A2t HTTP/1.1" 200 999 "-" "Mozilla/5.0 AppleWebKit/537.36 (KHTML, like Gecko; compatible; GPTBot/1.2; +https://openai.com/gptbot)"
172.71.124.197 - - [08/May/2025:11:25:46 +0200] "GET /?i=247551921 HTTP/1.1" 200 93801 "-" "Mozilla/5.0 (Linux; Android 5.0) AppleWebKit/537.36 (KHTML, like Gecko) Mobile Safari/537.36 (compatible; Bytespider; [email protected])"
172.70.215.57 - - [08/May/2025:11:25:46 +0200] "GET /?produc_id=b%C3%B3p+v%E1%BB%A5 HTTP/1.1" 200 999 "-" "Mozilla/5.0 AppleWebKit/537.36 (KHTML, like Gecko; compatible; GPTBot/1.2; +https://openai.com/gptbot)"
172.71.146.181 - - [08/May/2025:11:25:47 +0200] "GET /?i=499971121 HTTP/1.1" 200 93801 "-" "Mozilla/5.0 (compatible; DotBot/1.2; +https://opensiteexplorer.org/dotbot; [email protected])"
172.68.164.36 - - [08/May/2025:11:25:47 +0200] "GET /IMG/logo/1024x538_cmsv2_c54013e5-8833-5743-86fc-a18b87d54ede-8113070.jpg.webp HTTP/1.1" 200 8812 "http://www.igihango.com/?i=247551921" "Mozilla/5.0 (Linux; Android 5.0) AppleWebKit/537.36 (KHTML, like Gecko) Mobile Safari/537.36 (compatible; Bytespider; [email protected])"
162.158.88.143 - - [08/May/2025:11:25:47 +0200] "GET /IMG/logo/img-20231108-wa0084.jpg HTTP/1.1" 200 8767 "http://www.igihango.com/?i=247551921" "Mozilla/5.0 (Linux; Android 5.0) AppleWebKit/537.36 (KHTML, like Gecko) Mobile Safari/537.36 (compatible; Bytespider; [email protected])"
172.70.215.57 - - [08/May/2025:11:25:48 +0200] "GET /?ios=sex+v%E1%BB%A3+ch%C3%B4ng HTTP/1.1" 200 999 "-" "Mozilla/5.0 AppleWebKit/537.36 (KHTML, like Gecko; compatible; GPTBot/1.2; +https://openai.com/gptbot)"
172.70.215.57 - - [08/May/2025:11:25:49 +0200] "GET /?top=sex+n%C6%B0%E1%BB%9Bc+nga HTTP/1.1" 200 999 "-" "Mozilla/5.0 AppleWebKit/537.36 (KHTML, like Gecko; compatible; GPTBot/1.2; +https://openai.com/gptbot)"
172.71.147.201 - - [08/May/2025:11:25:49 +0200] "GET /?i=51263621 HTTP/1.1" 200 93801 "-" "Mozilla/5.0 (compatible; DotBot/1.2; +https://opensiteexplorer.org/dotbot; [email protected])"
172.70.215.57 - - [08/May/2025:11:25:50 +0200] "GET /?ios=thay+qu%E1%BA%A7n+%C3%A1o HTTP/1.1" 200 999 "-" "Mozilla/5.0 AppleWebKit/537.36 (KHTML, like Gecko; compatible; GPTBot/1.2; +https://openai.com/gptbot)"
172.71.146.101 - - [08/May/2025:11:25:51 +0200] "GET /?i=51441621 HTTP/1.1" 200 93801 "-" "Mozilla/5.0 (compatible; DotBot/1.2; +https://opensiteexplorer.org/dotbot; [email protected])"
172.70.215.57 - - [08/May/2025:11:25:51 +0200] "GET /?ios=sex+m%E1%BB%9Bi+nh%C3%A2t HTTP/1.1" 200 999 "-" "Mozilla/5.0 AppleWebKit/537.36 (KHTML, like Gecko; compatible; GPTBot/1.2; +https://openai.com/gptbot)"
172.70.215.57 - - [08/May/2025:11:25:52 +0200] "GET /?app=phim+sex+b%C3%A1c+s%C4%A9 HTTP/1.1" 200 999 "-" "Mozilla/5.0 AppleWebKit/537.36 (KHTML, like Gecko; compatible; GPTBot/1.2; +https://openai.com/gptbot)"
162.158.42.195 - - [08/May/2025:11:25:53 +0200] "GET /?i=52245321 HTTP/1.1" 200 93801 "-" "Mozilla/5.0 (compatible; DotBot/1.2; +https://opensiteexplorer.org/dotbot; [email protected])"
172.70.215.57 - - [08/May/2025:11:25:53 +0200] "GET /?play=sex+ra+n%C6%B0%E1%BB%9Bc HTTP/1.1" 200 999 "-" "Mozilla/5.0 AppleWebKit/537.36 (KHTML, like Gecko; compatible; GPTBot/1.2; +https://openai.com/gptbot)"
172.68.22.2 - - [08/May/2025:11:25:54 +0200] "GET /?i=63548821 HTTP/1.1" 200 93801 "-" "Mozilla/5.0 (compatible; DotBot/1.2; +https://opensiteexplorer.org/dotbot; [email protected])"
172.70.215.57 - - [08/May/2025:11:25:55 +0200] "GET /?hot=du+doan+xs+3+mi%E1%BB%81n HTTP/1.1" 200 999 "-" "Mozilla/5.0 AppleWebKit/537.36 (KHTML, like Gecko; compatible; GPTBot/1.2; +https://openai.com/gptbot)"
162.158.41.7 - - [08/May/2025:11:25:56 +0200] "GET /?i=64368621 HTTP/1.1" 200 93801 "-" "Mozilla/5.0 (compatible; DotBot/1.2; +https://opensiteexplorer.org/dotbot; [email protected])"
172.70.215.57 - - [08/May/2025:11:25:56 +0200] "GET /?bet=sex+thu%E1%BB%91c+m%C3%AA HTTP/1.1" 200 999 "-" "Mozilla/5.0 AppleWebKit/537.36 (KHTML, like Gecko; compatible; GPTBot/1.2; +https://openai.com/gptbot)"
172.68.22.2 - - [08/May/2025:11:25:57 +0200] "GET /?i=71794221 HTTP/1.1" 200 93801 "-" "Mozilla/5.0 (compatible; DotBot/1.2; +https://opensiteexplorer.org/dotbot; [email protected])"
172.70.215.57 - - [08/May/2025:11:25:57 +0200] "GET /?app=thu%E1%BB%91c+m%C3%AA+jav HTTP/1.1" 200 999 "-" "Mozilla/5.0 AppleWebKit/537.36 (KHTML, like Gecko; compatible; GPTBot/1.2; +https://openai.com/gptbot)"
172.70.215.57 - - [08/May/2025:11:25:58 +0200] "GET /?hot=sex+v%E1%BB%A3+ch%C3%B4ng HTTP/1.1" 200 999 "-" "Mozilla/5.0 AppleWebKit/537.36 (KHTML, like Gecko; compatible; GPTBot/1.2; +https://openai.com/gptbot)"
172.71.142.78 - - [08/May/2025:11:25:58 +0200] "GET /?i=85088321 HTTP/1.1" 200 93801 "-" "Mozilla/5.0 (compatible; DotBot/1.2; +https://opensiteexplorer.org/dotbot; [email protected])"
172.70.215.57 - - [08/May/2025:11:25:59 +0200] "GET /?bet=phim+th%E1%BB%A5+d%C3%A2m HTTP/1.1" 200 999 "-" "Mozilla/5.0 AppleWebKit/537.36 (KHTML, like Gecko; compatible; GPTBot/1.2; +https://openai.com/gptbot)"
172.71.151.77 - - [08/May/2025:11:25:59 +0200] "GET /?i=9531421 HTTP/1.1" 200 93801 "-" "Mozilla/5.0 (compatible; DotBot/1.2; +https://opensiteexplorer.org/dotbot; [email protected])"
172.70.215.57 - - [08/May/2025:11:26:00 +0200] "GET /?ios=ch%E1%BB%8Bch+em+d%C3%A2u HTTP/1.1" 200 999 "-" "Mozilla/5.0 AppleWebKit/537.36 (KHTML, like Gecko; compatible; GPTBot/1.2; +https://openai.com/gptbot)"
162.158.41.239 - - [08/May/2025:11:26:01 +0200] "GET /?i=81860421 HTTP/1.1" 200 93801 "-" "Mozilla/5.0 (compatible; DotBot/1.2; +https://opensiteexplorer.org/dotbot; [email protected])"
172.70.215.57 - - [08/May/2025:11:26:02 +0200] "GET /?ios=phim+sex+%C4%91%C3%ADt+to HTTP/1.1" 200 999 "-" "Mozilla/5.0 AppleWebKit/537.36 (KHTML, like Gecko; compatible; GPTBot/1.2; +https://openai.com/gptbot)"
162.158.41.239 - - [08/May/2025:11:26:02 +0200] "GET /?i=10233921 HTTP/1.1" 200 93801 "-" "Mozilla/5.0 (compatible; DotBot/1.2; +https://opensiteexplorer.org/dotbot; [email protected])"
172.70.215.57 - - [08/May/2025:11:26:03 +0200] "GET /?produc_id=c%C3%B4+ch%E1%BB%A7 HTTP/1.1" 200 999 "-" "Mozilla/5.0 AppleWebKit/537.36 (KHTML, like Gecko; compatible; GPTBot/1.2; +https://openai.com/gptbot)"
172.68.22.3 - - [08/May/2025:11:26:03 +0200] "GET /?i=105549421 HTTP/1.1" 200 93801 "-" "Mozilla/5.0 (compatible; DotBot/1.2; +https://opensiteexplorer.org/dotbot; [email protected])"
172.70.215.57 - - [08/May/2025:11:26:04 +0200] "GET /?play=sex+c%E1%BB%B1c+d%C3%A2m HTTP/1.1" 200 999 "-" "Mozilla/5.0 AppleWebKit/537.36 (KHTML, like Gecko; compatible; GPTBot/1.2; +https://openai.com/gptbot)"
172.71.150.169 - - [08/May/2025:11:26:04 +0200] "GET /?i=10573521 HTTP/1.1" 200 93801 "-" "Mozilla/5.0 (compatible; DotBot/1.2; +https://opensiteexplorer.org/dotbot; [email protected])"
172.70.215.57 - - [08/May/2025:11:26:05 +0200] "GET /?ios=tr%E1%BA%A7n+h%C3%A0+lunh HTTP/1.1" 200 999 "-" "Mozilla/5.0 AppleWebKit/537.36 (KHTML, like Gecko; compatible; GPTBot/1.2; +https://openai.com/gptbot)"
108.162.245.118 - - [08/May/2025:11:26:05 +0200] "GET /?i=11586621 HTTP/1.1" 200 93801 "-" "Mozilla/5.0 (compatible; DotBot/1.2; +https://opensiteexplorer.org/dotbot; [email protected])"
172.70.215.57 - - [08/May/2025:11:26:06 +0200] "GET /?hot=sex+h%C3%A0n+d%E1%BB%8Bch HTTP/1.1" 200 999 "-" "Mozilla/5.0 AppleWebKit/537.36 (KHTML, like Gecko; compatible; GPTBot/1.2; +https://openai.com/gptbot)"
162.158.42.225 - - [08/May/2025:11:26:06 +0200] "GET /?i=118863821 HTTP/1.1" 200 93801 "-" "Mozilla/5.0 (compatible; DotBot/1.2; +https://opensiteexplorer.org/dotbot; [email protected])"
172.70.215.57 - - [08/May/2025:11:26:07 +0200] "GET /?top=sex+g%C3%A1i+n%E1%BB%A9ng HTTP/1.1" 200 999 "-" "Mozilla/5.0 AppleWebKit/537.36 (KHTML, like Gecko; compatible; GPTBot/1.2; +https://openai.com/gptbot)"
172.68.22.39 - - [08/May/2025:11:26:07 +0200] "GET /?i=123231421 HTTP/1.1" 200 93801 "-" "Mozilla/5.0 (compatible; DotBot/1.2; +https://opensiteexplorer.org/dotbot; [email protected])"
172.71.146.100 - - [08/May/2025:11:26:08 +0200] "GET /?i=134928121 HTTP/1.1" 200 93801 "-" "Mozilla/5.0 (compatible; DotBot/1.2; +https://opensiteexplorer.org/dotbot; [email protected])"
172.70.215.57 - - [08/May/2025:11:26:08 +0200] "GET /?ios=th%E1%BB%A7+d%C3%A2m+phim HTTP/1.1" 200 999 "-" "Mozilla/5.0 AppleWebKit/537.36 (KHTML, like Gecko; compatible; GPTBot/1.2; +https://openai.com/gptbot)"
172.68.23.203 - - [08/May/2025:11:26:09 +0200] "GET /?i=13974121 HTTP/1.1" 200 93801 "-" "Mozilla/5.0 (compatible; DotBot/1.2; +https://opensiteexplorer.org/dotbot; [email protected])"
172.70.215.57 - - [08/May/2025:11:26:10 +0200] "GET /?app=sex+v%E1%BB%A3+ch%C3%B4ng HTTP/1.1" 200 999 "-" "Mozilla/5.0 AppleWebKit/537.36 (KHTML, like Gecko; compatible; GPTBot/1.2; +https://openai.com/gptbot)"
172.71.142.60 - - [08/May/2025:11:26:10 +0200] "GET /?i=145613021 HTTP/1.1" 200 93801 "-" "Mozilla/5.0 (compatible; DotBot/1.2; +https://opensiteexplorer.org/dotbot; [email protected])"
172.70.215.57 - - [08/May/2025:11:26:11 +0200] "GET /?top=phim+sex+%C4%91%C3%ADt+to HTTP/1.1" 200 999 "-" "Mozilla/5.0 AppleWebKit/537.36 (KHTML, like Gecko; compatible; GPTBot/1.2; +https://openai.com/gptbot)"
172.71.142.45 - - [08/May/2025:11:26:11 +0200] "GET /?i=145785121 HTTP/1.1" 200 93801 "-" "Mozilla/5.0 (compatible; DotBot/1.2; +https://opensiteexplorer.org/dotbot; [email protected])"
172.68.22.39 - - [08/May/2025:11:26:12 +0200] "GET /?i=154368621 HTTP/1.1" 200 93801 "-" "Mozilla/5.0 (compatible; DotBot/1.2; +https://opensiteexplorer.org/dotbot; [email protected])"
108.162.227.7 - - [08/May/2025:11:26:13 +0200] "GET /?i=495697521 HTTP/1.1" 200 93801 "-" "Mozilla/5.0 (Linux; Android 5.0) AppleWebKit/537.36 (KHTML, like Gecko) Mobile Safari/537.36 (compatible; Bytespider; [email protected])"
172.70.215.57 - - [08/May/2025:11:26:12 +0200] "GET /?ios=phim+sex+b%C3%A1c+s%C4%A9 HTTP/1.1" 200 999 "-" "Mozilla/5.0 AppleWebKit/537.36 (KHTML, like Gecko; compatible; GPTBot/1.2; +https://openai.com/gptbot)"
172.71.146.181 - - [08/May/2025:11:26:13 +0200] "GET /?i=154372721 HTTP/1.1" 200 93801 "-" "Mozilla/5.0 (compatible; DotBot/1.2; +https://opensiteexplorer.org/dotbot; [email protected])"
172.70.215.57 - - [08/May/2025:11:26:13 +0200] "GET /?top=phim+ch%E1%BB%8B+d%C3%A2u HTTP/1.1" 200 999 "-" "Mozilla/5.0 AppleWebKit/537.36 (KHTML, like Gecko; compatible; GPTBot/1.2; +https://openai.com/gptbot)"
172.68.164.37 - - [08/May/2025:11:26:14 +0200] "GET /IMG/logo/1024x538_cmsv2_c54013e5-8833-5743-86fc-a18b87d54ede-8113070.jpg.webp HTTP/1.1" 200 8812 "http://www.igihango.com/?i=495697521" "Mozilla/5.0 (Linux; Android 5.0) AppleWebKit/537.36 (KHTML, like Gecko) Mobile Safari/537.36 (compatible; Bytespider; [email protected])"
162.158.88.143 - - [08/May/2025:11:26:14 +0200] "GET /IMG/logo/img-20231108-wa0084.jpg HTTP/1.1" 200 8767 "http://www.igihango.com/?i=495697521" "Mozilla/5.0 (Linux; Android 5.0) AppleWebKit/537.36 (KHTML, like Gecko) Mobile Safari/537.36 (compatible; Bytespider; [email protected])"
162.158.41.207 - - [08/May/2025:11:26:14 +0200] "GET /?i=157523021 HTTP/1.1" 200 93801 "-" "Mozilla/5.0 (compatible; DotBot/1.2; +https://opensiteexplorer.org/dotbot; [email protected])"
172.70.215.57 - - [08/May/2025:11:26:14 +0200] "GET /?app=sex+gia+%C4%91%C3%ACnh+vn HTTP/1.1" 200 999 "-" "Mozilla/5.0 AppleWebKit/537.36 (KHTML, like Gecko; compatible; GPTBot/1.2; +https://openai.com/gptbot)"
162.158.41.207 - - [08/May/2025:11:26:15 +0200] "GET /?i=159235221 HTTP/1.1" 200 93801 "-" "Mozilla/5.0 (compatible; DotBot/1.2; +https://opensiteexplorer.org/dotbot; [email protected])"
172.70.215.57 - - [08/May/2025:11:26:16 +0200] "GET /?top=sex+b%E1%BA%B1ng+m%C3%A1y HTTP/1.1" 200 999 "-" "Mozilla/5.0 AppleWebKit/537.36 (KHTML, like Gecko; compatible; GPTBot/1.2; +https://openai.com/gptbot)"
162.158.42.196 - - [08/May/2025:11:26:16 +0200] "GET /?i=160964921 HTTP/1.1" 200 93801 "-" "Mozilla/5.0 (compatible; DotBot/1.2; +https://opensiteexplorer.org/dotbot; [email protected])"
172.70.215.57 - - [08/May/2025:11:26:17 +0200] "GET /?play=sex+b%C3%BA+bu%E1%BB%93i HTTP/1.1" 200 999 "-" "Mozilla/5.0 AppleWebKit/537.36 (KHTML, like Gecko; compatible; GPTBot/1.2; +https://openai.com/gptbot)"
172.68.23.204 - - [08/May/2025:11:26:17 +0200] "GET /?i=170236521 HTTP/1.1" 200 93801 "-" "Mozilla/5.0 (compatible; DotBot/1.2; +https://opensiteexplorer.org/dotbot; [email protected])"
172.70.215.57 - - [08/May/2025:11:26:18 +0200] "GET /?ios=jav+b%E1%BA%A1n+th%C3%A2n HTTP/1.1" 200 999 "-" "Mozilla/5.0 AppleWebKit/537.36 (KHTML, like Gecko; compatible; GPTBot/1.2; +https://openai.com/gptbot)"
162.158.41.86 - - [08/May/2025:11:26:18 +0200] "GET /?i=177911521 HTTP/1.1" 200 93801 "-" "Mozilla/5.0 (compatible; DotBot/1.2; +https://opensiteexplorer.org/dotbot; [email protected])"
172.70.215.57 - - [08/May/2025:11:26:19 +0200] "GET /?bet=sex+v%E1%BB%A3+ch%C3%B4ng HTTP/1.1" 200 999 "-" "Mozilla/5.0 AppleWebKit/537.36 (KHTML, like Gecko; compatible; GPTBot/1.2; +https://openai.com/gptbot)"
162.158.41.86 - - [08/May/2025:11:26:19 +0200] "GET /?i=181285921 HTTP/1.1" 200 93801 "-" "Mozilla/5.0 (compatible; DotBot/1.2; +https://opensiteexplorer.org/dotbot; [email protected])"
172.70.215.57 - - [08/May/2025:11:26:20 +0200] "GET /?bet=thay+qu%E1%BA%A7n+%C3%A1o HTTP/1.1" 200 999 "-" "Mozilla/5.0 AppleWebKit/537.36 (KHTML, like Gecko; compatible; GPTBot/1.2; +https://openai.com/gptbot)"
162.158.41.7 - - [08/May/2025:11:26:20 +0200] "GET /?i=187713921 HTTP/1.1" 200 93801 "-" "Mozilla/5.0 (compatible; DotBot/1.2; +https://opensiteexplorer.org/dotbot; [email protected])"
172.68.23.204 - - [08/May/2025:11:26:21 +0200] "GET /?i=193434421 HTTP/1.1" 200 93801 "-" "Mozilla/5.0 (compatible; DotBot/1.2; +https://opensiteexplorer.org/dotbot; [email protected])"
172.70.215.57 - - [08/May/2025:11:26:21 +0200] "GET /?top=du+doan+xs+3+mi%E1%BB%81n HTTP/1.1" 200 999 "-" "Mozilla/5.0 AppleWebKit/537.36 (KHTML, like Gecko; compatible; GPTBot/1.2; +https://openai.com/gptbot)"
162.158.41.19 - - [08/May/2025:11:26:22 +0200] "GET /?i=199378821 HTTP/1.1" 200 93801 "-" "Mozilla/5.0 (compatible; DotBot/1.2; +https://opensiteexplorer.org/dotbot; [email protected])"
172.70.215.57 - - [08/May/2025:11:26:22 +0200] "GET /?ios=th%E1%BB%A7+d%C3%A2m+xnxx HTTP/1.1" 200 999 "-" "Mozilla/5.0 AppleWebKit/537.36 (KHTML, like Gecko; compatible; GPTBot/1.2; +https://openai.com/gptbot)"
172.68.23.204 - - [08/May/2025:11:26:23 +0200] "GET /?i=203666921 HTTP/1.1" 200 93801 "-" "Mozilla/5.0 (compatible; DotBot/1.2; +https://opensiteexplorer.org/dotbot; [email protected])"
172.70.215.57 - - [08/May/2025:11:26:24 +0200] "GET /?ios=g%C3%A1i+l%E1%BA%A7u+xanh HTTP/1.1" 200 999 "-" "Mozilla/5.0 AppleWebKit/537.36 (KHTML, like Gecko; compatible; GPTBot/1.2; +https://openai.com/gptbot)"
172.70.215.57 - - [08/May/2025:11:26:25 +0200] "GET /?top=ch%E1%BB%8Bch+em+d%C3%A2u HTTP/1.1" 200 999 "-" "Mozilla/5.0 AppleWebKit/537.36 (KHTML, like Gecko; compatible; GPTBot/1.2; +https://openai.com/gptbot)"
162.158.41.248 - - [08/May/2025:11:26:25 +0200] "GET /?i=213707721 HTTP/1.1" 200 93801 "-" "Mozilla/5.0 (compatible; DotBot/1.2; +https://opensiteexplorer.org/dotbot; [email protected])"
172.70.215.57 - - [08/May/2025:11:26:26 +0200] "GET /?ios=sex+gia+%C4%91%C3%ACnh+vn HTTP/1.1" 200 999 "-" "Mozilla/5.0 AppleWebKit/537.36 (KHTML, like Gecko; compatible; GPTBot/1.2; +https://openai.com/gptbot)"
162.158.41.6 - - [08/May/2025:11:26:27 +0200] "GET /?i=214078021 HTTP/1.1" 200 93801 "-" "Mozilla/5.0 (compatible; DotBot/1.2; +https://opensiteexplorer.org/dotbot; [email protected])"
172.70.215.57 - - [08/May/2025:11:26:27 +0200] "GET /?app=sex+t%C3%AAn+tr%E1%BB%99m HTTP/1.1" 200 999 "-" "Mozilla/5.0 AppleWebKit/537.36 (KHTML, like Gecko; compatible; GPTBot/1.2; +https://openai.com/gptbot)"
172.70.215.57 - - [08/May/2025:11:26:28 +0200] "GET /?ios=sex+say+r%C6%B0%E1%BB%A3u HTTP/1.1" 200 999 "-" "Mozilla/5.0 AppleWebKit/537.36 (KHTML, like Gecko; compatible; GPTBot/1.2; +https://openai.com/gptbot)"
172.70.215.57 - - [08/May/2025:11:26:29 +0200] "GET /?hot=sex+n%C6%B0%E1%BB%9Bc+nga HTTP/1.1" 200 999 "-" "Mozilla/5.0 AppleWebKit/537.36 (KHTML, like Gecko; compatible; GPTBot/1.2; +https://openai.com/gptbot)"
108.162.245.119 - - [08/May/2025:11:26:30 +0200] "GET /?i=220972021 HTTP/1.1" 200 93801 "-" "Mozilla/5.0 (compatible; DotBot/1.2; +https://opensiteexplorer.org/dotbot; [email protected])"
172.70.215.57 - - [08/May/2025:11:26:30 +0200] "GET /?hot=sex+m%E1%BB%9Bi+nh%C3%A2t HTTP/1.1" 200 999 "-" "Mozilla/5.0 AppleWebKit/537.36 (KHTML, like Gecko; compatible; GPTBot/1.2; +https://openai.com/gptbot)"
172.70.215.57 - - [08/May/2025:11:26:32 +0200] "GET /?hot=sex+thu%E1%BB%91c+m%C3%AA HTTP/1.1" 200 999 "-" "Mozilla/5.0 AppleWebKit/537.36 (KHTML, like Gecko; compatible; GPTBot/1.2; +https://openai.com/gptbot)"
162.158.42.8 - - [08/May/2025:11:26:32 +0200] "GET /?i=2232221 HTTP/1.1" 200 93801 "-" "Mozilla/5.0 (compatible; DotBot/1.2; +https://opensiteexplorer.org/dotbot; [email protected])"
172.70.215.57 - - [08/May/2025:11:26:33 +0200] "GET /?bet=sex+h%C3%A0n+d%E1%BB%8Bch HTTP/1.1" 200 999 "-" "Mozilla/5.0 AppleWebKit/537.36 (KHTML, like Gecko; compatible; GPTBot/1.2; +https://openai.com/gptbot)"
172.70.215.57 - - [08/May/2025:11:26:34 +0200] "GET /?bet=th%E1%BB%A7+d%C3%A2m+phim HTTP/1.1" 200 999 "-" "Mozilla/5.0 AppleWebKit/537.36 (KHTML, like Gecko; compatible; GPTBot/1.2; +https://openai.com/gptbot)"
172.68.22.38 - - [08/May/2025:11:26:35 +0200] "GET /?i=224903921 HTTP/1.1" 200 93801 "-" "Mozilla/5.0 (compatible; DotBot/1.2; +https://opensiteexplorer.org/dotbot; [email protected])"
172.70.215.57 - - [08/May/2025:11:26:35 +0200] "GET /?play=sex+g%C3%A1i+m%E1%BB%9Bi HTTP/1.1" 200 999 "-" "Mozilla/5.0 AppleWebKit/537.36 (KHTML, like Gecko; compatible; GPTBot/1.2; +https://openai.com/gptbot)"
172.70.215.57 - - [08/May/2025:11:26:36 +0200] "GET /?hot=phim+sex+%C4%91%C3%ADt+to HTTP/1.1" 200 999 "-" "Mozilla/5.0 AppleWebKit/537.36 (KHTML, like Gecko; compatible; GPTBot/1.2; +https://openai.com/gptbot)"
172.70.215.57 - - [08/May/2025:11:26:37 +0200] "GET /?ios=sex+vn+%C4%91eo+k%C3%ADnh HTTP/1.1" 200 999 "-" "Mozilla/5.0 AppleWebKit/537.36 (KHTML, like Gecko; compatible; GPTBot/1.2; +https://openai.com/gptbot)"
162.158.41.207 - - [08/May/2025:11:26:37 +0200] "GET /?i=232355221 HTTP/1.1" 200 93801 "-" "Mozilla/5.0 (compatible; DotBot/1.2; +https://opensiteexplorer.org/dotbot; [email protected])"
172.70.215.57 - - [08/May/2025:11:26:38 +0200] "GET /?play=xex+b%E1%BA%A1o+d%C3%A2m HTTP/1.1" 200 999 "-" "Mozilla/5.0 AppleWebKit/537.36 (KHTML, like Gecko; compatible; GPTBot/1.2; +https://openai.com/gptbot)"
172.69.176.3 - - [08/May/2025:11:26:39 +0200] "GET /?i=140619621 HTTP/1.1" 200 93801 "-" "Mozilla/5.0 (Linux; Android 5.0) AppleWebKit/537.36 (KHTML, like Gecko) Mobile Safari/537.36 (compatible; Bytespider; [email protected])"
172.68.22.73 - - [08/May/2025:11:26:39 +0200] "GET /?i=234427221 HTTP/1.1" 200 93801 "-" "Mozilla/5.0 (compatible; DotBot/1.2; +https://opensiteexplorer.org/dotbot; [email protected])"
172.68.164.37 - - [08/May/2025:11:26:40 +0200] "GET /IMG/logo/1024x538_cmsv2_c54013e5-8833-5743-86fc-a18b87d54ede-8113070.jpg.webp HTTP/1.1" 200 8812 "http://www.igihango.com/?i=140619621" "Mozilla/5.0 (Linux; Android 5.0) AppleWebKit/537.36 (KHTML, like Gecko) Mobile Safari/537.36 (compatible; Bytespider; [email protected])"
172.70.215.57 - - [08/May/2025:11:26:40 +0200] "GET /?bet=sex+qu%E1%BA%A7n+l%C3%B3t HTTP/1.1" 200 999 "-" "Mozilla/5.0 AppleWebKit/537.36 (KHTML, like Gecko; compatible; GPTBot/1.2; +https://openai.com/gptbot)"
162.158.88.143 - - [08/May/2025:11:26:40 +0200] "GET /IMG/logo/img-20231108-wa0084.jpg HTTP/1.1" 200 8767 "http://www.igihango.com/?i=140619621" "Mozilla/5.0 (Linux; Android 5.0) AppleWebKit/537.36 (KHTML, like Gecko) Mobile Safari/537.36 (compatible; Bytespider; [email protected])"
172.70.215.57 - - [08/May/2025:11:26:41 +0200] "GET /?hot=phim+ch%E1%BB%8B+d%C3%A2u HTTP/1.1" 200 999 "-" "Mozilla/5.0 AppleWebKit/537.36 (KHTML, like Gecko; compatible; GPTBot/1.2; +https://openai.com/gptbot)"
108.162.246.68 - - [08/May/2025:11:26:41 +0200] "GET /?i=236046321 HTTP/1.1" 200 93801 "-" "Mozilla/5.0 (compatible; DotBot/1.2; +https://opensiteexplorer.org/dotbot; [email protected])"
172.70.215.57 - - [08/May/2025:11:26:42 +0200] "GET /?top=phim+sex+%C3%A2u+my%CC%83 HTTP/1.1" 200 999 "-" "Mozilla/5.0 AppleWebKit/537.36 (KHTML, like Gecko; compatible; GPTBot/1.2; +https://openai.com/gptbot)"
172.71.150.67 - - [08/May/2025:11:26:42 +0200] "GET /?i=240464021 HTTP/1.1" 200 93801 "-" "Mozilla/5.0 (compatible; DotBot/1.2; +https://opensiteexplorer.org/dotbot; [email protected])"
172.70.215.57 - - [08/May/2025:11:26:43 +0200] "GET /?hot=thu%E1%BB%91c+m%C3%AA+jav HTTP/1.1" 200 999 "-" "Mozilla/5.0 AppleWebKit/537.36 (KHTML, like Gecko; compatible; GPTBot/1.2; +https://openai.com/gptbot)"
172.71.151.94 - - [08/May/2025:11:26:43 +0200] "GET /?i=247577521 HTTP/1.1" 200 93801 "-" "Mozilla/5.0 (compatible; DotBot/1.2; +https://opensiteexplorer.org/dotbot; [email protected])"
172.70.215.57 - - [08/May/2025:11:26:44 +0200] "GET /?ios=sex+h%C3%A0n+d%E1%BB%8Bch HTTP/1.1" 200 999 "-" "Mozilla/5.0 AppleWebKit/537.36 (KHTML, like Gecko; compatible; GPTBot/1.2; +https://openai.com/gptbot)"
162.158.42.225 - - [08/May/2025:11:26:44 +0200] "GET /?i=250840921 HTTP/1.1" 200 93801 "-" "Mozilla/5.0 (compatible; DotBot/1.2; +https://opensiteexplorer.org/dotbot; [email protected])"
172.70.215.57 - - [08/May/2025:11:26:45 +0200] "GET /?app=clip+th%E1%BB%A7+d%C3%A2m HTTP/1.1" 200 999 "-" "Mozilla/5.0 AppleWebKit/537.36 (KHTML, like Gecko; compatible; GPTBot/1.2; +https://openai.com/gptbot)"
172.71.147.202 - - [08/May/2025:11:26:45 +0200] "GET /?i=256405021 HTTP/1.1" 200 93801 "-" "Mozilla/5.0 (compatible; DotBot/1.2; +https://opensiteexplorer.org/dotbot; [email protected])"
172.70.215.57 - - [08/May/2025:11:26:46 +0200] "GET /?bet=phim+sex+b%C3%A1c+s%C4%A9 HTTP/1.1" 200 999 "-" "Mozilla/5.0 AppleWebKit/537.36 (KHTML, like Gecko; compatible; GPTBot/1.2; +https://openai.com/gptbot)"
172.70.215.57 - - [08/May/2025:11:26:48 +0200] "GET /?bet=sex+say+r%C6%B0%E1%BB%A3u HTTP/1.1" 200 999 "-" "Mozilla/5.0 AppleWebKit/537.36 (KHTML, like Gecko; compatible; GPTBot/1.2; +https://openai.com/gptbot)"
162.158.42.236 - - [08/May/2025:11:26:48 +0200] "GET /?i=256459721 HTTP/1.1" 200 93801 "-" "Mozilla/5.0 (compatible; DotBot/1.2; +https://opensiteexplorer.org/dotbot; [email protected])"
172.70.215.57 - - [08/May/2025:11:26:49 +0200] "GET /?bet=phim+sex+%C3%A2u+my%CC%83 HTTP/1.1" 200 999 "-" "Mozilla/5.0 AppleWebKit/537.36 (KHTML, like Gecko; compatible; GPTBot/1.2; +https://openai.com/gptbot)"
172.70.215.57 - - [08/May/2025:11:26:50 +0200] "GET /?hot=sex+b%E1%BA%B1ng+m%C3%A1y HTTP/1.1" 200 999 "-" "Mozilla/5.0 AppleWebKit/537.36 (KHTML, like Gecko; compatible; GPTBot/1.2; +https://openai.com/gptbot)"
172.71.150.67 - - [08/May/2025:11:26:50 +0200] "GET /?i=257948421 HTTP/1.1" 200 93801 "-" "Mozilla/5.0 (compatible; DotBot/1.2; +https://opensiteexplorer.org/dotbot; [email protected])"
172.70.215.57 - - [08/May/2025:11:26:51 +0200] "GET /?top=xnxx+ch%E1%BB%8B+d%C3%A2u HTTP/1.1" 200 999 "-" "Mozilla/5.0 AppleWebKit/537.36 (KHTML, like Gecko; compatible; GPTBot/1.2; +https://openai.com/gptbot)"
162.158.42.7 - - [08/May/2025:11:26:52 +0200] "GET /?i=264545721 HTTP/1.1" 200 93801 "-" "Mozilla/5.0 (compatible; DotBot/1.2; +https://opensiteexplorer.org/dotbot; [email protected])"
172.70.215.57 - - [08/May/2025:11:26:52 +0200] "GET /?hot=phim+sex+%C3%A2u+my%CC%83 HTTP/1.1" 200 999 "-" "Mozilla/5.0 AppleWebKit/537.36 (KHTML, like Gecko; compatible; GPTBot/1.2; +https://openai.com/gptbot)"
172.70.215.57 - - [08/May/2025:11:26:53 +0200] "GET /?play=ch%E1%BB%8Bch+em+b%C3%A9 HTTP/1.1" 200 999 "-" "Mozilla/5.0 AppleWebKit/537.36 (KHTML, like Gecko; compatible; GPTBot/1.2; +https://openai.com/gptbot)"
172.71.146.108 - - [08/May/2025:11:26:54 +0200] "GET /?i=267881721 HTTP/1.1" 200 93801 "-" "Mozilla/5.0 (compatible; DotBot/1.2; +https://opensiteexplorer.org/dotbot; [email protected])"
172.70.215.57 - - [08/May/2025:11:26:55 +0200] "GET /?ios=phim+ch%E1%BB%8B+d%C3%A2u HTTP/1.1" 200 999 "-" "Mozilla/5.0 AppleWebKit/537.36 (KHTML, like Gecko; compatible; GPTBot/1.2; +https://openai.com/gptbot)"
108.162.245.152 - - [08/May/2025:11:26:56 +0200] "GET /?i=271196121 HTTP/1.1" 200 93801 "-" "Mozilla/5.0 (compatible; DotBot/1.2; +https://opensiteexplorer.org/dotbot; [email protected])"
172.70.215.57 - - [08/May/2025:11:26:56 +0200] "GET /?keyword=g%C3%A1i+xinh+ch%C3%A2u+%C3%A2u+sex HTTP/1.1" 200 999 "-" "Mozilla/5.0 AppleWebKit/537.36 (KHTML, like Gecko; compatible; GPTBot/1.2; +https://openai.com/gptbot)"
172.70.215.57 - - [08/May/2025:11:26:57 +0200] "GET /?keyword=sex+c%E1%BB%95+trung+qu%E1%BB%91c HTTP/1.1" 200 999 "-" "Mozilla/5.0 AppleWebKit/537.36 (KHTML, like Gecko; compatible; GPTBot/1.2; +https://openai.com/gptbot)"
172.71.142.45 - - [08/May/2025:11:26:57 +0200] "GET /?i=28084421 HTTP/1.1" 200 93801 "-" "Mozilla/5.0 (compatible; DotBot/1.2; +https://opensiteexplorer.org/dotbot; [email protected])"
172.70.215.57 - - [08/May/2025:11:26:58 +0200] "GET /?produc_id=sex+c%E1%BB%95+trung+qu%E1%BB%91c HTTP/1.1" 200 999 "-" "Mozilla/5.0 AppleWebKit/537.36 (KHTML, like Gecko; compatible; GPTBot/1.2; +https://openai.com/gptbot)"
162.158.42.235 - - [08/May/2025:11:26:58 +0200] "GET /?i=281067021 HTTP/1.1" 200 93801 "-" "Mozilla/5.0 (compatible; DotBot/1.2; +https://opensiteexplorer.org/dotbot; [email protected])"
172.70.215.57 - - [08/May/2025:11:26:59 +0200] "GET /?keyword=sex+ch%C3%A2u+%C3%A2u+g%C3%A1i+xinh HTTP/1.1" 200 999 "-" "Mozilla/5.0 AppleWebKit/537.36 (KHTML, like Gecko; compatible; GPTBot/1.2; +https://openai.com/gptbot)"
172.71.147.56 - - [08/May/2025:11:27:00 +0200] "GET /?i=286426821 HTTP/1.1" 200 93801 "-" "Mozilla/5.0 (compatible; DotBot/1.2; +https://opensiteexplorer.org/dotbot; [email protected])"
172.70.215.57 - - [08/May/2025:11:27:00 +0200] "GET /?keyword=sex+g%C3%A1i+ch%C3%A2u+%C3%A2u+xinh HTTP/1.1" 200 999 "-" "Mozilla/5.0 AppleWebKit/537.36 (KHTML, like Gecko; compatible; GPTBot/1.2; +https://openai.com/gptbot)"
172.70.215.57 - - [08/May/2025:11:27:01 +0200] "GET /?produc_id=phim+sex+massage+k%C3%ADch+d%E1%BB%A5c+vi%E1%BB%87t+nam HTTP/1.1" 200 999 "-" "Mozilla/5.0 AppleWebKit/537.36 (KHTML, like Gecko; compatible; GPTBot/1.2; +https://openai.com/gptbot)"
172.68.23.204 - - [08/May/2025:11:27:01 +0200] "GET /?i=293646221 HTTP/1.1" 200 93801 "-" "Mozilla/5.0 (compatible; DotBot/1.2; +https://opensiteexplorer.org/dotbot; [email protected])"
172.70.215.57 - - [08/May/2025:11:27:02 +0200] "GET /?game=phim+sex+ng%C6%B0%E1%BB%9Di+m%E1%BA%ABu+nam HTTP/1.1" 200 999 "-" "Mozilla/5.0 AppleWebKit/537.36 (KHTML, like Gecko; compatible; GPTBot/1.2; +https://openai.com/gptbot)"
172.71.146.100 - - [08/May/2025:11:27:03 +0200] "GET /?i=303161521 HTTP/1.1" 200 93801 "-" "Mozilla/5.0 (compatible; DotBot/1.2; +https://opensiteexplorer.org/dotbot; [email protected])"
172.70.215.57 - - [08/May/2025:11:27:04 +0200] "GET /?keyword=sex+g%C3%A1i+nh%E1%BA%ADt+b%E1%BA%A3n HTTP/1.1" 200 999 "-" "Mozilla/5.0 AppleWebKit/537.36 (KHTML, like Gecko; compatible; GPTBot/1.2; +https://openai.com/gptbot)"
172.70.215.57 - - [08/May/2025:11:27:05 +0200] "GET /?keyword=di%E1%BB%85n+vi%C3%AAn+phim+porn HTTP/1.1" 200 999 "-" "Mozilla/5.0 AppleWebKit/537.36 (KHTML, like Gecko; compatible; GPTBot/1.2; +https://openai.com/gptbot)"
162.158.190.20 - - [08/May/2025:11:27:05 +0200] "GET /?i=390643521 HTTP/1.1" 200 93801 "-" "Mozilla/5.0 (Linux; Android 5.0) AppleWebKit/537.36 (KHTML, like Gecko) Mobile Safari/537.36 (compatible; Bytespider; [email protected])"
162.158.41.86 - - [08/May/2025:11:27:05 +0200] "GET /?i=309172721 HTTP/1.1" 200 93801 "-" "Mozilla/5.0 (compatible; DotBot/1.2; +https://opensiteexplorer.org/dotbot; [email protected])"
172.68.164.37 - - [08/May/2025:11:27:06 +0200] "GET /IMG/logo/1024x538_cmsv2_c54013e5-8833-5743-86fc-a18b87d54ede-8113070.jpg.webp HTTP/1.1" 200 8812 "http://www.igihango.com/?i=390643521" "Mozilla/5.0 (Linux; Android 5.0) AppleWebKit/537.36 (KHTML, like Gecko) Mobile Safari/537.36 (compatible; Bytespider; [email protected])"
172.70.215.57 - - [08/May/2025:11:27:06 +0200] "GET /?top=sex+g%C3%A1i+xinh+m%C3%B3c+l%E1%BB%93n HTTP/1.1" 200 999 "-" "Mozilla/5.0 AppleWebKit/537.36 (KHTML, like Gecko; compatible; GPTBot/1.2; +https://openai.com/gptbot)"
162.158.88.142 - - [08/May/2025:11:27:06 +0200] "GET /IMG/logo/img-20231108-wa0084.jpg HTTP/1.1" 200 8767 "http://www.igihango.com/?i=390643521" "Mozilla/5.0 (Linux; Android 5.0) AppleWebKit/537.36 (KHTML, like Gecko) Mobile Safari/537.36 (compatible; Bytespider; [email protected])"
162.158.41.6 - - [08/May/2025:11:27:06 +0200] "GET /?i=316400221 HTTP/1.1" 200 93801 "-" "Mozilla/5.0 (compatible; DotBot/1.2; +https://opensiteexplorer.org/dotbot; [email protected])"
172.70.215.57 - - [08/May/2025:11:27:07 +0200] "GET /?top=sex+m%C3%B3c+l%E1%BB%93n+g%C3%A1i+xinh HTTP/1.1" 200 999 "-" "Mozilla/5.0 AppleWebKit/537.36 (KHTML, like Gecko; compatible; GPTBot/1.2; +https://openai.com/gptbot)"
172.71.142.78 - - [08/May/2025:11:27:08 +0200] "GET /?i=317319521 HTTP/1.1" 200 93801 "-" "Mozilla/5.0 (compatible; DotBot/1.2; +https://opensiteexplorer.org/dotbot; [email protected])"
172.70.215.57 - - [08/May/2025:11:27:08 +0200] "GET /?top=phim+sex+g%C3%A1i+m%C3%B3c+l%E1%BB%93n HTTP/1.1" 200 999 "-" "Mozilla/5.0 AppleWebKit/537.36 (KHTML, like Gecko; compatible; GPTBot/1.2; +https://openai.com/gptbot)"
162.158.42.236 - - [08/May/2025:11:27:09 +0200] "GET /?i=322999021 HTTP/1.1" 200 93801 "-" "Mozilla/5.0 (compatible; DotBot/1.2; +https://opensiteexplorer.org/dotbot; [email protected])"
172.70.215.57 - - [08/May/2025:11:27:09 +0200] "GET /?bet=4+c%C3%B4+gi%C3%A1o+m%E1%BA%A7m+non+link HTTP/1.1" 200 999 "-" "Mozilla/5.0 AppleWebKit/537.36 (KHTML, like Gecko; compatible; GPTBot/1.2; +https://openai.com/gptbot)"
162.158.42.7 - - [08/May/2025:11:27:10 +0200] "GET /?i=327888321 HTTP/1.1" 200 93801 "-" "Mozilla/5.0 (compatible; DotBot/1.2; +https://opensiteexplorer.org/dotbot; [email protected])"
172.70.215.57 - - [08/May/2025:11:27:11 +0200] "GET /?play=4+c%C3%B4+gi%C3%A1o+m%E1%BA%A7m+non+link HTTP/1.1" 200 999 "-" "Mozilla/5.0 AppleWebKit/537.36 (KHTML, like Gecko; compatible; GPTBot/1.2; +https://openai.com/gptbot)"
172.70.215.57 - - [08/May/2025:11:27:12 +0200] "GET /?hot=phim+sex+g%C3%A1i+m%C3%B3c+l%E1%BB%93n HTTP/1.1" 200 999 "-" "Mozilla/5.0 AppleWebKit/537.36 (KHTML, like Gecko; compatible; GPTBot/1.2; +https://openai.com/gptbot)"
162.158.42.90 - - [08/May/2025:11:27:12 +0200] "GET /?i=329205221 HTTP/1.1" 200 93801 "-" "Mozilla/5.0 (compatible; DotBot/1.2; +https://opensiteexplorer.org/dotbot; [email protected])"
172.70.215.57 - - [08/May/2025:11:27:13 +0200] "GET /?bet=phim+sex+g%C3%A1i+m%C3%B3c+l%E1%BB%93n HTTP/1.1" 200 999 "-" "Mozilla/5.0 AppleWebKit/537.36 (KHTML, like Gecko; compatible; GPTBot/1.2; +https://openai.com/gptbot)"
172.70.215.57 - - [08/May/2025:11:27:14 +0200] "GET /?produc_id=thi+%C4%91%E1%BA%A5u+c%C3%BAp+c1 HTTP/1.1" 200 999 "-" "Mozilla/5.0 AppleWebKit/537.36 (KHTML, like Gecko; compatible; GPTBot/1.2; +https://openai.com/gptbot)"
162.158.41.86 - - [08/May/2025:11:27:15 +0200] "GET /?i=330690321 HTTP/1.1" 200 93801 "-" "Mozilla/5.0 (compatible; DotBot/1.2; +https://opensiteexplorer.org/dotbot; [email protected])"
172.70.215.57 - - [08/May/2025:11:27:15 +0200] "GET /?top=xnxx+g%C3%A1i+xinh+v%C3%BA+to HTTP/1.1" 200 999 "-" "Mozilla/5.0 AppleWebKit/537.36 (KHTML, like Gecko; compatible; GPTBot/1.2; +https://openai.com/gptbot)"
172.70.215.57 - - [08/May/2025:11:27:16 +0200] "GET /?bet=tin+t%E1%BB%A9c+th%C3%AA+thao HTTP/1.1" 200 999 "-" "Mozilla/5.0 AppleWebKit/537.36 (KHTML, like Gecko; compatible; GPTBot/1.2; +https://openai.com/gptbot)"
172.70.215.57 - - [08/May/2025:11:27:17 +0200] "GET /?hot=tin+t%E1%BB%A9c+th%C3%AA+thao HTTP/1.1" 200 999 "-" "Mozilla/5.0 AppleWebKit/537.36 (KHTML, like Gecko; compatible; GPTBot/1.2; +https://openai.com/gptbot)"
172.68.22.2 - - [08/May/2025:11:27:18 +0200] "GET /?i=330763321 HTTP/1.1" 200 93801 "-" "Mozilla/5.0 (compatible; DotBot/1.2; +https://opensiteexplorer.org/dotbot; [email protected])"
172.70.215.57 - - [08/May/2025:11:27:19 +0200] "GET /?app=xnxx+g%C3%A1i+xinh+v%C3%BA+to HTTP/1.1" 200 999 "-" "Mozilla/5.0 AppleWebKit/537.36 (KHTML, like Gecko; compatible; GPTBot/1.2; +https://openai.com/gptbot)"
172.70.215.57 - - [08/May/2025:11:27:20 +0200] "GET /?app=tin+t%E1%BB%A9c+th%C3%AA+thao HTTP/1.1" 200 999 "-" "Mozilla/5.0 AppleWebKit/537.36 (KHTML, like Gecko; compatible; GPTBot/1.2; +https://openai.com/gptbot)"
172.70.215.57 - - [08/May/2025:11:27:21 +0200] "GET /?hot=xnxx+g%C3%A1i+xinh+v%C3%BA+to HTTP/1.1" 200 999 "-" "Mozilla/5.0 AppleWebKit/537.36 (KHTML, like Gecko; compatible; GPTBot/1.2; +https://openai.com/gptbot)"
172.71.146.180 - - [08/May/2025:11:27:21 +0200] "GET /?i=332244921 HTTP/1.1" 200 93801 "-" "Mozilla/5.0 (compatible; DotBot/1.2; +https://opensiteexplorer.org/dotbot; [email protected])"
172.70.215.57 - - [08/May/2025:11:27:22 +0200] "GET /?ios=tin+t%E1%BB%A9c+th%C3%AA+thao HTTP/1.1" 200 999 "-" "Mozilla/5.0 AppleWebKit/537.36 (KHTML, like Gecko; compatible; GPTBot/1.2; +https://openai.com/gptbot)"
172.70.215.57 - - [08/May/2025:11:27:23 +0200] "GET /?play=%C4%91%E1%BB%8Bt+b%E1%BA%A1n HTTP/1.1" 200 999 "-" "Mozilla/5.0 AppleWebKit/537.36 (KHTML, like Gecko; compatible; GPTBot/1.2; +https://openai.com/gptbot)"
172.71.150.56 - - [08/May/2025:11:27:24 +0200] "GET /?i=332768221 HTTP/1.1" 200 93801 "-" "Mozilla/5.0 (compatible; DotBot/1.2; +https://opensiteexplorer.org/dotbot; [email protected])"
172.70.215.57 - - [08/May/2025:11:27:24 +0200] "GET /?app=%C4%91%E1%BB%8Bt+m%E1%BA%A1nh HTTP/1.1" 200 999 "-" "Mozilla/5.0 AppleWebKit/537.36 (KHTML, like Gecko; compatible; GPTBot/1.2; +https://openai.com/gptbot)"
172.70.215.57 - - [08/May/2025:11:27:26 +0200] "GET /?bet=%C4%91%E1%BB%8Bt+m%E1%BA%A1nh HTTP/1.1" 200 999 "-" "Mozilla/5.0 AppleWebKit/537.36 (KHTML, like Gecko; compatible; GPTBot/1.2; +https://openai.com/gptbot)"
162.158.42.225 - - [08/May/2025:11:27:26 +0200] "GET /?i=335741621 HTTP/1.1" 200 93801 "-" "Mozilla/5.0 (compatible; DotBot/1.2; +https://opensiteexplorer.org/dotbot; [email protected])"
172.70.215.57 - - [08/May/2025:11:27:27 +0200] "GET /?top=%C4%91%E1%BB%8Bt+m%E1%BA%A1nh HTTP/1.1" 200 999 "-" "Mozilla/5.0 AppleWebKit/537.36 (KHTML, like Gecko; compatible; GPTBot/1.2; +https://openai.com/gptbot)"
172.70.215.57 - - [08/May/2025:11:27:28 +0200] "GET /?ios=%C4%91%E1%BB%8Bt+m%E1%BA%A1nh HTTP/1.1" 200 999 "-" "Mozilla/5.0 AppleWebKit/537.36 (KHTML, like Gecko; compatible; GPTBot/1.2; +https://openai.com/gptbot)"
172.68.22.3 - - [08/May/2025:11:27:28 +0200] "GET /?i=336000721 HTTP/1.1" 200 93801 "-" "Mozilla/5.0 (compatible; DotBot/1.2; +https://opensiteexplorer.org/dotbot; [email protected])"
172.70.215.57 - - [08/May/2025:11:27:29 +0200] "GET /?keyword=phim+sex+ch%E1%BB%8B+g%C3%A1i+m%C3%AA+game HTTP/1.1" 200 999 "-" "Mozilla/5.0 AppleWebKit/537.36 (KHTML, like Gecko; compatible; GPTBot/1.2; +https://openai.com/gptbot)"
172.70.215.57 - - [08/May/2025:11:27:30 +0200] "GET /?play=m%C3%B3c+b%C6%B0%E1%BB%9Bm HTTP/1.1" 200 999 "-" "Mozilla/5.0 AppleWebKit/537.36 (KHTML, like Gecko; compatible; GPTBot/1.2; +https://openai.com/gptbot)"
162.158.42.8 - - [08/May/2025:11:27:30 +0200] "GET /?i=337950621 HTTP/1.1" 200 93801 "-" "Mozilla/5.0 (compatible; DotBot/1.2; +https://opensiteexplorer.org/dotbot; [email protected])"
172.70.215.57 - - [08/May/2025:11:27:31 +0200] "GET /?hot=thi%C3%AAn+%C4%91%E1%BB%8Ba HTTP/1.1" 200 999 "-" "Mozilla/5.0 AppleWebKit/537.36 (KHTML, like Gecko; compatible; GPTBot/1.2; +https://openai.com/gptbot)"
172.70.142.7 - - [08/May/2025:11:27:31 +0200] "GET /?i=88022521 HTTP/1.1" 200 93801 "-" "Mozilla/5.0 (Linux; Android 5.0) AppleWebKit/537.36 (KHTML, like Gecko) Mobile Safari/537.36 (compatible; Bytespider; [email protected])"
172.68.22.3 - - [08/May/2025:11:27:32 +0200] "GET /?i=339366221 HTTP/1.1" 200 93801 "-" "Mozilla/5.0 (compatible; DotBot/1.2; +https://opensiteexplorer.org/dotbot; [email protected])"
172.68.164.37 - - [08/May/2025:11:27:32 +0200] "GET /IMG/logo/1024x538_cmsv2_c54013e5-8833-5743-86fc-a18b87d54ede-8113070.jpg.webp HTTP/1.1" 200 8812 "http://www.igihango.com/?i=88022521" "Mozilla/5.0 (Linux; Android 5.0) AppleWebKit/537.36 (KHTML, like Gecko) Mobile Safari/537.36 (compatible; Bytespider; [email protected])"
172.70.215.57 - - [08/May/2025:11:27:32 +0200] "GET /?play=g%C3%A1i+b%C6%B0%E1%BB%9Bm HTTP/1.1" 200 999 "-" "Mozilla/5.0 AppleWebKit/537.36 (KHTML, like Gecko; compatible; GPTBot/1.2; +https://openai.com/gptbot)"
162.158.88.142 - - [08/May/2025:11:27:33 +0200] "GET /IMG/logo/img-20231108-wa0084.jpg HTTP/1.1" 200 8767 "http://www.igihango.com/?i=88022521" "Mozilla/5.0 (Linux; Android 5.0) AppleWebKit/537.36 (KHTML, like Gecko) Mobile Safari/537.36 (compatible; Bytespider; [email protected])"
172.68.22.38 - - [08/May/2025:11:27:33 +0200] "GET /?i=34083121 HTTP/1.1" 200 93801 "-" "Mozilla/5.0 (compatible; DotBot/1.2; +https://opensiteexplorer.org/dotbot; [email protected])"
172.70.215.57 - - [08/May/2025:11:27:34 +0200] "GET /?bet=thi%C3%AAn+%C4%91%E1%BB%8Ba HTTP/1.1" 200 999 "-" "Mozilla/5.0 AppleWebKit/537.36 (KHTML, like Gecko; compatible; GPTBot/1.2; +https://openai.com/gptbot)"
162.158.42.17 - - [08/May/2025:11:27:35 +0200] "GET /?i=360487921 HTTP/1.1" 200 93801 "-" "Mozilla/5.0 (compatible; DotBot/1.2; +https://opensiteexplorer.org/dotbot; [email protected])"
172.70.215.57 - - [08/May/2025:11:27:35 +0200] "GET /?ios=thi%C3%AAn+%C4%91%E1%BB%8Ba HTTP/1.1" 200 999 "-" "Mozilla/5.0 AppleWebKit/537.36 (KHTML, like Gecko; compatible; GPTBot/1.2; +https://openai.com/gptbot)"
172.70.215.57 - - [08/May/2025:11:27:36 +0200] "GET /?top=thi%C3%AAn+%C4%91%E1%BB%8Ba HTTP/1.1" 200 999 "-" "Mozilla/5.0 AppleWebKit/537.36 (KHTML, like Gecko; compatible; GPTBot/1.2; +https://openai.com/gptbot)"
172.70.215.57 - - [08/May/2025:11:27:37 +0200] "GET /?play=%C4%91%C3%ADt+ng%E1%BB%B1a HTTP/1.1" 200 999 "-" "Mozilla/5.0 AppleWebKit/537.36 (KHTML, like Gecko; compatible; GPTBot/1.2; +https://openai.com/gptbot)"
172.70.215.57 - - [08/May/2025:11:27:38 +0200] "GET /?hot=sex+%C4%91%E1%BB%8Bt+b%C3%A0+gi%C3%A0 HTTP/1.1" 200 999 "-" "Mozilla/5.0 AppleWebKit/537.36 (KHTML, like Gecko; compatible; GPTBot/1.2; +https://openai.com/gptbot)"
162.158.41.6 - - [08/May/2025:11:27:38 +0200] "GET /?i=361011621 HTTP/1.1" 200 93801 "-" "Mozilla/5.0 (compatible; DotBot/1.2; +https://opensiteexplorer.org/dotbot; [email protected])"
172.70.215.57 - - [08/May/2025:11:27:39 +0200] "GET /?top=sex+%C4%91%E1%BB%8Bt+b%C3%A0+gi%C3%A0 HTTP/1.1" 200 999 "-" "Mozilla/5.0 AppleWebKit/537.36 (KHTML, like Gecko; compatible; GPTBot/1.2; +https://openai.com/gptbot)"
172.70.215.57 - - [08/May/2025:11:27:41 +0200] "GET /?app=sex+%C4%91%E1%BB%8Bt+b%C3%A0+gi%C3%A0 HTTP/1.1" 200 999 "-" "Mozilla/5.0 AppleWebKit/537.36 (KHTML, like Gecko; compatible; GPTBot/1.2; +https://openai.com/gptbot)"
172.71.150.91 - - [08/May/2025:11:27:41 +0200] "GET /?i=362307521 HTTP/1.1" 200 93801 "-" "Mozilla/5.0 (compatible; DotBot/1.2; +https://opensiteexplorer.org/dotbot; [email protected])"
172.70.215.57 - - [08/May/2025:11:27:42 +0200] "GET /?keyword=phim+sex+kh%E1%BA%A9u+d%C3%A2m+kh%C3%B4ng+che HTTP/1.1" 200 999 "-" "Mozilla/5.0 AppleWebKit/537.36 (KHTML, like Gecko; compatible; GPTBot/1.2; +https://openai.com/gptbot)"
172.70.215.57 - - [08/May/2025:11:27:43 +0200] "GET /?keyword=phim+sex+kh%C3%B4ng+che+kh%E1%BA%A9u+d%C3%A2m HTTP/1.1" 200 999 "-" "Mozilla/5.0 AppleWebKit/537.36 (KHTML, like Gecko; compatible; GPTBot/1.2; +https://openai.com/gptbot)"
172.71.146.100 - - [08/May/2025:11:27:43 +0200] "GET /?i=37215221 HTTP/1.1" 200 93801 "-" "Mozilla/5.0 (compatible; DotBot/1.2; +https://opensiteexplorer.org/dotbot; [email protected])"
172.70.215.57 - - [08/May/2025:11:27:44 +0200] "GET /?top=ch%E1%BB%8Bch+g%C3%A1i+xinh HTTP/1.1" 200 999 "-" "Mozilla/5.0 AppleWebKit/537.36 (KHTML, like Gecko; compatible; GPTBot/1.2; +https://openai.com/gptbot)"
162.158.42.8 - - [08/May/2025:11:27:45 +0200] "GET /?i=374751921 HTTP/1.1" 200 93801 "-" "Mozilla/5.0 (compatible; DotBot/1.2; +https://opensiteexplorer.org/dotbot; [email protected])"
