172.70.58.97 - - [08/May/2025:11:29:52 +0200] "GET /?hot=ng%C6%B0%E1%BB%9Di%20%C4%91%E1%BB%8Bt%20heo HTTP/1.1" 200 999 "-" "Mozilla/5.0 (compatible; MJ12bot/v2.0.1; http://mj12bot.com/)"
172.71.147.201 - - [08/May/2025:11:29:53 +0200] "GET /?i=2481421 HTTP/1.1" 200 93801 "-" "Mozilla/5.0 (compatible; DotBot/1.2; +https://opensiteexplorer.org/dotbot; [email protected])"
172.70.215.57 - - [08/May/2025:11:29:53 +0200] "GET /?play=gai+%C4%91%E1%BA%B9p+sex HTTP/1.1" 200 999 "-" "Mozilla/5.0 AppleWebKit/537.36 (KHTML, like Gecko; compatible; GPTBot/1.2; +https://openai.com/gptbot)"
172.70.58.97 - - [08/May/2025:11:29:53 +0200] "GET /?hot=ngh%E1%BB%8B%20lu%E1%BA%ADn%20v%E1%BB%81%201%20t%C6%B0%20t%C6%B0%E1%BB%9Fng%20%C4%91%E1%BA%A1o%20l%C3%AD HTTP/1.1" 200 999 "-" "Mozilla/5.0 (compatible; MJ12bot/v2.0.1; http://mj12bot.com/)"
108.162.246.4 - - [08/May/2025:11:29:54 +0200] "GET /?i=251193621 HTTP/1.1" 200 93801 "-" "Mozilla/5.0 (compatible; DotBot/1.2; +https://opensiteexplorer.org/dotbot; [email protected])"
172.70.58.97 - - [08/May/2025:11:29:54 +0200] "GET /?hot=ph%C3%ADm%20sex HTTP/1.1" 200 999 "-" "Mozilla/5.0 (compatible; MJ12bot/v2.0.1; http://mj12bot.com/)"
172.70.215.57 - - [08/May/2025:11:29:55 +0200] "GET /?ios=g%C3%A1i+vi%E1%BB%87t+nam HTTP/1.1" 200 999 "-" "Mozilla/5.0 AppleWebKit/537.36 (KHTML, like Gecko; compatible; GPTBot/1.2; +https://openai.com/gptbot)"
172.71.150.46 - - [08/May/2025:11:29:55 +0200] "GET /?i=254325921 HTTP/1.1" 200 93801 "-" "Mozilla/5.0 (compatible; DotBot/1.2; +https://opensiteexplorer.org/dotbot; [email protected])"
172.70.58.97 - - [08/May/2025:11:29:55 +0200] "GET /?hot=phim%2018 HTTP/1.1" 200 999 "-" "Mozilla/5.0 (compatible; MJ12bot/v2.0.1; http://mj12bot.com/)"
172.70.215.57 - - [08/May/2025:11:29:56 +0200] "GET /?top=anh+nude+%C4%91%E1%BA%B9p HTTP/1.1" 200 999 "-" "Mozilla/5.0 AppleWebKit/537.36 (KHTML, like Gecko; compatible; GPTBot/1.2; +https://openai.com/gptbot)"
172.71.150.46 - - [08/May/2025:11:29:56 +0200] "GET /?i=258877021 HTTP/1.1" 200 93801 "-" "Mozilla/5.0 (compatible; DotBot/1.2; +https://opensiteexplorer.org/dotbot; [email protected])"
172.70.58.97 - - [08/May/2025:11:29:56 +0200] "GET /?hot=phim%20lo%E1%BA%A1n%20lu%C3%A2n%20m%E1%BA%B9%20con HTTP/1.1" 200 999 "-" "Mozilla/5.0 (compatible; MJ12bot/v2.0.1; http://mj12bot.com/)"
172.70.215.57 - - [08/May/2025:11:29:57 +0200] "GET /?bet=sex+vi%E1%BB%87t+g%C3%A1i HTTP/1.1" 200 999 "-" "Mozilla/5.0 AppleWebKit/537.36 (KHTML, like Gecko; compatible; GPTBot/1.2; +https://openai.com/gptbot)"
162.158.41.18 - - [08/May/2025:11:29:57 +0200] "GET /?i=270000721 HTTP/1.1" 200 93801 "-" "Mozilla/5.0 (compatible; DotBot/1.2; +https://opensiteexplorer.org/dotbot; [email protected])"
172.70.58.97 - - [08/May/2025:11:29:57 +0200] "GET /?hot=phim%20set%20ng%C6%B0%E1%BB%9Di%20m%E1%BA%ABu HTTP/1.1" 200 999 "-" "Mozilla/5.0 (compatible; MJ12bot/v2.0.1; http://mj12bot.com/)"
172.70.215.57 - - [08/May/2025:11:29:58 +0200] "GET /?produc_id=g%C3%A1i+%E1%BB%91m HTTP/1.1" 200 999 "-" "Mozilla/5.0 AppleWebKit/537.36 (KHTML, like Gecko; compatible; GPTBot/1.2; +https://openai.com/gptbot)"
172.71.150.67 - - [08/May/2025:11:29:58 +0200] "GET /?i=278496721 HTTP/1.1" 200 93801 "-" "Mozilla/5.0 (compatible; DotBot/1.2; +https://opensiteexplorer.org/dotbot; [email protected])"
172.70.58.97 - - [08/May/2025:11:29:58 +0200] "GET /?hot=phim%20sex%20%C3%A2u%20m%E1%BB%B9.com HTTP/1.1" 200 999 "-" "Mozilla/5.0 (compatible; MJ12bot/v2.0.1; http://mj12bot.com/)"
172.71.151.166 - - [08/May/2025:11:29:59 +0200] "GET /?i=279910921 HTTP/1.1" 200 93801 "-" "Mozilla/5.0 (compatible; DotBot/1.2; +https://opensiteexplorer.org/dotbot; [email protected])"
172.70.215.57 - - [08/May/2025:11:29:59 +0200] "GET /?play=sex+lon+%C4%91%E1%BA%B9p HTTP/1.1" 200 999 "-" "Mozilla/5.0 AppleWebKit/537.36 (KHTML, like Gecko; compatible; GPTBot/1.2; +https://openai.com/gptbot)"
172.70.58.97 - - [08/May/2025:11:29:59 +0200] "GET /?hot=phim%20sex%20b%C3%BA%20l%E1%BB%93n HTTP/1.1" 200 999 "-" "Mozilla/5.0 (compatible; MJ12bot/v2.0.1; http://mj12bot.com/)"
172.71.150.191 - - [08/May/2025:11:30:00 +0200] "GET /?i=280928021 HTTP/1.1" 200 93801 "-" "Mozilla/5.0 (compatible; DotBot/1.2; +https://opensiteexplorer.org/dotbot; [email protected])"
172.70.215.57 - - [08/May/2025:11:30:00 +0200] "GET /?ios=sex+%C4%91ang+ng%E1%BB%A7 HTTP/1.1" 200 999 "-" "Mozilla/5.0 AppleWebKit/537.36 (KHTML, like Gecko; compatible; GPTBot/1.2; +https://openai.com/gptbot)"
172.70.58.97 - - [08/May/2025:11:30:00 +0200] "GET /?hot=phim%20sex%20b%C3%BA%20l%E1%BB%93n%20c%E1%BB%B1c%20%C4%91%C3%A3 HTTP/1.1" 200 999 "-" "Mozilla/5.0 (compatible; MJ12bot/v2.0.1; http://mj12bot.com/)"
172.71.147.202 - - [08/May/2025:11:30:01 +0200] "GET /?i=282970321 HTTP/1.1" 200 93801 "-" "Mozilla/5.0 (compatible; DotBot/1.2; +https://opensiteexplorer.org/dotbot; [email protected])"
172.70.215.57 - - [08/May/2025:11:30:02 +0200] "GET /?bet=anh+nude+%C4%91%E1%BA%B9p HTTP/1.1" 200 999 "-" "Mozilla/5.0 AppleWebKit/537.36 (KHTML, like Gecko; compatible; GPTBot/1.2; +https://openai.com/gptbot)"
172.70.58.41 - - [08/May/2025:11:30:02 +0200] "GET /?hot=phim%20sex%20ca%20s%C4%A9 HTTP/1.1" 200 999 "-" "Mozilla/5.0 (compatible; MJ12bot/v2.0.1; http://mj12bot.com/)"
172.70.58.41 - - [08/May/2025:11:30:02 +0200] "GET /?hot=phim%20sex%20gay%20hi%E1%BA%BFp%20d%C3%A2m HTTP/1.1" 200 999 "-" "Mozilla/5.0 (compatible; MJ12bot/v2.0.1; http://mj12bot.com/)"
172.70.215.57 - - [08/May/2025:11:30:03 +0200] "GET /?bet=sex+xinh+%C4%91%E1%BA%B9p HTTP/1.1" 200 999 "-" "Mozilla/5.0 AppleWebKit/537.36 (KHTML, like Gecko; compatible; GPTBot/1.2; +https://openai.com/gptbot)"
172.71.150.203 - - [08/May/2025:11:30:03 +0200] "GET /?i=28350821 HTTP/1.1" 200 93801 "-" "Mozilla/5.0 (compatible; DotBot/1.2; +https://opensiteexplorer.org/dotbot; [email protected])"
172.70.58.41 - - [08/May/2025:11:30:03 +0200] "GET /?hot=phim%20sex%20ho%E1%BA%A1t%20h%C3%ACnh HTTP/1.1" 200 999 "-" "Mozilla/5.0 (compatible; MJ12bot/v2.0.1; http://mj12bot.com/)"
172.70.215.57 - - [08/May/2025:11:30:04 +0200] "GET /?hot=xex+%C4%91ang+ng%E1%BB%A7 HTTP/1.1" 200 999 "-" "Mozilla/5.0 AppleWebKit/537.36 (KHTML, like Gecko; compatible; GPTBot/1.2; +https://openai.com/gptbot)"
172.70.58.41 - - [08/May/2025:11:30:04 +0200] "GET /?hot=phim%20xex%20nh%E1%BA%ADt%20b%E1%BA%A3n%20khong%20che HTTP/1.1" 200 999 "-" "Mozilla/5.0 (compatible; MJ12bot/v2.0.1; http://mj12bot.com/)"
162.158.42.89 - - [08/May/2025:11:30:05 +0200] "GET /?i=284280321 HTTP/1.1" 200 93801 "-" "Mozilla/5.0 (compatible; DotBot/1.2; +https://opensiteexplorer.org/dotbot; [email protected])"
172.70.215.57 - - [08/May/2025:11:30:05 +0200] "GET /?top=xin+x%C4%83m+quan+%C3%A2m HTTP/1.1" 200 999 "-" "Mozilla/5.0 AppleWebKit/537.36 (KHTML, like Gecko; compatible; GPTBot/1.2; +https://openai.com/gptbot)"
172.70.58.41 - - [08/May/2025:11:30:05 +0200] "GET /?hot=sex%20%C4%91%E1%BA%B9p HTTP/1.1" 200 999 "-" "Mozilla/5.0 (compatible; MJ12bot/v2.0.1; http://mj12bot.com/)"
172.70.215.57 - - [08/May/2025:11:30:06 +0200] "GET /?app=g%C3%A1i+vi%E1%BB%87t+nam HTTP/1.1" 200 999 "-" "Mozilla/5.0 AppleWebKit/537.36 (KHTML, like Gecko; compatible; GPTBot/1.2; +https://openai.com/gptbot)"
162.158.41.206 - - [08/May/2025:11:30:06 +0200] "GET /?i=285718321 HTTP/1.1" 200 93801 "-" "Mozilla/5.0 (compatible; DotBot/1.2; +https://opensiteexplorer.org/dotbot; [email protected])"
172.70.58.41 - - [08/May/2025:11:30:06 +0200] "GET /?hot=sex%20b%E1%BA%AFn HTTP/1.1" 200 999 "-" "Mozilla/5.0 (compatible; MJ12bot/v2.0.1; http://mj12bot.com/)"
172.70.215.57 - - [08/May/2025:11:30:07 +0200] "GET /?bet=%C4%91it+h%E1%BB%8Dc+sinh HTTP/1.1" 200 999 "-" "Mozilla/5.0 AppleWebKit/537.36 (KHTML, like Gecko; compatible; GPTBot/1.2; +https://openai.com/gptbot)"
172.71.150.57 - - [08/May/2025:11:30:07 +0200] "GET /?i=297973721 HTTP/1.1" 200 93801 "-" "Mozilla/5.0 (compatible; DotBot/1.2; +https://opensiteexplorer.org/dotbot; [email protected])"
172.70.58.41 - - [08/May/2025:11:30:07 +0200] "GET /?hot=sex%20b%E1%BA%AFn%20tinh%20kh%C3%B4ng%20che HTTP/1.1" 200 999 "-" "Mozilla/5.0 (compatible; MJ12bot/v2.0.1; http://mj12bot.com/)"
172.70.215.57 - - [08/May/2025:11:30:08 +0200] "GET /?top=sex+%C4%91%E1%BB%8Bt+nhau HTTP/1.1" 200 999 "-" "Mozilla/5.0 AppleWebKit/537.36 (KHTML, like Gecko; compatible; GPTBot/1.2; +https://openai.com/gptbot)"
172.70.58.41 - - [08/May/2025:11:30:08 +0200] "GET /?hot=sex%20l%E1%BB%93n%20non HTTP/1.1" 200 999 "-" "Mozilla/5.0 (compatible; MJ12bot/v2.0.1; http://mj12bot.com/)"
162.158.41.239 - - [08/May/2025:11:30:08 +0200] "GET /?i=303152821 HTTP/1.1" 200 93801 "-" "Mozilla/5.0 (compatible; DotBot/1.2; +https://opensiteexplorer.org/dotbot; [email protected])"
172.69.176.72 - - [08/May/2025:11:30:08 +0200] "GET /?i=361196721 HTTP/1.1" 200 93801 "-" "Mozilla/5.0 (Linux; Android 5.0) AppleWebKit/537.36 (KHTML, like Gecko) Mobile Safari/537.36 (compatible; Bytespider; [email protected])"
172.68.164.36 - - [08/May/2025:11:30:09 +0200] "GET /IMG/logo/1024x538_cmsv2_c54013e5-8833-5743-86fc-a18b87d54ede-8113070.jpg.webp HTTP/1.1" 200 8812 "http://www.igihango.com/?i=361196721" "Mozilla/5.0 (Linux; Android 5.0) AppleWebKit/537.36 (KHTML, like Gecko) Mobile Safari/537.36 (compatible; Bytespider; [email protected])"
172.70.58.41 - - [08/May/2025:11:30:09 +0200] "GET /?hot=sex%20m%E1%BB%B9%20nh%C3%A2n HTTP/1.1" 200 999 "-" "Mozilla/5.0 (compatible; MJ12bot/v2.0.1; http://mj12bot.com/)"
172.71.142.86 - - [08/May/2025:11:30:09 +0200] "GET /?i=303934821 HTTP/1.1" 200 93801 "-" "Mozilla/5.0 (compatible; DotBot/1.2; +https://opensiteexplorer.org/dotbot; [email protected])"
172.70.215.57 - - [08/May/2025:11:30:10 +0200] "GET /?hot=sex+xinh+%C4%91%E1%BA%B9p HTTP/1.1" 200 999 "-" "Mozilla/5.0 AppleWebKit/537.36 (KHTML, like Gecko; compatible; GPTBot/1.2; +https://openai.com/gptbot)"
162.158.88.142 - - [08/May/2025:11:30:10 +0200] "GET /IMG/logo/img-20231108-wa0084.jpg HTTP/1.1" 200 8767 "http://www.igihango.com/?i=361196721" "Mozilla/5.0 (Linux; Android 5.0) AppleWebKit/537.36 (KHTML, like Gecko) Mobile Safari/537.36 (compatible; Bytespider; [email protected])"
172.70.58.41 - - [08/May/2025:11:30:10 +0200] "GET /?hot=sex%20m%E1%BB%B9%20tr%E1%BA%AFng HTTP/1.1" 200 999 "-" "Mozilla/5.0 (compatible; MJ12bot/v2.0.1; http://mj12bot.com/)"
172.70.215.57 - - [08/May/2025:11:30:11 +0200] "GET /?ios=g%C3%A1i+khoe+l%E1%BB%93n HTTP/1.1" 200 999 "-" "Mozilla/5.0 AppleWebKit/537.36 (KHTML, like Gecko; compatible; GPTBot/1.2; +https://openai.com/gptbot)"
172.68.22.39 - - [08/May/2025:11:30:11 +0200] "GET /?i=306133921 HTTP/1.1" 200 93801 "-" "Mozilla/5.0 (compatible; DotBot/1.2; +https://opensiteexplorer.org/dotbot; [email protected])"
172.70.58.41 - - [08/May/2025:11:30:11 +0200] "GET /?hot=sex%20me%20v%C3%A0%20con HTTP/1.1" 200 999 "-" "Mozilla/5.0 (compatible; MJ12bot/v2.0.1; http://mj12bot.com/)"
172.68.22.39 - - [08/May/2025:11:30:12 +0200] "GET /?i=306701221 HTTP/1.1" 200 93801 "-" "Mozilla/5.0 (compatible; DotBot/1.2; +https://opensiteexplorer.org/dotbot; [email protected])"
172.70.215.57 - - [08/May/2025:11:30:12 +0200] "GET /?bet=phim+sex+%C4%91%E1%BA%B9p HTTP/1.1" 200 999 "-" "Mozilla/5.0 AppleWebKit/537.36 (KHTML, like Gecko; compatible; GPTBot/1.2; +https://openai.com/gptbot)"
172.68.205.153 - - [08/May/2025:11:30:13 +0200] "GET /?hot=sex%20n%C6%B0%E1%BB%9Bc%20m%E1%BB%B9 HTTP/1.1" 200 999 "-" "Mozilla/5.0 (compatible; MJ12bot/v2.0.1; http://mj12bot.com/)"
108.162.245.254 - - [08/May/2025:11:30:13 +0200] "GET /?i=307398221 HTTP/1.1" 200 93801 "-" "Mozilla/5.0 (compatible; DotBot/1.2; +https://opensiteexplorer.org/dotbot; [email protected])"
172.70.215.57 - - [08/May/2025:11:30:13 +0200] "GET /?hot=%C4%91%E1%BB%A5+trong+bar HTTP/1.1" 200 999 "-" "Mozilla/5.0 AppleWebKit/537.36 (KHTML, like Gecko; compatible; GPTBot/1.2; +https://openai.com/gptbot)"
172.68.205.153 - - [08/May/2025:11:30:13 +0200] "GET /?hot=sex%20trung%20hi%E1%BA%BFp HTTP/1.1" 200 999 "-" "Mozilla/5.0 (compatible; MJ12bot/v2.0.1; http://mj12bot.com/)"
172.71.146.109 - - [08/May/2025:11:30:13 +0200] "GET /?i=315555021 HTTP/1.1" 200 93801 "-" "Mozilla/5.0 (compatible; DotBot/1.2; +https://opensiteexplorer.org/dotbot; [email protected])"
172.70.215.57 - - [08/May/2025:11:30:14 +0200] "GET /?bet=l%E1%BB%93n+g%C3%A1i+sinh HTTP/1.1" 200 999 "-" "Mozilla/5.0 AppleWebKit/537.36 (KHTML, like Gecko; compatible; GPTBot/1.2; +https://openai.com/gptbot)"
172.68.22.39 - - [08/May/2025:11:30:14 +0200] "GET /?i=31813021 HTTP/1.1" 200 93801 "-" "Mozilla/5.0 (compatible; DotBot/1.2; +https://opensiteexplorer.org/dotbot; [email protected])"
172.68.205.153 - - [08/May/2025:11:30:14 +0200] "GET /?hot=sex%20v%E1%BB%A3 HTTP/1.1" 200 999 "-" "Mozilla/5.0 (compatible; MJ12bot/v2.0.1; http://mj12bot.com/)"
108.162.246.68 - - [08/May/2025:11:30:15 +0200] "GET /?i=318909721 HTTP/1.1" 200 93801 "-" "Mozilla/5.0 (compatible; DotBot/1.2; +https://opensiteexplorer.org/dotbot; [email protected])"
172.70.215.57 - - [08/May/2025:11:30:15 +0200] "GET /?produc_id=m%E1%BB%B9+%C4%91en HTTP/1.1" 200 999 "-" "Mozilla/5.0 AppleWebKit/537.36 (KHTML, like Gecko; compatible; GPTBot/1.2; +https://openai.com/gptbot)"
172.68.205.153 - - [08/May/2025:11:30:15 +0200] "GET /?hot=sex%20vi%E1%BB%87t%20nam%20gay HTTP/1.1" 200 999 "-" "Mozilla/5.0 (compatible; MJ12bot/v2.0.1; http://mj12bot.com/)"
172.71.142.36 - - [08/May/2025:11:30:16 +0200] "GET /?i=321195821 HTTP/1.1" 200 93801 "-" "Mozilla/5.0 (compatible; DotBot/1.2; +https://opensiteexplorer.org/dotbot; [email protected])"
162.158.33.205 - - [08/May/2025:11:30:16 +0200] "GET /?hot=%E1%BA%A3nh%20b%C3%BA%20l%E1%BB%93n HTTP/1.1" 200 999 "-" "Mozilla/5.0 (compatible; MJ12bot/v2.0.1; http://mj12bot.com/)"
172.70.215.57 - - [08/May/2025:11:30:17 +0200] "GET /?hot=phim+sex+%C4%91%E1%BA%B9p HTTP/1.1" 200 999 "-" "Mozilla/5.0 AppleWebKit/537.36 (KHTML, like Gecko; compatible; GPTBot/1.2; +https://openai.com/gptbot)"
162.158.33.205 - - [08/May/2025:11:30:17 +0200] "GET /?hot=b%C3%B3p%20v%C3%BA HTTP/1.1" 200 999 "-" "Mozilla/5.0 (compatible; MJ12bot/v2.0.1; http://mj12bot.com/)"
172.68.22.3 - - [08/May/2025:11:30:17 +0200] "GET /?i=321443421 HTTP/1.1" 200 93801 "-" "Mozilla/5.0 (compatible; DotBot/1.2; +https://opensiteexplorer.org/dotbot; [email protected])"
172.70.215.57 - - [08/May/2025:11:30:18 +0200] "GET /?play=sex+gai+%C4%91%E1%BA%B9p HTTP/1.1" 200 999 "-" "Mozilla/5.0 AppleWebKit/537.36 (KHTML, like Gecko; compatible; GPTBot/1.2; +https://openai.com/gptbot)"
162.158.42.235 - - [08/May/2025:11:30:18 +0200] "GET /?i=322341521 HTTP/1.1" 200 93801 "-" "Mozilla/5.0 (compatible; DotBot/1.2; +https://opensiteexplorer.org/dotbot; [email protected])"
162.158.33.205 - - [08/May/2025:11:30:18 +0200] "GET /?hot=b%C3%B3p%20v%E1%BB%A5 HTTP/1.1" 200 999 "-" "Mozilla/5.0 (compatible; MJ12bot/v2.0.1; http://mj12bot.com/)"
172.70.215.57 - - [08/May/2025:11:30:19 +0200] "GET /?ios=sex+gi%C3%A0+vi%E1%BB%87t HTTP/1.1" 200 999 "-" "Mozilla/5.0 AppleWebKit/537.36 (KHTML, like Gecko; compatible; GPTBot/1.2; +https://openai.com/gptbot)"
162.158.33.205 - - [08/May/2025:11:30:19 +0200] "GET /?hot=bang%20t%C3%B4ng%20sap%20huy%20chuong HTTP/1.1" 200 999 "-" "Mozilla/5.0 (compatible; MJ12bot/v2.0.1; http://mj12bot.com/)"
172.71.151.110 - - [08/May/2025:11:30:19 +0200] "GET /?i=323445521 HTTP/1.1" 200 93801 "-" "Mozilla/5.0 (compatible; DotBot/1.2; +https://opensiteexplorer.org/dotbot; [email protected])"
172.70.215.57 - - [08/May/2025:11:30:20 +0200] "GET /?bet=%E1%BA%A3nh+%C4%91it+nhau HTTP/1.1" 200 999 "-" "Mozilla/5.0 AppleWebKit/537.36 (KHTML, like Gecko; compatible; GPTBot/1.2; +https://openai.com/gptbot)"
162.158.33.205 - - [08/May/2025:11:30:20 +0200] "GET /?hot=bang%20xep%20h%E1%BA%A1ng%20v%20league HTTP/1.1" 200 999 "-" "Mozilla/5.0 (compatible; MJ12bot/v2.0.1; http://mj12bot.com/)"
172.71.146.109 - - [08/May/2025:11:30:20 +0200] "GET /?i=323504321 HTTP/1.1" 200 93801 "-" "Mozilla/5.0 (compatible; DotBot/1.2; +https://opensiteexplorer.org/dotbot; [email protected])"
162.158.33.205 - - [08/May/2025:11:30:21 +0200] "GET /?hot=c%C3%A0%20l%E1%BB%93n HTTP/1.1" 200 999 "-" "Mozilla/5.0 (compatible; MJ12bot/v2.0.1; http://mj12bot.com/)"
172.70.215.57 - - [08/May/2025:11:30:21 +0200] "GET /?ios=phim+18++han+qu%E1%BB%91c HTTP/1.1" 200 999 "-" "Mozilla/5.0 AppleWebKit/537.36 (KHTML, like Gecko; compatible; GPTBot/1.2; +https://openai.com/gptbot)"
108.162.245.178 - - [08/May/2025:11:30:21 +0200] "GET /?i=334494921 HTTP/1.1" 200 93801 "-" "Mozilla/5.0 (compatible; DotBot/1.2; +https://opensiteexplorer.org/dotbot; [email protected])"
162.158.33.205 - - [08/May/2025:11:30:22 +0200] "GET /?hot=c%C3%A1c%20b%C3%A0i%20tay%20sau HTTP/1.1" 200 999 "-" "Mozilla/5.0 (compatible; MJ12bot/v2.0.1; http://mj12bot.com/)"
172.68.23.204 - - [08/May/2025:11:30:22 +0200] "GET /?i=336313321 HTTP/1.1" 200 93801 "-" "Mozilla/5.0 (compatible; DotBot/1.2; +https://opensiteexplorer.org/dotbot; [email protected])"
172.70.215.57 - - [08/May/2025:11:30:22 +0200] "GET /?ios=fim+%C4%91%E1%BB%8Bt+nhau HTTP/1.1" 200 999 "-" "Mozilla/5.0 AppleWebKit/537.36 (KHTML, like Gecko; compatible; GPTBot/1.2; +https://openai.com/gptbot)"
162.158.33.205 - - [08/May/2025:11:30:23 +0200] "GET /?hot=c%C3%A2u%20bach%20kim HTTP/1.1" 200 999 "-" "Mozilla/5.0 (compatible; MJ12bot/v2.0.1; http://mj12bot.com/)"
172.71.147.201 - - [08/May/2025:11:30:23 +0200] "GET /?i=339253721 HTTP/1.1" 200 93801 "-" "Mozilla/5.0 (compatible; DotBot/1.2; +https://opensiteexplorer.org/dotbot; [email protected])"
172.70.215.57 - - [08/May/2025:11:30:23 +0200] "GET /?bet=sex+vi%E1%BB%87t+m%C6%A1i HTTP/1.1" 200 999 "-" "Mozilla/5.0 AppleWebKit/537.36 (KHTML, like Gecko; compatible; GPTBot/1.2; +https://openai.com/gptbot)"
162.158.33.205 - - [08/May/2025:11:30:24 +0200] "GET /?hot=c%C3%B4%20gi%C3%A1o%20phim%20sex HTTP/1.1" 200 999 "-" "Mozilla/5.0 (compatible; MJ12bot/v2.0.1; http://mj12bot.com/)"
162.158.41.238 - - [08/May/2025:11:30:24 +0200] "GET /?i=343755421 HTTP/1.1" 200 93801 "-" "Mozilla/5.0 (compatible; DotBot/1.2; +https://opensiteexplorer.org/dotbot; [email protected])"
172.70.215.57 - - [08/May/2025:11:30:25 +0200] "GET /?play=em+%C4%91%E1%BB%8Bt+nhau HTTP/1.1" 200 999 "-" "Mozilla/5.0 AppleWebKit/537.36 (KHTML, like Gecko; compatible; GPTBot/1.2; +https://openai.com/gptbot)"
162.158.33.205 - - [08/May/2025:11:30:25 +0200] "GET /?hot=cktg%20l%E1%BB%8Bch HTTP/1.1" 200 999 "-" "Mozilla/5.0 (compatible; MJ12bot/v2.0.1; http://mj12bot.com/)"
162.158.41.238 - - [08/May/2025:11:30:25 +0200] "GET /?i=347433821 HTTP/1.1" 200 93801 "-" "Mozilla/5.0 (compatible; DotBot/1.2; +https://opensiteexplorer.org/dotbot; [email protected])"
172.70.215.57 - - [08/May/2025:11:30:26 +0200] "GET /?hot=gay+trai+%C4%91%E1%BA%B9p HTTP/1.1" 200 999 "-" "Mozilla/5.0 AppleWebKit/537.36 (KHTML, like Gecko; compatible; GPTBot/1.2; +https://openai.com/gptbot)"
172.68.22.2 - - [08/May/2025:11:30:26 +0200] "GET /?i=348884821 HTTP/1.1" 200 93801 "-" "Mozilla/5.0 (compatible; DotBot/1.2; +https://opensiteexplorer.org/dotbot; [email protected])"
172.69.79.197 - - [08/May/2025:11:30:26 +0200] "GET /?hot=code%20tam%20gi%E1%BB%9Bi%20anh%20h%C3%B9ng HTTP/1.1" 200 999 "-" "Mozilla/5.0 (compatible; MJ12bot/v2.0.1; http://mj12bot.com/)"
172.70.215.57 - - [08/May/2025:11:30:27 +0200] "GET /?ios=jav+%C4%91%E1%BB%8Bt+nhau HTTP/1.1" 200 999 "-" "Mozilla/5.0 AppleWebKit/537.36 (KHTML, like Gecko; compatible; GPTBot/1.2; +https://openai.com/gptbot)"
172.69.79.197 - - [08/May/2025:11:30:27 +0200] "GET /?hot=d%E1%BB%8Bt%20nhsu HTTP/1.1" 200 999 "-" "Mozilla/5.0 (compatible; MJ12bot/v2.0.1; http://mj12bot.com/)"
172.68.23.203 - - [08/May/2025:11:30:28 +0200] "GET /?i=349603121 HTTP/1.1" 200 93801 "-" "Mozilla/5.0 (compatible; DotBot/1.2; +https://opensiteexplorer.org/dotbot; [email protected])"
172.70.215.57 - - [08/May/2025:11:30:28 +0200] "GET /?app=h%E1%BB%8Dc+sinh+%C4%91it HTTP/1.1" 200 999 "-" "Mozilla/5.0 AppleWebKit/537.36 (KHTML, like Gecko; compatible; GPTBot/1.2; +https://openai.com/gptbot)"
172.69.79.197 - - [08/May/2025:11:30:28 +0200] "GET /?hot=d%E1%BB%B1%20%C4%91o%C3%A1n%20xsmn%20h%C3%B4m%20nay HTTP/1.1" 200 999 "-" "Mozilla/5.0 (compatible; MJ12bot/v2.0.1; http://mj12bot.com/)"
162.158.41.238 - - [08/May/2025:11:30:29 +0200] "GET /?i=35751821 HTTP/1.1" 200 93801 "-" "Mozilla/5.0 (compatible; DotBot/1.2; +https://opensiteexplorer.org/dotbot; [email protected])"
172.69.79.197 - - [08/May/2025:11:30:29 +0200] "GET /?hot=di%E1%BB%85n%20vi%C3%AAn%20sex%20nh%E1%BA%ADt%20b%E1%BA%A3n HTTP/1.1" 200 999 "-" "Mozilla/5.0 (compatible; MJ12bot/v2.0.1; http://mj12bot.com/)"
172.70.215.57 - - [08/May/2025:11:30:29 +0200] "GET /?top=l%E1%BB%93n+g%C3%A1i+xinh HTTP/1.1" 200 999 "-" "Mozilla/5.0 AppleWebKit/537.36 (KHTML, like Gecko; compatible; GPTBot/1.2; +https://openai.com/gptbot)"
172.69.79.197 - - [08/May/2025:11:30:30 +0200] "GET /?hot=dit%20nhau%20kh%C3%B4ng%20che HTTP/1.1" 200 999 "-" "Mozilla/5.0 (compatible; MJ12bot/v2.0.1; http://mj12bot.com/)"
172.71.146.109 - - [08/May/2025:11:30:30 +0200] "GET /?i=361746521 HTTP/1.1" 200 93801 "-" "Mozilla/5.0 (compatible; DotBot/1.2; +https://opensiteexplorer.org/dotbot; [email protected])"
172.70.215.57 - - [08/May/2025:11:30:30 +0200] "GET /?top=phim+18++han+qu%E1%BB%91c HTTP/1.1" 200 999 "-" "Mozilla/5.0 AppleWebKit/537.36 (KHTML, like Gecko; compatible; GPTBot/1.2; +https://openai.com/gptbot)"
172.69.79.197 - - [08/May/2025:11:30:31 +0200] "GET /?hot=em%20g%C3%A1i%20ngo%E1%BA%A1i%20t%C3%ACnh HTTP/1.1" 200 999 "-" "Mozilla/5.0 (compatible; MJ12bot/v2.0.1; http://mj12bot.com/)"
172.68.22.2 - - [08/May/2025:11:30:31 +0200] "GET /?i=363727021 HTTP/1.1" 200 93801 "-" "Mozilla/5.0 (compatible; DotBot/1.2; +https://opensiteexplorer.org/dotbot; [email protected])"
172.70.215.57 - - [08/May/2025:11:30:31 +0200] "GET /?bet=gay+trai+%C4%91%E1%BA%B9p HTTP/1.1" 200 999 "-" "Mozilla/5.0 AppleWebKit/537.36 (KHTML, like Gecko; compatible; GPTBot/1.2; +https://openai.com/gptbot)"
172.68.23.203 - - [08/May/2025:11:30:32 +0200] "GET /?i=364358521 HTTP/1.1" 200 93801 "-" "Mozilla/5.0 (compatible; DotBot/1.2; +https://opensiteexplorer.org/dotbot; [email protected])"
172.69.79.197 - - [08/May/2025:11:30:32 +0200] "GET /?hot=em%20g%C3%A1i%20th%E1%BB%A7%20d%C3%A2m HTTP/1.1" 200 999 "-" "Mozilla/5.0 (compatible; MJ12bot/v2.0.1; http://mj12bot.com/)"
172.70.215.57 - - [08/May/2025:11:30:33 +0200] "GET /?top=%C4%91it+h%E1%BB%8Dc+sinh HTTP/1.1" 200 999 "-" "Mozilla/5.0 AppleWebKit/537.36 (KHTML, like Gecko; compatible; GPTBot/1.2; +https://openai.com/gptbot)"
172.69.79.197 - - [08/May/2025:11:30:33 +0200] "GET /?hot=g%C3%A1i%20anime%20ch%E1%BB%8Bch HTTP/1.1" 200 999 "-" "Mozilla/5.0 (compatible; MJ12bot/v2.0.1; http://mj12bot.com/)"
172.71.150.57 - - [08/May/2025:11:30:33 +0200] "GET /?i=366535321 HTTP/1.1" 200 93801 "-" "Mozilla/5.0 (compatible; DotBot/1.2; +https://opensiteexplorer.org/dotbot; [email protected])"
172.70.38.246 - - [08/May/2025:11:30:33 +0200] "GET /?hot=sex%20vn HTTP/1.1" 200 999 "-" "meta-externalagent/1.1 (+https://developers.facebook.com/docs/sharing/webmasters/crawler)"
172.70.215.57 - - [08/May/2025:11:30:34 +0200] "GET /?top=sex+ti%E1%BB%83u+th%C6%B0 HTTP/1.1" 200 999 "-" "Mozilla/5.0 AppleWebKit/537.36 (KHTML, like Gecko; compatible; GPTBot/1.2; +https://openai.com/gptbot)"
172.69.79.197 - - [08/May/2025:11:30:34 +0200] "GET /?hot=g%C3%A1i%20v%C3%BA%20b%E1%BB%B1%20vn HTTP/1.1" 200 999 "-" "Mozilla/5.0 (compatible; MJ12bot/v2.0.1; http://mj12bot.com/)"
172.68.22.2 - - [08/May/2025:11:30:34 +0200] "GET /?i=367981621 HTTP/1.1" 200 93801 "-" "Mozilla/5.0 (compatible; DotBot/1.2; +https://opensiteexplorer.org/dotbot; [email protected])"
172.70.215.57 - - [08/May/2025:11:30:35 +0200] "GET /?hot=anh+nude+%C4%91%E1%BA%B9p HTTP/1.1" 200 999 "-" "Mozilla/5.0 AppleWebKit/537.36 (KHTML, like Gecko; compatible; GPTBot/1.2; +https://openai.com/gptbot)"
172.69.79.197 - - [08/May/2025:11:30:35 +0200] "GET /?hot=g%C3%A1i%20xinh%20m%E1%BA%B7c%20qu%E1%BA%A7n%20l%C3%B3t HTTP/1.1" 200 999 "-" "Mozilla/5.0 (compatible; MJ12bot/v2.0.1; http://mj12bot.com/)"
162.158.42.226 - - [08/May/2025:11:30:35 +0200] "GET /?i=369223821 HTTP/1.1" 200 93801 "-" "Mozilla/5.0 (compatible; DotBot/1.2; +https://opensiteexplorer.org/dotbot; [email protected])"
172.71.81.149 - - [08/May/2025:11:30:35 +0200] "GET /?i=193122421 HTTP/1.1" 200 93801 "-" "Mozilla/5.0 (Linux; Android 5.0) AppleWebKit/537.36 (KHTML, like Gecko) Mobile Safari/537.36 (compatible; Bytespider; [email protected])"
172.68.164.36 - - [08/May/2025:11:30:36 +0200] "GET /IMG/logo/1024x538_cmsv2_c54013e5-8833-5743-86fc-a18b87d54ede-8113070.jpg.webp HTTP/1.1" 200 8812 "http://www.igihango.com/?i=193122421" "Mozilla/5.0 (Linux; Android 5.0) AppleWebKit/537.36 (KHTML, like Gecko) Mobile Safari/537.36 (compatible; Bytespider; [email protected])"
172.71.146.108 - - [08/May/2025:11:30:36 +0200] "GET /?i=377033421 HTTP/1.1" 200 93801 "-" "Mozilla/5.0 (compatible; DotBot/1.2; +https://opensiteexplorer.org/dotbot; [email protected])"
172.69.79.197 - - [08/May/2025:11:30:36 +0200] "GET /?hot=g%C3%A1i%20xinh%20sec HTTP/1.1" 200 999 "-" "Mozilla/5.0 (compatible; MJ12bot/v2.0.1; http://mj12bot.com/)"
172.70.215.57 - - [08/May/2025:11:30:36 +0200] "GET /?app=sex+tr%E1%BA%BB+vi%E1%BB%87t+nam HTTP/1.1" 200 999 "-" "Mozilla/5.0 AppleWebKit/537.36 (KHTML, like Gecko; compatible; GPTBot/1.2; +https://openai.com/gptbot)"
172.70.215.57 - - [08/May/2025:11:30:37 +0200] "GET /?app=xem+sex+li%E1%BA%BFm+l%E1%BB%93n HTTP/1.1" 200 999 "-" "Mozilla/5.0 AppleWebKit/537.36 (KHTML, like Gecko; compatible; GPTBot/1.2; +https://openai.com/gptbot)"
172.68.245.175 - - [08/May/2025:11:30:38 +0200] "GET /?hot=clip%20sex%20viet%20nam HTTP/1.1" 200 999 "-" "meta-externalagent/1.1 (+https://developers.facebook.com/docs/sharing/webmasters/crawler)"
162.158.88.143 - - [08/May/2025:11:30:38 +0200] "GET /IMG/logo/img-20231108-wa0084.jpg HTTP/1.1" 200 8767 "http://www.igihango.com/?i=193122421" "Mozilla/5.0 (Linux; Android 5.0) AppleWebKit/537.36 (KHTML, like Gecko) Mobile Safari/537.36 (compatible; Bytespider; [email protected])"
172.70.215.57 - - [08/May/2025:11:30:38 +0200] "GET /?ios=phim+sex+t%E1%BA%ADp+th%E1%BB%83 HTTP/1.1" 200 999 "-" "Mozilla/5.0 AppleWebKit/537.36 (KHTML, like Gecko; compatible; GPTBot/1.2; +https://openai.com/gptbot)"
172.70.58.32 - - [08/May/2025:11:30:39 +0200] "GET /?hot=gay%20th%E1%BB%A7%20d%C3%A2m HTTP/1.1" 200 999 "-" "Mozilla/5.0 (compatible; MJ12bot/v2.0.1; http://mj12bot.com/)"
172.71.146.183 - - [08/May/2025:11:30:38 +0200] "GET /?i=381750121 HTTP/1.1" 200 93801 "-" "Mozilla/5.0 (compatible; DotBot/1.2; +https://opensiteexplorer.org/dotbot; [email protected])"
172.70.215.57 - - [08/May/2025:11:30:39 +0200] "GET /?hot=sex+tr%E1%BA%BB+vi%E1%BB%87t+nam HTTP/1.1" 200 999 "-" "Mozilla/5.0 AppleWebKit/537.36 (KHTML, like Gecko; compatible; GPTBot/1.2; +https://openai.com/gptbot)"
172.70.58.32 - - [08/May/2025:11:30:40 +0200] "GET /?hot=heo%2069%20vi%E1%BB%87t%20nam HTTP/1.1" 200 999 "-" "Mozilla/5.0 (compatible; MJ12bot/v2.0.1; http://mj12bot.com/)"
172.70.215.57 - - [08/May/2025:11:30:41 +0200] "GET /?hot=phim+sex+t%E1%BA%ADp+th%E1%BB%83 HTTP/1.1" 200 999 "-" "Mozilla/5.0 AppleWebKit/537.36 (KHTML, like Gecko; compatible; GPTBot/1.2; +https://openai.com/gptbot)"
172.70.58.32 - - [08/May/2025:11:30:41 +0200] "GET /?hot=hi%E1%BA%BFp%20em%20h%C3%A0ng%20x%C3%B3m HTTP/1.1" 200 999 "-" "Mozilla/5.0 (compatible; MJ12bot/v2.0.1; http://mj12bot.com/)"
172.70.215.57 - - [08/May/2025:11:30:42 +0200] "GET /?bet=phim+sex+t%E1%BA%ADp+th%E1%BB%83 HTTP/1.1" 200 999 "-" "Mozilla/5.0 AppleWebKit/537.36 (KHTML, like Gecko; compatible; GPTBot/1.2; +https://openai.com/gptbot)"
172.70.58.32 - - [08/May/2025:11:30:42 +0200] "GET /?hot=jav%20kh%C3%B4ng%20che HTTP/1.1" 200 999 "-" "Mozilla/5.0 (compatible; MJ12bot/v2.0.1; http://mj12bot.com/)"
172.70.215.57 - - [08/May/2025:11:30:43 +0200] "GET /?play=c%E1%BA%A7u+th%E1%BB%A7+khoe+cu HTTP/1.1" 200 999 "-" "Mozilla/5.0 AppleWebKit/537.36 (KHTML, like Gecko; compatible; GPTBot/1.2; +https://openai.com/gptbot)"
172.70.58.32 - - [08/May/2025:11:30:43 +0200] "GET /?hot=phim%20%C4%91u HTTP/1.1" 200 999 "-" "Mozilla/5.0 (compatible; MJ12bot/v2.0.1; http://mj12bot.com/)"
108.162.246.98 - - [08/May/2025:11:30:43 +0200] "GET /?i=387405121 HTTP/1.1" 200 93801 "-" "Mozilla/5.0 (compatible; DotBot/1.2; +https://opensiteexplorer.org/dotbot; [email protected])"
172.70.58.32 - - [08/May/2025:11:30:44 +0200] "GET /?hot=phim%20g%C3%A1i%20d%C3%A2m HTTP/1.1" 200 999 "-" "Mozilla/5.0 (compatible; MJ12bot/v2.0.1; http://mj12bot.com/)"
172.70.215.57 - - [08/May/2025:11:30:44 +0200] "GET /?top=phim+sex+t%E1%BA%ADp+th%E1%BB%83 HTTP/1.1" 200 999 "-" "Mozilla/5.0 AppleWebKit/537.36 (KHTML, like Gecko; compatible; GPTBot/1.2; +https://openai.com/gptbot)"
172.70.58.32 - - [08/May/2025:11:30:45 +0200] "GET /?hot=phim%20s%C3%A9t HTTP/1.1" 200 999 "-" "Mozilla/5.0 (compatible; MJ12bot/v2.0.1; http://mj12bot.com/)"
172.70.215.57 - - [08/May/2025:11:30:45 +0200] "GET /?ios=phim+s%E1%BA%BD+vi%E1%BB%87t+nam HTTP/1.1" 200 999 "-" "Mozilla/5.0 AppleWebKit/537.36 (KHTML, like Gecko; compatible; GPTBot/1.2; +https://openai.com/gptbot)"
172.70.58.32 - - [08/May/2025:11:30:46 +0200] "GET /?hot=phim%20s%E1%BA%BD%20ch%C3%A2u%20m%E1%BB%B9 HTTP/1.1" 200 999 "-" "Mozilla/5.0 (compatible; MJ12bot/v2.0.1; http://mj12bot.com/)"
172.70.215.57 - - [08/May/2025:11:30:46 +0200] "GET /?top=sex+tr%E1%BA%BB+vi%E1%BB%87t+nam HTTP/1.1" 200 999 "-" "Mozilla/5.0 AppleWebKit/537.36 (KHTML, like Gecko; compatible; GPTBot/1.2; +https://openai.com/gptbot)"
172.68.205.24 - - [08/May/2025:11:30:47 +0200] "GET /?hot=phim%20s%E1%BA%BD%20hiep HTTP/1.1" 200 999 "-" "Mozilla/5.0 (compatible; MJ12bot/v2.0.1; http://mj12bot.com/)"
162.158.42.225 - - [08/May/2025:11:30:47 +0200] "GET /?i=39162021 HTTP/1.1" 200 93801 "-" "Mozilla/5.0 (compatible; DotBot/1.2; +https://opensiteexplorer.org/dotbot; [email protected])"
172.70.215.57 - - [08/May/2025:11:30:48 +0200] "GET /?produc_id=mc+c%E1%BA%A7u+th%E1%BB%A7 HTTP/1.1" 200 999 "-" "Mozilla/5.0 AppleWebKit/537.36 (KHTML, like Gecko; compatible; GPTBot/1.2; +https://openai.com/gptbot)"
172.68.205.24 - - [08/May/2025:11:30:48 +0200] "GET /?hot=phim%20s%E1%BA%BD%20may%20bay%20ba%20gia HTTP/1.1" 200 999 "-" "Mozilla/5.0 (compatible; MJ12bot/v2.0.1; http://mj12bot.com/)"
172.70.215.57 - - [08/May/2025:11:30:49 +0200] "GET /?bet=sex+tr%E1%BA%BB+vi%E1%BB%87t+nam HTTP/1.1" 200 999 "-" "Mozilla/5.0 AppleWebKit/537.36 (KHTML, like Gecko; compatible; GPTBot/1.2; +https://openai.com/gptbot)"
172.68.205.24 - - [08/May/2025:11:30:49 +0200] "GET /?hot=phim%20s%E1%BA%BD%20vietsud HTTP/1.1" 200 999 "-" "Mozilla/5.0 (compatible; MJ12bot/v2.0.1; http://mj12bot.com/)"
172.70.215.57 - - [08/May/2025:11:30:50 +0200] "GET /?bet=phim+sex+g%E1%BB%A3i+c%E1%BA%A3m HTTP/1.1" 200 999 "-" "Mozilla/5.0 AppleWebKit/537.36 (KHTML, like Gecko; compatible; GPTBot/1.2; +https://openai.com/gptbot)"
172.68.205.24 - - [08/May/2025:11:30:50 +0200] "GET /?hot=phim%20sex%20th%E1%BB%A7%20d%C3%A2m HTTP/1.1" 200 999 "-" "Mozilla/5.0 (compatible; MJ12bot/v2.0.1; http://mj12bot.com/)"
172.71.146.109 - - [08/May/2025:11:30:50 +0200] "GET /?i=391802521 HTTP/1.1" 200 93801 "-" "Mozilla/5.0 (compatible; DotBot/1.2; +https://opensiteexplorer.org/dotbot; [email protected])"
172.68.205.24 - - [08/May/2025:11:30:51 +0200] "GET /?hot=phim%20thu%20d%C3%A2m HTTP/1.1" 200 999 "-" "Mozilla/5.0 (compatible; MJ12bot/v2.0.1; http://mj12bot.com/)"
172.70.215.57 - - [08/May/2025:11:30:51 +0200] "GET /?play=phim+sex+c%E1%BA%B7c+b%E1%BB%B1 HTTP/1.1" 200 999 "-" "Mozilla/5.0 AppleWebKit/537.36 (KHTML, like Gecko; compatible; GPTBot/1.2; +https://openai.com/gptbot)"
172.68.205.24 - - [08/May/2025:11:30:52 +0200] "GET /?hot=phim%20xec%20vi%E1%BB%87t%20nam HTTP/1.1" 200 999 "-" "Mozilla/5.0 (compatible; MJ12bot/v2.0.1; http://mj12bot.com/)"
172.70.215.57 - - [08/May/2025:11:30:52 +0200] "GET /?hot=phim+sex+g%E1%BB%A3i+c%E1%BA%A3m HTTP/1.1" 200 999 "-" "Mozilla/5.0 AppleWebKit/537.36 (KHTML, like Gecko; compatible; GPTBot/1.2; +https://openai.com/gptbot)"
172.68.205.24 - - [08/May/2025:11:30:53 +0200] "GET /?hot=phim%20xet%20hi%E1%BA%BFp%20dam HTTP/1.1" 200 999 "-" "Mozilla/5.0 (compatible; MJ12bot/v2.0.1; http://mj12bot.com/)"
172.70.215.57 - - [08/May/2025:11:30:53 +0200] "GET /?produc_id=sex+c%E1%BA%B7c+b%E1%BB%B1 HTTP/1.1" 200 999 "-" "Mozilla/5.0 AppleWebKit/537.36 (KHTML, like Gecko; compatible; GPTBot/1.2; +https://openai.com/gptbot)"
162.158.41.19 - - [08/May/2025:11:30:53 +0200] "GET /?i=392969221 HTTP/1.1" 200 93801 "-" "Mozilla/5.0 (compatible; DotBot/1.2; +https://opensiteexplorer.org/dotbot; [email protected])"
172.68.205.24 - - [08/May/2025:11:30:54 +0200] "GET /?hot=phim%20xex%20vi%E1%BB%87t%20nam HTTP/1.1" 200 999 "-" "Mozilla/5.0 (compatible; MJ12bot/v2.0.1; http://mj12bot.com/)"
172.70.215.57 - - [08/May/2025:11:30:55 +0200] "GET /?top=phim+sex+gay+%C3%A2u+m%E1%BB%B9 HTTP/1.1" 200 999 "-" "Mozilla/5.0 AppleWebKit/537.36 (KHTML, like Gecko; compatible; GPTBot/1.2; +https://openai.com/gptbot)"
172.68.205.24 - - [08/May/2025:11:30:55 +0200] "GET /?hot=phim%20xx%20vi%E1%BB%87t%20nam%20m%E1%BB%9Bi%20nh%E1%BA%A5t HTTP/1.1" 200 999 "-" "Mozilla/5.0 (compatible; MJ12bot/v2.0.1; http://mj12bot.com/)"
172.70.215.57 - - [08/May/2025:11:30:56 +0200] "GET /?bet=phim+sex+gay+%C3%A2u+m%E1%BB%B9 HTTP/1.1" 200 999 "-" "Mozilla/5.0 AppleWebKit/537.36 (KHTML, like Gecko; compatible; GPTBot/1.2; +https://openai.com/gptbot)"
172.68.205.24 - - [08/May/2025:11:30:56 +0200] "GET /?hot=phim%20xxx%20c%C3%B3%20ch%E1%BB%AF HTTP/1.1" 200 999 "-" "Mozilla/5.0 (compatible; MJ12bot/v2.0.1; http://mj12bot.com/)"
162.158.41.19 - - [08/May/2025:11:30:56 +0200] "GET /?i=393800321 HTTP/1.1" 200 93801 "-" "Mozilla/5.0 (compatible; DotBot/1.2; +https://opensiteexplorer.org/dotbot; [email protected])"
172.70.215.57 - - [08/May/2025:11:30:57 +0200] "GET /?bet=phim+sex+%C3%A2u+m%E1%BB%B9.com HTTP/1.1" 200 999 "-" "Mozilla/5.0 AppleWebKit/537.36 (KHTML, like Gecko; compatible; GPTBot/1.2; +https://openai.com/gptbot)"
172.68.205.24 - - [08/May/2025:11:30:57 +0200] "GET /?hot=phim%20xxx%20nh%E1%BA%ADt HTTP/1.1" 200 999 "-" "Mozilla/5.0 (compatible; MJ12bot/v2.0.1; http://mj12bot.com/)"
172.70.215.57 - - [08/May/2025:11:30:58 +0200] "GET /?top=phim+sex+%C3%A2u+m%E1%BB%B9.com HTTP/1.1" 200 999 "-" "Mozilla/5.0 AppleWebKit/537.36 (KHTML, like Gecko; compatible; GPTBot/1.2; +https://openai.com/gptbot)"
172.69.79.152 - - [08/May/2025:11:30:58 +0200] "GET /?hot=s%E1%BA%BD%20g%E1%BA%A7y%20kh%C3%B4ng%20che HTTP/1.1" 200 999 "-" "Mozilla/5.0 (compatible; MJ12bot/v2.0.1; http://mj12bot.com/)"
172.71.146.183 - - [08/May/2025:11:30:58 +0200] "GET /?i=396441621 HTTP/1.1" 200 93801 "-" "Mozilla/5.0 (compatible; DotBot/1.2; +https://opensiteexplorer.org/dotbot; [email protected])"
172.69.79.152 - - [08/May/2025:11:30:59 +0200] "GET /?hot=set%2018 HTTP/1.1" 200 999 "-" "Mozilla/5.0 (compatible; MJ12bot/v2.0.1; http://mj12bot.com/)"
172.70.215.57 - - [08/May/2025:11:30:59 +0200] "GET /?hot=phim+sex+%C3%A2u+m%E1%BB%B9.com HTTP/1.1" 200 999 "-" "Mozilla/5.0 AppleWebKit/537.36 (KHTML, like Gecko; compatible; GPTBot/1.2; +https://openai.com/gptbot)"
172.69.79.152 - - [08/May/2025:11:31:00 +0200] "GET /?hot=sex%20%C3%A2u%20m%E1%BB%B9 HTTP/1.1" 200 999 "-" "Mozilla/5.0 (compatible; MJ12bot/v2.0.1; http://mj12bot.com/)"
172.70.215.57 - - [08/May/2025:11:31:00 +0200] "GET /?game=sex+hi%E1%BA%BFp+d%C3%A2m+th%E1%BA%ADt HTTP/1.1" 200 999 "-" "Mozilla/5.0 AppleWebKit/537.36 (KHTML, like Gecko; compatible; GPTBot/1.2; +https://openai.com/gptbot)"
162.158.41.6 - - [08/May/2025:11:31:00 +0200] "GET /?i=403577121 HTTP/1.1" 200 93801 "-" "Mozilla/5.0 (compatible; DotBot/1.2; +https://opensiteexplorer.org/dotbot; [email protected])"
172.69.79.152 - - [08/May/2025:11:31:01 +0200] "GET /?hot=sex%20ch%C3%A2u%20%C3%A2u%20vietsud HTTP/1.1" 200 999 "-" "Mozilla/5.0 (compatible; MJ12bot/v2.0.1; http://mj12bot.com/)"
162.158.78.37 - - [08/May/2025:11:31:01 +0200] "GET /spip.php?rubrique9 HTTP/1.1" 200 29140 "-" "Mozilla/5.0 AppleWebKit/537.36 (KHTML, like Gecko; compatible; Amazonbot/0.1; +https://developer.amazon.com/support/amazonbot) Chrome/119.0.6045.214 Safari/537.36"
162.158.162.18 - - [08/May/2025:11:31:01 +0200] "GET /?i=332289321 HTTP/1.1" 200 93801 "-" "Mozilla/5.0 (Linux; Android 5.0) AppleWebKit/537.36 (KHTML, like Gecko) Mobile Safari/537.36 (compatible; Bytespider; [email protected])"
172.70.215.57 - - [08/May/2025:11:31:02 +0200] "GET /?video=ketquabong%C4%91a HTTP/1.1" 200 999 "-" "Mozilla/5.0 AppleWebKit/537.36 (KHTML, like Gecko; compatible; GPTBot/1.2; +https://openai.com/gptbot)"
172.69.79.152 - - [08/May/2025:11:31:02 +0200] "GET /?hot=sex%20g%C3%A1i HTTP/1.1" 200 999 "-" "Mozilla/5.0 (compatible; MJ12bot/v2.0.1; http://mj12bot.com/)"
172.71.146.108 - - [08/May/2025:11:31:02 +0200] "GET /?i=405748521 HTTP/1.1" 200 93801 "-" "Mozilla/5.0 (compatible; DotBot/1.2; +https://opensiteexplorer.org/dotbot; [email protected])"
172.68.164.36 - - [08/May/2025:11:31:02 +0200] "GET /IMG/logo/1024x538_cmsv2_c54013e5-8833-5743-86fc-a18b87d54ede-8113070.jpg.webp HTTP/1.1" 200 8812 "http://www.igihango.com/?i=332289321" "Mozilla/5.0 (Linux; Android 5.0) AppleWebKit/537.36 (KHTML, like Gecko) Mobile Safari/537.36 (compatible; Bytespider; [email protected])"
162.158.88.143 - - [08/May/2025:11:31:02 +0200] "GET /IMG/logo/img-20231108-wa0084.jpg HTTP/1.1" 200 8767 "http://www.igihango.com/?i=332289321" "Mozilla/5.0 (Linux; Android 5.0) AppleWebKit/537.36 (KHTML, like Gecko) Mobile Safari/537.36 (compatible; Bytespider; [email protected])"
172.70.215.57 - - [08/May/2025:11:31:03 +0200] "GET /?game=sex+g%C3%A1i+%C4%91ang+ng%E1%BB%A7 HTTP/1.1" 200 999 "-" "Mozilla/5.0 AppleWebKit/537.36 (KHTML, like Gecko; compatible; GPTBot/1.2; +https://openai.com/gptbot)"
172.69.79.152 - - [08/May/2025:11:31:03 +0200] "GET /?hot=sex%20g%C3%A1i%20%C4%91%E1%BA%B9p HTTP/1.1" 200 999 "-" "Mozilla/5.0 (compatible; MJ12bot/v2.0.1; http://mj12bot.com/)"
172.70.179.96 - - [08/May/2025:11:31:04 +0200] "GET /?app=phim+sex+hi%E1%BA%BFp+d%C3%A2m+v%E1%BB%A3+b%E1%BA%A1n HTTP/1.1" 200 999 "-" "Mozilla/5.0 AppleWebKit/537.36 (KHTML, like Gecko; compatible; ClaudeBot/1.0; [email protected])"
172.70.215.57 - - [08/May/2025:11:31:04 +0200] "GET /?play=video+sex+ch%C3%A2u+%C3%A2u HTTP/1.1" 200 999 "-" "Mozilla/5.0 AppleWebKit/537.36 (KHTML, like Gecko; compatible; GPTBot/1.2; +https://openai.com/gptbot)"
172.69.79.152 - - [08/May/2025:11:31:04 +0200] "GET /?hot=sex%20gai%20%C4%91ep HTTP/1.1" 200 999 "-" "Mozilla/5.0 (compatible; MJ12bot/v2.0.1; http://mj12bot.com/)"
108.162.245.131 - - [08/May/2025:11:31:04 +0200] "GET /?i=412065121 HTTP/1.1" 200 93801 "-" "Mozilla/5.0 (compatible; DotBot/1.2; +https://opensiteexplorer.org/dotbot; [email protected])"
172.70.179.96 - - [08/May/2025:11:31:04 +0200] "GET /?play=chuy%E1%BB%83n+nh%C6%B0%E1%BB%A3ng+chelsea HTTP/1.1" 200 999 "-" "Mozilla/5.0 AppleWebKit/537.36 (KHTML, like Gecko; compatible; ClaudeBot/1.0; [email protected])"
172.69.79.152 - - [08/May/2025:11:31:05 +0200] "GET /?hot=sex%20gay%20vi%E1%BA%B9t%20nam HTTP/1.1" 200 999 "-" "Mozilla/5.0 (compatible; MJ12bot/v2.0.1; http://mj12bot.com/)"
172.70.215.57 - - [08/May/2025:11:31:05 +0200] "GET /?produc_id=ch%E1%BB%8Bch+th%C6%B0+k%C3%BD HTTP/1.1" 200 999 "-" "Mozilla/5.0 AppleWebKit/537.36 (KHTML, like Gecko; compatible; GPTBot/1.2; +https://openai.com/gptbot)"
162.158.41.6 - - [08/May/2025:11:31:05 +0200] "GET /?i=415457721 HTTP/1.1" 200 93801 "-" "Mozilla/5.0 (compatible; DotBot/1.2; +https://opensiteexplorer.org/dotbot; [email protected])"
172.70.127.195 - - [08/May/2025:11:31:05 +0200] "GET /?play=sex+kh%C3%B4ng+che+lo%E1%BA%A1n+lu%C3%A2n HTTP/1.1" 200 999 "-" "Mozilla/5.0 AppleWebKit/537.36 (KHTML, like Gecko; compatible; ClaudeBot/1.0; [email protected])"
172.69.79.152 - - [08/May/2025:11:31:06 +0200] "GET /?hot=sex%20h%C3%A0%20linh HTTP/1.1" 200 999 "-" "Mozilla/5.0 (compatible; MJ12bot/v2.0.1; http://mj12bot.com/)"
172.70.215.57 - - [08/May/2025:11:31:06 +0200] "GET /?play=jav+v%C4%83n+ph%C3%B2ng HTTP/1.1" 200 999 "-" "Mozilla/5.0 AppleWebKit/537.36 (KHTML, like Gecko; compatible; GPTBot/1.2; +https://openai.com/gptbot)"
172.69.6.25 - - [08/May/2025:11:31:06 +0200] "GET /?game=soi+k%C3%A8o+man+city HTTP/1.1" 200 999 "-" "Mozilla/5.0 AppleWebKit/537.36 (KHTML, like Gecko; compatible; ClaudeBot/1.0; [email protected])"
172.68.23.204 - - [08/May/2025:11:31:06 +0200] "GET /?i=418091321 HTTP/1.1" 200 93801 "-" "Mozilla/5.0 (compatible; DotBot/1.2; +https://opensiteexplorer.org/dotbot; [email protected])"
172.69.79.152 - - [08/May/2025:11:31:07 +0200] "GET /?hot=sex%20h%E1%BB%8Dc%20sinh HTTP/1.1" 200 999 "-" "Mozilla/5.0 (compatible; MJ12bot/v2.0.1; http://mj12bot.com/)"
108.162.216.96 - - [08/May/2025:11:31:07 +0200] "GET /?produc_id=phim+hd+18+ HTTP/1.1" 200 999 "-" "Mozilla/5.0 AppleWebKit/537.36 (KHTML, like Gecko; compatible; ClaudeBot/1.0; [email protected])"
172.70.215.57 - - [08/May/2025:11:31:07 +0200] "GET /?bet=xex+vi%E1%BB%87t+nam%21 HTTP/1.1" 200 999 "-" "Mozilla/5.0 AppleWebKit/537.36 (KHTML, like Gecko; compatible; GPTBot/1.2; +https://openai.com/gptbot)"
162.158.42.225 - - [08/May/2025:11:31:07 +0200] "GET /?i=418293021 HTTP/1.1" 200 93801 "-" "Mozilla/5.0 (compatible; DotBot/1.2; +https://opensiteexplorer.org/dotbot; [email protected])"
162.158.74.24 - - [08/May/2025:11:31:08 +0200] "GET /?hot=sex%20ho%E1%BA%A1t%20h%C3%ACnh HTTP/1.1" 200 999 "-" "Mozilla/5.0 (compatible; MJ12bot/v2.0.1; http://mj12bot.com/)"
172.71.151.165 - - [08/May/2025:11:31:08 +0200] "GET /?i=423943921 HTTP/1.1" 200 131 "-" "Mozilla/5.0 (compatible; DotBot/1.2; +https://opensiteexplorer.org/dotbot; [email protected])"
172.70.215.57 - - [08/May/2025:11:31:08 +0200] "GET /?top=th%E1%BB%83+thao+24h.vn HTTP/1.1" 200 999 "-" "Mozilla/5.0 AppleWebKit/537.36 (KHTML, like Gecko; compatible; GPTBot/1.2; +https://openai.com/gptbot)"
162.158.74.24 - - [08/May/2025:11:31:09 +0200] "GET /?hot=sex%20l%C3%AA%20b%C3%B3ng HTTP/1.1" 200 999 "-" "Mozilla/5.0 (compatible; MJ12bot/v2.0.1; http://mj12bot.com/)"
162.158.41.239 - - [08/May/2025:11:31:09 +0200] "GET /?i=426658021 HTTP/1.1" 200 131 "-" "Mozilla/5.0 (compatible; DotBot/1.2; +https://opensiteexplorer.org/dotbot; [email protected])"
172.70.215.57 - - [08/May/2025:11:31:10 +0200] "GET /?app=sex+vi%E1%BB%87t+nam+88 HTTP/1.1" 200 999 "-" "Mozilla/5.0 AppleWebKit/537.36 (KHTML, like Gecko; compatible; GPTBot/1.2; +https://openai.com/gptbot)"
172.71.151.93 - - [08/May/2025:11:31:10 +0200] "GET /?i=426932721 HTTP/1.1" 200 93801 "-" "Mozilla/5.0 (compatible; DotBot/1.2; +https://opensiteexplorer.org/dotbot; [email protected])"
162.158.74.24 - - [08/May/2025:11:31:10 +0200] "GET /?hot=sex%20m%C4%A9 HTTP/1.1" 200 999 "-" "Mozilla/5.0 (compatible; MJ12bot/v2.0.1; http://mj12bot.com/)"
172.70.215.57 - - [08/May/2025:11:31:11 +0200] "GET /?app=xex+vi%E1%BB%87t+nam%21 HTTP/1.1" 200 999 "-" "Mozilla/5.0 AppleWebKit/537.36 (KHTML, like Gecko; compatible; GPTBot/1.2; +https://openai.com/gptbot)"
172.71.146.100 - - [08/May/2025:11:31:11 +0200] "GET /?i=435415721 HTTP/1.1" 200 93801 "-" "Mozilla/5.0 (compatible; DotBot/1.2; +https://opensiteexplorer.org/dotbot; [email protected])"
162.158.74.24 - - [08/May/2025:11:31:11 +0200] "GET /?hot=sex%20massage%20t%C3%ACnh%20d%E1%BB%A5c HTTP/1.1" 200 999 "-" "Mozilla/5.0 (compatible; MJ12bot/v2.0.1; http://mj12bot.com/)"
172.71.147.136 - - [08/May/2025:11:31:12 +0200] "GET /?i=436586121 HTTP/1.1" 200 93801 "-" "Mozilla/5.0 (compatible; DotBot/1.2; +https://opensiteexplorer.org/dotbot; [email protected])"
172.70.215.57 - - [08/May/2025:11:31:12 +0200] "GET /?app=sex+88+vi%E1%BB%87t+nam HTTP/1.1" 200 999 "-" "Mozilla/5.0 AppleWebKit/537.36 (KHTML, like Gecko; compatible; GPTBot/1.2; +https://openai.com/gptbot)"
162.158.74.24 - - [08/May/2025:11:31:12 +0200] "GET /?hot=sex%20ngo%E1%BA%A1i%20t%C3%ACnh HTTP/1.1" 200 999 "-" "Mozilla/5.0 (compatible; MJ12bot/v2.0.1; http://mj12bot.com/)"
172.70.39.67 - - [08/May/2025:11:31:13 +0200] "GET /?produc_id=javsub HTTP/1.1" 200 999 "-" "Mozilla/5.0 AppleWebKit/537.36 (KHTML, like Gecko; compatible; Amazonbot/0.1; +https://developer.amazon.com/support/amazonbot) Chrome/119.0.6045.214 Safari/537.36"
162.158.42.196 - - [08/May/2025:11:31:13 +0200] "GET /?i=441541821 HTTP/1.1" 200 93801 "-" "Mozilla/5.0 (compatible; DotBot/1.2; +https://opensiteexplorer.org/dotbot; [email protected])"
162.158.74.24 - - [08/May/2025:11:31:13 +0200] "GET /?hot=sex%20vi%E1%BB%87t%20nam%20khong%20che HTTP/1.1" 200 999 "-" "Mozilla/5.0 (compatible; MJ12bot/v2.0.1; http://mj12bot.com/)"
172.70.215.57 - - [08/May/2025:11:31:13 +0200] "GET /?app=sex+v%C4%83n+ph%C3%B2ng HTTP/1.1" 200 999 "-" "Mozilla/5.0 AppleWebKit/537.36 (KHTML, like Gecko; compatible; GPTBot/1.2; +https://openai.com/gptbot)"
162.158.74.24 - - [08/May/2025:11:31:14 +0200] "GET /?hot=sex%20viet%20m%E1%BB%9Bi HTTP/1.1" 200 999 "-" "Mozilla/5.0 (compatible; MJ12bot/v2.0.1; http://mj12bot.com/)"
172.70.215.57 - - [08/May/2025:11:31:14 +0200] "GET /?app=%C4%91%E1%BB%8Bt+hotgirl HTTP/1.1" 200 999 "-" "Mozilla/5.0 AppleWebKit/537.36 (KHTML, like Gecko; compatible; GPTBot/1.2; +https://openai.com/gptbot)"
162.158.41.87 - - [08/May/2025:11:31:14 +0200] "GET /?i=447701121 HTTP/1.1" 200 93801 "-" "Mozilla/5.0 (compatible; DotBot/1.2; +https://opensiteexplorer.org/dotbot; [email protected])"
162.158.74.24 - - [08/May/2025:11:31:15 +0200] "GET /?hot=soi%20k%C3%A8o%20crotia HTTP/1.1" 200 999 "-" "Mozilla/5.0 (compatible; MJ12bot/v2.0.1; http://mj12bot.com/)"
172.70.215.57 - - [08/May/2025:11:31:15 +0200] "GET /?hot=xnxx+vi%E1%BB%87t+nam%21 HTTP/1.1" 200 999 "-" "Mozilla/5.0 AppleWebKit/537.36 (KHTML, like Gecko; compatible; GPTBot/1.2; +https://openai.com/gptbot)"
162.158.74.24 - - [08/May/2025:11:31:16 +0200] "GET /?hot=t%E1%BA%A3i%20sex%20kh%C3%B4ng%20che HTTP/1.1" 200 999 "-" "Mozilla/5.0 (compatible; MJ12bot/v2.0.1; http://mj12bot.com/)"
108.162.245.37 - - [08/May/2025:11:31:16 +0200] "GET /?i=449068521 HTTP/1.1" 200 93801 "-" "Mozilla/5.0 (compatible; DotBot/1.2; +https://opensiteexplorer.org/dotbot; [email protected])"
172.70.215.57 - - [08/May/2025:11:31:16 +0200] "GET /?ios=xnxx+vi%E1%BB%87t+nam%21 HTTP/1.1" 200 999 "-" "Mozilla/5.0 AppleWebKit/537.36 (KHTML, like Gecko; compatible; GPTBot/1.2; +https://openai.com/gptbot)"
172.68.245.126 - - [08/May/2025:11:31:17 +0200] "GET /?produc_id=lon%20m%C3%BAp HTTP/1.1" 200 999 "-" "Mozilla/5.0 AppleWebKit/537.36 (KHTML, like Gecko; compatible; Amazonbot/0.1; +https://developer.amazon.com/support/amazonbot) Chrome/119.0.6045.214 Safari/537.36"
162.158.74.24 - - [08/May/2025:11:31:17 +0200] "GET /?hot=th%E1%BB%8B%20tr%C6%B0%E1%BB%9Dng%20chuy%E1%BB%83n%20nh%C6%B0%E1%BB%A3ng%20m%C3%B9a%20%C4%91%C3%B4ng HTTP/1.1" 200 999 "-" "Mozilla/5.0 (compatible; MJ12bot/v2.0.1; http://mj12bot.com/)"
172.68.22.73 - - [08/May/2025:11:31:17 +0200] "GET /?i=454253721 HTTP/1.1" 200 93801 "-" "Mozilla/5.0 (compatible; DotBot/1.2; +https://opensiteexplorer.org/dotbot; [email protected])"
172.70.215.57 - - [08/May/2025:11:31:18 +0200] "GET /?bet=%C4%91%E1%BB%8Bt+hotgirl HTTP/1.1" 200 999 "-" "Mozilla/5.0 AppleWebKit/537.36 (KHTML, like Gecko; compatible; GPTBot/1.2; +https://openai.com/gptbot)"
172.68.23.203 - - [08/May/2025:11:31:18 +0200] "GET /?i=468704921 HTTP/1.1" 200 93801 "-" "Mozilla/5.0 (compatible; DotBot/1.2; +https://opensiteexplorer.org/dotbot; [email protected])"
172.70.58.20 - - [08/May/2025:11:31:18 +0200] "GET /?hot=th%E1%BB%A9%20dam HTTP/1.1" 200 999 "-" "Mozilla/5.0 (compatible; MJ12bot/v2.0.1; http://mj12bot.com/)"
172.70.215.57 - - [08/May/2025:11:31:19 +0200] "GET /?app=xem+phim+18+c%E1%BB%99ng HTTP/1.1" 200 999 "-" "Mozilla/5.0 AppleWebKit/537.36 (KHTML, like Gecko; compatible; GPTBot/1.2; +https://openai.com/gptbot)"
172.70.58.20 - - [08/May/2025:11:31:19 +0200] "GET /?hot=tr%E1%BB%B1c%20tiep%20bong%20da%20hom%20nay HTTP/1.1" 200 999 "-" "Mozilla/5.0 (compatible; MJ12bot/v2.0.1; http://mj12bot.com/)"
162.158.42.8 - - [08/May/2025:11:31:19 +0200] "GET /?i=470187721 HTTP/1.1" 200 93801 "-" "Mozilla/5.0 (compatible; DotBot/1.2; +https://opensiteexplorer.org/dotbot; [email protected])"
172.70.215.57 - - [08/May/2025:11:31:20 +0200] "GET /?hot=jav+v%C4%83n+ph%C3%B2ng HTTP/1.1" 200 999 "-" "Mozilla/5.0 AppleWebKit/537.36 (KHTML, like Gecko; compatible; GPTBot/1.2; +https://openai.com/gptbot)"
172.70.58.20 - - [08/May/2025:11:31:20 +0200] "GET /?hot=v%C3%BA%20to%20m%C3%BAp HTTP/1.1" 200 999 "-" "Mozilla/5.0 (compatible; MJ12bot/v2.0.1; http://mj12bot.com/)"
172.71.142.104 - - [08/May/2025:11:31:20 +0200] "GET /?i=470725821 HTTP/1.1" 200 93801 "-" "Mozilla/5.0 (compatible; DotBot/1.2; +https://opensiteexplorer.org/dotbot; [email protected])"
172.70.35.47 - - [08/May/2025:11:31:21 +0200] "GET /?game=deepfake%20porn HTTP/1.1" 200 999 "-" "Mozilla/5.0 AppleWebKit/537.36 (KHTML, like Gecko; compatible; Amazonbot/0.1; +https://developer.amazon.com/support/amazonbot) Chrome/119.0.6045.214 Safari/537.36"
172.71.151.166 - - [08/May/2025:11:31:21 +0200] "GET /?i=480456621 HTTP/1.1" 200 131 "-" "Mozilla/5.0 (compatible; DotBot/1.2; +https://opensiteexplorer.org/dotbot; [email protected])"
172.70.58.20 - - [08/May/2025:11:31:21 +0200] "GET /?hot=x%E1%BA%BFp%20h%E1%BA%A1ng%20futsal%20th%E1%BA%BF%20gi%E1%BB%9Bi HTTP/1.1" 200 999 "-" "Mozilla/5.0 (compatible; MJ12bot/v2.0.1; http://mj12bot.com/)"
172.70.215.57 - - [08/May/2025:11:31:21 +0200] "GET /?top=xnxx+vi%E1%BB%87t+nam%21 HTTP/1.1" 200 999 "-" "Mozilla/5.0 AppleWebKit/537.36 (KHTML, like Gecko; compatible; GPTBot/1.2; +https://openai.com/gptbot)"
172.68.22.39 - - [08/May/2025:11:31:21 +0200] "GET /?i=48648521 HTTP/1.1" 200 93801 "-" "Mozilla/5.0 (compatible; DotBot/1.2; +https://opensiteexplorer.org/dotbot; [email protected])"
172.70.58.20 - - [08/May/2025:11:31:22 +0200] "GET /?hot=xem%20%C4%91%E1%BB%8Bt%20nhau%20kh%C3%B4ng%20che HTTP/1.1" 200 999 "-" "Mozilla/5.0 (compatible; MJ12bot/v2.0.1; http://mj12bot.com/)"
