172.69.34.207 - - [08/May/2025:12:00:10 +0200] "GET /?bet=g%C3%A1i+th%E1%BB%A7+d%C3%A2m HTTP/1.1" 200 999 "-" "Mozilla/5.0 AppleWebKit/537.36 (KHTML, like Gecko; compatible; GPTBot/1.2; +https://openai.com/gptbot)"
172.70.130.157 - - [08/May/2025:12:00:10 +0200] "GET /?play=phim+sek HTTP/1.1" 200 999 "-" "Mozilla/5.0 AppleWebKit/537.36 (KHTML, like Gecko; compatible; ClaudeBot/1.0; [email protected])"
108.162.216.62 - - [08/May/2025:12:00:10 +0200] "GET /?play=xxx+g%C3%A1i+xinh+ch%C3%A2u+%C3%A2u HTTP/1.1" 200 999 "-" "Mozilla/5.0 AppleWebKit/537.36 (KHTML, like Gecko; compatible; ClaudeBot/1.0; [email protected])"
172.69.17.48 - - [08/May/2025:12:00:11 +0200] "GET /?play=phim+kh+che HTTP/1.1" 200 999 "-" "Mozilla/5.0 AppleWebKit/537.36 (KHTML, like Gecko; compatible; ClaudeBot/1.0; [email protected])"
172.69.7.30 - - [08/May/2025:12:00:11 +0200] "GET /?ios=sex+h%C3%A0+n%E1%BB%99i HTTP/1.1" 200 999 "-" "Mozilla/5.0 AppleWebKit/537.36 (KHTML, like Gecko; compatible; ClaudeBot/1.0; [email protected])"
172.70.179.106 - - [08/May/2025:12:00:11 +0200] "GET /?ios=xem+bong+da+truoc+tuyen HTTP/1.1" 200 999 "-" "Mozilla/5.0 AppleWebKit/537.36 (KHTML, like Gecko; compatible; ClaudeBot/1.0; [email protected])"
172.69.34.207 - - [08/May/2025:12:00:11 +0200] "GET /?ios=b%E1%BA%A1o+d%C3%A2m+g%C3%A1i HTTP/1.1" 200 999 "-" "Mozilla/5.0 AppleWebKit/537.36 (KHTML, like Gecko; compatible; GPTBot/1.2; +https://openai.com/gptbot)"
172.69.34.207 - - [08/May/2025:12:00:12 +0200] "GET /?hot=b%E1%BA%A1o+d%C3%A2m+g%C3%A1i HTTP/1.1" 200 999 "-" "Mozilla/5.0 AppleWebKit/537.36 (KHTML, like Gecko; compatible; GPTBot/1.2; +https://openai.com/gptbot)"
172.69.34.208 - - [08/May/2025:12:00:13 +0200] "GET /?hot=th%E1%BB%A7+d%C3%A2m+h%C3%A0n HTTP/1.1" 200 999 "-" "Mozilla/5.0 AppleWebKit/537.36 (KHTML, like Gecko; compatible; GPTBot/1.2; +https://openai.com/gptbot)"
172.69.34.208 - - [08/May/2025:12:00:14 +0200] "GET /?top=g%C3%A1i+th%E1%BB%A7+d%C3%A2m HTTP/1.1" 200 999 "-" "Mozilla/5.0 AppleWebKit/537.36 (KHTML, like Gecko; compatible; GPTBot/1.2; +https://openai.com/gptbot)"
172.69.34.208 - - [08/May/2025:12:00:16 +0200] "GET /?hot=%E1%BA%A3nh+g%C3%A1i+t%C3%A2y HTTP/1.1" 200 999 "-" "Mozilla/5.0 AppleWebKit/537.36 (KHTML, like Gecko; compatible; GPTBot/1.2; +https://openai.com/gptbot)"
172.69.34.208 - - [08/May/2025:12:00:17 +0200] "GET /?hot=b%C3%B3p+v%C3%BA+tr%E1%BB%99m HTTP/1.1" 200 999 "-" "Mozilla/5.0 AppleWebKit/537.36 (KHTML, like Gecko; compatible; GPTBot/1.2; +https://openai.com/gptbot)"
172.69.34.208 - - [08/May/2025:12:00:18 +0200] "GET /?bet=%E1%BA%A3nh+g%C3%A1i+t%C3%A2y HTTP/1.1" 200 999 "-" "Mozilla/5.0 AppleWebKit/537.36 (KHTML, like Gecko; compatible; GPTBot/1.2; +https://openai.com/gptbot)"
162.158.190.65 - - [08/May/2025:12:00:18 +0200] "GET /?i=298154621 HTTP/1.1" 200 93801 "-" "Mozilla/5.0 (Linux; Android 5.0) AppleWebKit/537.36 (KHTML, like Gecko) Mobile Safari/537.36 (compatible; Bytespider; [email protected])"
172.69.34.208 - - [08/May/2025:12:00:19 +0200] "GET /?bet=b%C3%B3p+v%C3%BA+tr%E1%BB%99m HTTP/1.1" 200 999 "-" "Mozilla/5.0 AppleWebKit/537.36 (KHTML, like Gecko; compatible; GPTBot/1.2; +https://openai.com/gptbot)"
172.68.164.36 - - [08/May/2025:12:00:19 +0200] "GET /IMG/logo/1024x538_cmsv2_c54013e5-8833-5743-86fc-a18b87d54ede-8113070.jpg.webp HTTP/1.1" 200 131 "http://www.igihango.com/?i=298154621" "Mozilla/5.0 (Linux; Android 5.0) AppleWebKit/537.36 (KHTML, like Gecko) Mobile Safari/537.36 (compatible; Bytespider; [email protected])"
162.158.88.143 - - [08/May/2025:12:00:20 +0200] "GET /IMG/logo/img-20231108-wa0084.jpg HTTP/1.1" 200 131 "http://www.igihango.com/?i=298154621" "Mozilla/5.0 (Linux; Android 5.0) AppleWebKit/537.36 (KHTML, like Gecko) Mobile Safari/537.36 (compatible; Bytespider; [email protected])"
172.69.34.208 - - [08/May/2025:12:00:20 +0200] "GET /?top=%E1%BA%A3nh+g%C3%A1i+t%C3%A2y HTTP/1.1" 200 999 "-" "Mozilla/5.0 AppleWebKit/537.36 (KHTML, like Gecko; compatible; GPTBot/1.2; +https://openai.com/gptbot)"
172.69.34.208 - - [08/May/2025:12:00:21 +0200] "GET /?top=g%C3%A1i+h%C3%A0n+th%E1%BB%A7 HTTP/1.1" 200 999 "-" "Mozilla/5.0 AppleWebKit/537.36 (KHTML, like Gecko; compatible; GPTBot/1.2; +https://openai.com/gptbot)"
172.69.34.208 - - [08/May/2025:12:00:23 +0200] "GET /?hot=g%C3%A1i+h%C3%A0n+th%E1%BB%A7 HTTP/1.1" 200 999 "-" "Mozilla/5.0 AppleWebKit/537.36 (KHTML, like Gecko; compatible; GPTBot/1.2; +https://openai.com/gptbot)"
172.69.34.208 - - [08/May/2025:12:00:24 +0200] "GET /?ios=%E1%BA%A3nh+g%C3%A1i+t%C3%A2y HTTP/1.1" 200 999 "-" "Mozilla/5.0 AppleWebKit/537.36 (KHTML, like Gecko; compatible; GPTBot/1.2; +https://openai.com/gptbot)"
172.69.34.208 - - [08/May/2025:12:00:25 +0200] "GET /?ios=g%C3%A1i+th%E1%BB%A7+d%C3%A2m HTTP/1.1" 200 999 "-" "Mozilla/5.0 AppleWebKit/537.36 (KHTML, like Gecko; compatible; GPTBot/1.2; +https://openai.com/gptbot)"
162.158.42.235 - - [08/May/2025:12:00:26 +0200] "GET /?i=1993921 HTTP/1.1" 200 93801 "-" "Mozilla/5.0 (compatible; DotBot/1.2; +https://opensiteexplorer.org/dotbot; [email protected])"
172.69.34.208 - - [08/May/2025:12:00:26 +0200] "GET /?hot=th%E1%BB%A7+d%C3%A2m+l%C3%A9n HTTP/1.1" 200 999 "-" "Mozilla/5.0 AppleWebKit/537.36 (KHTML, like Gecko; compatible; GPTBot/1.2; +https://openai.com/gptbot)"
172.69.34.208 - - [08/May/2025:12:00:27 +0200] "GET /?top=x%C3%A9c+ch%C3%A2u+m%E1%BB%B9 HTTP/1.1" 200 999 "-" "Mozilla/5.0 AppleWebKit/537.36 (KHTML, like Gecko; compatible; GPTBot/1.2; +https://openai.com/gptbot)"
172.69.34.208 - - [08/May/2025:12:00:28 +0200] "GET /?top=th%E1%BB%A7+d%C3%A2m+h%C3%A0n HTTP/1.1" 200 999 "-" "Mozilla/5.0 AppleWebKit/537.36 (KHTML, like Gecko; compatible; GPTBot/1.2; +https://openai.com/gptbot)"
172.69.34.208 - - [08/May/2025:12:00:30 +0200] "GET /?ios=x%C3%A9c+ch%C3%A2u+m%E1%BB%B9 HTTP/1.1" 200 999 "-" "Mozilla/5.0 AppleWebKit/537.36 (KHTML, like Gecko; compatible; GPTBot/1.2; +https://openai.com/gptbot)"
172.69.34.208 - - [08/May/2025:12:00:31 +0200] "GET /?app=g%C3%A1i+h%C3%A0n+th%E1%BB%A7 HTTP/1.1" 200 999 "-" "Mozilla/5.0 AppleWebKit/537.36 (KHTML, like Gecko; compatible; GPTBot/1.2; +https://openai.com/gptbot)"
172.69.34.208 - - [08/May/2025:12:00:32 +0200] "GET /?ios=b%C3%B3p+v%C3%BA+tr%E1%BB%99m HTTP/1.1" 200 999 "-" "Mozilla/5.0 AppleWebKit/537.36 (KHTML, like Gecko; compatible; GPTBot/1.2; +https://openai.com/gptbot)"
172.71.142.72 - - [08/May/2025:12:00:32 +0200] "GET /?i=2588421 HTTP/1.1" 200 93801 "-" "Mozilla/5.0 (compatible; DotBot/1.2; +https://opensiteexplorer.org/dotbot; [email protected])"
172.69.34.208 - - [08/May/2025:12:00:33 +0200] "GET /?bet=th%E1%BB%A7+d%C3%A2m+h%C3%A0n HTTP/1.1" 200 999 "-" "Mozilla/5.0 AppleWebKit/537.36 (KHTML, like Gecko; compatible; GPTBot/1.2; +https://openai.com/gptbot)"
172.69.34.208 - - [08/May/2025:12:00:34 +0200] "GET /?keyword=h%C3%ACnh+b%C3%B3p+v%C3%BA HTTP/1.1" 200 999 "-" "Mozilla/5.0 AppleWebKit/537.36 (KHTML, like Gecko; compatible; GPTBot/1.2; +https://openai.com/gptbot)"
172.69.34.208 - - [08/May/2025:12:00:35 +0200] "GET /?keyword=h%C3%ACnh+d%C3%BA+g%C3%A1i HTTP/1.1" 200 999 "-" "Mozilla/5.0 AppleWebKit/537.36 (KHTML, like Gecko; compatible; GPTBot/1.2; +https://openai.com/gptbot)"
172.69.34.208 - - [08/May/2025:12:00:36 +0200] "GET /?bet=tin+th%C3%AA+thao+24h HTTP/1.1" 200 999 "-" "Mozilla/5.0 AppleWebKit/537.36 (KHTML, like Gecko; compatible; GPTBot/1.2; +https://openai.com/gptbot)"
172.69.34.208 - - [08/May/2025:12:00:38 +0200] "GET /?app=sex+lo%E1%BA%A1n+lu%C3%A2n+hi%E1%BA%BFp+d%C3%A2m HTTP/1.1" 200 999 "-" "Mozilla/5.0 AppleWebKit/537.36 (KHTML, like Gecko; compatible; GPTBot/1.2; +https://openai.com/gptbot)"
172.71.150.202 - - [08/May/2025:12:00:37 +0200] "GET /?i=12726021 HTTP/1.1" 200 93801 "-" "Mozilla/5.0 (compatible; DotBot/1.2; +https://opensiteexplorer.org/dotbot; [email protected])"
172.69.34.208 - - [08/May/2025:12:00:39 +0200] "GET /?hot=sex+lo%E1%BA%A1n+lu%C3%A2n+hi%E1%BA%BFp+d%C3%A2m HTTP/1.1" 200 999 "-" "Mozilla/5.0 AppleWebKit/537.36 (KHTML, like Gecko; compatible; GPTBot/1.2; +https://openai.com/gptbot)"
172.69.34.208 - - [08/May/2025:12:00:40 +0200] "GET /?hot=sex+hi%E1%BA%BFp+d%C3%A2m+lo%E1%BA%A1n+lu%C3%A2n HTTP/1.1" 200 999 "-" "Mozilla/5.0 AppleWebKit/537.36 (KHTML, like Gecko; compatible; GPTBot/1.2; +https://openai.com/gptbot)"
172.69.34.208 - - [08/May/2025:12:00:41 +0200] "GET /?app=sex+hi%E1%BA%BFp+d%C3%A2m+lo%E1%BA%A1n+lu%C3%A2n HTTP/1.1" 200 999 "-" "Mozilla/5.0 AppleWebKit/537.36 (KHTML, like Gecko; compatible; GPTBot/1.2; +https://openai.com/gptbot)"
172.69.34.208 - - [08/May/2025:12:00:42 +0200] "GET /?top=sex+lo%E1%BA%A1n+lu%C3%A2n+hi%E1%BA%BFp+d%C3%A2m HTTP/1.1" 200 999 "-" "Mozilla/5.0 AppleWebKit/537.36 (KHTML, like Gecko; compatible; GPTBot/1.2; +https://openai.com/gptbot)"
172.71.150.57 - - [08/May/2025:12:00:42 +0200] "GET /?i=24179321 HTTP/1.1" 200 93801 "-" "Mozilla/5.0 (compatible; DotBot/1.2; +https://opensiteexplorer.org/dotbot; [email protected])"
172.69.34.208 - - [08/May/2025:12:00:43 +0200] "GET /?top=sex+hi%E1%BA%BFp+d%C3%A2m+lo%E1%BA%A1n+lu%C3%A2n HTTP/1.1" 200 999 "-" "Mozilla/5.0 AppleWebKit/537.36 (KHTML, like Gecko; compatible; GPTBot/1.2; +https://openai.com/gptbot)"
172.69.34.208 - - [08/May/2025:12:00:45 +0200] "GET /?video=l%E1%BB%8Bch+%C4%91%C3%A1+u20+ch%C3%A2u+%C3%A1 HTTP/1.1" 200 999 "-" "Mozilla/5.0 AppleWebKit/537.36 (KHTML, like Gecko; compatible; GPTBot/1.2; +https://openai.com/gptbot)"
172.70.208.99 - - [08/May/2025:12:00:45 +0200] "GET /?i=254727021 HTTP/1.1" 200 93801 "-" "Mozilla/5.0 (Linux; Android 5.0) AppleWebKit/537.36 (KHTML, like Gecko) Mobile Safari/537.36 (compatible; Bytespider; [email protected])"
172.69.34.208 - - [08/May/2025:12:00:46 +0200] "GET /?video=phim+sex+nh%E1%BA%ADt+b%E1%BA%A3n+18+ HTTP/1.1" 200 999 "-" "Mozilla/5.0 AppleWebKit/537.36 (KHTML, like Gecko; compatible; GPTBot/1.2; +https://openai.com/gptbot)"
172.68.164.36 - - [08/May/2025:12:00:46 +0200] "GET /IMG/logo/1024x538_cmsv2_c54013e5-8833-5743-86fc-a18b87d54ede-8113070.jpg.webp HTTP/1.1" 200 8812 "http://www.igihango.com/?i=254727021" "Mozilla/5.0 (Linux; Android 5.0) AppleWebKit/537.36 (KHTML, like Gecko) Mobile Safari/537.36 (compatible; Bytespider; [email protected])"
162.158.88.143 - - [08/May/2025:12:00:46 +0200] "GET /IMG/logo/img-20231108-wa0084.jpg HTTP/1.1" 200 8767 "http://www.igihango.com/?i=254727021" "Mozilla/5.0 (Linux; Android 5.0) AppleWebKit/537.36 (KHTML, like Gecko) Mobile Safari/537.36 (compatible; Bytespider; [email protected])"
108.162.245.130 - - [08/May/2025:12:00:46 +0200] "GET /?i=26351421 HTTP/1.1" 200 93801 "-" "Mozilla/5.0 (compatible; DotBot/1.2; +https://opensiteexplorer.org/dotbot; [email protected])"
172.69.34.208 - - [08/May/2025:12:00:47 +0200] "GET /?video=gi%E1%BA%A3i+%C4%91%E1%BA%B7c+bi%E1%BB%87t+2023 HTTP/1.1" 200 999 "-" "Mozilla/5.0 AppleWebKit/537.36 (KHTML, like Gecko; compatible; GPTBot/1.2; +https://openai.com/gptbot)"
172.69.34.208 - - [08/May/2025:12:00:48 +0200] "GET /?bet=phim+s%C3%A9c+g%C3%A1i+xinh HTTP/1.1" 200 999 "-" "Mozilla/5.0 AppleWebKit/537.36 (KHTML, like Gecko; compatible; GPTBot/1.2; +https://openai.com/gptbot)"
172.69.34.208 - - [08/May/2025:12:00:49 +0200] "GET /?produc_id=k%C3%A8o+bong+d%C3%A1 HTTP/1.1" 200 999 "-" "Mozilla/5.0 AppleWebKit/537.36 (KHTML, like Gecko; compatible; GPTBot/1.2; +https://openai.com/gptbot)"
108.162.246.97 - - [08/May/2025:12:00:50 +0200] "GET /?i=31402821 HTTP/1.1" 200 93801 "-" "Mozilla/5.0 (compatible; DotBot/1.2; +https://opensiteexplorer.org/dotbot; [email protected])"
172.69.34.208 - - [08/May/2025:12:00:50 +0200] "GET /?produc_id=g%C3%A1i+d%C3%A2m.loi HTTP/1.1" 200 999 "-" "Mozilla/5.0 AppleWebKit/537.36 (KHTML, like Gecko; compatible; GPTBot/1.2; +https://openai.com/gptbot)"
172.69.34.208 - - [08/May/2025:12:00:52 +0200] "GET /?hot=phim+sex+ch%C3%A2n+d%C3%A0i HTTP/1.1" 200 999 "-" "Mozilla/5.0 AppleWebKit/537.36 (KHTML, like Gecko; compatible; GPTBot/1.2; +https://openai.com/gptbot)"
108.162.246.97 - - [08/May/2025:12:00:53 +0200] "GET /?i=33890621 HTTP/1.1" 200 93801 "-" "Mozilla/5.0 (compatible; DotBot/1.2; +https://opensiteexplorer.org/dotbot; [email protected])"
172.69.34.208 - - [08/May/2025:12:00:53 +0200] "GET /?produc_id=m%C3%AAm+g%E1%BA%A5u+tr%C3%BAc HTTP/1.1" 200 999 "-" "Mozilla/5.0 AppleWebKit/537.36 (KHTML, like Gecko; compatible; GPTBot/1.2; +https://openai.com/gptbot)"
172.69.34.208 - - [08/May/2025:12:00:54 +0200] "GET /?app=ket+qua+vong+1+ngoai+hang+anh HTTP/1.1" 200 999 "-" "Mozilla/5.0 AppleWebKit/537.36 (KHTML, like Gecko; compatible; GPTBot/1.2; +https://openai.com/gptbot)"
172.69.34.208 - - [08/May/2025:12:00:55 +0200] "GET /?ios=ket+qua+vong+1+ngoai+hang+anh HTTP/1.1" 200 999 "-" "Mozilla/5.0 AppleWebKit/537.36 (KHTML, like Gecko; compatible; GPTBot/1.2; +https://openai.com/gptbot)"
162.158.42.7 - - [08/May/2025:12:00:55 +0200] "GET /?i=36566421 HTTP/1.1" 200 93801 "-" "Mozilla/5.0 (compatible; DotBot/1.2; +https://opensiteexplorer.org/dotbot; [email protected])"
172.69.34.208 - - [08/May/2025:12:00:56 +0200] "GET /?produc_id=lich+thi+dau+u20+chau+a HTTP/1.1" 200 999 "-" "Mozilla/5.0 AppleWebKit/537.36 (KHTML, like Gecko; compatible; GPTBot/1.2; +https://openai.com/gptbot)"
172.69.34.208 - - [08/May/2025:12:00:57 +0200] "GET /?bet=ket+qua+vong+1+ngoai+hang+anh HTTP/1.1" 200 999 "-" "Mozilla/5.0 AppleWebKit/537.36 (KHTML, like Gecko; compatible; GPTBot/1.2; +https://openai.com/gptbot)"
172.71.150.56 - - [08/May/2025:12:00:57 +0200] "GET /?i=39503021 HTTP/1.1" 200 93801 "-" "Mozilla/5.0 (compatible; DotBot/1.2; +https://opensiteexplorer.org/dotbot; [email protected])"
172.69.34.208 - - [08/May/2025:12:00:58 +0200] "GET /?top=sex+kh+che+ch%C3%A2u+%C3%A2u HTTP/1.1" 200 999 "-" "Mozilla/5.0 AppleWebKit/537.36 (KHTML, like Gecko; compatible; GPTBot/1.2; +https://openai.com/gptbot)"
162.158.41.87 - - [08/May/2025:12:00:59 +0200] "GET /?i=40256521 HTTP/1.1" 200 93801 "-" "Mozilla/5.0 (compatible; DotBot/1.2; +https://opensiteexplorer.org/dotbot; [email protected])"
172.69.34.208 - - [08/May/2025:12:01:00 +0200] "GET /?video=t%E1%BB%89+le+keo HTTP/1.1" 200 999 "-" "Mozilla/5.0 AppleWebKit/537.36 (KHTML, like Gecko; compatible; GPTBot/1.2; +https://openai.com/gptbot)"
172.69.34.208 - - [08/May/2025:12:01:01 +0200] "GET /?keyword=phim+se%CC%83 HTTP/1.1" 200 999 "-" "Mozilla/5.0 AppleWebKit/537.36 (KHTML, like Gecko; compatible; GPTBot/1.2; +https://openai.com/gptbot)"
172.71.147.202 - - [08/May/2025:12:01:01 +0200] "GET /?i=40807921 HTTP/1.1" 200 93801 "-" "Mozilla/5.0 (compatible; DotBot/1.2; +https://opensiteexplorer.org/dotbot; [email protected])"
172.69.34.208 - - [08/May/2025:12:01:02 +0200] "GET /?ios=%C4%91it+nhau+chau+au HTTP/1.1" 200 999 "-" "Mozilla/5.0 AppleWebKit/537.36 (KHTML, like Gecko; compatible; GPTBot/1.2; +https://openai.com/gptbot)"
172.71.146.43 - - [08/May/2025:12:01:03 +0200] "GET /?i=44073921 HTTP/1.1" 200 93801 "-" "Mozilla/5.0 (compatible; DotBot/1.2; +https://opensiteexplorer.org/dotbot; [email protected])"
172.69.34.208 - - [08/May/2025:12:01:03 +0200] "GET /?top=%C4%91it+nhau+chau+au HTTP/1.1" 200 999 "-" "Mozilla/5.0 AppleWebKit/537.36 (KHTML, like Gecko; compatible; GPTBot/1.2; +https://openai.com/gptbot)"
172.71.147.53 - - [08/May/2025:12:01:04 +0200] "GET /?i=48448021 HTTP/1.1" 200 93801 "-" "Mozilla/5.0 (compatible; DotBot/1.2; +https://opensiteexplorer.org/dotbot; [email protected])"
172.69.34.208 - - [08/May/2025:12:01:04 +0200] "GET /?bet=%C4%91it+nhau+chau+au HTTP/1.1" 200 999 "-" "Mozilla/5.0 AppleWebKit/537.36 (KHTML, like Gecko; compatible; GPTBot/1.2; +https://openai.com/gptbot)"
108.162.246.42 - - [08/May/2025:12:01:05 +0200] "GET /?i=53816521 HTTP/1.1" 200 93801 "-" "Mozilla/5.0 (compatible; DotBot/1.2; +https://opensiteexplorer.org/dotbot; [email protected])"
172.69.34.208 - - [08/May/2025:12:01:05 +0200] "GET /?hot=%E1%BA%A3nh+%C4%91%E1%BA%A5u+la+%C4%91%E1%BA%A1i+l%E1%BB%A5c HTTP/1.1" 200 999 "-" "Mozilla/5.0 AppleWebKit/537.36 (KHTML, like Gecko; compatible; GPTBot/1.2; +https://openai.com/gptbot)"
172.69.34.208 - - [08/May/2025:12:01:07 +0200] "GET /?bet=%E1%BA%A3nh+%C4%91%E1%BA%A5u+la+%C4%91%E1%BA%A1i+l%E1%BB%A5c HTTP/1.1" 200 999 "-" "Mozilla/5.0 AppleWebKit/537.36 (KHTML, like Gecko; compatible; GPTBot/1.2; +https://openai.com/gptbot)"
162.158.41.248 - - [08/May/2025:12:01:08 +0200] "GET /?i=54615321 HTTP/1.1" 200 93801 "-" "Mozilla/5.0 (compatible; DotBot/1.2; +https://opensiteexplorer.org/dotbot; [email protected])"
172.69.34.208 - - [08/May/2025:12:01:08 +0200] "GET /?game=g%C3%A1i+l%C3%AAn+%C4%91%E1%BB%89nh HTTP/1.1" 200 999 "-" "Mozilla/5.0 AppleWebKit/537.36 (KHTML, like Gecko; compatible; GPTBot/1.2; +https://openai.com/gptbot)"
172.69.34.208 - - [08/May/2025:12:01:09 +0200] "GET /?game=%C4%91%E1%BB%8Bt+ch%C3%A1u+g%C3%A1i HTTP/1.1" 200 999 "-" "Mozilla/5.0 AppleWebKit/537.36 (KHTML, like Gecko; compatible; GPTBot/1.2; +https://openai.com/gptbot)"
162.158.41.206 - - [08/May/2025:12:01:09 +0200] "GET /?i=66497621 HTTP/1.1" 200 93801 "-" "Mozilla/5.0 (compatible; DotBot/1.2; +https://opensiteexplorer.org/dotbot; [email protected])"
172.69.34.208 - - [08/May/2025:12:01:10 +0200] "GET /?game=k%C3%A9t+qua+b%C3%B3ng+%C4%91%C3%A1 HTTP/1.1" 200 999 "-" "Mozilla/5.0 AppleWebKit/537.36 (KHTML, like Gecko; compatible; GPTBot/1.2; +https://openai.com/gptbot)"
108.162.246.97 - - [08/May/2025:12:01:11 +0200] "GET /?i=70684521 HTTP/1.1" 200 93801 "-" "Mozilla/5.0 (compatible; DotBot/1.2; +https://opensiteexplorer.org/dotbot; [email protected])"
172.68.164.27 - - [08/May/2025:12:01:11 +0200] "GET /?i=356061721 HTTP/1.1" 200 93801 "-" "Mozilla/5.0 (Linux; Android 5.0) AppleWebKit/537.36 (KHTML, like Gecko) Mobile Safari/537.36 (compatible; Bytespider; [email protected])"
172.69.34.208 - - [08/May/2025:12:01:11 +0200] "GET /?keyword=thu%CC%89+d%C3%A2m HTTP/1.1" 200 999 "-" "Mozilla/5.0 AppleWebKit/537.36 (KHTML, like Gecko; compatible; GPTBot/1.2; +https://openai.com/gptbot)"
172.68.22.72 - - [08/May/2025:12:01:12 +0200] "GET /?i=71310421 HTTP/1.1" 200 93801 "-" "Mozilla/5.0 (compatible; DotBot/1.2; +https://opensiteexplorer.org/dotbot; [email protected])"
172.68.164.37 - - [08/May/2025:12:01:12 +0200] "GET /IMG/logo/1024x538_cmsv2_c54013e5-8833-5743-86fc-a18b87d54ede-8113070.jpg.webp HTTP/1.1" 200 8812 "http://www.igihango.com/?i=356061721" "Mozilla/5.0 (Linux; Android 5.0) AppleWebKit/537.36 (KHTML, like Gecko) Mobile Safari/537.36 (compatible; Bytespider; [email protected])"
172.69.34.208 - - [08/May/2025:12:01:12 +0200] "GET /?keyword=lich+thi+dau+manchester+united HTTP/1.1" 200 999 "-" "Mozilla/5.0 AppleWebKit/537.36 (KHTML, like Gecko; compatible; GPTBot/1.2; +https://openai.com/gptbot)"
162.158.88.143 - - [08/May/2025:12:01:13 +0200] "GET /IMG/logo/img-20231108-wa0084.jpg HTTP/1.1" 200 8767 "http://www.igihango.com/?i=356061721" "Mozilla/5.0 (Linux; Android 5.0) AppleWebKit/537.36 (KHTML, like Gecko) Mobile Safari/537.36 (compatible; Bytespider; [email protected])"
172.69.34.208 - - [08/May/2025:12:01:14 +0200] "GET /?video=phim+sex+l%E1%BB%93ng+ti%E1%BA%BFng+vi%E1%BB%87t HTTP/1.1" 200 999 "-" "Mozilla/5.0 AppleWebKit/537.36 (KHTML, like Gecko; compatible; GPTBot/1.2; +https://openai.com/gptbot)"
172.68.22.2 - - [08/May/2025:12:01:14 +0200] "GET /?i=73345421 HTTP/1.1" 200 93801 "-" "Mozilla/5.0 (compatible; DotBot/1.2; +https://opensiteexplorer.org/dotbot; [email protected])"
172.71.222.24 - - [08/May/2025:12:01:14 +0200] "GET /?hot=clip%2018%20viet HTTP/1.1" 200 999 "-" "Mozilla/5.0 AppleWebKit/537.36 (KHTML, like Gecko; compatible; Amazonbot/0.1; +https://developer.amazon.com/support/amazonbot) Chrome/119.0.6045.214 Safari/537.36"
172.69.34.208 - - [08/May/2025:12:01:15 +0200] "GET /?play=%C4%91%E1%BB%8Bt+c%E1%BA%ADn+c%E1%BA%A3nh HTTP/1.1" 200 999 "-" "Mozilla/5.0 AppleWebKit/537.36 (KHTML, like Gecko; compatible; GPTBot/1.2; +https://openai.com/gptbot)"
172.71.150.67 - - [08/May/2025:12:01:16 +0200] "GET /?i=73629321 HTTP/1.1" 200 93801 "-" "Mozilla/5.0 (compatible; DotBot/1.2; +https://opensiteexplorer.org/dotbot; [email protected])"
172.69.34.208 - - [08/May/2025:12:01:16 +0200] "GET /?top=phim+m%E1%BB%9Bi+.+net HTTP/1.1" 200 999 "-" "Mozilla/5.0 AppleWebKit/537.36 (KHTML, like Gecko; compatible; GPTBot/1.2; +https://openai.com/gptbot)"
172.68.22.72 - - [08/May/2025:12:01:17 +0200] "GET /?i=79147121 HTTP/1.1" 200 93801 "-" "Mozilla/5.0 (compatible; DotBot/1.2; +https://opensiteexplorer.org/dotbot; [email protected])"
172.69.34.208 - - [08/May/2025:12:01:17 +0200] "GET /?ios=phim+m%E1%BB%9Bi+.+net HTTP/1.1" 200 999 "-" "Mozilla/5.0 AppleWebKit/537.36 (KHTML, like Gecko; compatible; GPTBot/1.2; +https://openai.com/gptbot)"
172.69.34.208 - - [08/May/2025:12:01:18 +0200] "GET /?app=phim+m%E1%BB%9Bi+.+net HTTP/1.1" 200 999 "-" "Mozilla/5.0 AppleWebKit/537.36 (KHTML, like Gecko; compatible; GPTBot/1.2; +https://openai.com/gptbot)"
172.68.23.204 - - [08/May/2025:12:01:18 +0200] "GET /?i=79322021 HTTP/1.1" 200 93801 "-" "Mozilla/5.0 (compatible; DotBot/1.2; +https://opensiteexplorer.org/dotbot; [email protected])"
172.69.34.208 - - [08/May/2025:12:01:19 +0200] "GET /?hot=phim+m%E1%BB%9Bi+.+net HTTP/1.1" 200 999 "-" "Mozilla/5.0 AppleWebKit/537.36 (KHTML, like Gecko; compatible; GPTBot/1.2; +https://openai.com/gptbot)"
172.71.150.67 - - [08/May/2025:12:01:20 +0200] "GET /?i=81486821 HTTP/1.1" 200 93801 "-" "Mozilla/5.0 (compatible; DotBot/1.2; +https://opensiteexplorer.org/dotbot; [email protected])"
172.69.34.208 - - [08/May/2025:12:01:21 +0200] "GET /?video=top+di%E1%BB%85n+vi%C3%AAn+jav+kh%C3%B4ng+che HTTP/1.1" 200 999 "-" "Mozilla/5.0 AppleWebKit/537.36 (KHTML, like Gecko; compatible; GPTBot/1.2; +https://openai.com/gptbot)"
172.71.146.42 - - [08/May/2025:12:01:21 +0200] "GET /?i=84129321 HTTP/1.1" 200 93801 "-" "Mozilla/5.0 (compatible; DotBot/1.2; +https://opensiteexplorer.org/dotbot; [email protected])"
172.68.23.204 - - [08/May/2025:12:01:22 +0200] "GET /?i=84244221 HTTP/1.1" 200 93801 "-" "Mozilla/5.0 (compatible; DotBot/1.2; +https://opensiteexplorer.org/dotbot; [email protected])"
172.69.34.208 - - [08/May/2025:12:01:22 +0200] "GET /?ios=sex+tr%C3%A0n+h%C3%A0+linh HTTP/1.1" 200 999 "-" "Mozilla/5.0 AppleWebKit/537.36 (KHTML, like Gecko; compatible; GPTBot/1.2; +https://openai.com/gptbot)"
172.68.23.204 - - [08/May/2025:12:01:23 +0200] "GET /?i=97240121 HTTP/1.1" 200 93801 "-" "Mozilla/5.0 (compatible; DotBot/1.2; +https://opensiteexplorer.org/dotbot; [email protected])"
172.69.34.208 - - [08/May/2025:12:01:23 +0200] "GET /?hot=sex+tr%C3%A0n+h%C3%A0+linh HTTP/1.1" 200 999 "-" "Mozilla/5.0 AppleWebKit/537.36 (KHTML, like Gecko; compatible; GPTBot/1.2; +https://openai.com/gptbot)"
172.69.34.208 - - [08/May/2025:12:01:24 +0200] "GET /?bet=g%C3%A1i+ph%C3%A1+trinh HTTP/1.1" 200 999 "-" "Mozilla/5.0 AppleWebKit/537.36 (KHTML, like Gecko; compatible; GPTBot/1.2; +https://openai.com/gptbot)"
162.158.41.239 - - [08/May/2025:12:01:24 +0200] "GET /?i=102375521 HTTP/1.1" 200 93801 "-" "Mozilla/5.0 (compatible; DotBot/1.2; +https://opensiteexplorer.org/dotbot; [email protected])"
162.158.41.87 - - [08/May/2025:12:01:25 +0200] "GET /?i=113594121 HTTP/1.1" 200 93801 "-" "Mozilla/5.0 (compatible; DotBot/1.2; +https://opensiteexplorer.org/dotbot; [email protected])"
172.69.34.208 - - [08/May/2025:12:01:25 +0200] "GET /?bet=sex+g%C3%A1i+ng%C3%A0nh HTTP/1.1" 200 999 "-" "Mozilla/5.0 AppleWebKit/537.36 (KHTML, like Gecko; compatible; GPTBot/1.2; +https://openai.com/gptbot)"
108.162.245.97 - - [08/May/2025:12:01:26 +0200] "GET /?i=114146921 HTTP/1.1" 200 93801 "-" "Mozilla/5.0 (compatible; DotBot/1.2; +https://opensiteexplorer.org/dotbot; [email protected])"
172.69.34.208 - - [08/May/2025:12:01:26 +0200] "GET /?bet=sex+tr%C3%A0n+h%C3%A0+linh HTTP/1.1" 200 999 "-" "Mozilla/5.0 AppleWebKit/537.36 (KHTML, like Gecko; compatible; GPTBot/1.2; +https://openai.com/gptbot)"
172.69.58.24 - - [08/May/2025:12:01:27 +0200] "GET /?keyword=sexy HTTP/1.1" 200 999 "-" "Mozilla/5.0 AppleWebKit/537.36 (KHTML, like Gecko; compatible; ClaudeBot/1.0; [email protected])"
172.71.1.149 - - [08/May/2025:12:01:27 +0200] "GET /?bet=sextrungquochay HTTP/1.1" 200 999 "-" "Mozilla/5.0 AppleWebKit/537.36 (KHTML, like Gecko; compatible; ClaudeBot/1.0; [email protected])"
172.69.59.147 - - [08/May/2025:12:01:27 +0200] "GET /?top=sex+h%E1%BB%93+b%C6%A1i HTTP/1.1" 200 999 "-" "Mozilla/5.0 AppleWebKit/537.36 (KHTML, like Gecko; compatible; ClaudeBot/1.0; [email protected])"
172.69.17.120 - - [08/May/2025:12:01:27 +0200] "GET /?play=phim+sex+nh%E1%BA%ADt+b%E1%BA%A3n+hi%E1%BA%BFp+d%C3%A2m+kh%C3%B4ng+che HTTP/1.1" 200 999 "-" "Mozilla/5.0 AppleWebKit/537.36 (KHTML, like Gecko; compatible; ClaudeBot/1.0; [email protected])"
172.69.6.119 - - [08/May/2025:12:01:27 +0200] "GET /?play=sex+con+g%C3%A1i HTTP/1.1" 200 999 "-" "Mozilla/5.0 AppleWebKit/537.36 (KHTML, like Gecko; compatible; ClaudeBot/1.0; [email protected])"
172.69.34.208 - - [08/May/2025:12:01:28 +0200] "GET /?produc_id=d%C3%A2m+d%C3%A3ng HTTP/1.1" 200 999 "-" "Mozilla/5.0 AppleWebKit/537.36 (KHTML, like Gecko; compatible; GPTBot/1.2; +https://openai.com/gptbot)"
108.162.246.68 - - [08/May/2025:12:01:28 +0200] "GET /?i=115170721 HTTP/1.1" 200 93801 "-" "Mozilla/5.0 (compatible; DotBot/1.2; +https://opensiteexplorer.org/dotbot; [email protected])"
172.69.34.208 - - [08/May/2025:12:01:29 +0200] "GET /?top=ph%C3%A1+trinh+em+g%C3%A1i HTTP/1.1" 200 999 "-" "Mozilla/5.0 AppleWebKit/537.36 (KHTML, like Gecko; compatible; GPTBot/1.2; +https://openai.com/gptbot)"
172.71.146.100 - - [08/May/2025:12:01:30 +0200] "GET /?i=115799521 HTTP/1.1" 200 93801 "-" "Mozilla/5.0 (compatible; DotBot/1.2; +https://opensiteexplorer.org/dotbot; [email protected])"
172.69.34.208 - - [08/May/2025:12:01:30 +0200] "GET /?hot=g%C3%A1i+ph%C3%A1+trinh HTTP/1.1" 200 999 "-" "Mozilla/5.0 AppleWebKit/537.36 (KHTML, like Gecko; compatible; GPTBot/1.2; +https://openai.com/gptbot)"
172.69.34.208 - - [08/May/2025:12:01:31 +0200] "GET /?app=sex+g%C3%A1i+ng%C3%A0nh HTTP/1.1" 200 999 "-" "Mozilla/5.0 AppleWebKit/537.36 (KHTML, like Gecko; compatible; GPTBot/1.2; +https://openai.com/gptbot)"
172.71.147.202 - - [08/May/2025:12:01:31 +0200] "GET /?i=130234621 HTTP/1.1" 200 93801 "-" "Mozilla/5.0 (compatible; DotBot/1.2; +https://opensiteexplorer.org/dotbot; [email protected])"
172.69.34.208 - - [08/May/2025:12:01:32 +0200] "GET /?ios=sex+g%C3%A1i+ng%C3%A0nh+vn HTTP/1.1" 200 999 "-" "Mozilla/5.0 AppleWebKit/537.36 (KHTML, like Gecko; compatible; GPTBot/1.2; +https://openai.com/gptbot)"
172.69.34.208 - - [08/May/2025:12:01:33 +0200] "GET /?app=ph%C3%A1+trinh+g%C3%A1i HTTP/1.1" 200 999 "-" "Mozilla/5.0 AppleWebKit/537.36 (KHTML, like Gecko; compatible; GPTBot/1.2; +https://openai.com/gptbot)"
172.71.142.44 - - [08/May/2025:12:01:34 +0200] "GET /?i=134924921 HTTP/1.1" 200 93801 "-" "Mozilla/5.0 (compatible; DotBot/1.2; +https://opensiteexplorer.org/dotbot; [email protected])"
172.69.34.208 - - [08/May/2025:12:01:35 +0200] "GET /?hot=c%C3%A1ch+ph%C3%A1+trinh HTTP/1.1" 200 999 "-" "Mozilla/5.0 AppleWebKit/537.36 (KHTML, like Gecko; compatible; GPTBot/1.2; +https://openai.com/gptbot)"
172.69.34.208 - - [08/May/2025:12:01:36 +0200] "GET /?top=ph%C3%A1+trinh+g%C3%A1i HTTP/1.1" 200 999 "-" "Mozilla/5.0 AppleWebKit/537.36 (KHTML, like Gecko; compatible; GPTBot/1.2; +https://openai.com/gptbot)"
172.68.22.73 - - [08/May/2025:12:01:36 +0200] "GET /?i=136276621 HTTP/1.1" 200 93801 "-" "Mozilla/5.0 (compatible; DotBot/1.2; +https://opensiteexplorer.org/dotbot; [email protected])"
172.69.34.208 - - [08/May/2025:12:01:37 +0200] "GET /?ios=sex+g%C3%A1i+ng%C3%A0nh HTTP/1.1" 200 999 "-" "Mozilla/5.0 AppleWebKit/537.36 (KHTML, like Gecko; compatible; GPTBot/1.2; +https://openai.com/gptbot)"
172.70.188.45 - - [08/May/2025:12:01:37 +0200] "GET /?i=446884121 HTTP/1.1" 200 93801 "-" "Mozilla/5.0 (Linux; Android 5.0) AppleWebKit/537.36 (KHTML, like Gecko) Mobile Safari/537.36 (compatible; Bytespider; [email protected])"
172.69.34.208 - - [08/May/2025:12:01:38 +0200] "GET /?hot=ph%C3%A1+trinh+g%C3%A1i HTTP/1.1" 200 999 "-" "Mozilla/5.0 AppleWebKit/537.36 (KHTML, like Gecko; compatible; GPTBot/1.2; +https://openai.com/gptbot)"
172.68.164.36 - - [08/May/2025:12:01:38 +0200] "GET /IMG/logo/1024x538_cmsv2_c54013e5-8833-5743-86fc-a18b87d54ede-8113070.jpg.webp HTTP/1.1" 200 8812 "http://www.igihango.com/?i=446884121" "Mozilla/5.0 (Linux; Android 5.0) AppleWebKit/537.36 (KHTML, like Gecko) Mobile Safari/537.36 (compatible; Bytespider; [email protected])"
162.158.88.142 - - [08/May/2025:12:01:38 +0200] "GET /IMG/logo/img-20231108-wa0084.jpg HTTP/1.1" 200 8767 "http://www.igihango.com/?i=446884121" "Mozilla/5.0 (Linux; Android 5.0) AppleWebKit/537.36 (KHTML, like Gecko) Mobile Safari/537.36 (compatible; Bytespider; [email protected])"
162.158.42.18 - - [08/May/2025:12:01:38 +0200] "GET /?i=140856321 HTTP/1.1" 200 93801 "-" "Mozilla/5.0 (compatible; DotBot/1.2; +https://opensiteexplorer.org/dotbot; [email protected])"
172.69.34.208 - - [08/May/2025:12:01:39 +0200] "GET /?ios=ph%C3%A1+trinh+g%C3%A1i HTTP/1.1" 200 999 "-" "Mozilla/5.0 AppleWebKit/537.36 (KHTML, like Gecko; compatible; GPTBot/1.2; +https://openai.com/gptbot)"
172.71.151.93 - - [08/May/2025:12:01:40 +0200] "GET /?i=142735721 HTTP/1.1" 200 93801 "-" "Mozilla/5.0 (compatible; DotBot/1.2; +https://opensiteexplorer.org/dotbot; [email protected])"
172.69.34.208 - - [08/May/2025:12:01:40 +0200] "GET /?hot=ph%C3%A1+trinh+em+g%C3%A1i HTTP/1.1" 200 999 "-" "Mozilla/5.0 AppleWebKit/537.36 (KHTML, like Gecko; compatible; GPTBot/1.2; +https://openai.com/gptbot)"
172.69.34.208 - - [08/May/2025:12:01:41 +0200] "GET /?play=ph%C3%A1+trinh+g%C3%A1i HTTP/1.1" 200 999 "-" "Mozilla/5.0 AppleWebKit/537.36 (KHTML, like Gecko; compatible; GPTBot/1.2; +https://openai.com/gptbot)"
172.71.150.91 - - [08/May/2025:12:01:42 +0200] "GET /?i=149753921 HTTP/1.1" 200 93801 "-" "Mozilla/5.0 (compatible; DotBot/1.2; +https://opensiteexplorer.org/dotbot; [email protected])"
172.69.34.208 - - [08/May/2025:12:01:43 +0200] "GET /?keyword=g%C3%A0+v%C3%A0ng HTTP/1.1" 200 999 "-" "Mozilla/5.0 AppleWebKit/537.36 (KHTML, like Gecko; compatible; GPTBot/1.2; +https://openai.com/gptbot)"
172.68.22.73 - - [08/May/2025:12:01:43 +0200] "GET /?i=150894121 HTTP/1.1" 200 93801 "-" "Mozilla/5.0 (compatible; DotBot/1.2; +https://opensiteexplorer.org/dotbot; [email protected])"
172.69.34.208 - - [08/May/2025:12:01:44 +0200] "GET /?ios=g%C3%A1i+ph%C3%A1+trinh HTTP/1.1" 200 999 "-" "Mozilla/5.0 AppleWebKit/537.36 (KHTML, like Gecko; compatible; GPTBot/1.2; +https://openai.com/gptbot)"
172.69.34.208 - - [08/May/2025:12:01:45 +0200] "GET /?play=g%C3%A1i+ph%C3%A1+trinh HTTP/1.1" 200 999 "-" "Mozilla/5.0 AppleWebKit/537.36 (KHTML, like Gecko; compatible; GPTBot/1.2; +https://openai.com/gptbot)"
172.69.34.208 - - [08/May/2025:12:01:46 +0200] "GET /?top=g%C3%A1i+ph%C3%A1+trinh HTTP/1.1" 200 999 "-" "Mozilla/5.0 AppleWebKit/537.36 (KHTML, like Gecko; compatible; GPTBot/1.2; +https://openai.com/gptbot)"
162.158.42.235 - - [08/May/2025:12:01:46 +0200] "GET /?i=158452521 HTTP/1.1" 200 93801 "-" "Mozilla/5.0 (compatible; DotBot/1.2; +https://opensiteexplorer.org/dotbot; [email protected])"
172.69.34.208 - - [08/May/2025:12:01:47 +0200] "GET /?play=sex+l%C3%A1i+m%C3%A1y+bay HTTP/1.1" 200 999 "-" "Mozilla/5.0 AppleWebKit/537.36 (KHTML, like Gecko; compatible; GPTBot/1.2; +https://openai.com/gptbot)"
172.69.34.208 - - [08/May/2025:12:01:48 +0200] "GET /?app=c%C3%A1ch+ph%C3%A1+trinh HTTP/1.1" 200 999 "-" "Mozilla/5.0 AppleWebKit/537.36 (KHTML, like Gecko; compatible; GPTBot/1.2; +https://openai.com/gptbot)"
172.69.34.208 - - [08/May/2025:12:01:49 +0200] "GET /?ios=c%C3%A1ch+ph%C3%A1+trinh HTTP/1.1" 200 999 "-" "Mozilla/5.0 AppleWebKit/537.36 (KHTML, like Gecko; compatible; GPTBot/1.2; +https://openai.com/gptbot)"
172.71.147.93 - - [08/May/2025:12:01:50 +0200] "GET /?i=159176621 HTTP/1.1" 200 93801 "-" "Mozilla/5.0 (compatible; DotBot/1.2; +https://opensiteexplorer.org/dotbot; [email protected])"
172.69.34.208 - - [08/May/2025:12:01:51 +0200] "GET /?hot=sex+g%C3%A1i+ng%C3%A0nh HTTP/1.1" 200 999 "-" "Mozilla/5.0 AppleWebKit/537.36 (KHTML, like Gecko; compatible; GPTBot/1.2; +https://openai.com/gptbot)"
172.69.34.208 - - [08/May/2025:12:01:52 +0200] "GET /?app=g%C3%A1i+ph%C3%A1+trinh HTTP/1.1" 200 999 "-" "Mozilla/5.0 AppleWebKit/537.36 (KHTML, like Gecko; compatible; GPTBot/1.2; +https://openai.com/gptbot)"
172.69.34.208 - - [08/May/2025:12:01:53 +0200] "GET /?play=g%C3%A1i+xinh+m%C3%B3c+b%C6%B0%E1%BB%9Bm HTTP/1.1" 200 999 "-" "Mozilla/5.0 AppleWebKit/537.36 (KHTML, like Gecko; compatible; GPTBot/1.2; +https://openai.com/gptbot)"
172.71.146.100 - - [08/May/2025:12:01:53 +0200] "GET /?i=159321121 HTTP/1.1" 200 93801 "-" "Mozilla/5.0 (compatible; DotBot/1.2; +https://opensiteexplorer.org/dotbot; [email protected])"
172.69.34.208 - - [08/May/2025:12:01:54 +0200] "GET /?ios=b%C3%B3ng+%C4%91%C3%A1+truc+tuy%E1%BA%BFn HTTP/1.1" 200 999 "-" "Mozilla/5.0 AppleWebKit/537.36 (KHTML, like Gecko; compatible; GPTBot/1.2; +https://openai.com/gptbot)"
172.69.34.208 - - [08/May/2025:12:01:55 +0200] "GET /?play=sex+g%C3%A1i+xinh+v%C3%BA+%C4%91%E1%BA%B9p HTTP/1.1" 200 999 "-" "Mozilla/5.0 AppleWebKit/537.36 (KHTML, like Gecko; compatible; GPTBot/1.2; +https://openai.com/gptbot)"
162.158.41.6 - - [08/May/2025:12:01:55 +0200] "GET /?i=166788821 HTTP/1.1" 200 93801 "-" "Mozilla/5.0 (compatible; DotBot/1.2; +https://opensiteexplorer.org/dotbot; [email protected])"
172.69.34.208 - - [08/May/2025:12:01:56 +0200] "GET /?keyword=xxnxx%2Ccom HTTP/1.1" 200 999 "-" "Mozilla/5.0 AppleWebKit/537.36 (KHTML, like Gecko; compatible; GPTBot/1.2; +https://openai.com/gptbot)"
172.69.34.208 - - [08/May/2025:12:01:58 +0200] "GET /?hot=al-nassr+%C4%91%E1%BA%A5u+v%E1%BB%9Bi+al+ain HTTP/1.1" 200 999 "-" "Mozilla/5.0 AppleWebKit/537.36 (KHTML, like Gecko; compatible; GPTBot/1.2; +https://openai.com/gptbot)"
162.158.41.19 - - [08/May/2025:12:01:58 +0200] "GET /?i=172505921 HTTP/1.1" 200 93801 "-" "Mozilla/5.0 (compatible; DotBot/1.2; +https://opensiteexplorer.org/dotbot; [email protected])"
172.69.34.208 - - [08/May/2025:12:01:59 +0200] "GET /?bet=al+ain+%C4%91%E1%BA%A5u+v%E1%BB%9Bi+al-nassr HTTP/1.1" 200 999 "-" "Mozilla/5.0 AppleWebKit/537.36 (KHTML, like Gecko; compatible; GPTBot/1.2; +https://openai.com/gptbot)"
172.69.34.208 - - [08/May/2025:12:02:00 +0200] "GET /?top=al-nassr+%C4%91%E1%BA%A5u+v%E1%BB%9Bi+al+ain HTTP/1.1" 200 999 "-" "Mozilla/5.0 AppleWebKit/537.36 (KHTML, like Gecko; compatible; GPTBot/1.2; +https://openai.com/gptbot)"
162.158.42.89 - - [08/May/2025:12:02:01 +0200] "GET /?i=177259821 HTTP/1.1" 200 93801 "-" "Mozilla/5.0 (compatible; DotBot/1.2; +https://opensiteexplorer.org/dotbot; [email protected])"
172.69.34.208 - - [08/May/2025:12:02:01 +0200] "GET /?bet=al-nassr+%C4%91%E1%BA%A5u+v%E1%BB%9Bi+al+ain HTTP/1.1" 200 999 "-" "Mozilla/5.0 AppleWebKit/537.36 (KHTML, like Gecko; compatible; GPTBot/1.2; +https://openai.com/gptbot)"
172.69.34.208 - - [08/May/2025:12:02:02 +0200] "GET /?hot=al+ain+%C4%91%E1%BA%A5u+v%E1%BB%9Bi+al-nassr HTTP/1.1" 200 999 "-" "Mozilla/5.0 AppleWebKit/537.36 (KHTML, like Gecko; compatible; GPTBot/1.2; +https://openai.com/gptbot)"
172.68.23.204 - - [08/May/2025:12:02:03 +0200] "GET /?i=179652221 HTTP/1.1" 200 93801 "-" "Mozilla/5.0 (compatible; DotBot/1.2; +https://opensiteexplorer.org/dotbot; [email protected])"
172.69.34.208 - - [08/May/2025:12:02:03 +0200] "GET /?ios=phin+%C4%91it+nhau HTTP/1.1" 200 999 "-" "Mozilla/5.0 AppleWebKit/537.36 (KHTML, like Gecko; compatible; GPTBot/1.2; +https://openai.com/gptbot)"
172.70.142.162 - - [08/May/2025:12:02:03 +0200] "GET /?i=495454621 HTTP/1.1" 200 93801 "-" "Mozilla/5.0 (Linux; Android 5.0) AppleWebKit/537.36 (KHTML, like Gecko) Mobile Safari/537.36 (compatible; Bytespider; [email protected])"
172.69.34.208 - - [08/May/2025:12:02:04 +0200] "GET /?keyword=l%E1%BB%99+khe HTTP/1.1" 200 999 "-" "Mozilla/5.0 AppleWebKit/537.36 (KHTML, like Gecko; compatible; GPTBot/1.2; +https://openai.com/gptbot)"
172.68.164.37 - - [08/May/2025:12:02:04 +0200] "GET /IMG/logo/1024x538_cmsv2_c54013e5-8833-5743-86fc-a18b87d54ede-8113070.jpg.webp HTTP/1.1" 200 8812 "http://www.igihango.com/?i=495454621" "Mozilla/5.0 (Linux; Android 5.0) AppleWebKit/537.36 (KHTML, like Gecko) Mobile Safari/537.36 (compatible; Bytespider; [email protected])"
162.158.88.142 - - [08/May/2025:12:02:05 +0200] "GET /IMG/logo/img-20231108-wa0084.jpg HTTP/1.1" 200 8767 "http://www.igihango.com/?i=495454621" "Mozilla/5.0 (Linux; Android 5.0) AppleWebKit/537.36 (KHTML, like Gecko) Mobile Safari/537.36 (compatible; Bytespider; [email protected])"
172.71.147.53 - - [08/May/2025:12:02:04 +0200] "GET /?i=180927121 HTTP/1.1" 200 93801 "-" "Mozilla/5.0 (compatible; DotBot/1.2; +https://opensiteexplorer.org/dotbot; [email protected])"
172.69.34.208 - - [08/May/2025:12:02:06 +0200] "GET /?hot=phim+%C4%91it+nhau HTTP/1.1" 200 999 "-" "Mozilla/5.0 AppleWebKit/537.36 (KHTML, like Gecko; compatible; GPTBot/1.2; +https://openai.com/gptbot)"
172.71.142.78 - - [08/May/2025:12:02:06 +0200] "GET /?i=181453021 HTTP/1.1" 200 93801 "-" "Mozilla/5.0 (compatible; DotBot/1.2; +https://opensiteexplorer.org/dotbot; [email protected])"
172.69.34.208 - - [08/May/2025:12:02:07 +0200] "GET /?play=%C4%91it+nhau+hay HTTP/1.1" 200 999 "-" "Mozilla/5.0 AppleWebKit/537.36 (KHTML, like Gecko; compatible; GPTBot/1.2; +https://openai.com/gptbot)"
162.158.41.7 - - [08/May/2025:12:02:08 +0200] "GET /?i=188717221 HTTP/1.1" 200 93801 "-" "Mozilla/5.0 (compatible; DotBot/1.2; +https://opensiteexplorer.org/dotbot; [email protected])"
172.69.34.208 - - [08/May/2025:12:02:08 +0200] "GET /?app=phim+%C4%91it+nhau HTTP/1.1" 200 999 "-" "Mozilla/5.0 AppleWebKit/537.36 (KHTML, like Gecko; compatible; GPTBot/1.2; +https://openai.com/gptbot)"
162.158.42.225 - - [08/May/2025:12:02:09 +0200] "GET /?i=190118121 HTTP/1.1" 200 93801 "-" "Mozilla/5.0 (compatible; DotBot/1.2; +https://opensiteexplorer.org/dotbot; [email protected])"
172.69.34.208 - - [08/May/2025:12:02:09 +0200] "GET /?hot=phin+%C4%91it+nhau HTTP/1.1" 200 999 "-" "Mozilla/5.0 AppleWebKit/537.36 (KHTML, like Gecko; compatible; GPTBot/1.2; +https://openai.com/gptbot)"
172.68.22.39 - - [08/May/2025:12:02:10 +0200] "GET /?i=193048521 HTTP/1.1" 200 93801 "-" "Mozilla/5.0 (compatible; DotBot/1.2; +https://opensiteexplorer.org/dotbot; [email protected])"
172.69.34.207 - - [08/May/2025:12:02:10 +0200] "GET /?play=clip+vi%E1%BB%87t HTTP/1.1" 200 999 "-" "Mozilla/5.0 AppleWebKit/537.36 (KHTML, like Gecko; compatible; GPTBot/1.2; +https://openai.com/gptbot)"
172.71.142.195 - - [08/May/2025:12:02:11 +0200] "GET /?i=195735521 HTTP/1.1" 200 93801 "-" "Mozilla/5.0 (compatible; DotBot/1.2; +https://opensiteexplorer.org/dotbot; [email protected])"
172.69.34.207 - - [08/May/2025:12:02:11 +0200] "GET /?play=vlxx+vi%E1%BB%87t HTTP/1.1" 200 999 "-" "Mozilla/5.0 AppleWebKit/537.36 (KHTML, like Gecko; compatible; GPTBot/1.2; +https://openai.com/gptbot)"
172.68.23.204 - - [08/May/2025:12:02:12 +0200] "GET /?i=199855621 HTTP/1.1" 200 93801 "-" "Mozilla/5.0 (compatible; DotBot/1.2; +https://opensiteexplorer.org/dotbot; [email protected])"
172.69.34.207 - - [08/May/2025:12:02:12 +0200] "GET /?bet=phin+%C4%91it+nhau HTTP/1.1" 200 999 "-" "Mozilla/5.0 AppleWebKit/537.36 (KHTML, like Gecko; compatible; GPTBot/1.2; +https://openai.com/gptbot)"
172.71.147.202 - - [08/May/2025:12:02:13 +0200] "GET /?i=204320321 HTTP/1.1" 200 93801 "-" "Mozilla/5.0 (compatible; DotBot/1.2; +https://opensiteexplorer.org/dotbot; [email protected])"
172.69.34.207 - - [08/May/2025:12:02:14 +0200] "GET /?produc_id=bu%E1%BB%93i HTTP/1.1" 200 999 "-" "Mozilla/5.0 AppleWebKit/537.36 (KHTML, like Gecko; compatible; GPTBot/1.2; +https://openai.com/gptbot)"
162.158.42.225 - - [08/May/2025:12:02:14 +0200] "GET /?i=206647221 HTTP/1.1" 200 93801 "-" "Mozilla/5.0 (compatible; DotBot/1.2; +https://opensiteexplorer.org/dotbot; [email protected])"
172.69.34.207 - - [08/May/2025:12:02:15 +0200] "GET /?play=phim+tr%E1%BB%99m HTTP/1.1" 200 999 "-" "Mozilla/5.0 AppleWebKit/537.36 (KHTML, like Gecko; compatible; GPTBot/1.2; +https://openai.com/gptbot)"
162.158.41.18 - - [08/May/2025:12:02:15 +0200] "GET /?i=216271121 HTTP/1.1" 200 93801 "-" "Mozilla/5.0 (compatible; DotBot/1.2; +https://opensiteexplorer.org/dotbot; [email protected])"
172.69.34.207 - - [08/May/2025:12:02:16 +0200] "GET /?play=th%C3%AA+thao+24h HTTP/1.1" 200 999 "-" "Mozilla/5.0 AppleWebKit/537.36 (KHTML, like Gecko; compatible; GPTBot/1.2; +https://openai.com/gptbot)"
172.68.22.73 - - [08/May/2025:12:02:16 +0200] "GET /?i=223966921 HTTP/1.1" 200 93801 "-" "Mozilla/5.0 (compatible; DotBot/1.2; +https://opensiteexplorer.org/dotbot; [email protected])"
172.69.34.207 - - [08/May/2025:12:02:17 +0200] "GET /?top=phim+%C4%91it+nhau HTTP/1.1" 200 999 "-" "Mozilla/5.0 AppleWebKit/537.36 (KHTML, like Gecko; compatible; GPTBot/1.2; +https://openai.com/gptbot)"
172.69.34.207 - - [08/May/2025:12:02:18 +0200] "GET /?play=xnxx+vi%E1%BB%87t HTTP/1.1" 200 999 "-" "Mozilla/5.0 AppleWebKit/537.36 (KHTML, like Gecko; compatible; GPTBot/1.2; +https://openai.com/gptbot)"
172.68.22.39 - - [08/May/2025:12:02:19 +0200] "GET /?i=230949721 HTTP/1.1" 200 93801 "-" "Mozilla/5.0 (compatible; DotBot/1.2; +https://opensiteexplorer.org/dotbot; [email protected])"
172.69.34.207 - - [08/May/2025:12:02:19 +0200] "GET /?play=phi+%C4%91it+nhau HTTP/1.1" 200 999 "-" "Mozilla/5.0 AppleWebKit/537.36 (KHTML, like Gecko; compatible; GPTBot/1.2; +https://openai.com/gptbot)"
172.69.34.207 - - [08/May/2025:12:02:21 +0200] "GET /?app=phim+%C4%91eo+nhau HTTP/1.1" 200 999 "-" "Mozilla/5.0 AppleWebKit/537.36 (KHTML, like Gecko; compatible; GPTBot/1.2; +https://openai.com/gptbot)"
172.71.146.43 - - [08/May/2025:12:02:21 +0200] "GET /?i=242861721 HTTP/1.1" 200 93801 "-" "Mozilla/5.0 (compatible; DotBot/1.2; +https://opensiteexplorer.org/dotbot; [email protected])"
172.69.34.207 - - [08/May/2025:12:02:22 +0200] "GET /?play=phim+%C4%91it+nha HTTP/1.1" 200 999 "-" "Mozilla/5.0 AppleWebKit/537.36 (KHTML, like Gecko; compatible; GPTBot/1.2; +https://openai.com/gptbot)"
172.69.34.207 - - [08/May/2025:12:02:23 +0200] "GET /?keyword=h%E1%BA%ADu+tr%C6%B0%E1%BB%9Dng+quay+phim+sex HTTP/1.1" 200 999 "-" "Mozilla/5.0 AppleWebKit/537.36 (KHTML, like Gecko; compatible; GPTBot/1.2; +https://openai.com/gptbot)"
172.71.151.110 - - [08/May/2025:12:02:23 +0200] "GET /?i=247342921 HTTP/1.1" 200 93801 "-" "Mozilla/5.0 (compatible; DotBot/1.2; +https://opensiteexplorer.org/dotbot; [email protected])"
172.69.34.207 - - [08/May/2025:12:02:24 +0200] "GET /?play=sex+b%E1%BA%AFn+tinh+v%C3%A0o+m%E1%BB%93m HTTP/1.1" 200 999 "-" "Mozilla/5.0 AppleWebKit/537.36 (KHTML, like Gecko; compatible; GPTBot/1.2; +https://openai.com/gptbot)"
172.69.34.207 - - [08/May/2025:12:02:25 +0200] "GET /?produc_id=b%E1%BA%AFn+tinh+v%C3%A0o+m%E1%BB%93m HTTP/1.1" 200 999 "-" "Mozilla/5.0 AppleWebKit/537.36 (KHTML, like Gecko; compatible; GPTBot/1.2; +https://openai.com/gptbot)"
172.68.22.39 - - [08/May/2025:12:02:25 +0200] "GET /?i=251766521 HTTP/1.1" 200 93801 "-" "Mozilla/5.0 (compatible; DotBot/1.2; +https://opensiteexplorer.org/dotbot; [email protected])"
172.69.34.207 - - [08/May/2025:12:02:26 +0200] "GET /?play=sex+hi%E1%BA%BFp+d%C3%A2m+vi%E1%BB%87t+nam HTTP/1.1" 200 999 "-" "Mozilla/5.0 AppleWebKit/537.36 (KHTML, like Gecko; compatible; GPTBot/1.2; +https://openai.com/gptbot)"
172.71.147.202 - - [08/May/2025:12:02:27 +0200] "GET /?i=254046021 HTTP/1.1" 200 93801 "-" "Mozilla/5.0 (compatible; DotBot/1.2; +https://opensiteexplorer.org/dotbot; [email protected])"
172.69.34.207 - - [08/May/2025:12:02:27 +0200] "GET /?play=sex+vi%E1%BB%87t+nam+hi%E1%BA%BFp+d%C3%A2m HTTP/1.1" 200 999 "-" "Mozilla/5.0 AppleWebKit/537.36 (KHTML, like Gecko; compatible; GPTBot/1.2; +https://openai.com/gptbot)"
172.69.34.207 - - [08/May/2025:12:02:29 +0200] "GET /?produc_id=sex+h%C3%A0n+m%E1%BB%9Bi+nh%E1%BA%A5t HTTP/1.1" 200 999 "-" "Mozilla/5.0 AppleWebKit/537.36 (KHTML, like Gecko; compatible; GPTBot/1.2; +https://openai.com/gptbot)"
162.158.41.18 - - [08/May/2025:12:02:29 +0200] "GET /?i=254178921 HTTP/1.1" 200 93801 "-" "Mozilla/5.0 (compatible; DotBot/1.2; +https://opensiteexplorer.org/dotbot; [email protected])"
172.69.34.207 - - [08/May/2025:12:02:30 +0200] "GET /?produc_id=sex+v%E1%BB%9Bi+b%E1%BA%A1n+th%C3%A2n HTTP/1.1" 200 999 "-" "Mozilla/5.0 AppleWebKit/537.36 (KHTML, like Gecko; compatible; GPTBot/1.2; +https://openai.com/gptbot)"
172.70.208.76 - - [08/May/2025:12:02:30 +0200] "GET /?i=453635721 HTTP/1.1" 200 93801 "-" "Mozilla/5.0 (Linux; Android 5.0) AppleWebKit/537.36 (KHTML, like Gecko) Mobile Safari/537.36 (compatible; Bytespider; [email protected])"
172.68.164.36 - - [08/May/2025:12:02:31 +0200] "GET /IMG/logo/1024x538_cmsv2_c54013e5-8833-5743-86fc-a18b87d54ede-8113070.jpg.webp HTTP/1.1" 200 8812 "http://www.igihango.com/?i=453635721" "Mozilla/5.0 (Linux; Android 5.0) AppleWebKit/537.36 (KHTML, like Gecko) Mobile Safari/537.36 (compatible; Bytespider; [email protected])"
162.158.88.143 - - [08/May/2025:12:02:31 +0200] "GET /IMG/logo/img-20231108-wa0084.jpg HTTP/1.1" 200 8767 "http://www.igihango.com/?i=453635721" "Mozilla/5.0 (Linux; Android 5.0) AppleWebKit/537.36 (KHTML, like Gecko) Mobile Safari/537.36 (compatible; Bytespider; [email protected])"
172.69.34.207 - - [08/May/2025:12:02:31 +0200] "GET /?produc_id=sex+tr%E1%BA%A7n+h%C3%A0+l%E1%BB%8Bn HTTP/1.1" 200 999 "-" "Mozilla/5.0 AppleWebKit/537.36 (KHTML, like Gecko; compatible; GPTBot/1.2; +https://openai.com/gptbot)"
172.71.146.180 - - [08/May/2025:12:02:32 +0200] "GET /?i=262198321 HTTP/1.1" 200 93801 "-" "Mozilla/5.0 (compatible; DotBot/1.2; +https://opensiteexplorer.org/dotbot; [email protected])"
172.69.34.207 - - [08/May/2025:12:02:32 +0200] "GET /?produc_id=sex+b%E1%BA%AFn+v%C3%A0o+l%E1%BB%93n HTTP/1.1" 200 999 "-" "Mozilla/5.0 AppleWebKit/537.36 (KHTML, like Gecko; compatible; GPTBot/1.2; +https://openai.com/gptbot)"
172.69.34.207 - - [08/May/2025:12:02:33 +0200] "GET /?video=tin+t%E1%BB%A9c+th%C3%AA+thao HTTP/1.1" 200 999 "-" "Mozilla/5.0 AppleWebKit/537.36 (KHTML, like Gecko; compatible; GPTBot/1.2; +https://openai.com/gptbot)"
172.71.150.91 - - [08/May/2025:12:02:34 +0200] "GET /?i=269664621 HTTP/1.1" 200 93801 "-" "Mozilla/5.0 (compatible; DotBot/1.2; +https://opensiteexplorer.org/dotbot; [email protected])"
172.69.34.207 - - [08/May/2025:12:02:34 +0200] "GET /?bet=chich+nhau+ch%C3%A2u+%C3%A2u HTTP/1.1" 200 999 "-" "Mozilla/5.0 AppleWebKit/537.36 (KHTML, like Gecko; compatible; GPTBot/1.2; +https://openai.com/gptbot)"
172.69.34.207 - - [08/May/2025:12:02:36 +0200] "GET /?top=chich+nhau+ch%C3%A2u+%C3%A2u HTTP/1.1" 200 999 "-" "Mozilla/5.0 AppleWebKit/537.36 (KHTML, like Gecko; compatible; GPTBot/1.2; +https://openai.com/gptbot)"
172.68.22.73 - - [08/May/2025:12:02:36 +0200] "GET /?i=270639621 HTTP/1.1" 200 93801 "-" "Mozilla/5.0 (compatible; DotBot/1.2; +https://opensiteexplorer.org/dotbot; [email protected])"
172.69.34.207 - - [08/May/2025:12:02:37 +0200] "GET /?ios=chich+nhau+ch%C3%A2u+%C3%A2u HTTP/1.1" 200 999 "-" "Mozilla/5.0 AppleWebKit/537.36 (KHTML, like Gecko; compatible; GPTBot/1.2; +https://openai.com/gptbot)"
172.68.23.203 - - [08/May/2025:12:02:37 +0200] "GET /?i=275768621 HTTP/1.1" 200 93801 "-" "Mozilla/5.0 (compatible; DotBot/1.2; +https://opensiteexplorer.org/dotbot; [email protected])"
172.69.34.207 - - [08/May/2025:12:02:38 +0200] "GET /?ios=%C4%91%E1%BB%A9c+vs+t%C3%A2y+ban+nha HTTP/1.1" 200 999 "-" "Mozilla/5.0 AppleWebKit/537.36 (KHTML, like Gecko; compatible; GPTBot/1.2; +https://openai.com/gptbot)"
172.71.1.169 - - [08/May/2025:12:02:38 +0200] "GET /?produc_id=sexmassage HTTP/1.1" 200 999 "-" "Mozilla/5.0 AppleWebKit/537.36 (KHTML, like Gecko; compatible; ClaudeBot/1.0; [email protected])"
172.71.254.123 - - [08/May/2025:12:02:38 +0200] "GET /?play=sex+an+giang HTTP/1.1" 200 999 "-" "Mozilla/5.0 AppleWebKit/537.36 (KHTML, like Gecko; compatible; ClaudeBot/1.0; [email protected])"
172.69.17.117 - - [08/May/2025:12:02:38 +0200] "GET /?game=anime+vietsud HTTP/1.1" 200 999 "-" "Mozilla/5.0 AppleWebKit/537.36 (KHTML, like Gecko; compatible; ClaudeBot/1.0; [email protected])"
172.69.6.24 - - [08/May/2025:12:02:38 +0200] "GET /?play=xxx+viet HTTP/1.1" 200 999 "-" "Mozilla/5.0 AppleWebKit/537.36 (KHTML, like Gecko; compatible; ClaudeBot/1.0; [email protected])"
172.69.6.119 - - [08/May/2025:12:02:39 +0200] "GET /?produc_id=phim+sex+ch%C6%A1i+nhau HTTP/1.1" 200 999 "-" "Mozilla/5.0 AppleWebKit/537.36 (KHTML, like Gecko; compatible; ClaudeBot/1.0; [email protected])"
172.69.34.207 - - [08/May/2025:12:02:39 +0200] "GET /?top=%C4%91%E1%BB%A9c+vs+t%C3%A2y+ban+nha HTTP/1.1" 200 999 "-" "Mozilla/5.0 AppleWebKit/537.36 (KHTML, like Gecko; compatible; GPTBot/1.2; +https://openai.com/gptbot)"
172.68.23.203 - - [08/May/2025:12:02:40 +0200] "GET /?i=277393521 HTTP/1.1" 200 93801 "-" "Mozilla/5.0 (compatible; DotBot/1.2; +https://opensiteexplorer.org/dotbot; [email protected])"
172.69.34.207 - - [08/May/2025:12:02:40 +0200] "GET /?game=sex+nh%E1%BA%ADt+b%E1%BA%A3n+kh%C3%B4ng+che+vietsub HTTP/1.1" 200 999 "-" "Mozilla/5.0 AppleWebKit/537.36 (KHTML, like Gecko; compatible; GPTBot/1.2; +https://openai.com/gptbot)"
172.69.34.207 - - [08/May/2025:12:02:42 +0200] "GET /?game=sex+vietsub+kh%C3%B4ng+che+nh%E1%BA%ADt+b%E1%BA%A3n HTTP/1.1" 200 999 "-" "Mozilla/5.0 AppleWebKit/537.36 (KHTML, like Gecko; compatible; GPTBot/1.2; +https://openai.com/gptbot)"
162.158.42.196 - - [08/May/2025:12:02:42 +0200] "GET /?i=279603521 HTTP/1.1" 200 93801 "-" "Mozilla/5.0 (compatible; DotBot/1.2; +https://opensiteexplorer.org/dotbot; [email protected])"
172.69.34.207 - - [08/May/2025:12:02:43 +0200] "GET /?play=quay+l%C3%A9n+thay+%C4%91%E1%BB%93 HTTP/1.1" 200 999 "-" "Mozilla/5.0 AppleWebKit/537.36 (KHTML, like Gecko; compatible; GPTBot/1.2; +https://openai.com/gptbot)"
172.69.34.207 - - [08/May/2025:12:02:44 +0200] "GET /?video=xem+bong+%C4%91%C3%A1+truc+tuy%C3%AAn HTTP/1.1" 200 999 "-" "Mozilla/5.0 AppleWebKit/537.36 (KHTML, like Gecko; compatible; GPTBot/1.2; +https://openai.com/gptbot)"
