172.69.34.208 - - [08/May/2025:12:08:53 +0200] "GET /?game=thi+%C4%91%E1%BA%A5u+h%E1%BA%A1ng+nh%E1%BA%A5t+anh HTTP/1.1" 200 999 "-" "Mozilla/5.0 AppleWebKit/537.36 (KHTML, like Gecko; compatible; GPTBot/1.2; +https://openai.com/gptbot)"
172.69.34.208 - - [08/May/2025:12:08:54 +0200] "GET /?game=%C4%91ang+ng%E1%BB%A7+b%E1%BB%8B+ch%E1%BB%8Bch HTTP/1.1" 200 999 "-" "Mozilla/5.0 AppleWebKit/537.36 (KHTML, like Gecko; compatible; GPTBot/1.2; +https://openai.com/gptbot)"
172.68.245.190 - - [08/May/2025:12:08:54 +0200] "GET /spip.php?article10 HTTP/1.1" 200 67988 "-" "Mozilla/5.0 AppleWebKit/537.36 (KHTML, like Gecko; compatible; Amazonbot/0.1; +https://developer.amazon.com/support/amazonbot) Chrome/119.0.6045.214 Safari/537.36"
172.69.34.208 - - [08/May/2025:12:08:55 +0200] "GET /?video=ty+le+k%C3%A8o HTTP/1.1" 200 999 "-" "Mozilla/5.0 AppleWebKit/537.36 (KHTML, like Gecko; compatible; GPTBot/1.2; +https://openai.com/gptbot)"
172.69.34.208 - - [08/May/2025:12:08:56 +0200] "GET /?video=l%C3%A0m+t%C3%ACnh+vietsub HTTP/1.1" 200 999 "-" "Mozilla/5.0 AppleWebKit/537.36 (KHTML, like Gecko; compatible; GPTBot/1.2; +https://openai.com/gptbot)"
172.69.34.208 - - [08/May/2025:12:08:57 +0200] "GET /?video=massage+l%C3%A0m+t%C3%ACnh HTTP/1.1" 200 999 "-" "Mozilla/5.0 AppleWebKit/537.36 (KHTML, like Gecko; compatible; GPTBot/1.2; +https://openai.com/gptbot)"
172.69.34.208 - - [08/May/2025:12:08:58 +0200] "GET /?app=l%E1%BB%93n+l%E1%BB%93n+l%E1%BB%93n HTTP/1.1" 200 999 "-" "Mozilla/5.0 AppleWebKit/537.36 (KHTML, like Gecko; compatible; GPTBot/1.2; +https://openai.com/gptbot)"
172.69.34.208 - - [08/May/2025:12:08:59 +0200] "GET /?play=m%E1%BA%B9+v%E1%BB%A3+con+r%E1%BB%83 HTTP/1.1" 200 999 "-" "Mozilla/5.0 AppleWebKit/537.36 (KHTML, like Gecko; compatible; GPTBot/1.2; +https://openai.com/gptbot)"
172.69.34.208 - - [08/May/2025:12:09:01 +0200] "GET /?hot=lo%E1%BA%A1n+lu%C3%A2n.com HTTP/1.1" 200 999 "-" "Mozilla/5.0 AppleWebKit/537.36 (KHTML, like Gecko; compatible; GPTBot/1.2; +https://openai.com/gptbot)"
172.69.34.208 - - [08/May/2025:12:09:02 +0200] "GET /?top=lo%E1%BA%A1n+lu%C3%A2n.com HTTP/1.1" 200 999 "-" "Mozilla/5.0 AppleWebKit/537.36 (KHTML, like Gecko; compatible; GPTBot/1.2; +https://openai.com/gptbot)"
172.69.34.208 - - [08/May/2025:12:09:03 +0200] "GET /?app=lo%E1%BA%A1n+lu%C3%A2n.com HTTP/1.1" 200 999 "-" "Mozilla/5.0 AppleWebKit/537.36 (KHTML, like Gecko; compatible; GPTBot/1.2; +https://openai.com/gptbot)"
172.70.208.120 - - [08/May/2025:12:09:03 +0200] "GET /?i=318283921 HTTP/1.1" 200 93801 "-" "Mozilla/5.0 (Linux; Android 5.0) AppleWebKit/537.36 (KHTML, like Gecko) Mobile Safari/537.36 (compatible; Bytespider; [email protected])"
172.69.34.208 - - [08/May/2025:12:09:04 +0200] "GET /?play=ty+le+k%C3%A8o HTTP/1.1" 200 999 "-" "Mozilla/5.0 AppleWebKit/537.36 (KHTML, like Gecko; compatible; GPTBot/1.2; +https://openai.com/gptbot)"
162.158.88.143 - - [08/May/2025:12:09:04 +0200] "GET /IMG/logo/img-20231108-wa0084.jpg HTTP/1.1" 200 131 "http://www.igihango.com/?i=318283921" "Mozilla/5.0 (Linux; Android 5.0) AppleWebKit/537.36 (KHTML, like Gecko) Mobile Safari/537.36 (compatible; Bytespider; [email protected])"
172.69.34.208 - - [08/May/2025:12:09:05 +0200] "GET /?hot=phim+sex+ch%C6%A1i+tr%E1%BB%B1c+ti%E1%BA%BFp HTTP/1.1" 200 999 "-" "Mozilla/5.0 AppleWebKit/537.36 (KHTML, like Gecko; compatible; GPTBot/1.2; +https://openai.com/gptbot)"
172.69.34.208 - - [08/May/2025:12:09:07 +0200] "GET /?ios=phim+sex+ho%E1%BA%A1t+h%C3%ACnh+m%E1%BB%9Bi HTTP/1.1" 200 999 "-" "Mozilla/5.0 AppleWebKit/537.36 (KHTML, like Gecko; compatible; GPTBot/1.2; +https://openai.com/gptbot)"
172.69.34.208 - - [08/May/2025:12:09:08 +0200] "GET /?ios=phim+sex+ch%C6%A1i+tr%E1%BB%B1c+ti%E1%BA%BFp HTTP/1.1" 200 999 "-" "Mozilla/5.0 AppleWebKit/537.36 (KHTML, like Gecko; compatible; GPTBot/1.2; +https://openai.com/gptbot)"
172.70.100.41 - - [08/May/2025:12:09:09 +0200] "GET /?video=xem+phim+sex+nh%E1%BA%ADt HTTP/1.1" 200 999 "-" "Mozilla/5.0 AppleWebKit/537.36 (KHTML, like Gecko; compatible; ClaudeBot/1.0; [email protected])"
172.69.6.44 - - [08/May/2025:12:09:09 +0200] "GET /?video=phim+sex+nh%E1%BA%ADt+ban HTTP/1.1" 200 999 "-" "Mozilla/5.0 AppleWebKit/537.36 (KHTML, like Gecko; compatible; ClaudeBot/1.0; [email protected])"
108.162.216.96 - - [08/May/2025:12:09:09 +0200] "GET /?produc_id=sexy+tube HTTP/1.1" 200 999 "-" "Mozilla/5.0 AppleWebKit/537.36 (KHTML, like Gecko; compatible; ClaudeBot/1.0; [email protected])"
172.70.131.46 - - [08/May/2025:12:09:09 +0200] "GET /?play=sex+em+h%C3%A0ng+x%C3%B3m HTTP/1.1" 200 999 "-" "Mozilla/5.0 AppleWebKit/537.36 (KHTML, like Gecko; compatible; ClaudeBot/1.0; [email protected])"
172.69.34.208 - - [08/May/2025:12:09:09 +0200] "GET /?app=phim+sex+hi%E1%BA%BFp+d%C3%A2m+m%E1%BB%9Bi HTTP/1.1" 200 999 "-" "Mozilla/5.0 AppleWebKit/537.36 (KHTML, like Gecko; compatible; GPTBot/1.2; +https://openai.com/gptbot)"
172.71.1.171 - - [08/May/2025:12:09:10 +0200] "GET /?play=sexcongso HTTP/1.1" 200 999 "-" "Mozilla/5.0 AppleWebKit/537.36 (KHTML, like Gecko; compatible; ClaudeBot/1.0; [email protected])"
172.69.34.208 - - [08/May/2025:12:09:10 +0200] "GET /?hot=sex+sinh+vi%C3%AAn+m%E1%BB%9Bi+nh%E1%BA%A5t HTTP/1.1" 200 999 "-" "Mozilla/5.0 AppleWebKit/537.36 (KHTML, like Gecko; compatible; GPTBot/1.2; +https://openai.com/gptbot)"
172.69.34.208 - - [08/May/2025:12:09:11 +0200] "GET /?app=phim+sex+ho%E1%BA%A1t+h%C3%ACnh+m%E1%BB%9Bi HTTP/1.1" 200 999 "-" "Mozilla/5.0 AppleWebKit/537.36 (KHTML, like Gecko; compatible; GPTBot/1.2; +https://openai.com/gptbot)"
172.69.34.208 - - [08/May/2025:12:09:12 +0200] "GET /?bet=phim+sex+ch%C6%A1i+tr%E1%BB%B1c+ti%E1%BA%BFp HTTP/1.1" 200 999 "-" "Mozilla/5.0 AppleWebKit/537.36 (KHTML, like Gecko; compatible; GPTBot/1.2; +https://openai.com/gptbot)"
172.69.34.208 - - [08/May/2025:12:09:13 +0200] "GET /?app=phim+sex+ch%C6%A1i+tr%E1%BB%B1c+ti%E1%BA%BFp HTTP/1.1" 200 999 "-" "Mozilla/5.0 AppleWebKit/537.36 (KHTML, like Gecko; compatible; GPTBot/1.2; +https://openai.com/gptbot)"
172.71.194.86 - - [08/May/2025:12:09:14 +0200] "GET /?app=anime%2018%20 HTTP/1.1" 200 999 "-" "Mozilla/5.0 AppleWebKit/537.36 (KHTML, like Gecko; compatible; Amazonbot/0.1; +https://developer.amazon.com/support/amazonbot) Chrome/119.0.6045.214 Safari/537.36"
172.69.34.208 - - [08/May/2025:12:09:15 +0200] "GET /?ios=phim+sex+hi%E1%BA%BFp+d%C3%A2m+m%E1%BB%9Bi HTTP/1.1" 200 999 "-" "Mozilla/5.0 AppleWebKit/537.36 (KHTML, like Gecko; compatible; GPTBot/1.2; +https://openai.com/gptbot)"
172.70.207.103 - - [08/May/2025:12:09:16 +0200] "GET /style_selector/images/pattern_1.png HTTP/1.1" 200 1472 "-" "Mozilla/5.0 AppleWebKit/537.36 (KHTML, like Gecko; compatible; GPTBot/1.2; +https://openai.com/gptbot)"
162.158.90.83 - - [08/May/2025:12:09:17 +0200] "GET /style_selector/images/pattern_6.png HTTP/1.1" 200 1452 "-" "Mozilla/5.0 AppleWebKit/537.36 (KHTML, like Gecko; compatible; GPTBot/1.2; +https://openai.com/gptbot)"
162.158.187.22 - - [08/May/2025:12:09:18 +0200] "GET /style_selector/images/pattern_9.png HTTP/1.1" 200 1072 "-" "Mozilla/5.0 AppleWebKit/537.36 (KHTML, like Gecko; compatible; GPTBot/1.2; +https://openai.com/gptbot)"
162.158.187.93 - - [08/May/2025:12:09:19 +0200] "GET /style_selector/images/pattern_2.png HTTP/1.1" 200 1885 "-" "Mozilla/5.0 AppleWebKit/537.36 (KHTML, like Gecko; compatible; GPTBot/1.2; +https://openai.com/gptbot)"
162.158.41.86 - - [08/May/2025:12:09:20 +0200] "GET /?i=285117721 HTTP/1.1" 200 93801 "-" "Mozilla/5.0 (compatible; DotBot/1.2; +https://opensiteexplorer.org/dotbot; [email protected])"
162.158.187.122 - - [08/May/2025:12:09:20 +0200] "GET /style_selector/images/pattern_4.png HTTP/1.1" 200 1925 "-" "Mozilla/5.0 AppleWebKit/537.36 (KHTML, like Gecko; compatible; GPTBot/1.2; +https://openai.com/gptbot)"
172.70.206.77 - - [08/May/2025:12:09:22 +0200] "GET /style_selector/images/pattern_5.png HTTP/1.1" 200 1517 "-" "Mozilla/5.0 AppleWebKit/537.36 (KHTML, like Gecko; compatible; GPTBot/1.2; +https://openai.com/gptbot)"
172.71.222.246 - - [08/May/2025:12:09:22 +0200] "GET /?play=spankbang HTTP/1.1" 200 999 "-" "Mozilla/5.0 AppleWebKit/537.36 (KHTML, like Gecko; compatible; Amazonbot/0.1; +https://developer.amazon.com/support/amazonbot) Chrome/119.0.6045.214 Safari/537.36"
162.158.186.32 - - [08/May/2025:12:09:23 +0200] "GET /style_selector/images/pattern_7.png HTTP/1.1" 200 1042 "-" "Mozilla/5.0 AppleWebKit/537.36 (KHTML, like Gecko; compatible; GPTBot/1.2; +https://openai.com/gptbot)"
162.158.91.115 - - [08/May/2025:12:09:24 +0200] "GET /style_selector/images/pattern_8.png HTTP/1.1" 200 1456 "-" "Mozilla/5.0 AppleWebKit/537.36 (KHTML, like Gecko; compatible; GPTBot/1.2; +https://openai.com/gptbot)"
162.158.90.121 - - [08/May/2025:12:09:25 +0200] "GET /style_selector/images/pattern_3.png HTTP/1.1" 200 1068 "-" "Mozilla/5.0 AppleWebKit/537.36 (KHTML, like Gecko; compatible; GPTBot/1.2; +https://openai.com/gptbot)"
172.68.138.153 - - [08/May/2025:12:09:25 +0200] "GET /?game=cwin05 HTTP/1.1" 200 999 "-" "Mozilla/5.0 AppleWebKit/537.36 (KHTML, like Gecko; compatible; Amazonbot/0.1; +https://developer.amazon.com/support/amazonbot) Chrome/119.0.6045.214 Safari/537.36"
172.69.34.208 - - [08/May/2025:12:09:26 +0200] "GET /?hot=cho+u%E1%BB%91ng+thu%E1%BB%91c+k%C3%ADch+d%E1%BB%A5c HTTP/1.1" 200 999 "-" "Mozilla/5.0 AppleWebKit/537.36 (KHTML, like Gecko; compatible; GPTBot/1.2; +https://openai.com/gptbot)"
172.69.222.168 - - [08/May/2025:12:09:27 +0200] "GET /?hot=xxx%20g%C3%A1i%20xinh HTTP/1.1" 200 999 "-" "Mozilla/5.0 (compatible; MJ12bot/v1.4.8; http://mj12bot.com/)"
172.69.34.208 - - [08/May/2025:12:09:27 +0200] "GET /?keyword=g%C3%A1i+m%E1%BB%9Bi+l%E1%BB%9Bn+l%E1%BB%93n+non HTTP/1.1" 200 999 "-" "Mozilla/5.0 AppleWebKit/537.36 (KHTML, like Gecko; compatible; GPTBot/1.2; +https://openai.com/gptbot)"
172.69.34.208 - - [08/May/2025:12:09:28 +0200] "GET /?app=xxx+ch%C3%A2u+%C3%A2u HTTP/1.1" 200 999 "-" "Mozilla/5.0 AppleWebKit/537.36 (KHTML, like Gecko; compatible; GPTBot/1.2; +https://openai.com/gptbot)"
172.70.42.2 - - [08/May/2025:12:09:29 +0200] "GET /?game=xxx HTTP/1.1" 200 999 "-" "Mozilla/5.0 AppleWebKit/537.36 (KHTML, like Gecko; compatible; Amazonbot/0.1; +https://developer.amazon.com/support/amazonbot) Chrome/119.0.6045.214 Safari/537.36"
162.158.189.20 - - [08/May/2025:12:09:29 +0200] "GET /?i=279663521 HTTP/1.1" 200 93801 "-" "Mozilla/5.0 (Linux; Android 5.0) AppleWebKit/537.36 (KHTML, like Gecko) Mobile Safari/537.36 (compatible; Bytespider; [email protected])"
172.69.34.208 - - [08/May/2025:12:09:30 +0200] "GET /?hot=xxx+ch%C3%A2u+%C3%A2u HTTP/1.1" 200 999 "-" "Mozilla/5.0 AppleWebKit/537.36 (KHTML, like Gecko; compatible; GPTBot/1.2; +https://openai.com/gptbot)"
172.69.34.208 - - [08/May/2025:12:09:31 +0200] "GET /?app=phim+sex+hiep+dam+gai+moi+lon HTTP/1.1" 200 999 "-" "Mozilla/5.0 AppleWebKit/537.36 (KHTML, like Gecko; compatible; GPTBot/1.2; +https://openai.com/gptbot)"
162.158.88.142 - - [08/May/2025:12:09:31 +0200] "GET /IMG/logo/img-20231108-wa0084.jpg HTTP/1.1" 200 8767 "http://www.igihango.com/?i=279663521" "Mozilla/5.0 (Linux; Android 5.0) AppleWebKit/537.36 (KHTML, like Gecko) Mobile Safari/537.36 (compatible; Bytespider; [email protected])"
172.69.34.208 - - [08/May/2025:12:09:32 +0200] "GET /?game=sex+ch%E1%BB%8B+d%C3%A2u+kh%C3%B4ng+che HTTP/1.1" 200 999 "-" "Mozilla/5.0 AppleWebKit/537.36 (KHTML, like Gecko; compatible; GPTBot/1.2; +https://openai.com/gptbot)"
172.71.223.97 - - [08/May/2025:12:09:33 +0200] "GET /?keyword=ng HTTP/1.1" 200 999 "-" "Mozilla/5.0 AppleWebKit/537.36 (KHTML, like Gecko; compatible; Amazonbot/0.1; +https://developer.amazon.com/support/amazonbot) Chrome/119.0.6045.214 Safari/537.36"
172.69.34.208 - - [08/May/2025:12:09:33 +0200] "GET /?top=nnn+ngh%C4%A9a+l%C3%A0+g%C3%AC HTTP/1.1" 200 999 "-" "Mozilla/5.0 AppleWebKit/537.36 (KHTML, like Gecko; compatible; GPTBot/1.2; +https://openai.com/gptbot)"
172.69.34.208 - - [08/May/2025:12:09:34 +0200] "GET /?ios=nnn+ngh%C4%A9a+l%C3%A0+g%C3%AC HTTP/1.1" 200 999 "-" "Mozilla/5.0 AppleWebKit/537.36 (KHTML, like Gecko; compatible; GPTBot/1.2; +https://openai.com/gptbot)"
172.69.34.208 - - [08/May/2025:12:09:35 +0200] "GET /?bet=nnn+ngh%C4%A9a+l%C3%A0+g%C3%AC HTTP/1.1" 200 999 "-" "Mozilla/5.0 AppleWebKit/537.36 (KHTML, like Gecko; compatible; GPTBot/1.2; +https://openai.com/gptbot)"
172.69.34.208 - - [08/May/2025:12:09:36 +0200] "GET /?video=b%E1%BB%91+ch%E1%BB%93ng+%C4%91%E1%BB%8Bt+nhau HTTP/1.1" 200 999 "-" "Mozilla/5.0 AppleWebKit/537.36 (KHTML, like Gecko; compatible; GPTBot/1.2; +https://openai.com/gptbot)"
172.69.34.208 - - [08/May/2025:12:09:38 +0200] "GET /?bet=loan+luan+con+dau HTTP/1.1" 200 999 "-" "Mozilla/5.0 AppleWebKit/537.36 (KHTML, like Gecko; compatible; GPTBot/1.2; +https://openai.com/gptbot)"
172.69.34.208 - - [08/May/2025:12:09:39 +0200] "GET /?play=con+dau+dam+dang HTTP/1.1" 200 999 "-" "Mozilla/5.0 AppleWebKit/537.36 (KHTML, like Gecko; compatible; GPTBot/1.2; +https://openai.com/gptbot)"
172.69.34.208 - - [08/May/2025:12:09:40 +0200] "GET /?hot=loan+luan+con+dau HTTP/1.1" 200 999 "-" "Mozilla/5.0 AppleWebKit/537.36 (KHTML, like Gecko; compatible; GPTBot/1.2; +https://openai.com/gptbot)"
172.69.34.208 - - [08/May/2025:12:09:41 +0200] "GET /?play=loan+luan+me+con HTTP/1.1" 200 999 "-" "Mozilla/5.0 AppleWebKit/537.36 (KHTML, like Gecko; compatible; GPTBot/1.2; +https://openai.com/gptbot)"
172.69.34.208 - - [08/May/2025:12:09:42 +0200] "GET /?app=loan+luan+con+dau HTTP/1.1" 200 999 "-" "Mozilla/5.0 AppleWebKit/537.36 (KHTML, like Gecko; compatible; GPTBot/1.2; +https://openai.com/gptbot)"
172.69.34.208 - - [08/May/2025:12:09:43 +0200] "GET /?video=xex+m%E1%BB%B9 HTTP/1.1" 200 999 "-" "Mozilla/5.0 AppleWebKit/537.36 (KHTML, like Gecko; compatible; GPTBot/1.2; +https://openai.com/gptbot)"
172.69.34.208 - - [08/May/2025:12:09:45 +0200] "GET /?video=sex+b%E1%BB%B1 HTTP/1.1" 200 999 "-" "Mozilla/5.0 AppleWebKit/537.36 (KHTML, like Gecko; compatible; GPTBot/1.2; +https://openai.com/gptbot)"
172.68.245.92 - - [08/May/2025:12:09:45 +0200] "GET /?produc_id=vlxx. HTTP/1.1" 200 999 "-" "Mozilla/5.0 AppleWebKit/537.36 (KHTML, like Gecko; compatible; Amazonbot/0.1; +https://developer.amazon.com/support/amazonbot) Chrome/119.0.6045.214 Safari/537.36"
172.69.34.208 - - [08/May/2025:12:09:46 +0200] "GET /?video=ch%E1%BB%8Bch. HTTP/1.1" 200 999 "-" "Mozilla/5.0 AppleWebKit/537.36 (KHTML, like Gecko; compatible; GPTBot/1.2; +https://openai.com/gptbot)"
172.69.34.208 - - [08/May/2025:12:09:47 +0200] "GET /?video=ses+m%E1%BB%B9 HTTP/1.1" 200 999 "-" "Mozilla/5.0 AppleWebKit/537.36 (KHTML, like Gecko; compatible; GPTBot/1.2; +https://openai.com/gptbot)"
172.71.147.93 - - [08/May/2025:12:09:47 +0200] "GET /?i=295038921 HTTP/1.1" 200 93801 "-" "Mozilla/5.0 (compatible; DotBot/1.2; +https://opensiteexplorer.org/dotbot; [email protected])"
172.69.34.208 - - [08/May/2025:12:09:48 +0200] "GET /?video=ch%E1%BB%8B+ch HTTP/1.1" 200 999 "-" "Mozilla/5.0 AppleWebKit/537.36 (KHTML, like Gecko; compatible; GPTBot/1.2; +https://openai.com/gptbot)"
172.69.34.208 - - [08/May/2025:12:09:49 +0200] "GET /?produc_id=phim+sex+18+ko+che HTTP/1.1" 200 999 "-" "Mozilla/5.0 AppleWebKit/537.36 (KHTML, like Gecko; compatible; GPTBot/1.2; +https://openai.com/gptbot)"
172.70.135.201 - - [08/May/2025:12:09:49 +0200] "GET /?play=subjav HTTP/1.1" 200 999 "-" "Mozilla/5.0 AppleWebKit/537.36 (KHTML, like Gecko; compatible; Amazonbot/0.1; +https://developer.amazon.com/support/amazonbot) Chrome/119.0.6045.214 Safari/537.36"
172.69.34.208 - - [08/May/2025:12:09:50 +0200] "GET /?video=m%E1%BB%B9+xnxx HTTP/1.1" 200 999 "-" "Mozilla/5.0 AppleWebKit/537.36 (KHTML, like Gecko; compatible; GPTBot/1.2; +https://openai.com/gptbot)"
172.69.34.208 - - [08/May/2025:12:09:51 +0200] "GET /?video=xnxx+m%E1%BB%B9 HTTP/1.1" 200 999 "-" "Mozilla/5.0 AppleWebKit/537.36 (KHTML, like Gecko; compatible; GPTBot/1.2; +https://openai.com/gptbot)"
172.69.34.208 - - [08/May/2025:12:09:53 +0200] "GET /?app=ch%E1%BB%8Bch+v%C3%BA HTTP/1.1" 200 999 "-" "Mozilla/5.0 AppleWebKit/537.36 (KHTML, like Gecko; compatible; GPTBot/1.2; +https://openai.com/gptbot)"
172.70.42.185 - - [08/May/2025:12:09:53 +0200] "GET /?top=gavang.tivi HTTP/1.1" 200 999 "-" "Mozilla/5.0 AppleWebKit/537.36 (KHTML, like Gecko; compatible; Amazonbot/0.1; +https://developer.amazon.com/support/amazonbot) Chrome/119.0.6045.214 Safari/537.36"
172.69.34.208 - - [08/May/2025:12:09:54 +0200] "GET /?top=truy%E1%BB%87n+tranh+hentai+h%C3%A0n HTTP/1.1" 200 999 "-" "Mozilla/5.0 AppleWebKit/537.36 (KHTML, like Gecko; compatible; GPTBot/1.2; +https://openai.com/gptbot)"
172.69.34.208 - - [08/May/2025:12:09:55 +0200] "GET /?ios=truy%E1%BB%87n+tranh+hentai+h%C3%A0n HTTP/1.1" 200 999 "-" "Mozilla/5.0 AppleWebKit/537.36 (KHTML, like Gecko; compatible; GPTBot/1.2; +https://openai.com/gptbot)"
172.69.176.3 - - [08/May/2025:12:09:56 +0200] "GET /?i=495281821 HTTP/1.1" 200 131 "-" "Mozilla/5.0 (Linux; Android 5.0) AppleWebKit/537.36 (KHTML, like Gecko) Mobile Safari/537.36 (compatible; Bytespider; [email protected])"
172.69.34.208 - - [08/May/2025:12:09:56 +0200] "GET /?keyword=hoa+h%E1%BA%ADu+%C4%91%E1%BB%8Bt+nhau HTTP/1.1" 200 999 "-" "Mozilla/5.0 AppleWebKit/537.36 (KHTML, like Gecko; compatible; GPTBot/1.2; +https://openai.com/gptbot)"
172.69.34.208 - - [08/May/2025:12:09:57 +0200] "GET /?keyword=sex+m%E1%BB%B9+lo%E1%BA%A1n+lu%C3%A2n HTTP/1.1" 200 999 "-" "Mozilla/5.0 AppleWebKit/537.36 (KHTML, like Gecko; compatible; GPTBot/1.2; +https://openai.com/gptbot)"
172.71.195.6 - - [08/May/2025:12:09:58 +0200] "GET /?game=lon%20cuc%20dep HTTP/1.1" 200 999 "-" "Mozilla/5.0 AppleWebKit/537.36 (KHTML, like Gecko; compatible; Amazonbot/0.1; +https://developer.amazon.com/support/amazonbot) Chrome/119.0.6045.214 Safari/537.36"
172.69.34.208 - - [08/May/2025:12:09:58 +0200] "GET /?play=gh%E1%BA%BF+massage+n%C3%A0o+t%E1%BB%91t HTTP/1.1" 200 999 "-" "Mozilla/5.0 AppleWebKit/537.36 (KHTML, like Gecko; compatible; GPTBot/1.2; +https://openai.com/gptbot)"
172.69.34.208 - - [08/May/2025:12:10:00 +0200] "GET /?keyword=sex+lo%E1%BA%A1n+lu%C3%A2n+m%E1%BB%B9 HTTP/1.1" 200 999 "-" "Mozilla/5.0 AppleWebKit/537.36 (KHTML, like Gecko; compatible; GPTBot/1.2; +https://openai.com/gptbot)"
172.69.34.208 - - [08/May/2025:12:10:01 +0200] "GET /?keyword=li%E1%BA%BFm+l%E1%BB%93n+t%C3%A2y HTTP/1.1" 200 999 "-" "Mozilla/5.0 AppleWebKit/537.36 (KHTML, like Gecko; compatible; GPTBot/1.2; +https://openai.com/gptbot)"
172.68.138.173 - - [08/May/2025:12:10:01 +0200] "GET /?app=ch%E1%BB%8Bch%20anime HTTP/1.1" 200 999 "-" "Mozilla/5.0 AppleWebKit/537.36 (KHTML, like Gecko; compatible; Amazonbot/0.1; +https://developer.amazon.com/support/amazonbot) Chrome/119.0.6045.214 Safari/537.36"
172.69.34.208 - - [08/May/2025:12:10:02 +0200] "GET /?keyword=phim+ch%C6%A1i+v%E1%BB%A3+b%E1%BA%A1n HTTP/1.1" 200 999 "-" "Mozilla/5.0 AppleWebKit/537.36 (KHTML, like Gecko; compatible; GPTBot/1.2; +https://openai.com/gptbot)"
172.69.34.208 - - [08/May/2025:12:10:03 +0200] "GET /?play=phim+sex+th%C6%B0%E1%BB%A3ng+h%E1%BA%A3i HTTP/1.1" 200 999 "-" "Mozilla/5.0 AppleWebKit/537.36 (KHTML, like Gecko; compatible; GPTBot/1.2; +https://openai.com/gptbot)"
172.69.34.208 - - [08/May/2025:12:10:04 +0200] "GET /?play=xex+m%E1%BB%B9 HTTP/1.1" 200 999 "-" "Mozilla/5.0 AppleWebKit/537.36 (KHTML, like Gecko; compatible; GPTBot/1.2; +https://openai.com/gptbot)"
172.68.15.176 - - [08/May/2025:12:10:05 +0200] "GET /?ios=xxx%20me HTTP/1.1" 200 999 "-" "Mozilla/5.0 AppleWebKit/537.36 (KHTML, like Gecko; compatible; Amazonbot/0.1; +https://developer.amazon.com/support/amazonbot) Chrome/119.0.6045.214 Safari/537.36"
172.69.34.208 - - [08/May/2025:12:10:05 +0200] "GET /?app=xec+m%E1%BB%9Bi HTTP/1.1" 200 999 "-" "Mozilla/5.0 AppleWebKit/537.36 (KHTML, like Gecko; compatible; GPTBot/1.2; +https://openai.com/gptbot)"
172.69.34.208 - - [08/May/2025:12:10:06 +0200] "GET /?hot=xnxx+m%E1%BA%B9 HTTP/1.1" 200 999 "-" "Mozilla/5.0 AppleWebKit/537.36 (KHTML, like Gecko; compatible; GPTBot/1.2; +https://openai.com/gptbot)"
172.69.34.208 - - [08/May/2025:12:10:07 +0200] "GET /?ios=sex+c%C3%B3+che HTTP/1.1" 200 999 "-" "Mozilla/5.0 AppleWebKit/537.36 (KHTML, like Gecko; compatible; GPTBot/1.2; +https://openai.com/gptbot)"
172.69.34.208 - - [08/May/2025:12:10:09 +0200] "GET /?bet=xec+m%E1%BB%9Bi HTTP/1.1" 200 999 "-" "Mozilla/5.0 AppleWebKit/537.36 (KHTML, like Gecko; compatible; GPTBot/1.2; +https://openai.com/gptbot)"
172.71.195.2 - - [08/May/2025:12:10:09 +0200] "GET /?produc_id=h%E1%BA%A1ng%201%20anh HTTP/1.1" 200 999 "-" "Mozilla/5.0 AppleWebKit/537.36 (KHTML, like Gecko; compatible; Amazonbot/0.1; +https://developer.amazon.com/support/amazonbot) Chrome/119.0.6045.214 Safari/537.36"
172.69.34.208 - - [08/May/2025:12:10:10 +0200] "GET /?bet=sex+m%E1%BB%9Bi HTTP/1.1" 200 999 "-" "Mozilla/5.0 AppleWebKit/537.36 (KHTML, like Gecko; compatible; GPTBot/1.2; +https://openai.com/gptbot)"
172.69.34.208 - - [08/May/2025:12:10:11 +0200] "GET /?app=l%E1%BB%8Bch+mu HTTP/1.1" 200 999 "-" "Mozilla/5.0 AppleWebKit/537.36 (KHTML, like Gecko; compatible; GPTBot/1.2; +https://openai.com/gptbot)"
172.69.34.208 - - [08/May/2025:12:10:12 +0200] "GET /?hot=l%E1%BB%8Bch+mu HTTP/1.1" 200 999 "-" "Mozilla/5.0 AppleWebKit/537.36 (KHTML, like Gecko; compatible; GPTBot/1.2; +https://openai.com/gptbot)"
172.71.190.88 - - [08/May/2025:12:10:13 +0200] "GET /?bet=mina%20kitano HTTP/1.1" 200 999 "-" "Mozilla/5.0 AppleWebKit/537.36 (KHTML, like Gecko; compatible; Amazonbot/0.1; +https://developer.amazon.com/support/amazonbot) Chrome/119.0.6045.214 Safari/537.36"
172.69.34.208 - - [08/May/2025:12:10:13 +0200] "GET /?ios=t%E1%BB%B1+quay HTTP/1.1" 200 999 "-" "Mozilla/5.0 AppleWebKit/537.36 (KHTML, like Gecko; compatible; GPTBot/1.2; +https://openai.com/gptbot)"
172.69.34.208 - - [08/May/2025:12:10:15 +0200] "GET /?bet=xnxx+m%E1%BA%B9 HTTP/1.1" 200 999 "-" "Mozilla/5.0 AppleWebKit/537.36 (KHTML, like Gecko; compatible; GPTBot/1.2; +https://openai.com/gptbot)"
172.71.142.86 - - [08/May/2025:12:10:14 +0200] "GET /?i=31020921 HTTP/1.1" 200 93801 "-" "Mozilla/5.0 (compatible; DotBot/1.2; +https://opensiteexplorer.org/dotbot; [email protected])"
172.69.34.208 - - [08/May/2025:12:10:16 +0200] "GET /?play=sex+b%E1%BB%B1 HTTP/1.1" 200 999 "-" "Mozilla/5.0 AppleWebKit/537.36 (KHTML, like Gecko; compatible; GPTBot/1.2; +https://openai.com/gptbot)"
172.69.34.208 - - [08/May/2025:12:10:17 +0200] "GET /?ios=jav+m%E1%BB%9Bi HTTP/1.1" 200 999 "-" "Mozilla/5.0 AppleWebKit/537.36 (KHTML, like Gecko; compatible; GPTBot/1.2; +https://openai.com/gptbot)"
172.70.39.158 - - [08/May/2025:12:10:17 +0200] "GET /?game=phimxeshiepdam HTTP/1.1" 200 999 "-" "Mozilla/5.0 AppleWebKit/537.36 (KHTML, like Gecko; compatible; Amazonbot/0.1; +https://developer.amazon.com/support/amazonbot) Chrome/119.0.6045.214 Safari/537.36"
172.69.34.208 - - [08/May/2025:12:10:18 +0200] "GET /?ios=porn+m%E1%BB%B9 HTTP/1.1" 200 999 "-" "Mozilla/5.0 AppleWebKit/537.36 (KHTML, like Gecko; compatible; GPTBot/1.2; +https://openai.com/gptbot)"
172.69.34.208 - - [08/May/2025:12:10:19 +0200] "GET /?app=sex+m%E1%BB%9Bi HTTP/1.1" 200 999 "-" "Mozilla/5.0 AppleWebKit/537.36 (KHTML, like Gecko; compatible; GPTBot/1.2; +https://openai.com/gptbot)"
172.69.34.208 - - [08/May/2025:12:10:20 +0200] "GET /?bet=sex+ch%E1%BB%8B HTTP/1.1" 200 999 "-" "Mozilla/5.0 AppleWebKit/537.36 (KHTML, like Gecko; compatible; GPTBot/1.2; +https://openai.com/gptbot)"
172.68.245.67 - - [08/May/2025:12:10:21 +0200] "GET /?game=rakhoi.tv%20bong%20da HTTP/1.1" 200 999 "-" "Mozilla/5.0 AppleWebKit/537.36 (KHTML, like Gecko; compatible; Amazonbot/0.1; +https://developer.amazon.com/support/amazonbot) Chrome/119.0.6045.214 Safari/537.36"
172.69.34.208 - - [08/May/2025:12:10:22 +0200] "GET /?bet=phim+m%E1%BB%B9 HTTP/1.1" 200 999 "-" "Mozilla/5.0 AppleWebKit/537.36 (KHTML, like Gecko; compatible; GPTBot/1.2; +https://openai.com/gptbot)"
172.68.164.53 - - [08/May/2025:12:10:22 +0200] "GET /?i=286743421 HTTP/1.1" 200 93801 "-" "Mozilla/5.0 (Linux; Android 5.0) AppleWebKit/537.36 (KHTML, like Gecko) Mobile Safari/537.36 (compatible; Bytespider; [email protected])"
172.69.34.208 - - [08/May/2025:12:10:23 +0200] "GET /?play=jav+m%E1%BB%B9 HTTP/1.1" 200 999 "-" "Mozilla/5.0 AppleWebKit/537.36 (KHTML, like Gecko; compatible; GPTBot/1.2; +https://openai.com/gptbot)"
162.158.88.143 - - [08/May/2025:12:10:23 +0200] "GET /IMG/logo/img-20231108-wa0084.jpg HTTP/1.1" 200 8767 "http://www.igihango.com/?i=286743421" "Mozilla/5.0 (Linux; Android 5.0) AppleWebKit/537.36 (KHTML, like Gecko) Mobile Safari/537.36 (compatible; Bytespider; [email protected])"
172.69.34.208 - - [08/May/2025:12:10:24 +0200] "GET /?ios=sex+xe+h%C6%A1i HTTP/1.1" 200 999 "-" "Mozilla/5.0 AppleWebKit/537.36 (KHTML, like Gecko; compatible; GPTBot/1.2; +https://openai.com/gptbot)"
172.69.34.208 - - [08/May/2025:12:10:25 +0200] "GET /?bet=qu%E1%BB%B7+sex HTTP/1.1" 200 999 "-" "Mozilla/5.0 AppleWebKit/537.36 (KHTML, like Gecko; compatible; GPTBot/1.2; +https://openai.com/gptbot)"
172.70.42.199 - - [08/May/2025:12:10:26 +0200] "GET /?play=pornhup HTTP/1.1" 200 999 "-" "Mozilla/5.0 AppleWebKit/537.36 (KHTML, like Gecko; compatible; Amazonbot/0.1; +https://developer.amazon.com/support/amazonbot) Chrome/119.0.6045.214 Safari/537.36"
172.70.42.73 - - [08/May/2025:12:10:26 +0200] "GET /?hot=phim%20nhanh%20hd HTTP/1.1" 200 999 "-" "meta-externalagent/1.1 (+https://developers.facebook.com/docs/sharing/webmasters/crawler)"
172.69.34.208 - - [08/May/2025:12:10:26 +0200] "GET /?ios=qu%E1%BB%B7+sex HTTP/1.1" 200 999 "-" "Mozilla/5.0 AppleWebKit/537.36 (KHTML, like Gecko; compatible; GPTBot/1.2; +https://openai.com/gptbot)"
172.69.34.208 - - [08/May/2025:12:10:27 +0200] "GET /?play=ses+m%E1%BB%B9 HTTP/1.1" 200 999 "-" "Mozilla/5.0 AppleWebKit/537.36 (KHTML, like Gecko; compatible; GPTBot/1.2; +https://openai.com/gptbot)"
172.69.34.208 - - [08/May/2025:12:10:29 +0200] "GET /?hot=sex+ch%E1%BB%8B HTTP/1.1" 200 999 "-" "Mozilla/5.0 AppleWebKit/537.36 (KHTML, like Gecko; compatible; GPTBot/1.2; +https://openai.com/gptbot)"
172.69.34.208 - - [08/May/2025:12:10:30 +0200] "GET /?top=xex+m%E1%BB%9Bi HTTP/1.1" 200 999 "-" "Mozilla/5.0 AppleWebKit/537.36 (KHTML, like Gecko; compatible; GPTBot/1.2; +https://openai.com/gptbot)"
172.69.34.208 - - [08/May/2025:12:10:31 +0200] "GET /?play=sey+m%E1%BB%B9 HTTP/1.1" 200 999 "-" "Mozilla/5.0 AppleWebKit/537.36 (KHTML, like Gecko; compatible; GPTBot/1.2; +https://openai.com/gptbot)"
172.69.34.208 - - [08/May/2025:12:10:32 +0200] "GET /?app=sex+c%C3%B3+che HTTP/1.1" 200 999 "-" "Mozilla/5.0 AppleWebKit/537.36 (KHTML, like Gecko; compatible; GPTBot/1.2; +https://openai.com/gptbot)"
172.69.34.208 - - [08/May/2025:12:10:33 +0200] "GET /?ios=sex+qu%E1%BB%B7 HTTP/1.1" 200 999 "-" "Mozilla/5.0 AppleWebKit/537.36 (KHTML, like Gecko; compatible; GPTBot/1.2; +https://openai.com/gptbot)"
172.69.34.208 - - [08/May/2025:12:10:34 +0200] "GET /?bet=sex+qu%E1%BB%B7 HTTP/1.1" 200 999 "-" "Mozilla/5.0 AppleWebKit/537.36 (KHTML, like Gecko; compatible; GPTBot/1.2; +https://openai.com/gptbot)"
172.69.34.208 - - [08/May/2025:12:10:35 +0200] "GET /?play=mu+m%E1%BB%9Bi HTTP/1.1" 200 999 "-" "Mozilla/5.0 AppleWebKit/537.36 (KHTML, like Gecko; compatible; GPTBot/1.2; +https://openai.com/gptbot)"
172.69.34.208 - - [08/May/2025:12:10:36 +0200] "GET /?ios=xec+m%E1%BB%9Bi HTTP/1.1" 200 999 "-" "Mozilla/5.0 AppleWebKit/537.36 (KHTML, like Gecko; compatible; GPTBot/1.2; +https://openai.com/gptbot)"
172.69.34.208 - - [08/May/2025:12:10:38 +0200] "GET /?hot=sex+c%C3%B3+che HTTP/1.1" 200 999 "-" "Mozilla/5.0 AppleWebKit/537.36 (KHTML, like Gecko; compatible; GPTBot/1.2; +https://openai.com/gptbot)"
172.69.34.208 - - [08/May/2025:12:10:39 +0200] "GET /?hot=l%E1%BB%8Bch+fa HTTP/1.1" 200 999 "-" "Mozilla/5.0 AppleWebKit/537.36 (KHTML, like Gecko; compatible; GPTBot/1.2; +https://openai.com/gptbot)"
172.69.34.208 - - [08/May/2025:12:10:40 +0200] "GET /?app=phim+%E1%BA%A5y HTTP/1.1" 200 999 "-" "Mozilla/5.0 AppleWebKit/537.36 (KHTML, like Gecko; compatible; GPTBot/1.2; +https://openai.com/gptbot)"
172.71.146.100 - - [08/May/2025:12:10:40 +0200] "GET /?i=312947421 HTTP/1.1" 200 93801 "-" "Mozilla/5.0 (compatible; DotBot/1.2; +https://opensiteexplorer.org/dotbot; [email protected])"
172.69.34.208 - - [08/May/2025:12:10:41 +0200] "GET /?ios=xnxx+m%E1%BA%B9 HTTP/1.1" 200 999 "-" "Mozilla/5.0 AppleWebKit/537.36 (KHTML, like Gecko; compatible; GPTBot/1.2; +https://openai.com/gptbot)"
172.69.34.208 - - [08/May/2025:12:10:42 +0200] "GET /?ios=h%E1%BB%99i+some HTTP/1.1" 200 999 "-" "Mozilla/5.0 AppleWebKit/537.36 (KHTML, like Gecko; compatible; GPTBot/1.2; +https://openai.com/gptbot)"
172.69.34.208 - - [08/May/2025:12:10:43 +0200] "GET /?play=l%E1%BB%8Bch+c1 HTTP/1.1" 200 999 "-" "Mozilla/5.0 AppleWebKit/537.36 (KHTML, like Gecko; compatible; GPTBot/1.2; +https://openai.com/gptbot)"
172.69.34.208 - - [08/May/2025:12:10:45 +0200] "GET /?bet=l%E1%BB%93n+nonn HTTP/1.1" 200 999 "-" "Mozilla/5.0 AppleWebKit/537.36 (KHTML, like Gecko; compatible; GPTBot/1.2; +https://openai.com/gptbot)"
172.69.34.208 - - [08/May/2025:12:10:46 +0200] "GET /?app=n%E1%BB%87n+nhau HTTP/1.1" 200 999 "-" "Mozilla/5.0 AppleWebKit/537.36 (KHTML, like Gecko; compatible; GPTBot/1.2; +https://openai.com/gptbot)"
172.69.34.208 - - [08/May/2025:12:10:47 +0200] "GET /?play=l%E1%BB%99+clip HTTP/1.1" 200 999 "-" "Mozilla/5.0 AppleWebKit/537.36 (KHTML, like Gecko; compatible; GPTBot/1.2; +https://openai.com/gptbot)"
172.69.34.208 - - [08/May/2025:12:10:48 +0200] "GET /?play=clip+l%E1%BB%99 HTTP/1.1" 200 999 "-" "Mozilla/5.0 AppleWebKit/537.36 (KHTML, like Gecko; compatible; GPTBot/1.2; +https://openai.com/gptbot)"
172.70.93.31 - - [08/May/2025:12:10:48 +0200] "GET /?i=476412621 HTTP/1.1" 200 93801 "-" "Mozilla/5.0 (Linux; Android 5.0) AppleWebKit/537.36 (KHTML, like Gecko) Mobile Safari/537.36 (compatible; Bytespider; [email protected])"
162.158.88.142 - - [08/May/2025:12:10:49 +0200] "GET /IMG/logo/img-20231108-wa0084.jpg HTTP/1.1" 200 8767 "http://www.igihango.com/?i=476412621" "Mozilla/5.0 (Linux; Android 5.0) AppleWebKit/537.36 (KHTML, like Gecko) Mobile Safari/537.36 (compatible; Bytespider; [email protected])"
172.69.34.208 - - [08/May/2025:12:10:49 +0200] "GET /?game=phim+set+trung+qu%E1%BB%91c+hay+nh%E1%BA%A5t HTTP/1.1" 200 999 "-" "Mozilla/5.0 AppleWebKit/537.36 (KHTML, like Gecko; compatible; GPTBot/1.2; +https://openai.com/gptbot)"
172.69.34.208 - - [08/May/2025:12:10:50 +0200] "GET /?produc_id=sex+vi%E1%BB%87t+.com HTTP/1.1" 200 999 "-" "Mozilla/5.0 AppleWebKit/537.36 (KHTML, like Gecko; compatible; GPTBot/1.2; +https://openai.com/gptbot)"
172.69.34.208 - - [08/May/2025:12:10:52 +0200] "GET /?play=phim+sex+vi%E1%BB%87t.+com HTTP/1.1" 200 999 "-" "Mozilla/5.0 AppleWebKit/537.36 (KHTML, like Gecko; compatible; GPTBot/1.2; +https://openai.com/gptbot)"
172.69.34.208 - - [08/May/2025:12:10:53 +0200] "GET /?produc_id=phim+s%E1%BA%BD+vn+69 HTTP/1.1" 200 999 "-" "Mozilla/5.0 AppleWebKit/537.36 (KHTML, like Gecko; compatible; GPTBot/1.2; +https://openai.com/gptbot)"
172.69.34.208 - - [08/May/2025:12:10:54 +0200] "GET /?produc_id=sex+vi%E1%BB%87t.+com HTTP/1.1" 200 999 "-" "Mozilla/5.0 AppleWebKit/537.36 (KHTML, like Gecko; compatible; GPTBot/1.2; +https://openai.com/gptbot)"
172.69.34.208 - - [08/May/2025:12:10:55 +0200] "GET /?hot=phim+%C4%91%E1%BB%8Bt+nhau+.com HTTP/1.1" 200 999 "-" "Mozilla/5.0 AppleWebKit/537.36 (KHTML, like Gecko; compatible; GPTBot/1.2; +https://openai.com/gptbot)"
172.69.34.208 - - [08/May/2025:12:10:56 +0200] "GET /?app=bang+xep+hang+ngoai+h%E1%BA%A1ng+anh HTTP/1.1" 200 999 "-" "Mozilla/5.0 AppleWebKit/537.36 (KHTML, like Gecko; compatible; GPTBot/1.2; +https://openai.com/gptbot)"
172.69.34.208 - - [08/May/2025:12:10:57 +0200] "GET /?ios=bang+xep+hang+ngoai+h%E1%BA%A1ng+anh HTTP/1.1" 200 999 "-" "Mozilla/5.0 AppleWebKit/537.36 (KHTML, like Gecko; compatible; GPTBot/1.2; +https://openai.com/gptbot)"
172.69.34.208 - - [08/May/2025:12:10:58 +0200] "GET /?hot=bang+xep+hang+ngoai+h%E1%BA%A1ng+anh HTTP/1.1" 200 999 "-" "Mozilla/5.0 AppleWebKit/537.36 (KHTML, like Gecko; compatible; GPTBot/1.2; +https://openai.com/gptbot)"
172.69.34.208 - - [08/May/2025:12:11:00 +0200] "GET /?app=may+bay+ba+gia+nung+lon HTTP/1.1" 200 999 "-" "Mozilla/5.0 AppleWebKit/537.36 (KHTML, like Gecko; compatible; GPTBot/1.2; +https://openai.com/gptbot)"
172.69.34.208 - - [08/May/2025:12:11:01 +0200] "GET /?bet=phim+xet+may+bay+ba+gia HTTP/1.1" 200 999 "-" "Mozilla/5.0 AppleWebKit/537.36 (KHTML, like Gecko; compatible; GPTBot/1.2; +https://openai.com/gptbot)"
172.69.17.51 - - [08/May/2025:12:11:01 +0200] "GET /?play=phim+sex+thuy%E1%BA%BFt+minh HTTP/1.1" 200 999 "-" "Mozilla/5.0 AppleWebKit/537.36 (KHTML, like Gecko; compatible; ClaudeBot/1.0; [email protected])"
172.71.255.45 - - [08/May/2025:12:11:02 +0200] "GET /?produc_id=phim+sex+viet+nam+khau+dam HTTP/1.1" 200 999 "-" "Mozilla/5.0 AppleWebKit/537.36 (KHTML, like Gecko; compatible; ClaudeBot/1.0; [email protected])"
172.69.34.208 - - [08/May/2025:12:11:02 +0200] "GET /?app=may+bay+ba+gia+viet+nam HTTP/1.1" 200 999 "-" "Mozilla/5.0 AppleWebKit/537.36 (KHTML, like Gecko; compatible; GPTBot/1.2; +https://openai.com/gptbot)"
172.71.255.45 - - [08/May/2025:12:11:03 +0200] "GET /?app=phin+sex+loan+luan HTTP/1.1" 200 999 "-" "Mozilla/5.0 AppleWebKit/537.36 (KHTML, like Gecko; compatible; ClaudeBot/1.0; [email protected])"
172.70.127.160 - - [08/May/2025:12:11:03 +0200] "GET /?hot=sex+han+quoc+gai+dep HTTP/1.1" 200 999 "-" "Mozilla/5.0 AppleWebKit/537.36 (KHTML, like Gecko; compatible; ClaudeBot/1.0; [email protected])"
172.69.34.208 - - [08/May/2025:12:11:03 +0200] "GET /?play=may+bay+ba+gia+chau+au HTTP/1.1" 200 999 "-" "Mozilla/5.0 AppleWebKit/537.36 (KHTML, like Gecko; compatible; GPTBot/1.2; +https://openai.com/gptbot)"
172.71.255.45 - - [08/May/2025:12:11:04 +0200] "GET /?produc_id=phim+sex+17 HTTP/1.1" 200 999 "-" "Mozilla/5.0 AppleWebKit/537.36 (KHTML, like Gecko; compatible; ClaudeBot/1.0; [email protected])"
172.69.34.208 - - [08/May/2025:12:11:04 +0200] "GET /?app=quay+len+may+bay+ba+gia HTTP/1.1" 200 999 "-" "Mozilla/5.0 AppleWebKit/537.36 (KHTML, like Gecko; compatible; GPTBot/1.2; +https://openai.com/gptbot)"
172.71.255.45 - - [08/May/2025:12:11:05 +0200] "GET /?bet=sex+vn+kh%C3%B4ng+che HTTP/1.1" 200 999 "-" "Mozilla/5.0 AppleWebKit/537.36 (KHTML, like Gecko; compatible; ClaudeBot/1.0; [email protected])"
172.68.23.203 - - [08/May/2025:12:11:05 +0200] "GET /?i=315471021 HTTP/1.1" 200 93801 "-" "Mozilla/5.0 (compatible; DotBot/1.2; +https://opensiteexplorer.org/dotbot; [email protected])"
172.69.34.208 - - [08/May/2025:12:11:05 +0200] "GET /?bet=dit+may+bay+ba+gia+viet HTTP/1.1" 200 999 "-" "Mozilla/5.0 AppleWebKit/537.36 (KHTML, like Gecko; compatible; GPTBot/1.2; +https://openai.com/gptbot)"
172.69.34.208 - - [08/May/2025:12:11:07 +0200] "GET /?app=dit+may+bay+ba+gia+viet HTTP/1.1" 200 999 "-" "Mozilla/5.0 AppleWebKit/537.36 (KHTML, like Gecko; compatible; GPTBot/1.2; +https://openai.com/gptbot)"
172.69.34.208 - - [08/May/2025:12:11:08 +0200] "GET /?bet=may+bay+ba+gia+dam+dang HTTP/1.1" 200 999 "-" "Mozilla/5.0 AppleWebKit/537.36 (KHTML, like Gecko; compatible; GPTBot/1.2; +https://openai.com/gptbot)"
172.69.34.208 - - [08/May/2025:12:11:09 +0200] "GET /?app=phim+xet+may+bay+ba+gia HTTP/1.1" 200 999 "-" "Mozilla/5.0 AppleWebKit/537.36 (KHTML, like Gecko; compatible; GPTBot/1.2; +https://openai.com/gptbot)"
172.69.34.208 - - [08/May/2025:12:11:10 +0200] "GET /?hot=may+bay+ba+gia+dam+dang HTTP/1.1" 200 999 "-" "Mozilla/5.0 AppleWebKit/537.36 (KHTML, like Gecko; compatible; GPTBot/1.2; +https://openai.com/gptbot)"
172.69.34.208 - - [08/May/2025:12:11:11 +0200] "GET /?app=may+bay+ba+gia+dam+dang HTTP/1.1" 200 999 "-" "Mozilla/5.0 AppleWebKit/537.36 (KHTML, like Gecko; compatible; GPTBot/1.2; +https://openai.com/gptbot)"
172.69.34.208 - - [08/May/2025:12:11:12 +0200] "GET /?bet=may+bay+ba+gia+viet+nam HTTP/1.1" 200 999 "-" "Mozilla/5.0 AppleWebKit/537.36 (KHTML, like Gecko; compatible; GPTBot/1.2; +https://openai.com/gptbot)"
172.69.34.208 - - [08/May/2025:12:11:13 +0200] "GET /?ios=may+bay+ba+gia+nung+lon HTTP/1.1" 200 999 "-" "Mozilla/5.0 AppleWebKit/537.36 (KHTML, like Gecko; compatible; GPTBot/1.2; +https://openai.com/gptbot)"
172.69.34.208 - - [08/May/2025:12:11:15 +0200] "GET /?app=xem+phim+may+bay+ba+gia HTTP/1.1" 200 999 "-" "Mozilla/5.0 AppleWebKit/537.36 (KHTML, like Gecko; compatible; GPTBot/1.2; +https://openai.com/gptbot)"
162.158.163.150 - - [08/May/2025:12:11:14 +0200] "GET /?i=209649321 HTTP/1.1" 200 93801 "-" "Mozilla/5.0 (Linux; Android 5.0) AppleWebKit/537.36 (KHTML, like Gecko) Mobile Safari/537.36 (compatible; Bytespider; [email protected])"
162.158.88.142 - - [08/May/2025:12:11:16 +0200] "GET /IMG/logo/img-20231108-wa0084.jpg HTTP/1.1" 200 8767 "http://www.igihango.com/?i=209649321" "Mozilla/5.0 (Linux; Android 5.0) AppleWebKit/537.36 (KHTML, like Gecko) Mobile Safari/537.36 (compatible; Bytespider; [email protected])"
172.69.34.208 - - [08/May/2025:12:11:16 +0200] "GET /?bet=quay+len+may+bay+ba+gia HTTP/1.1" 200 999 "-" "Mozilla/5.0 AppleWebKit/537.36 (KHTML, like Gecko; compatible; GPTBot/1.2; +https://openai.com/gptbot)"
172.69.34.208 - - [08/May/2025:12:11:17 +0200] "GET /?play=sex+lai+may+bay+ba+gia HTTP/1.1" 200 999 "-" "Mozilla/5.0 AppleWebKit/537.36 (KHTML, like Gecko; compatible; GPTBot/1.2; +https://openai.com/gptbot)"
172.69.34.208 - - [08/May/2025:12:11:18 +0200] "GET /?app=dit+nhau+may+bay+ba+gia HTTP/1.1" 200 999 "-" "Mozilla/5.0 AppleWebKit/537.36 (KHTML, like Gecko; compatible; GPTBot/1.2; +https://openai.com/gptbot)"
172.69.34.208 - - [08/May/2025:12:11:19 +0200] "GET /?app=phim+sex+may+bay+ba+gia HTTP/1.1" 200 999 "-" "Mozilla/5.0 AppleWebKit/537.36 (KHTML, like Gecko; compatible; GPTBot/1.2; +https://openai.com/gptbot)"
172.69.34.208 - - [08/May/2025:12:11:20 +0200] "GET /?bet=sex+viet+may+bay+ba+gia HTTP/1.1" 200 999 "-" "Mozilla/5.0 AppleWebKit/537.36 (KHTML, like Gecko; compatible; GPTBot/1.2; +https://openai.com/gptbot)"
172.69.34.208 - - [08/May/2025:12:11:22 +0200] "GET /?bet=phim+xex+may+bay+ba+gia HTTP/1.1" 200 999 "-" "Mozilla/5.0 AppleWebKit/537.36 (KHTML, like Gecko; compatible; GPTBot/1.2; +https://openai.com/gptbot)"
172.69.34.207 - - [08/May/2025:12:11:23 +0200] "GET /?play=xem+sex+may+bay+ba+gia HTTP/1.1" 200 999 "-" "Mozilla/5.0 AppleWebKit/537.36 (KHTML, like Gecko; compatible; GPTBot/1.2; +https://openai.com/gptbot)"
172.69.34.207 - - [08/May/2025:12:11:24 +0200] "GET /?app=phim+set+may+bay+ba+gia HTTP/1.1" 200 999 "-" "Mozilla/5.0 AppleWebKit/537.36 (KHTML, like Gecko; compatible; GPTBot/1.2; +https://openai.com/gptbot)"
172.69.34.207 - - [08/May/2025:12:11:25 +0200] "GET /?hot=phim+con+heo+lo%E1%BA%A1n+lu%C3%A2n HTTP/1.1" 200 999 "-" "Mozilla/5.0 AppleWebKit/537.36 (KHTML, like Gecko; compatible; GPTBot/1.2; +https://openai.com/gptbot)"
172.69.34.207 - - [08/May/2025:12:11:26 +0200] "GET /?keyword=sex+ph%C6%B0%C6%A1ng+t%C3%A2y HTTP/1.1" 200 999 "-" "Mozilla/5.0 AppleWebKit/537.36 (KHTML, like Gecko; compatible; GPTBot/1.2; +https://openai.com/gptbot)"
172.69.34.207 - - [08/May/2025:12:11:27 +0200] "GET /?play=phim+sex+trung+qu%E1%BB%91c+tr%E1%BB%B1c+ti%E1%BA%BFp HTTP/1.1" 200 999 "-" "Mozilla/5.0 AppleWebKit/537.36 (KHTML, like Gecko; compatible; GPTBot/1.2; +https://openai.com/gptbot)"
172.69.34.207 - - [08/May/2025:12:11:28 +0200] "GET /?keyword=thu%E1%BB%91c+t%C3%ACnh+d%E1%BB%A5c HTTP/1.1" 200 999 "-" "Mozilla/5.0 AppleWebKit/537.36 (KHTML, like Gecko; compatible; GPTBot/1.2; +https://openai.com/gptbot)"
162.158.41.87 - - [08/May/2025:12:11:29 +0200] "GET /?i=318998921 HTTP/1.1" 200 131 "-" "Mozilla/5.0 (compatible; DotBot/1.2; +https://opensiteexplorer.org/dotbot; [email protected])"
172.69.34.207 - - [08/May/2025:12:11:30 +0200] "GET /?play=sex+quay+l%C3%A9n+thay+%C4%91%E1%BB%93 HTTP/1.1" 200 999 "-" "Mozilla/5.0 AppleWebKit/537.36 (KHTML, like Gecko; compatible; GPTBot/1.2; +https://openai.com/gptbot)"
172.69.34.207 - - [08/May/2025:12:11:31 +0200] "GET /?play=phim+sex+gi%C3%A1m+%C4%91%E1%BB%91c HTTP/1.1" 200 999 "-" "Mozilla/5.0 AppleWebKit/537.36 (KHTML, like Gecko; compatible; GPTBot/1.2; +https://openai.com/gptbot)"
172.69.34.207 - - [08/May/2025:12:11:32 +0200] "GET /?app=phim+sex+m%C4%A9+%C4%91en HTTP/1.1" 200 999 "-" "Mozilla/5.0 AppleWebKit/537.36 (KHTML, like Gecko; compatible; GPTBot/1.2; +https://openai.com/gptbot)"
172.69.34.207 - - [08/May/2025:12:11:33 +0200] "GET /?play=xxx+m%C3%BAp HTTP/1.1" 200 999 "-" "Mozilla/5.0 AppleWebKit/537.36 (KHTML, like Gecko; compatible; GPTBot/1.2; +https://openai.com/gptbot)"
172.69.34.207 - - [08/May/2025:12:11:34 +0200] "GET /?play=m%C3%BAp+xxx HTTP/1.1" 200 999 "-" "Mozilla/5.0 AppleWebKit/537.36 (KHTML, like Gecko; compatible; GPTBot/1.2; +https://openai.com/gptbot)"
172.69.34.207 - - [08/May/2025:12:11:35 +0200] "GET /?hot=ph%C3%ADm+xxx HTTP/1.1" 200 999 "-" "Mozilla/5.0 AppleWebKit/537.36 (KHTML, like Gecko; compatible; GPTBot/1.2; +https://openai.com/gptbot)"
172.69.34.207 - - [08/May/2025:12:11:37 +0200] "GET /?top=ph%C3%ADm+xxx HTTP/1.1" 200 999 "-" "Mozilla/5.0 AppleWebKit/537.36 (KHTML, like Gecko; compatible; GPTBot/1.2; +https://openai.com/gptbot)"
172.69.34.207 - - [08/May/2025:12:11:38 +0200] "GET /?video=serbia+%E2%80%93+th%E1%BB%A5y+s%C4%A9 HTTP/1.1" 200 999 "-" "Mozilla/5.0 AppleWebKit/537.36 (KHTML, like Gecko; compatible; GPTBot/1.2; +https://openai.com/gptbot)"
172.69.34.207 - - [08/May/2025:12:11:39 +0200] "GET /?play=%C4%91tcl+m%C3%B9a+7 HTTP/1.1" 200 999 "-" "Mozilla/5.0 AppleWebKit/537.36 (KHTML, like Gecko; compatible; GPTBot/1.2; +https://openai.com/gptbot)"
172.69.34.207 - - [08/May/2025:12:11:40 +0200] "GET /?play=y8+%C4%91%C3%A1+banh HTTP/1.1" 200 999 "-" "Mozilla/5.0 AppleWebKit/537.36 (KHTML, like Gecko; compatible; GPTBot/1.2; +https://openai.com/gptbot)"
172.70.208.143 - - [08/May/2025:12:11:40 +0200] "GET /?i=329036021 HTTP/1.1" 200 131 "-" "Mozilla/5.0 (Linux; Android 5.0) AppleWebKit/537.36 (KHTML, like Gecko) Mobile Safari/537.36 (compatible; Bytespider; [email protected])"
172.69.34.207 - - [08/May/2025:12:11:41 +0200] "GET /?hot=th%E1%BB%83+thao+24.7 HTTP/1.1" 200 999 "-" "Mozilla/5.0 AppleWebKit/537.36 (KHTML, like Gecko; compatible; GPTBot/1.2; +https://openai.com/gptbot)"
172.69.34.207 - - [08/May/2025:12:11:42 +0200] "GET /?top=th%E1%BB%83+thao+24.7 HTTP/1.1" 200 999 "-" "Mozilla/5.0 AppleWebKit/537.36 (KHTML, like Gecko; compatible; GPTBot/1.2; +https://openai.com/gptbot)"
172.69.34.207 - - [08/May/2025:12:11:44 +0200] "GET /?bet=tin+chuy%C3%AAn+nh%C6%B0%E1%BB%A3ng HTTP/1.1" 200 999 "-" "Mozilla/5.0 AppleWebKit/537.36 (KHTML, like Gecko; compatible; GPTBot/1.2; +https://openai.com/gptbot)"
172.69.34.207 - - [08/May/2025:12:11:45 +0200] "GET /?hot=hentai+l%C6%B0%E1%BB%A1ng+t%C3%ADnh HTTP/1.1" 200 999 "-" "Mozilla/5.0 AppleWebKit/537.36 (KHTML, like Gecko; compatible; GPTBot/1.2; +https://openai.com/gptbot)"
172.69.34.207 - - [08/May/2025:12:11:46 +0200] "GET /?app=hentai+l%C6%B0%E1%BB%A1ng+t%C3%ADnh HTTP/1.1" 200 999 "-" "Mozilla/5.0 AppleWebKit/537.36 (KHTML, like Gecko; compatible; GPTBot/1.2; +https://openai.com/gptbot)"
172.69.34.207 - - [08/May/2025:12:11:47 +0200] "GET /?ios=tin+chuy%C3%AAn+nh%C6%B0%E1%BB%A3ng HTTP/1.1" 200 999 "-" "Mozilla/5.0 AppleWebKit/537.36 (KHTML, like Gecko; compatible; GPTBot/1.2; +https://openai.com/gptbot)"
172.70.127.106 - - [08/May/2025:12:11:48 +0200] "GET /?app=phim+sex+ha+n%E1%BB%99i HTTP/1.1" 200 999 "-" "Mozilla/5.0 AppleWebKit/537.36 (KHTML, like Gecko; compatible; ClaudeBot/1.0; [email protected])"
172.69.34.207 - - [08/May/2025:12:11:48 +0200] "GET /?app=tin+chuy%C3%AAn+nh%C6%B0%E1%BB%A3ng HTTP/1.1" 200 999 "-" "Mozilla/5.0 AppleWebKit/537.36 (KHTML, like Gecko; compatible; GPTBot/1.2; +https://openai.com/gptbot)"
172.70.127.106 - - [08/May/2025:12:11:49 +0200] "GET /?bet=xxx+moi+lon HTTP/1.1" 200 999 "-" "Mozilla/5.0 AppleWebKit/537.36 (KHTML, like Gecko; compatible; ClaudeBot/1.0; [email protected])"
172.69.34.207 - - [08/May/2025:12:11:49 +0200] "GET /?app=sex+kh%C3%B4ng+che+kh%C3%B4ng+l%C3%B4ng HTTP/1.1" 200 999 "-" "Mozilla/5.0 AppleWebKit/537.36 (KHTML, like Gecko; compatible; GPTBot/1.2; +https://openai.com/gptbot)"
172.69.6.119 - - [08/May/2025:12:11:50 +0200] "GET /?app=phim+sex+m%E1%BA%B9+k%E1%BA%BF HTTP/1.1" 200 999 "-" "Mozilla/5.0 AppleWebKit/537.36 (KHTML, like Gecko; compatible; ClaudeBot/1.0; [email protected])"
172.69.34.207 - - [08/May/2025:12:11:51 +0200] "GET /?bet=sex+kh%C3%B4ng+che+kh%C3%B4ng+l%C3%B4ng HTTP/1.1" 200 999 "-" "Mozilla/5.0 AppleWebKit/537.36 (KHTML, like Gecko; compatible; GPTBot/1.2; +https://openai.com/gptbot)"
172.69.58.27 - - [08/May/2025:12:11:51 +0200] "GET /?play=ket+qua+b%C3%B3ng+%C4%91%C3%A1+ph%C3%A1p HTTP/1.1" 200 999 "-" "Mozilla/5.0 AppleWebKit/537.36 (KHTML, like Gecko; compatible; ClaudeBot/1.0; [email protected])"
172.69.34.207 - - [08/May/2025:12:11:52 +0200] "GET /?hot=sex+kh%C3%B4ng+che+kh%C3%B4ng+l%C3%B4ng HTTP/1.1" 200 999 "-" "Mozilla/5.0 AppleWebKit/537.36 (KHTML, like Gecko; compatible; GPTBot/1.2; +https://openai.com/gptbot)"
172.69.58.27 - - [08/May/2025:12:11:52 +0200] "GET /?play=phim+sech+au+my HTTP/1.1" 200 999 "-" "Mozilla/5.0 AppleWebKit/537.36 (KHTML, like Gecko; compatible; ClaudeBot/1.0; [email protected])"
172.68.22.38 - - [08/May/2025:12:11:52 +0200] "GET /?i=322337421 HTTP/1.1" 200 93801 "-" "Mozilla/5.0 (compatible; DotBot/1.2; +https://opensiteexplorer.org/dotbot; [email protected])"
172.69.34.207 - - [08/May/2025:12:11:53 +0200] "GET /?video=quay+l%C3%A9n+m%C3%A1y+bay+b%C3%A0+gi%C3%A0 HTTP/1.1" 200 999 "-" "Mozilla/5.0 AppleWebKit/537.36 (KHTML, like Gecko; compatible; GPTBot/1.2; +https://openai.com/gptbot)"
172.69.34.207 - - [08/May/2025:12:11:54 +0200] "GET /?video=keo+b%C3%B3ng+%C4%91%C3%A1+88 HTTP/1.1" 200 999 "-" "Mozilla/5.0 AppleWebKit/537.36 (KHTML, like Gecko; compatible; GPTBot/1.2; +https://openai.com/gptbot)"
172.69.34.207 - - [08/May/2025:12:11:55 +0200] "GET /?play=phim+sex+th%C3%A1i+lan+phim+sex HTTP/1.1" 200 999 "-" "Mozilla/5.0 AppleWebKit/537.36 (KHTML, like Gecko; compatible; GPTBot/1.2; +https://openai.com/gptbot)"
172.69.34.207 - - [08/May/2025:12:11:56 +0200] "GET /?play=u20+ch%C3%A2u+%C3%A1+bxh HTTP/1.1" 200 999 "-" "Mozilla/5.0 AppleWebKit/537.36 (KHTML, like Gecko; compatible; GPTBot/1.2; +https://openai.com/gptbot)"
172.69.34.207 - - [08/May/2025:12:11:57 +0200] "GET /?play=bxh+u20+ch%C3%A2u+%C3%A1 HTTP/1.1" 200 999 "-" "Mozilla/5.0 AppleWebKit/537.36 (KHTML, like Gecko; compatible; GPTBot/1.2; +https://openai.com/gptbot)"
172.69.34.207 - - [08/May/2025:12:11:59 +0200] "GET /?play=k%C3%A8o+nh%C3%A0+cai+88 HTTP/1.1" 200 999 "-" "Mozilla/5.0 AppleWebKit/537.36 (KHTML, like Gecko; compatible; GPTBot/1.2; +https://openai.com/gptbot)"
172.69.34.207 - - [08/May/2025:12:12:00 +0200] "GET /?hot=%C4%91%E1%BB%8Bt+doggy HTTP/1.1" 200 999 "-" "Mozilla/5.0 AppleWebKit/537.36 (KHTML, like Gecko; compatible; GPTBot/1.2; +https://openai.com/gptbot)"
172.69.34.207 - - [08/May/2025:12:12:01 +0200] "GET /?bet=%C4%91%E1%BB%8Bt+nhanh HTTP/1.1" 200 999 "-" "Mozilla/5.0 AppleWebKit/537.36 (KHTML, like Gecko; compatible; GPTBot/1.2; +https://openai.com/gptbot)"
172.69.34.207 - - [08/May/2025:12:12:02 +0200] "GET /?play=%C4%91%E1%BB%8Bt.nhau HTTP/1.1" 200 999 "-" "Mozilla/5.0 AppleWebKit/537.36 (KHTML, like Gecko; compatible; GPTBot/1.2; +https://openai.com/gptbot)"
172.69.34.207 - - [08/May/2025:12:12:03 +0200] "GET /?app=%C4%91%E1%BB%8Bt+doggy HTTP/1.1" 200 999 "-" "Mozilla/5.0 AppleWebKit/537.36 (KHTML, like Gecko; compatible; GPTBot/1.2; +https://openai.com/gptbot)"
172.69.34.207 - - [08/May/2025:12:12:04 +0200] "GET /?top=%C4%91%E1%BB%8Bt+nhanh HTTP/1.1" 200 999 "-" "Mozilla/5.0 AppleWebKit/537.36 (KHTML, like Gecko; compatible; GPTBot/1.2; +https://openai.com/gptbot)"
172.69.34.207 - - [08/May/2025:12:12:06 +0200] "GET /?bet=%C4%91%E1%BB%8Bt+nhauu HTTP/1.1" 200 999 "-" "Mozilla/5.0 AppleWebKit/537.36 (KHTML, like Gecko; compatible; GPTBot/1.2; +https://openai.com/gptbot)"
162.158.162.245 - - [08/May/2025:12:12:07 +0200] "GET /?i=229912521 HTTP/1.1" 200 131 "-" "Mozilla/5.0 (Linux; Android 5.0) AppleWebKit/537.36 (KHTML, like Gecko) Mobile Safari/537.36 (compatible; Bytespider; [email protected])"
172.69.34.207 - - [08/May/2025:12:12:07 +0200] "GET /?top=%C4%91%E1%BB%8Bch+nhau HTTP/1.1" 200 999 "-" "Mozilla/5.0 AppleWebKit/537.36 (KHTML, like Gecko; compatible; GPTBot/1.2; +https://openai.com/gptbot)"
172.69.34.207 - - [08/May/2025:12:12:08 +0200] "GET /?play=phim+%C4%91%E1%BA%B9p HTTP/1.1" 200 999 "-" "Mozilla/5.0 AppleWebKit/537.36 (KHTML, like Gecko; compatible; GPTBot/1.2; +https://openai.com/gptbot)"
172.69.34.207 - - [08/May/2025:12:12:09 +0200] "GET /?ios=%C4%91%E1%BB%8Bch+nhau HTTP/1.1" 200 999 "-" "Mozilla/5.0 AppleWebKit/537.36 (KHTML, like Gecko; compatible; GPTBot/1.2; +https://openai.com/gptbot)"
172.69.34.207 - - [08/May/2025:12:12:10 +0200] "GET /?ios=%C4%91%E1%BB%8Bt+doggy HTTP/1.1" 200 999 "-" "Mozilla/5.0 AppleWebKit/537.36 (KHTML, like Gecko; compatible; GPTBot/1.2; +https://openai.com/gptbot)"
172.69.34.207 - - [08/May/2025:12:12:11 +0200] "GET /?ios=%C4%91%E1%BB%8Bt+trung HTTP/1.1" 200 999 "-" "Mozilla/5.0 AppleWebKit/537.36 (KHTML, like Gecko; compatible; GPTBot/1.2; +https://openai.com/gptbot)"
172.69.34.207 - - [08/May/2025:12:12:13 +0200] "GET /?hot=%C4%91%E1%BB%8Bt+trung HTTP/1.1" 200 999 "-" "Mozilla/5.0 AppleWebKit/537.36 (KHTML, like Gecko; compatible; GPTBot/1.2; +https://openai.com/gptbot)"
172.71.147.56 - - [08/May/2025:12:12:14 +0200] "GET /?i=342048521 HTTP/1.1" 200 131 "-" "Mozilla/5.0 (compatible; DotBot/1.2; +https://opensiteexplorer.org/dotbot; [email protected])"
172.69.34.207 - - [08/May/2025:12:12:14 +0200] "GET /?hot=%C4%91%E1%BB%8Bt+nhauu HTTP/1.1" 200 999 "-" "Mozilla/5.0 AppleWebKit/537.36 (KHTML, like Gecko; compatible; GPTBot/1.2; +https://openai.com/gptbot)"
