162.158.88.142 - - [08/May/2025:12:18:15 +0200] "GET /IMG/logo/img-20231108-wa0084.jpg HTTP/1.1" 200 8767 "http://www.igihango.com/?i=417532421" "Mozilla/5.0 (Linux; Android 5.0) AppleWebKit/537.36 (KHTML, like Gecko) Mobile Safari/537.36 (compatible; Bytespider; [email protected])"
172.70.207.81 - - [08/May/2025:12:18:16 +0200] "GET /?keyword=quay+th%E1%BB%AD+mi%E1%BB%81n+nam HTTP/1.1" 200 999 "-" "Mozilla/5.0 AppleWebKit/537.36 (KHTML, like Gecko; compatible; GPTBot/1.2; +https://openai.com/gptbot)"
162.158.41.206 - - [08/May/2025:12:18:16 +0200] "GET /?i=187301721 HTTP/1.1" 200 93801 "-" "Mozilla/5.0 (compatible; DotBot/1.2; +https://opensiteexplorer.org/dotbot; [email protected])"
172.70.207.81 - - [08/May/2025:12:18:17 +0200] "GET /?produc_id=sex+hot+girl+ch%C3%A2u+%C3%A2u HTTP/1.1" 200 999 "-" "Mozilla/5.0 AppleWebKit/537.36 (KHTML, like Gecko; compatible; GPTBot/1.2; +https://openai.com/gptbot)"
172.71.146.100 - - [08/May/2025:12:18:17 +0200] "GET /?i=199064721 HTTP/1.1" 200 93801 "-" "Mozilla/5.0 (compatible; DotBot/1.2; +https://opensiteexplorer.org/dotbot; [email protected])"
172.70.207.81 - - [08/May/2025:12:18:18 +0200] "GET /?play=xem+phim+sex+v%E1%BB%A5ng+tr%E1%BB%99m HTTP/1.1" 200 999 "-" "Mozilla/5.0 AppleWebKit/537.36 (KHTML, like Gecko; compatible; GPTBot/1.2; +https://openai.com/gptbot)"
172.68.22.3 - - [08/May/2025:12:18:18 +0200] "GET /?i=201271521 HTTP/1.1" 200 93801 "-" "Mozilla/5.0 (compatible; DotBot/1.2; +https://opensiteexplorer.org/dotbot; [email protected])"
172.70.207.81 - - [08/May/2025:12:18:19 +0200] "GET /?bet=phim+sex+c%E1%BB%A7a+trung+qu%E1%BB%91c HTTP/1.1" 200 999 "-" "Mozilla/5.0 AppleWebKit/537.36 (KHTML, like Gecko; compatible; GPTBot/1.2; +https://openai.com/gptbot)"
172.68.23.203 - - [08/May/2025:12:18:19 +0200] "GET /?i=207462721 HTTP/1.1" 200 93801 "-" "Mozilla/5.0 (compatible; DotBot/1.2; +https://opensiteexplorer.org/dotbot; [email protected])"
172.70.207.81 - - [08/May/2025:12:18:20 +0200] "GET /?ios=phim+sex+c%E1%BB%A7a+trung+qu%E1%BB%91c HTTP/1.1" 200 999 "-" "Mozilla/5.0 AppleWebKit/537.36 (KHTML, like Gecko; compatible; GPTBot/1.2; +https://openai.com/gptbot)"
172.68.22.39 - - [08/May/2025:12:18:20 +0200] "GET /?i=207868121 HTTP/1.1" 200 93801 "-" "Mozilla/5.0 (compatible; DotBot/1.2; +https://opensiteexplorer.org/dotbot; [email protected])"
108.162.245.179 - - [08/May/2025:12:18:21 +0200] "GET /?i=209006621 HTTP/1.1" 200 93801 "-" "Mozilla/5.0 (compatible; DotBot/1.2; +https://opensiteexplorer.org/dotbot; [email protected])"
172.70.207.81 - - [08/May/2025:12:18:22 +0200] "GET /?produc_id=phim+xec+v%E1%BB%A3+ch%E1%BB%93ng HTTP/1.1" 200 999 "-" "Mozilla/5.0 AppleWebKit/537.36 (KHTML, like Gecko; compatible; GPTBot/1.2; +https://openai.com/gptbot)"
172.71.150.202 - - [08/May/2025:12:18:22 +0200] "GET /?i=215195821 HTTP/1.1" 200 93801 "-" "Mozilla/5.0 (compatible; DotBot/1.2; +https://opensiteexplorer.org/dotbot; [email protected])"
172.70.207.81 - - [08/May/2025:12:18:23 +0200] "GET /?play=xnxx+h%E1%BB%8Dc+sinh+trung+qu%E1%BB%91c HTTP/1.1" 200 999 "-" "Mozilla/5.0 AppleWebKit/537.36 (KHTML, like Gecko; compatible; GPTBot/1.2; +https://openai.com/gptbot)"
172.71.142.105 - - [08/May/2025:12:18:23 +0200] "GET /?i=22595021 HTTP/1.1" 200 93801 "-" "Mozilla/5.0 (compatible; DotBot/1.2; +https://opensiteexplorer.org/dotbot; [email protected])"
172.68.23.203 - - [08/May/2025:12:18:24 +0200] "GET /?i=227432921 HTTP/1.1" 200 93801 "-" "Mozilla/5.0 (compatible; DotBot/1.2; +https://opensiteexplorer.org/dotbot; [email protected])"
172.70.207.81 - - [08/May/2025:12:18:24 +0200] "GET /?produc_id=phim+sex+b%E1%BB%8F+thu%E1%BB%91c HTTP/1.1" 200 999 "-" "Mozilla/5.0 AppleWebKit/537.36 (KHTML, like Gecko; compatible; GPTBot/1.2; +https://openai.com/gptbot)"
162.158.41.6 - - [08/May/2025:12:18:25 +0200] "GET /?i=23716721 HTTP/1.1" 200 93801 "-" "Mozilla/5.0 (compatible; DotBot/1.2; +https://opensiteexplorer.org/dotbot; [email protected])"
172.70.207.81 - - [08/May/2025:12:18:25 +0200] "GET /?hot=phim+sex+c%E1%BB%A7a+trung+qu%E1%BB%91c HTTP/1.1" 200 999 "-" "Mozilla/5.0 AppleWebKit/537.36 (KHTML, like Gecko; compatible; GPTBot/1.2; +https://openai.com/gptbot)"
162.158.41.239 - - [08/May/2025:12:18:26 +0200] "GET /?i=241223021 HTTP/1.1" 200 93801 "-" "Mozilla/5.0 (compatible; DotBot/1.2; +https://opensiteexplorer.org/dotbot; [email protected])"
172.70.207.81 - - [08/May/2025:12:18:26 +0200] "GET /?produc_id=quay+th%E1%BB%AD+mi%E1%BB%81n+nam HTTP/1.1" 200 999 "-" "Mozilla/5.0 AppleWebKit/537.36 (KHTML, like Gecko; compatible; GPTBot/1.2; +https://openai.com/gptbot)"
172.71.146.100 - - [08/May/2025:12:18:27 +0200] "GET /?i=267642121 HTTP/1.1" 200 93801 "-" "Mozilla/5.0 (compatible; DotBot/1.2; +https://opensiteexplorer.org/dotbot; [email protected])"
172.70.207.81 - - [08/May/2025:12:18:27 +0200] "GET /?keyword=n%E1%BB%AF+sinh+vi%E1%BB%87t+sex HTTP/1.1" 200 999 "-" "Mozilla/5.0 AppleWebKit/537.36 (KHTML, like Gecko; compatible; GPTBot/1.2; +https://openai.com/gptbot)"
172.68.23.203 - - [08/May/2025:12:18:27 +0200] "GET /?i=279843921 HTTP/1.1" 200 93801 "-" "Mozilla/5.0 (compatible; DotBot/1.2; +https://opensiteexplorer.org/dotbot; [email protected])"
108.162.245.130 - - [08/May/2025:12:18:28 +0200] "GET /?i=283870821 HTTP/1.1" 200 93801 "-" "Mozilla/5.0 (compatible; DotBot/1.2; +https://opensiteexplorer.org/dotbot; [email protected])"
172.70.207.81 - - [08/May/2025:12:18:28 +0200] "GET /?keyword=sex+t%E1%BB%B1+quay+vi%E1%BB%87t+nam HTTP/1.1" 200 999 "-" "Mozilla/5.0 AppleWebKit/537.36 (KHTML, like Gecko; compatible; GPTBot/1.2; +https://openai.com/gptbot)"
108.162.245.96 - - [08/May/2025:12:18:29 +0200] "GET /?i=285292521 HTTP/1.1" 200 93801 "-" "Mozilla/5.0 (compatible; DotBot/1.2; +https://opensiteexplorer.org/dotbot; [email protected])"
172.70.207.81 - - [08/May/2025:12:18:30 +0200] "GET /?produc_id=tai+phim+sex+ch%C3%A2u+%C3%A2u HTTP/1.1" 200 999 "-" "Mozilla/5.0 AppleWebKit/537.36 (KHTML, like Gecko; compatible; GPTBot/1.2; +https://openai.com/gptbot)"
108.162.246.98 - - [08/May/2025:12:18:30 +0200] "GET /?i=286225621 HTTP/1.1" 200 93801 "-" "Mozilla/5.0 (compatible; DotBot/1.2; +https://opensiteexplorer.org/dotbot; [email protected])"
172.70.207.81 - - [08/May/2025:12:18:31 +0200] "GET /?play=phim+sex+tu%E1%BB%95i+h%E1%BB%8Dc+sinh HTTP/1.1" 200 999 "-" "Mozilla/5.0 AppleWebKit/537.36 (KHTML, like Gecko; compatible; GPTBot/1.2; +https://openai.com/gptbot)"
162.158.42.8 - - [08/May/2025:12:18:31 +0200] "GET /?i=28859921 HTTP/1.1" 200 93801 "-" "Mozilla/5.0 (compatible; DotBot/1.2; +https://opensiteexplorer.org/dotbot; [email protected])"
172.70.207.81 - - [08/May/2025:12:18:32 +0200] "GET /?keyword=phim+sex+m%E1%BB%B9+vi%E1%BB%87t+sup HTTP/1.1" 200 999 "-" "Mozilla/5.0 AppleWebKit/537.36 (KHTML, like Gecko; compatible; GPTBot/1.2; +https://openai.com/gptbot)"
172.68.22.2 - - [08/May/2025:12:18:33 +0200] "GET /?i=293057421 HTTP/1.1" 200 93801 "-" "Mozilla/5.0 (compatible; DotBot/1.2; +https://opensiteexplorer.org/dotbot; [email protected])"
172.70.207.81 - - [08/May/2025:12:18:33 +0200] "GET /?video=sex+g%C3%A1i+gi%C3%A0+vi%E1%BB%87t+nam HTTP/1.1" 200 999 "-" "Mozilla/5.0 AppleWebKit/537.36 (KHTML, like Gecko; compatible; GPTBot/1.2; +https://openai.com/gptbot)"
162.158.41.207 - - [08/May/2025:12:18:34 +0200] "GET /?i=294780021 HTTP/1.1" 200 93801 "-" "Mozilla/5.0 (compatible; DotBot/1.2; +https://opensiteexplorer.org/dotbot; [email protected])"
172.70.207.81 - - [08/May/2025:12:18:34 +0200] "GET /?video=sex+vi%E1%BB%87t+nam+g%C3%A1i+gi%C3%A0 HTTP/1.1" 200 999 "-" "Mozilla/5.0 AppleWebKit/537.36 (KHTML, like Gecko; compatible; GPTBot/1.2; +https://openai.com/gptbot)"
172.71.142.58 - - [08/May/2025:12:18:35 +0200] "GET /?i=295775421 HTTP/1.1" 200 93801 "-" "Mozilla/5.0 (compatible; DotBot/1.2; +https://opensiteexplorer.org/dotbot; [email protected])"
172.70.207.81 - - [08/May/2025:12:18:35 +0200] "GET /?video=phim+sex+g%C3%A1i+xinh+g%C3%A1i+%C4%91%E1%BA%B9p HTTP/1.1" 200 999 "-" "Mozilla/5.0 AppleWebKit/537.36 (KHTML, like Gecko; compatible; GPTBot/1.2; +https://openai.com/gptbot)"
172.71.146.108 - - [08/May/2025:12:18:36 +0200] "GET /?i=296524221 HTTP/1.1" 200 93801 "-" "Mozilla/5.0 (compatible; DotBot/1.2; +https://opensiteexplorer.org/dotbot; [email protected])"
172.70.207.81 - - [08/May/2025:12:18:36 +0200] "GET /?video=sex+%C4%91%E1%BB%8Bt+nhau+trung+qu%E1%BB%91c HTTP/1.1" 200 999 "-" "Mozilla/5.0 AppleWebKit/537.36 (KHTML, like Gecko; compatible; GPTBot/1.2; +https://openai.com/gptbot)"
172.71.146.181 - - [08/May/2025:12:18:37 +0200] "GET /?i=298037021 HTTP/1.1" 200 93801 "-" "Mozilla/5.0 (compatible; DotBot/1.2; +https://opensiteexplorer.org/dotbot; [email protected])"
172.70.207.81 - - [08/May/2025:12:18:38 +0200] "GET /?video=xem+trung+qu%E1%BB%91c+%C4%91%E1%BB%8Bt+nhau HTTP/1.1" 200 999 "-" "Mozilla/5.0 AppleWebKit/537.36 (KHTML, like Gecko; compatible; GPTBot/1.2; +https://openai.com/gptbot)"
172.71.150.46 - - [08/May/2025:12:18:38 +0200] "GET /?i=301710421 HTTP/1.1" 200 93801 "-" "Mozilla/5.0 (compatible; DotBot/1.2; +https://opensiteexplorer.org/dotbot; [email protected])"
172.70.207.81 - - [08/May/2025:12:18:39 +0200] "GET /?video=sex+trung+qu%E1%BB%91c+%C4%91%E1%BB%8Bt+nhau HTTP/1.1" 200 999 "-" "Mozilla/5.0 AppleWebKit/537.36 (KHTML, like Gecko; compatible; GPTBot/1.2; +https://openai.com/gptbot)"
162.158.42.236 - - [08/May/2025:12:18:39 +0200] "GET /?i=305194521 HTTP/1.1" 200 93801 "-" "Mozilla/5.0 (compatible; DotBot/1.2; +https://opensiteexplorer.org/dotbot; [email protected])"
172.71.150.57 - - [08/May/2025:12:18:40 +0200] "GET /?i=307616721 HTTP/1.1" 200 93801 "-" "Mozilla/5.0 (compatible; DotBot/1.2; +https://opensiteexplorer.org/dotbot; [email protected])"
172.70.207.81 - - [08/May/2025:12:18:40 +0200] "GET /?video=c%C3%B4+gia+s%C6%B0+v%C3%BA+to HTTP/1.1" 200 999 "-" "Mozilla/5.0 AppleWebKit/537.36 (KHTML, like Gecko; compatible; GPTBot/1.2; +https://openai.com/gptbot)"
162.158.41.18 - - [08/May/2025:12:18:41 +0200] "GET /?i=31277221 HTTP/1.1" 200 93801 "-" "Mozilla/5.0 (compatible; DotBot/1.2; +https://opensiteexplorer.org/dotbot; [email protected])"
172.70.188.44 - - [08/May/2025:12:18:41 +0200] "GET /?i=168960721 HTTP/1.1" 200 93801 "-" "Mozilla/5.0 (Linux; Android 5.0) AppleWebKit/537.36 (KHTML, like Gecko) Mobile Safari/537.36 (compatible; Bytespider; [email protected])"
172.70.207.81 - - [08/May/2025:12:18:41 +0200] "GET /?keyword=phim+xxx+ph%C6%B0%C6%A1ng+m%E1%BB%B9+chi HTTP/1.1" 200 999 "-" "Mozilla/5.0 AppleWebKit/537.36 (KHTML, like Gecko; compatible; GPTBot/1.2; +https://openai.com/gptbot)"
172.68.22.72 - - [08/May/2025:12:18:41 +0200] "GET /?i=314663421 HTTP/1.1" 200 93801 "-" "Mozilla/5.0 (compatible; DotBot/1.2; +https://opensiteexplorer.org/dotbot; [email protected])"
172.68.22.72 - - [08/May/2025:12:18:42 +0200] "GET /?i=319334821 HTTP/1.1" 200 93801 "-" "Mozilla/5.0 (compatible; DotBot/1.2; +https://opensiteexplorer.org/dotbot; [email protected])"
172.70.207.81 - - [08/May/2025:12:18:42 +0200] "GET /?ios=xxx+kh%C3%B4ng+che+trung+qu%E1%BB%91c HTTP/1.1" 200 999 "-" "Mozilla/5.0 AppleWebKit/537.36 (KHTML, like Gecko; compatible; GPTBot/1.2; +https://openai.com/gptbot)"
162.158.88.142 - - [08/May/2025:12:18:42 +0200] "GET /IMG/logo/img-20231108-wa0084.jpg HTTP/1.1" 200 8767 "http://www.igihango.com/?i=168960721" "Mozilla/5.0 (Linux; Android 5.0) AppleWebKit/537.36 (KHTML, like Gecko) Mobile Safari/537.36 (compatible; Bytespider; [email protected])"
172.70.207.81 - - [08/May/2025:12:18:43 +0200] "GET /?ios=xxx+trung+qu%E1%BB%91c+kh%C3%B4ng+che HTTP/1.1" 200 999 "-" "Mozilla/5.0 AppleWebKit/537.36 (KHTML, like Gecko; compatible; GPTBot/1.2; +https://openai.com/gptbot)"
162.158.42.17 - - [08/May/2025:12:18:43 +0200] "GET /?i=320382721 HTTP/1.1" 200 93801 "-" "Mozilla/5.0 (compatible; DotBot/1.2; +https://opensiteexplorer.org/dotbot; [email protected])"
162.158.42.195 - - [08/May/2025:12:18:44 +0200] "GET /?i=324270321 HTTP/1.1" 200 93801 "-" "Mozilla/5.0 (compatible; DotBot/1.2; +https://opensiteexplorer.org/dotbot; [email protected])"
172.70.207.81 - - [08/May/2025:12:18:45 +0200] "GET /?game=sex+evelyn HTTP/1.1" 200 999 "-" "Mozilla/5.0 AppleWebKit/537.36 (KHTML, like Gecko; compatible; GPTBot/1.2; +https://openai.com/gptbot)"
172.70.207.81 - - [08/May/2025:12:18:46 +0200] "GET /?game=gai+thudam HTTP/1.1" 200 999 "-" "Mozilla/5.0 AppleWebKit/537.36 (KHTML, like Gecko; compatible; GPTBot/1.2; +https://openai.com/gptbot)"
172.71.146.108 - - [08/May/2025:12:18:46 +0200] "GET /?i=32731421 HTTP/1.1" 200 93801 "-" "Mozilla/5.0 (compatible; DotBot/1.2; +https://opensiteexplorer.org/dotbot; [email protected])"
108.162.245.118 - - [08/May/2025:12:18:47 +0200] "GET /?i=329303721 HTTP/1.1" 200 93801 "-" "Mozilla/5.0 (compatible; DotBot/1.2; +https://opensiteexplorer.org/dotbot; [email protected])"
172.70.207.81 - - [08/May/2025:12:18:47 +0200] "GET /?app=game+hentai HTTP/1.1" 200 999 "-" "Mozilla/5.0 AppleWebKit/537.36 (KHTML, like Gecko; compatible; GPTBot/1.2; +https://openai.com/gptbot)"
172.68.23.204 - - [08/May/2025:12:18:48 +0200] "GET /?i=329699821 HTTP/1.1" 200 93801 "-" "Mozilla/5.0 (compatible; DotBot/1.2; +https://opensiteexplorer.org/dotbot; [email protected])"
172.70.207.81 - - [08/May/2025:12:18:48 +0200] "GET /?game=gaimup.com HTTP/1.1" 200 999 "-" "Mozilla/5.0 AppleWebKit/537.36 (KHTML, like Gecko; compatible; GPTBot/1.2; +https://openai.com/gptbot)"
172.71.150.66 - - [08/May/2025:12:18:48 +0200] "GET /?i=341217521 HTTP/1.1" 200 93801 "-" "Mozilla/5.0 (compatible; DotBot/1.2; +https://opensiteexplorer.org/dotbot; [email protected])"
172.70.207.81 - - [08/May/2025:12:18:49 +0200] "GET /?game=eim+fukada HTTP/1.1" 200 999 "-" "Mozilla/5.0 AppleWebKit/537.36 (KHTML, like Gecko; compatible; GPTBot/1.2; +https://openai.com/gptbot)"
108.162.245.153 - - [08/May/2025:12:18:49 +0200] "GET /?i=344137221 HTTP/1.1" 200 93801 "-" "Mozilla/5.0 (compatible; DotBot/1.2; +https://opensiteexplorer.org/dotbot; [email protected])"
172.68.22.39 - - [08/May/2025:12:18:50 +0200] "GET /?i=346049821 HTTP/1.1" 200 93801 "-" "Mozilla/5.0 (compatible; DotBot/1.2; +https://opensiteexplorer.org/dotbot; [email protected])"
172.70.207.81 - - [08/May/2025:12:18:50 +0200] "GET /?game=sex+viettj HTTP/1.1" 200 999 "-" "Mozilla/5.0 AppleWebKit/537.36 (KHTML, like Gecko; compatible; GPTBot/1.2; +https://openai.com/gptbot)"
162.158.41.248 - - [08/May/2025:12:18:51 +0200] "GET /?i=349848821 HTTP/1.1" 200 93801 "-" "Mozilla/5.0 (compatible; DotBot/1.2; +https://opensiteexplorer.org/dotbot; [email protected])"
172.70.207.81 - - [08/May/2025:12:18:52 +0200] "GET /?game=sex+videos HTTP/1.1" 200 999 "-" "Mozilla/5.0 AppleWebKit/537.36 (KHTML, like Gecko; compatible; GPTBot/1.2; +https://openai.com/gptbot)"
172.68.22.39 - - [08/May/2025:12:18:52 +0200] "GET /?i=353462621 HTTP/1.1" 200 93801 "-" "Mozilla/5.0 (compatible; DotBot/1.2; +https://opensiteexplorer.org/dotbot; [email protected])"
172.71.146.109 - - [08/May/2025:12:18:52 +0200] "GET /?i=354764221 HTTP/1.1" 200 93801 "-" "Mozilla/5.0 (compatible; DotBot/1.2; +https://opensiteexplorer.org/dotbot; [email protected])"
172.70.207.81 - - [08/May/2025:12:18:53 +0200] "GET /?game=sex+hinata HTTP/1.1" 200 999 "-" "Mozilla/5.0 AppleWebKit/537.36 (KHTML, like Gecko; compatible; GPTBot/1.2; +https://openai.com/gptbot)"
172.71.146.101 - - [08/May/2025:12:18:53 +0200] "GET /?i=359627321 HTTP/1.1" 200 93801 "-" "Mozilla/5.0 (compatible; DotBot/1.2; +https://opensiteexplorer.org/dotbot; [email protected])"
172.70.207.81 - - [08/May/2025:12:18:54 +0200] "GET /?game=jav+fukada HTTP/1.1" 200 999 "-" "Mozilla/5.0 AppleWebKit/537.36 (KHTML, like Gecko; compatible; GPTBot/1.2; +https://openai.com/gptbot)"
172.68.22.72 - - [08/May/2025:12:18:55 +0200] "GET /?i=363123521 HTTP/1.1" 200 93801 "-" "Mozilla/5.0 (compatible; DotBot/1.2; +https://opensiteexplorer.org/dotbot; [email protected])"
172.70.207.81 - - [08/May/2025:12:18:55 +0200] "GET /?game=xnxx+doggy HTTP/1.1" 200 999 "-" "Mozilla/5.0 AppleWebKit/537.36 (KHTML, like Gecko; compatible; GPTBot/1.2; +https://openai.com/gptbot)"
172.68.22.39 - - [08/May/2025:12:18:55 +0200] "GET /?i=369854121 HTTP/1.1" 200 93801 "-" "Mozilla/5.0 (compatible; DotBot/1.2; +https://opensiteexplorer.org/dotbot; [email protected])"
172.70.207.81 - - [08/May/2025:12:18:56 +0200] "GET /?game=juna+ogura HTTP/1.1" 200 999 "-" "Mozilla/5.0 AppleWebKit/537.36 (KHTML, like Gecko; compatible; GPTBot/1.2; +https://openai.com/gptbot)"
172.68.22.72 - - [08/May/2025:12:18:56 +0200] "GET /?i=371809221 HTTP/1.1" 200 93801 "-" "Mozilla/5.0 (compatible; DotBot/1.2; +https://opensiteexplorer.org/dotbot; [email protected])"
172.68.22.72 - - [08/May/2025:12:18:57 +0200] "GET /?i=375546921 HTTP/1.1" 200 93801 "-" "Mozilla/5.0 (compatible; DotBot/1.2; +https://opensiteexplorer.org/dotbot; [email protected])"
172.70.207.81 - - [08/May/2025:12:18:57 +0200] "GET /?game=emi+fucuda HTTP/1.1" 200 999 "-" "Mozilla/5.0 AppleWebKit/537.36 (KHTML, like Gecko; compatible; GPTBot/1.2; +https://openai.com/gptbot)"
162.158.42.235 - - [08/May/2025:12:18:58 +0200] "GET /?i=379754421 HTTP/1.1" 200 93801 "-" "Mozilla/5.0 (compatible; DotBot/1.2; +https://opensiteexplorer.org/dotbot; [email protected])"
172.70.207.81 - - [08/May/2025:12:18:58 +0200] "GET /?game=hentai+les HTTP/1.1" 200 999 "-" "Mozilla/5.0 AppleWebKit/537.36 (KHTML, like Gecko; compatible; GPTBot/1.2; +https://openai.com/gptbot)"
172.68.22.72 - - [08/May/2025:12:18:59 +0200] "GET /?i=380732121 HTTP/1.1" 200 93801 "-" "Mozilla/5.0 (compatible; DotBot/1.2; +https://opensiteexplorer.org/dotbot; [email protected])"
172.71.150.90 - - [08/May/2025:12:19:00 +0200] "GET /?i=381859321 HTTP/1.1" 200 93801 "-" "Mozilla/5.0 (compatible; DotBot/1.2; +https://opensiteexplorer.org/dotbot; [email protected])"
172.70.207.81 - - [08/May/2025:12:19:00 +0200] "GET /?game=lauxanh+us HTTP/1.1" 200 999 "-" "Mozilla/5.0 AppleWebKit/537.36 (KHTML, like Gecko; compatible; GPTBot/1.2; +https://openai.com/gptbot)"
162.158.42.18 - - [08/May/2025:12:19:00 +0200] "GET /?i=383424521 HTTP/1.1" 200 93801 "-" "Mozilla/5.0 (compatible; DotBot/1.2; +https://opensiteexplorer.org/dotbot; [email protected])"
172.70.207.81 - - [08/May/2025:12:19:01 +0200] "GET /?game=sexchau+au HTTP/1.1" 200 999 "-" "Mozilla/5.0 AppleWebKit/537.36 (KHTML, like Gecko; compatible; GPTBot/1.2; +https://openai.com/gptbot)"
172.71.147.54 - - [08/May/2025:12:19:01 +0200] "GET /?i=385475321 HTTP/1.1" 200 93801 "-" "Mozilla/5.0 (compatible; DotBot/1.2; +https://opensiteexplorer.org/dotbot; [email protected])"
172.70.207.81 - - [08/May/2025:12:19:02 +0200] "GET /?game=mei+washio HTTP/1.1" 200 999 "-" "Mozilla/5.0 AppleWebKit/537.36 (KHTML, like Gecko; compatible; GPTBot/1.2; +https://openai.com/gptbot)"
162.158.41.6 - - [08/May/2025:12:19:02 +0200] "GET /?i=385670921 HTTP/1.1" 200 93801 "-" "Mozilla/5.0 (compatible; DotBot/1.2; +https://opensiteexplorer.org/dotbot; [email protected])"
172.70.207.81 - - [08/May/2025:12:19:03 +0200] "GET /?game=sex+hentai HTTP/1.1" 200 999 "-" "Mozilla/5.0 AppleWebKit/537.36 (KHTML, like Gecko; compatible; GPTBot/1.2; +https://openai.com/gptbot)"
172.68.22.38 - - [08/May/2025:12:19:03 +0200] "GET /?i=386759521 HTTP/1.1" 200 93801 "-" "Mozilla/5.0 (compatible; DotBot/1.2; +https://opensiteexplorer.org/dotbot; [email protected])"
172.71.150.191 - - [08/May/2025:12:19:04 +0200] "GET /?i=387438321 HTTP/1.1" 200 93801 "-" "Mozilla/5.0 (compatible; DotBot/1.2; +https://opensiteexplorer.org/dotbot; [email protected])"
172.70.207.81 - - [08/May/2025:12:19:04 +0200] "GET /?game=heomup.com HTTP/1.1" 200 999 "-" "Mozilla/5.0 AppleWebKit/537.36 (KHTML, like Gecko; compatible; GPTBot/1.2; +https://openai.com/gptbot)"
172.70.207.81 - - [08/May/2025:12:19:05 +0200] "GET /?game=emi+fukada HTTP/1.1" 200 999 "-" "Mozilla/5.0 AppleWebKit/537.36 (KHTML, like Gecko; compatible; GPTBot/1.2; +https://openai.com/gptbot)"
162.158.42.89 - - [08/May/2025:12:19:05 +0200] "GET /?i=393318021 HTTP/1.1" 200 93801 "-" "Mozilla/5.0 (compatible; DotBot/1.2; +https://opensiteexplorer.org/dotbot; [email protected])"
172.70.207.81 - - [08/May/2025:12:19:07 +0200] "GET /?game=sex+onlien HTTP/1.1" 200 999 "-" "Mozilla/5.0 AppleWebKit/537.36 (KHTML, like Gecko; compatible; GPTBot/1.2; +https://openai.com/gptbot)"
172.68.22.38 - - [08/May/2025:12:19:07 +0200] "GET /?i=400536821 HTTP/1.1" 200 93801 "-" "Mozilla/5.0 (compatible; DotBot/1.2; +https://opensiteexplorer.org/dotbot; [email protected])"
172.70.39.198 - - [08/May/2025:12:19:06 +0200] "GET /?ios=xxx%20vi\xe1\xbb\x87t HTTP/1.1" 200 93801 "-" "meta-externalagent/1.1 (+https://developers.facebook.com/docs/sharing/webmasters/crawler)"
172.70.142.23 - - [08/May/2025:12:19:07 +0200] "GET /?i=308216021 HTTP/1.1" 200 93801 "-" "Mozilla/5.0 (Linux; Android 5.0) AppleWebKit/537.36 (KHTML, like Gecko) Mobile Safari/537.36 (compatible; Bytespider; [email protected])"
172.70.207.81 - - [08/May/2025:12:19:08 +0200] "GET /?game=chich+nhau HTTP/1.1" 200 999 "-" "Mozilla/5.0 AppleWebKit/537.36 (KHTML, like Gecko; compatible; GPTBot/1.2; +https://openai.com/gptbot)"
162.158.42.18 - - [08/May/2025:12:19:08 +0200] "GET /?i=400913621 HTTP/1.1" 200 93801 "-" "Mozilla/5.0 (compatible; DotBot/1.2; +https://opensiteexplorer.org/dotbot; [email protected])"
162.158.88.143 - - [08/May/2025:12:19:08 +0200] "GET /IMG/logo/img-20231108-wa0084.jpg HTTP/1.1" 200 8767 "http://www.igihango.com/?i=308216021" "Mozilla/5.0 (Linux; Android 5.0) AppleWebKit/537.36 (KHTML, like Gecko) Mobile Safari/537.36 (compatible; Bytespider; [email protected])"
172.70.38.62 - - [08/May/2025:12:19:08 +0200] "GET /?hot=\xc4\x91\xe1\xbb\x8bt%20g\xc3\xa1i%20l\xe1\xbb\x93n%20to HTTP/1.1" 200 93801 "-" "meta-externalagent/1.1 (+https://developers.facebook.com/docs/sharing/webmasters/crawler)"
172.70.207.81 - - [08/May/2025:12:19:09 +0200] "GET /?game=phim+sexhi HTTP/1.1" 200 999 "-" "Mozilla/5.0 AppleWebKit/537.36 (KHTML, like Gecko; compatible; GPTBot/1.2; +https://openai.com/gptbot)"
172.71.147.93 - - [08/May/2025:12:19:09 +0200] "GET /?i=404537321 HTTP/1.1" 200 93801 "-" "Mozilla/5.0 (compatible; DotBot/1.2; +https://opensiteexplorer.org/dotbot; [email protected])"
172.70.207.81 - - [08/May/2025:12:19:10 +0200] "GET /?hot=hentai+game HTTP/1.1" 200 999 "-" "Mozilla/5.0 AppleWebKit/537.36 (KHTML, like Gecko; compatible; GPTBot/1.2; +https://openai.com/gptbot)"
162.158.41.239 - - [08/May/2025:12:19:10 +0200] "GET /?i=405113421 HTTP/1.1" 200 93801 "-" "Mozilla/5.0 (compatible; DotBot/1.2; +https://opensiteexplorer.org/dotbot; [email protected])"
172.70.43.143 - - [08/May/2025:12:19:10 +0200] "GET /?hot=l\xe1\xbb\x8bch%20thi%20\xc4\x91\xe1\xba\xa5u%20b\xc3\xb3ng%20\xc4\x91\xc3\xa1%20u20 HTTP/1.1" 200 93801 "-" "meta-externalagent/1.1 (+https://developers.facebook.com/docs/sharing/webmasters/crawler)"
172.70.207.81 - - [08/May/2025:12:19:11 +0200] "GET /?game=mei+fukada HTTP/1.1" 200 999 "-" "Mozilla/5.0 AppleWebKit/537.36 (KHTML, like Gecko; compatible; GPTBot/1.2; +https://openai.com/gptbot)"
172.71.147.136 - - [08/May/2025:12:19:11 +0200] "GET /?i=405748021 HTTP/1.1" 200 93801 "-" "Mozilla/5.0 (compatible; DotBot/1.2; +https://opensiteexplorer.org/dotbot; [email protected])"
172.71.150.46 - - [08/May/2025:12:19:12 +0200] "GET /?i=406443221 HTTP/1.1" 200 93801 "-" "Mozilla/5.0 (compatible; DotBot/1.2; +https://opensiteexplorer.org/dotbot; [email protected])"
172.70.207.81 - - [08/May/2025:12:19:12 +0200] "GET /?game=sex+nhaatj HTTP/1.1" 200 999 "-" "Mozilla/5.0 AppleWebKit/537.36 (KHTML, like Gecko; compatible; GPTBot/1.2; +https://openai.com/gptbot)"
172.71.146.109 - - [08/May/2025:12:19:13 +0200] "GET /?i=407862421 HTTP/1.1" 200 93801 "-" "Mozilla/5.0 (compatible; DotBot/1.2; +https://opensiteexplorer.org/dotbot; [email protected])"
172.70.207.81 - - [08/May/2025:12:19:13 +0200] "GET /?game=jav+chinna HTTP/1.1" 200 999 "-" "Mozilla/5.0 AppleWebKit/537.36 (KHTML, like Gecko; compatible; GPTBot/1.2; +https://openai.com/gptbot)"
172.71.151.165 - - [08/May/2025:12:19:14 +0200] "GET /?i=410492221 HTTP/1.1" 200 93801 "-" "Mozilla/5.0 (compatible; DotBot/1.2; +https://opensiteexplorer.org/dotbot; [email protected])"
108.162.245.36 - - [08/May/2025:12:19:14 +0200] "GET /?i=428302421 HTTP/1.1" 200 93801 "-" "Mozilla/5.0 (compatible; DotBot/1.2; +https://opensiteexplorer.org/dotbot; [email protected])"
172.70.207.81 - - [08/May/2025:12:19:15 +0200] "GET /?game=sex+melodi HTTP/1.1" 200 999 "-" "Mozilla/5.0 AppleWebKit/537.36 (KHTML, like Gecko; compatible; GPTBot/1.2; +https://openai.com/gptbot)"
162.158.42.8 - - [08/May/2025:12:19:15 +0200] "GET /?i=431297321 HTTP/1.1" 200 93801 "-" "Mozilla/5.0 (compatible; DotBot/1.2; +https://opensiteexplorer.org/dotbot; [email protected])"
172.70.207.81 - - [08/May/2025:12:19:16 +0200] "GET /?game=sunwin.ngo HTTP/1.1" 200 999 "-" "Mozilla/5.0 AppleWebKit/537.36 (KHTML, like Gecko; compatible; GPTBot/1.2; +https://openai.com/gptbot)"
172.68.22.3 - - [08/May/2025:12:19:16 +0200] "GET /?i=441149121 HTTP/1.1" 200 93801 "-" "Mozilla/5.0 (compatible; DotBot/1.2; +https://opensiteexplorer.org/dotbot; [email protected])"
172.70.207.81 - - [08/May/2025:12:19:17 +0200] "GET /?game=vlxx.movie HTTP/1.1" 200 999 "-" "Mozilla/5.0 AppleWebKit/537.36 (KHTML, like Gecko; compatible; GPTBot/1.2; +https://openai.com/gptbot)"
162.158.41.248 - - [08/May/2025:12:19:17 +0200] "GET /?i=449612821 HTTP/1.1" 200 93801 "-" "Mozilla/5.0 (compatible; DotBot/1.2; +https://opensiteexplorer.org/dotbot; [email protected])"
172.70.207.81 - - [08/May/2025:12:19:18 +0200] "GET /?game=emi+fukuda HTTP/1.1" 200 999 "-" "Mozilla/5.0 AppleWebKit/537.36 (KHTML, like Gecko; compatible; GPTBot/1.2; +https://openai.com/gptbot)"
162.158.41.7 - - [08/May/2025:12:19:18 +0200] "GET /?i=453783221 HTTP/1.1" 200 93801 "-" "Mozilla/5.0 (compatible; DotBot/1.2; +https://opensiteexplorer.org/dotbot; [email protected])"
172.68.22.39 - - [08/May/2025:12:19:19 +0200] "GET /?i=455367521 HTTP/1.1" 200 93801 "-" "Mozilla/5.0 (compatible; DotBot/1.2; +https://opensiteexplorer.org/dotbot; [email protected])"
172.70.207.81 - - [08/May/2025:12:19:19 +0200] "GET /?game=phimsexmy. HTTP/1.1" 200 999 "-" "Mozilla/5.0 AppleWebKit/537.36 (KHTML, like Gecko; compatible; GPTBot/1.2; +https://openai.com/gptbot)"
172.71.147.56 - - [08/May/2025:12:19:20 +0200] "GET /?i=458780921 HTTP/1.1" 200 93801 "-" "Mozilla/5.0 (compatible; DotBot/1.2; +https://opensiteexplorer.org/dotbot; [email protected])"
172.70.207.81 - - [08/May/2025:12:19:20 +0200] "GET /?game=xnxx+trung HTTP/1.1" 200 999 "-" "Mozilla/5.0 AppleWebKit/537.36 (KHTML, like Gecko; compatible; GPTBot/1.2; +https://openai.com/gptbot)"
108.162.246.97 - - [08/May/2025:12:19:21 +0200] "GET /?i=462798721 HTTP/1.1" 200 93801 "-" "Mozilla/5.0 (compatible; DotBot/1.2; +https://opensiteexplorer.org/dotbot; [email protected])"
172.70.207.81 - - [08/May/2025:12:19:21 +0200] "GET /?game=sex+melody HTTP/1.1" 200 999 "-" "Mozilla/5.0 AppleWebKit/537.36 (KHTML, like Gecko; compatible; GPTBot/1.2; +https://openai.com/gptbot)"
172.71.146.100 - - [08/May/2025:12:19:22 +0200] "GET /?i=471302321 HTTP/1.1" 200 93801 "-" "Mozilla/5.0 (compatible; DotBot/1.2; +https://opensiteexplorer.org/dotbot; [email protected])"
172.70.207.81 - - [08/May/2025:12:19:23 +0200] "GET /?game=phimxes+my HTTP/1.1" 200 999 "-" "Mozilla/5.0 AppleWebKit/537.36 (KHTML, like Gecko; compatible; GPTBot/1.2; +https://openai.com/gptbot)"
162.158.42.225 - - [08/May/2025:12:19:23 +0200] "GET /?i=474773621 HTTP/1.1" 200 93801 "-" "Mozilla/5.0 (compatible; DotBot/1.2; +https://opensiteexplorer.org/dotbot; [email protected])"
172.70.207.81 - - [08/May/2025:12:19:24 +0200] "GET /?game=phimxx.com HTTP/1.1" 200 999 "-" "Mozilla/5.0 AppleWebKit/537.36 (KHTML, like Gecko; compatible; GPTBot/1.2; +https://openai.com/gptbot)"
172.71.151.166 - - [08/May/2025:12:19:24 +0200] "GET /?i=476174621 HTTP/1.1" 200 93801 "-" "Mozilla/5.0 (compatible; DotBot/1.2; +https://opensiteexplorer.org/dotbot; [email protected])"
172.71.150.47 - - [08/May/2025:12:19:25 +0200] "GET /?i=478883821 HTTP/1.1" 200 93801 "-" "Mozilla/5.0 (compatible; DotBot/1.2; +https://opensiteexplorer.org/dotbot; [email protected])"
172.70.207.81 - - [08/May/2025:12:19:25 +0200] "GET /?game=sexcon+heo HTTP/1.1" 200 999 "-" "Mozilla/5.0 AppleWebKit/537.36 (KHTML, like Gecko; compatible; GPTBot/1.2; +https://openai.com/gptbot)"
172.68.22.3 - - [08/May/2025:12:19:26 +0200] "GET /?i=483656121 HTTP/1.1" 200 93801 "-" "Mozilla/5.0 (compatible; DotBot/1.2; +https://opensiteexplorer.org/dotbot; [email protected])"
172.70.207.81 - - [08/May/2025:12:19:26 +0200] "GET /?game=phimheo.cc HTTP/1.1" 200 999 "-" "Mozilla/5.0 AppleWebKit/537.36 (KHTML, like Gecko; compatible; GPTBot/1.2; +https://openai.com/gptbot)"
172.71.147.56 - - [08/May/2025:12:19:27 +0200] "GET /?i=486000621 HTTP/1.1" 200 93801 "-" "Mozilla/5.0 (compatible; DotBot/1.2; +https://opensiteexplorer.org/dotbot; [email protected])"
172.70.207.81 - - [08/May/2025:12:19:27 +0200] "GET /?game=ogura+yuna HTTP/1.1" 200 999 "-" "Mozilla/5.0 AppleWebKit/537.36 (KHTML, like Gecko; compatible; GPTBot/1.2; +https://openai.com/gptbot)"
162.158.42.225 - - [08/May/2025:12:19:28 +0200] "GET /?i=486110321 HTTP/1.1" 200 93801 "-" "Mozilla/5.0 (compatible; DotBot/1.2; +https://opensiteexplorer.org/dotbot; [email protected])"
172.70.207.81 - - [08/May/2025:12:19:29 +0200] "GET /?game=yuna+oguru HTTP/1.1" 200 999 "-" "Mozilla/5.0 AppleWebKit/537.36 (KHTML, like Gecko; compatible; GPTBot/1.2; +https://openai.com/gptbot)"
162.158.41.248 - - [08/May/2025:12:19:29 +0200] "GET /?i=487774821 HTTP/1.1" 200 93801 "-" "Mozilla/5.0 (compatible; DotBot/1.2; +https://opensiteexplorer.org/dotbot; [email protected])"
172.70.207.81 - - [08/May/2025:12:19:30 +0200] "GET /?game=emi+fukaza HTTP/1.1" 200 999 "-" "Mozilla/5.0 AppleWebKit/537.36 (KHTML, like Gecko; compatible; GPTBot/1.2; +https://openai.com/gptbot)"
108.162.245.178 - - [08/May/2025:12:19:30 +0200] "GET /?i=488921821 HTTP/1.1" 200 93801 "-" "Mozilla/5.0 (compatible; DotBot/1.2; +https://opensiteexplorer.org/dotbot; [email protected])"
172.70.207.81 - - [08/May/2025:12:19:31 +0200] "GET /?game=emi+fuluda HTTP/1.1" 200 999 "-" "Mozilla/5.0 AppleWebKit/537.36 (KHTML, like Gecko; compatible; GPTBot/1.2; +https://openai.com/gptbot)"
172.68.22.39 - - [08/May/2025:12:19:31 +0200] "GET /?i=492289521 HTTP/1.1" 200 93801 "-" "Mozilla/5.0 (compatible; DotBot/1.2; +https://opensiteexplorer.org/dotbot; [email protected])"
172.68.22.73 - - [08/May/2025:12:19:32 +0200] "GET /?i=53076821 HTTP/1.1" 200 93801 "-" "Mozilla/5.0 (compatible; DotBot/1.2; +https://opensiteexplorer.org/dotbot; [email protected])"
172.70.207.81 - - [08/May/2025:12:19:32 +0200] "GET /?game=china+xnxx HTTP/1.1" 200 999 "-" "Mozilla/5.0 AppleWebKit/537.36 (KHTML, like Gecko; compatible; GPTBot/1.2; +https://openai.com/gptbot)"
172.70.142.26 - - [08/May/2025:12:19:33 +0200] "GET /?i=108454321 HTTP/1.1" 200 93801 "-" "Mozilla/5.0 (Linux; Android 5.0) AppleWebKit/537.36 (KHTML, like Gecko) Mobile Safari/537.36 (compatible; Bytespider; [email protected])"
172.71.146.100 - - [08/May/2025:12:19:33 +0200] "GET /?i=62350821 HTTP/1.1" 200 93801 "-" "Mozilla/5.0 (compatible; DotBot/1.2; +https://opensiteexplorer.org/dotbot; [email protected])"
172.70.207.81 - - [08/May/2025:12:19:33 +0200] "GET /?game=vn.sexviet HTTP/1.1" 200 999 "-" "Mozilla/5.0 AppleWebKit/537.36 (KHTML, like Gecko; compatible; GPTBot/1.2; +https://openai.com/gptbot)"
162.158.88.143 - - [08/May/2025:12:19:34 +0200] "GET /IMG/logo/img-20231108-wa0084.jpg HTTP/1.1" 200 8767 "http://www.igihango.com/?i=108454321" "Mozilla/5.0 (Linux; Android 5.0) AppleWebKit/537.36 (KHTML, like Gecko) Mobile Safari/537.36 (compatible; Bytespider; [email protected])"
162.158.41.206 - - [08/May/2025:12:19:34 +0200] "GET /?i=67063721 HTTP/1.1" 200 93801 "-" "Mozilla/5.0 (compatible; DotBot/1.2; +https://opensiteexplorer.org/dotbot; [email protected])"
172.70.207.81 - - [08/May/2025:12:19:34 +0200] "GET /?game=sexdep.com HTTP/1.1" 200 999 "-" "Mozilla/5.0 AppleWebKit/537.36 (KHTML, like Gecko; compatible; GPTBot/1.2; +https://openai.com/gptbot)"
162.158.42.235 - - [08/May/2025:12:19:35 +0200] "GET /?i=71633021 HTTP/1.1" 200 93801 "-" "Mozilla/5.0 (compatible; DotBot/1.2; +https://opensiteexplorer.org/dotbot; [email protected])"
172.70.207.81 - - [08/May/2025:12:19:36 +0200] "GET /?game=xvdeo+viet HTTP/1.1" 200 999 "-" "Mozilla/5.0 AppleWebKit/537.36 (KHTML, like Gecko; compatible; GPTBot/1.2; +https://openai.com/gptbot)"
172.71.151.166 - - [08/May/2025:12:19:36 +0200] "GET /?i=71932921 HTTP/1.1" 200 93801 "-" "Mozilla/5.0 (compatible; DotBot/1.2; +https://opensiteexplorer.org/dotbot; [email protected])"
162.158.41.248 - - [08/May/2025:12:19:36 +0200] "GET /?i=73603021 HTTP/1.1" 200 93801 "-" "Mozilla/5.0 (compatible; DotBot/1.2; +https://opensiteexplorer.org/dotbot; [email protected])"
172.70.207.81 - - [08/May/2025:12:19:37 +0200] "GET /?game=tukasa+aoi HTTP/1.1" 200 999 "-" "Mozilla/5.0 AppleWebKit/537.36 (KHTML, like Gecko; compatible; GPTBot/1.2; +https://openai.com/gptbot)"
162.158.41.239 - - [08/May/2025:12:19:37 +0200] "GET /?i=81821521 HTTP/1.1" 200 93801 "-" "Mozilla/5.0 (compatible; DotBot/1.2; +https://opensiteexplorer.org/dotbot; [email protected])"
172.70.207.81 - - [08/May/2025:12:19:38 +0200] "GET /?game=emi+fukura HTTP/1.1" 200 999 "-" "Mozilla/5.0 AppleWebKit/537.36 (KHTML, like Gecko; compatible; GPTBot/1.2; +https://openai.com/gptbot)"
172.68.23.203 - - [08/May/2025:12:19:38 +0200] "GET /?i=88281121 HTTP/1.1" 200 93801 "-" "Mozilla/5.0 (compatible; DotBot/1.2; +https://opensiteexplorer.org/dotbot; [email protected])"
172.70.207.81 - - [08/May/2025:12:19:39 +0200] "GET /?game=onno+rikka HTTP/1.1" 200 999 "-" "Mozilla/5.0 AppleWebKit/537.36 (KHTML, like Gecko; compatible; GPTBot/1.2; +https://openai.com/gptbot)"
172.71.146.108 - - [08/May/2025:12:19:39 +0200] "GET /?i=89719921 HTTP/1.1" 200 93801 "-" "Mozilla/5.0 (compatible; DotBot/1.2; +https://opensiteexplorer.org/dotbot; [email protected])"
172.71.150.202 - - [08/May/2025:12:19:40 +0200] "GET /?i=92328021 HTTP/1.1" 200 93801 "-" "Mozilla/5.0 (compatible; DotBot/1.2; +https://opensiteexplorer.org/dotbot; [email protected])"
172.70.207.81 - - [08/May/2025:12:19:40 +0200] "GET /?game=phim+matxa HTTP/1.1" 200 999 "-" "Mozilla/5.0 AppleWebKit/537.36 (KHTML, like Gecko; compatible; GPTBot/1.2; +https://openai.com/gptbot)"
172.71.147.94 - - [08/May/2025:12:19:41 +0200] "GET /?i=92654721 HTTP/1.1" 200 93801 "-" "Mozilla/5.0 (compatible; DotBot/1.2; +https://opensiteexplorer.org/dotbot; [email protected])"
172.70.207.81 - - [08/May/2025:12:19:41 +0200] "GET /?game=emi+tukuda HTTP/1.1" 200 999 "-" "Mozilla/5.0 AppleWebKit/537.36 (KHTML, like Gecko; compatible; GPTBot/1.2; +https://openai.com/gptbot)"
172.71.151.110 - - [08/May/2025:12:19:42 +0200] "GET /?i=94856221 HTTP/1.1" 200 93801 "-" "Mozilla/5.0 (compatible; DotBot/1.2; +https://opensiteexplorer.org/dotbot; [email protected])"
172.70.207.81 - - [08/May/2025:12:19:42 +0200] "GET /?game=emi.fukada HTTP/1.1" 200 999 "-" "Mozilla/5.0 AppleWebKit/537.36 (KHTML, like Gecko; compatible; GPTBot/1.2; +https://openai.com/gptbot)"
172.68.23.203 - - [08/May/2025:12:19:43 +0200] "GET /?i=98699021 HTTP/1.1" 200 93801 "-" "Mozilla/5.0 (compatible; DotBot/1.2; +https://opensiteexplorer.org/dotbot; [email protected])"
172.70.207.81 - - [08/May/2025:12:19:43 +0200] "GET /?game=sex+meguri HTTP/1.1" 200 999 "-" "Mozilla/5.0 AppleWebKit/537.36 (KHTML, like Gecko; compatible; GPTBot/1.2; +https://openai.com/gptbot)"
172.68.23.203 - - [08/May/2025:12:19:44 +0200] "GET /?i=99544321 HTTP/1.1" 200 93801 "-" "Mozilla/5.0 (compatible; DotBot/1.2; +https://opensiteexplorer.org/dotbot; [email protected])"
172.71.151.78 - - [08/May/2025:12:19:44 +0200] "GET /?i=115237121 HTTP/1.1" 200 93801 "-" "Mozilla/5.0 (compatible; DotBot/1.2; +https://opensiteexplorer.org/dotbot; [email protected])"
172.70.207.81 - - [08/May/2025:12:19:45 +0200] "GET /?game=sexnhe+com HTTP/1.1" 200 999 "-" "Mozilla/5.0 AppleWebKit/537.36 (KHTML, like Gecko; compatible; GPTBot/1.2; +https://openai.com/gptbot)"
162.158.41.249 - - [08/May/2025:12:19:45 +0200] "GET /?i=106402221 HTTP/1.1" 200 93801 "-" "Mozilla/5.0 (compatible; DotBot/1.2; +https://opensiteexplorer.org/dotbot; [email protected])"
172.70.207.81 - - [08/May/2025:12:19:46 +0200] "GET /?game=sex+bikini HTTP/1.1" 200 999 "-" "Mozilla/5.0 AppleWebKit/537.36 (KHTML, like Gecko; compatible; GPTBot/1.2; +https://openai.com/gptbot)"
172.68.22.72 - - [08/May/2025:12:19:46 +0200] "GET /?i=106492221 HTTP/1.1" 200 93801 "-" "Mozilla/5.0 (compatible; DotBot/1.2; +https://opensiteexplorer.org/dotbot; [email protected])"
172.70.207.81 - - [08/May/2025:12:19:47 +0200] "GET /?game=phimmoi.vn HTTP/1.1" 200 999 "-" "Mozilla/5.0 AppleWebKit/537.36 (KHTML, like Gecko; compatible; GPTBot/1.2; +https://openai.com/gptbot)"
162.158.42.8 - - [08/May/2025:12:19:47 +0200] "GET /?i=110043221 HTTP/1.1" 200 93801 "-" "Mozilla/5.0 (compatible; DotBot/1.2; +https://opensiteexplorer.org/dotbot; [email protected])"
172.71.147.54 - - [08/May/2025:12:19:48 +0200] "GET /?i=113464421 HTTP/1.1" 200 93801 "-" "Mozilla/5.0 (compatible; DotBot/1.2; +https://opensiteexplorer.org/dotbot; [email protected])"
172.70.207.81 - - [08/May/2025:12:19:48 +0200] "GET /?game=gay+hentai HTTP/1.1" 200 999 "-" "Mozilla/5.0 AppleWebKit/537.36 (KHTML, like Gecko; compatible; GPTBot/1.2; +https://openai.com/gptbot)"
172.68.22.3 - - [08/May/2025:12:19:49 +0200] "GET /?i=114803021 HTTP/1.1" 200 93801 "-" "Mozilla/5.0 (compatible; DotBot/1.2; +https://opensiteexplorer.org/dotbot; [email protected])"
172.70.207.81 - - [08/May/2025:12:19:49 +0200] "GET /?game=sexviet.cc HTTP/1.1" 200 999 "-" "Mozilla/5.0 AppleWebKit/537.36 (KHTML, like Gecko; compatible; GPTBot/1.2; +https://openai.com/gptbot)"
172.70.207.81 - - [08/May/2025:12:19:50 +0200] "GET /?game=yua+nikami HTTP/1.1" 200 999 "-" "Mozilla/5.0 AppleWebKit/537.36 (KHTML, like Gecko; compatible; GPTBot/1.2; +https://openai.com/gptbot)"
172.71.147.202 - - [08/May/2025:12:19:51 +0200] "GET /?i=120211221 HTTP/1.1" 200 93801 "-" "Mozilla/5.0 (compatible; DotBot/1.2; +https://opensiteexplorer.org/dotbot; [email protected])"
172.70.207.81 - - [08/May/2025:12:19:52 +0200] "GET /?game=sex+korean HTTP/1.1" 200 999 "-" "Mozilla/5.0 AppleWebKit/537.36 (KHTML, like Gecko; compatible; GPTBot/1.2; +https://openai.com/gptbot)"
172.70.207.81 - - [08/May/2025:12:19:53 +0200] "GET /?game=khoong+che HTTP/1.1" 200 999 "-" "Mozilla/5.0 AppleWebKit/537.36 (KHTML, like Gecko; compatible; GPTBot/1.2; +https://openai.com/gptbot)"
172.71.150.202 - - [08/May/2025:12:19:53 +0200] "GET /?i=127164021 HTTP/1.1" 200 93801 "-" "Mozilla/5.0 (compatible; DotBot/1.2; +https://opensiteexplorer.org/dotbot; [email protected])"
172.70.207.81 - - [08/May/2025:12:19:54 +0200] "GET /?game=sex+gaidep HTTP/1.1" 200 999 "-" "Mozilla/5.0 AppleWebKit/537.36 (KHTML, like Gecko; compatible; GPTBot/1.2; +https://openai.com/gptbot)"
172.70.207.81 - - [08/May/2025:12:19:55 +0200] "GET /?game=yuna+oruga HTTP/1.1" 200 999 "-" "Mozilla/5.0 AppleWebKit/537.36 (KHTML, like Gecko; compatible; GPTBot/1.2; +https://openai.com/gptbot)"
172.71.151.93 - - [08/May/2025:12:19:55 +0200] "GET /?i=131114921 HTTP/1.1" 200 93801 "-" "Mozilla/5.0 (compatible; DotBot/1.2; +https://opensiteexplorer.org/dotbot; [email protected])"
172.70.207.81 - - [08/May/2025:12:19:56 +0200] "GET /?bet=hentai+game HTTP/1.1" 200 999 "-" "Mozilla/5.0 AppleWebKit/537.36 (KHTML, like Gecko; compatible; GPTBot/1.2; +https://openai.com/gptbot)"
162.158.41.18 - - [08/May/2025:12:19:57 +0200] "GET /?i=139385421 HTTP/1.1" 200 93801 "-" "Mozilla/5.0 (compatible; DotBot/1.2; +https://opensiteexplorer.org/dotbot; [email protected])"
172.70.207.81 - - [08/May/2025:12:19:57 +0200] "GET /?game=phimxx+hay HTTP/1.1" 200 999 "-" "Mozilla/5.0 AppleWebKit/537.36 (KHTML, like Gecko; compatible; GPTBot/1.2; +https://openai.com/gptbot)"
162.158.42.226 - - [08/May/2025:12:19:58 +0200] "GET /?i=140125021 HTTP/1.1" 200 93801 "-" "Mozilla/5.0 (compatible; DotBot/1.2; +https://opensiteexplorer.org/dotbot; [email protected])"
172.70.207.81 - - [08/May/2025:12:19:59 +0200] "GET /?game=emi+pukada HTTP/1.1" 200 999 "-" "Mozilla/5.0 AppleWebKit/537.36 (KHTML, like Gecko; compatible; GPTBot/1.2; +https://openai.com/gptbot)"
162.158.189.213 - - [08/May/2025:12:19:59 +0200] "GET /?i=107924921 HTTP/1.1" 200 93801 "-" "Mozilla/5.0 (Linux; Android 5.0) AppleWebKit/537.36 (KHTML, like Gecko) Mobile Safari/537.36 (compatible; Bytespider; [email protected])"
162.158.42.226 - - [08/May/2025:12:20:00 +0200] "GET /?i=153797321 HTTP/1.1" 200 93801 "-" "Mozilla/5.0 (compatible; DotBot/1.2; +https://opensiteexplorer.org/dotbot; [email protected])"
172.70.207.81 - - [08/May/2025:12:20:00 +0200] "GET /?game=melody+mak HTTP/1.1" 200 999 "-" "Mozilla/5.0 AppleWebKit/537.36 (KHTML, like Gecko; compatible; GPTBot/1.2; +https://openai.com/gptbot)"
162.158.88.142 - - [08/May/2025:12:20:01 +0200] "GET /IMG/logo/img-20231108-wa0084.jpg HTTP/1.1" 200 8767 "http://www.igihango.com/?i=107924921" "Mozilla/5.0 (Linux; Android 5.0) AppleWebKit/537.36 (KHTML, like Gecko) Mobile Safari/537.36 (compatible; Bytespider; [email protected])"
172.70.207.81 - - [08/May/2025:12:20:01 +0200] "GET /?game=sex+tapthe HTTP/1.1" 200 999 "-" "Mozilla/5.0 AppleWebKit/537.36 (KHTML, like Gecko; compatible; GPTBot/1.2; +https://openai.com/gptbot)"
172.71.147.202 - - [08/May/2025:12:20:01 +0200] "GET /?i=159315521 HTTP/1.1" 200 93801 "-" "Mozilla/5.0 (compatible; DotBot/1.2; +https://opensiteexplorer.org/dotbot; [email protected])"
172.70.207.81 - - [08/May/2025:12:20:02 +0200] "GET /?game=rikaka+ono HTTP/1.1" 200 999 "-" "Mozilla/5.0 AppleWebKit/537.36 (KHTML, like Gecko; compatible; GPTBot/1.2; +https://openai.com/gptbot)"
172.68.22.72 - - [08/May/2025:12:20:02 +0200] "GET /?i=160434021 HTTP/1.1" 200 93801 "-" "Mozilla/5.0 (compatible; DotBot/1.2; +https://opensiteexplorer.org/dotbot; [email protected])"
172.70.207.81 - - [08/May/2025:12:20:03 +0200] "GET /?game=sextap+the HTTP/1.1" 200 999 "-" "Mozilla/5.0 AppleWebKit/537.36 (KHTML, like Gecko; compatible; GPTBot/1.2; +https://openai.com/gptbot)"
162.158.41.6 - - [08/May/2025:12:20:04 +0200] "GET /?i=165894421 HTTP/1.1" 200 93801 "-" "Mozilla/5.0 (compatible; DotBot/1.2; +https://opensiteexplorer.org/dotbot; [email protected])"
172.70.207.81 - - [08/May/2025:12:20:04 +0200] "GET /?game=emi+fukasa HTTP/1.1" 200 999 "-" "Mozilla/5.0 AppleWebKit/537.36 (KHTML, like Gecko; compatible; GPTBot/1.2; +https://openai.com/gptbot)"
172.68.22.2 - - [08/May/2025:12:20:05 +0200] "GET /?i=170247821 HTTP/1.1" 200 93801 "-" "Mozilla/5.0 (compatible; DotBot/1.2; +https://opensiteexplorer.org/dotbot; [email protected])"
172.70.207.81 - - [08/May/2025:12:20:06 +0200] "GET /?game=phim+setmy HTTP/1.1" 200 999 "-" "Mozilla/5.0 AppleWebKit/537.36 (KHTML, like Gecko; compatible; GPTBot/1.2; +https://openai.com/gptbot)"
172.71.151.165 - - [08/May/2025:12:20:06 +0200] "GET /?i=172873321 HTTP/1.1" 200 93801 "-" "Mozilla/5.0 (compatible; DotBot/1.2; +https://opensiteexplorer.org/dotbot; [email protected])"
172.70.207.81 - - [08/May/2025:12:20:07 +0200] "GET /?game=xnxx+china HTTP/1.1" 200 999 "-" "Mozilla/5.0 AppleWebKit/537.36 (KHTML, like Gecko; compatible; GPTBot/1.2; +https://openai.com/gptbot)"
172.71.147.202 - - [08/May/2025:12:20:07 +0200] "GET /?i=179321221 HTTP/1.1" 200 93801 "-" "Mozilla/5.0 (compatible; DotBot/1.2; +https://opensiteexplorer.org/dotbot; [email protected])"
172.71.147.202 - - [08/May/2025:12:20:08 +0200] "GET /?i=188736121 HTTP/1.1" 200 93801 "-" "Mozilla/5.0 (compatible; DotBot/1.2; +https://opensiteexplorer.org/dotbot; [email protected])"
172.70.207.81 - - [08/May/2025:12:20:08 +0200] "GET /?game=xex+fukada HTTP/1.1" 200 999 "-" "Mozilla/5.0 AppleWebKit/537.36 (KHTML, like Gecko; compatible; GPTBot/1.2; +https://openai.com/gptbot)"
162.158.41.18 - - [08/May/2025:12:20:08 +0200] "GET /?i=197703921 HTTP/1.1" 200 93801 "-" "Mozilla/5.0 (compatible; DotBot/1.2; +https://opensiteexplorer.org/dotbot; [email protected])"
172.70.207.81 - - [08/May/2025:12:20:09 +0200] "GET /?game=sex+chiana HTTP/1.1" 200 999 "-" "Mozilla/5.0 AppleWebKit/537.36 (KHTML, like Gecko; compatible; GPTBot/1.2; +https://openai.com/gptbot)"
162.158.41.7 - - [08/May/2025:12:20:09 +0200] "GET /?i=201944821 HTTP/1.1" 200 93801 "-" "Mozilla/5.0 (compatible; DotBot/1.2; +https://opensiteexplorer.org/dotbot; [email protected])"
108.162.245.85 - - [08/May/2025:12:20:10 +0200] "GET /?i=211083821 HTTP/1.1" 200 93801 "-" "Mozilla/5.0 (compatible; DotBot/1.2; +https://opensiteexplorer.org/dotbot; [email protected])"
172.70.207.81 - - [08/May/2025:12:20:10 +0200] "GET /?game=bongda+dzo HTTP/1.1" 200 999 "-" "Mozilla/5.0 AppleWebKit/537.36 (KHTML, like Gecko; compatible; GPTBot/1.2; +https://openai.com/gptbot)"
172.71.146.43 - - [08/May/2025:12:20:11 +0200] "GET /?i=217097421 HTTP/1.1" 200 93801 "-" "Mozilla/5.0 (compatible; DotBot/1.2; +https://opensiteexplorer.org/dotbot; [email protected])"
172.70.207.81 - - [08/May/2025:12:20:11 +0200] "GET /?game=live+chich HTTP/1.1" 200 999 "-" "Mozilla/5.0 AppleWebKit/537.36 (KHTML, like Gecko; compatible; GPTBot/1.2; +https://openai.com/gptbot)"
172.68.22.38 - - [08/May/2025:12:20:12 +0200] "GET /?i=221023121 HTTP/1.1" 200 93801 "-" "Mozilla/5.0 (compatible; DotBot/1.2; +https://opensiteexplorer.org/dotbot; [email protected])"
172.70.207.81 - - [08/May/2025:12:20:13 +0200] "GET /?game=chich+live HTTP/1.1" 200 999 "-" "Mozilla/5.0 AppleWebKit/537.36 (KHTML, like Gecko; compatible; GPTBot/1.2; +https://openai.com/gptbot)"
108.162.246.42 - - [08/May/2025:12:20:13 +0200] "GET /?i=227596321 HTTP/1.1" 200 93801 "-" "Mozilla/5.0 (compatible; DotBot/1.2; +https://opensiteexplorer.org/dotbot; [email protected])"
172.70.207.81 - - [08/May/2025:12:20:14 +0200] "GET /?game=sex+pikini HTTP/1.1" 200 999 "-" "Mozilla/5.0 AppleWebKit/537.36 (KHTML, like Gecko; compatible; GPTBot/1.2; +https://openai.com/gptbot)"
172.71.147.93 - - [08/May/2025:12:20:14 +0200] "GET /?i=228743621 HTTP/1.1" 200 93801 "-" "Mozilla/5.0 (compatible; DotBot/1.2; +https://opensiteexplorer.org/dotbot; [email protected])"
172.70.207.81 - - [08/May/2025:12:20:15 +0200] "GET /?game=yuna-ogura HTTP/1.1" 200 999 "-" "Mozilla/5.0 AppleWebKit/537.36 (KHTML, like Gecko; compatible; GPTBot/1.2; +https://openai.com/gptbot)"
172.68.22.72 - - [08/May/2025:12:20:15 +0200] "GET /?i=230576421 HTTP/1.1" 200 93801 "-" "Mozilla/5.0 (compatible; DotBot/1.2; +https://opensiteexplorer.org/dotbot; [email protected])"
172.68.22.38 - - [08/May/2025:12:20:16 +0200] "GET /?i=233314021 HTTP/1.1" 200 93801 "-" "Mozilla/5.0 (compatible; DotBot/1.2; +https://opensiteexplorer.org/dotbot; [email protected])"
172.70.207.81 - - [08/May/2025:12:20:16 +0200] "GET /?game=videos+sex HTTP/1.1" 200 999 "-" "Mozilla/5.0 AppleWebKit/537.36 (KHTML, like Gecko; compatible; GPTBot/1.2; +https://openai.com/gptbot)"
172.71.150.203 - - [08/May/2025:12:20:17 +0200] "GET /?i=233691721 HTTP/1.1" 200 93801 "-" "Mozilla/5.0 (compatible; DotBot/1.2; +https://opensiteexplorer.org/dotbot; [email protected])"
172.70.207.81 - - [08/May/2025:12:20:17 +0200] "GET /?game=phim+japan HTTP/1.1" 200 999 "-" "Mozilla/5.0 AppleWebKit/537.36 (KHTML, like Gecko; compatible; GPTBot/1.2; +https://openai.com/gptbot)"
162.158.41.18 - - [08/May/2025:12:20:18 +0200] "GET /?i=246924321 HTTP/1.1" 200 93801 "-" "Mozilla/5.0 (compatible; DotBot/1.2; +https://opensiteexplorer.org/dotbot; [email protected])"
172.70.207.81 - - [08/May/2025:12:20:18 +0200] "GET /?game=yuna+ogura HTTP/1.1" 200 999 "-" "Mozilla/5.0 AppleWebKit/537.36 (KHTML, like Gecko; compatible; GPTBot/1.2; +https://openai.com/gptbot)"
108.162.245.153 - - [08/May/2025:12:20:19 +0200] "GET /?i=249560121 HTTP/1.1" 200 93801 "-" "Mozilla/5.0 (compatible; DotBot/1.2; +https://opensiteexplorer.org/dotbot; [email protected])"
172.71.146.108 - - [08/May/2025:12:20:19 +0200] "GET /?i=257488521 HTTP/1.1" 200 93801 "-" "Mozilla/5.0 (compatible; DotBot/1.2; +https://opensiteexplorer.org/dotbot; [email protected])"
172.70.207.81 - - [08/May/2025:12:20:19 +0200] "GET /?game=porn+japan HTTP/1.1" 200 999 "-" "Mozilla/5.0 AppleWebKit/537.36 (KHTML, like Gecko; compatible; GPTBot/1.2; +https://openai.com/gptbot)"
172.71.151.93 - - [08/May/2025:12:20:20 +0200] "GET /?i=268766321 HTTP/1.1" 200 93801 "-" "Mozilla/5.0 (compatible; DotBot/1.2; +https://opensiteexplorer.org/dotbot; [email protected])"
172.70.207.81 - - [08/May/2025:12:20:21 +0200] "GET /?game=lich+barca HTTP/1.1" 200 999 "-" "Mozilla/5.0 AppleWebKit/537.36 (KHTML, like Gecko; compatible; GPTBot/1.2; +https://openai.com/gptbot)"
162.158.41.18 - - [08/May/2025:12:20:21 +0200] "GET /?i=271110921 HTTP/1.1" 200 93801 "-" "Mozilla/5.0 (compatible; DotBot/1.2; +https://opensiteexplorer.org/dotbot; [email protected])"
108.162.245.153 - - [08/May/2025:12:20:22 +0200] "GET /?i=271166921 HTTP/1.1" 200 93801 "-" "Mozilla/5.0 (compatible; DotBot/1.2; +https://opensiteexplorer.org/dotbot; [email protected])"
172.70.207.81 - - [08/May/2025:12:20:22 +0200] "GET /?game=yua+makini HTTP/1.1" 200 999 "-" "Mozilla/5.0 AppleWebKit/537.36 (KHTML, like Gecko; compatible; GPTBot/1.2; +https://openai.com/gptbot)"
162.158.42.7 - - [08/May/2025:12:20:23 +0200] "GET /?i=272525621 HTTP/1.1" 200 93801 "-" "Mozilla/5.0 (compatible; DotBot/1.2; +https://opensiteexplorer.org/dotbot; [email protected])"
172.70.207.81 - - [08/May/2025:12:20:23 +0200] "GET /?game=phimsex+my HTTP/1.1" 200 999 "-" "Mozilla/5.0 AppleWebKit/537.36 (KHTML, like Gecko; compatible; GPTBot/1.2; +https://openai.com/gptbot)"
162.158.42.236 - - [08/May/2025:12:20:23 +0200] "GET /?i=285578021 HTTP/1.1" 200 93801 "-" "Mozilla/5.0 (compatible; DotBot/1.2; +https://opensiteexplorer.org/dotbot; [email protected])"
108.162.245.153 - - [08/May/2025:12:20:24 +0200] "GET /?i=295817221 HTTP/1.1" 200 93801 "-" "Mozilla/5.0 (compatible; DotBot/1.2; +https://opensiteexplorer.org/dotbot; [email protected])"
