172.71.255.64 - - [08/May/2025:11:00:21 +0200] "GET /robots.txt HTTP/1.1" 200 116 "-" "Mozilla/5.0 AppleWebKit/537.36 (KHTML, like Gecko; compatible; ClaudeBot/1.0; [email protected])"
108.162.216.174 - - [08/May/2025:11:00:21 +0200] "GET /?hot=massage+kichduc HTTP/1.1" 200 999 "-" "Mozilla/5.0 AppleWebKit/537.36 (KHTML, like Gecko; compatible; ClaudeBot/1.0; [email protected])"
172.70.206.62 - - [08/May/2025:11:00:22 +0200] "GET /?play=phim+sex.hiep+dam HTTP/1.1" 200 999 "-" "Mozilla/5.0 AppleWebKit/537.36 (KHTML, like Gecko; compatible; GPTBot/1.2; +https://openai.com/gptbot)"
172.70.206.62 - - [08/May/2025:11:00:23 +0200] "GET /?play=yua+mikami+ko+che HTTP/1.1" 200 999 "-" "Mozilla/5.0 AppleWebKit/537.36 (KHTML, like Gecko; compatible; GPTBot/1.2; +https://openai.com/gptbot)"
172.70.206.62 - - [08/May/2025:11:00:24 +0200] "GET /?hot=sex+gai+trung+xinh HTTP/1.1" 200 999 "-" "Mozilla/5.0 AppleWebKit/537.36 (KHTML, like Gecko; compatible; GPTBot/1.2; +https://openai.com/gptbot)"
162.158.108.111 - - [08/May/2025:11:00:25 +0200] "GET /?i=98852221 HTTP/1.1" 200 131 "-" "Mozilla/5.0 (Linux; Android 5.0) AppleWebKit/537.36 (KHTML, like Gecko) Mobile Safari/537.36 (compatible; Bytespider; [email protected])"
172.70.206.62 - - [08/May/2025:11:00:25 +0200] "GET /?produc_id=dit+hoc+xinh HTTP/1.1" 200 999 "-" "Mozilla/5.0 AppleWebKit/537.36 (KHTML, like Gecko; compatible; GPTBot/1.2; +https://openai.com/gptbot)"
172.70.206.62 - - [08/May/2025:11:00:26 +0200] "GET /?hot=sex+vietsud+ko+che HTTP/1.1" 200 999 "-" "Mozilla/5.0 AppleWebKit/537.36 (KHTML, like Gecko; compatible; GPTBot/1.2; +https://openai.com/gptbot)"
172.70.206.62 - - [08/May/2025:11:00:27 +0200] "GET /?top=phim+sex+viet+nnam HTTP/1.1" 200 999 "-" "Mozilla/5.0 AppleWebKit/537.36 (KHTML, like Gecko; compatible; GPTBot/1.2; +https://openai.com/gptbot)"
172.70.206.62 - - [08/May/2025:11:00:28 +0200] "GET /?produc_id=lon+hoc+sinh HTTP/1.1" 200 999 "-" "Mozilla/5.0 AppleWebKit/537.36 (KHTML, like Gecko; compatible; GPTBot/1.2; +https://openai.com/gptbot)"
172.70.206.62 - - [08/May/2025:11:00:30 +0200] "GET /?produc_id=phim+xex+moi HTTP/1.1" 200 999 "-" "Mozilla/5.0 AppleWebKit/537.36 (KHTML, like Gecko; compatible; GPTBot/1.2; +https://openai.com/gptbot)"
172.70.206.62 - - [08/May/2025:11:00:31 +0200] "GET /?play=phim+sexy+chau+au HTTP/1.1" 200 999 "-" "Mozilla/5.0 AppleWebKit/537.36 (KHTML, like Gecko; compatible; GPTBot/1.2; +https://openai.com/gptbot)"
172.70.206.62 - - [08/May/2025:11:00:32 +0200] "GET /?app=sex+ko+che+vietsup HTTP/1.1" 200 999 "-" "Mozilla/5.0 AppleWebKit/537.36 (KHTML, like Gecko; compatible; GPTBot/1.2; +https://openai.com/gptbot)"
172.70.206.62 - - [08/May/2025:11:00:33 +0200] "GET /?hot=phim+sex+hi%E1%BA%BFp+d%C3%A2m+con+g%C3%A1i HTTP/1.1" 200 999 "-" "Mozilla/5.0 AppleWebKit/537.36 (KHTML, like Gecko; compatible; GPTBot/1.2; +https://openai.com/gptbot)"
172.70.206.62 - - [08/May/2025:11:00:34 +0200] "GET /?top=phim+sex+hi%E1%BA%BFp+d%C3%A2m+con+g%C3%A1i HTTP/1.1" 200 999 "-" "Mozilla/5.0 AppleWebKit/537.36 (KHTML, like Gecko; compatible; GPTBot/1.2; +https://openai.com/gptbot)"
172.70.206.62 - - [08/May/2025:11:00:35 +0200] "GET /?app=phim+sex+hi%E1%BA%BFp+d%C3%A2m+con+g%C3%A1i HTTP/1.1" 200 999 "-" "Mozilla/5.0 AppleWebKit/537.36 (KHTML, like Gecko; compatible; GPTBot/1.2; +https://openai.com/gptbot)"
172.70.206.62 - - [08/May/2025:11:00:36 +0200] "GET /?produc_id=sex+ch%C4%83m+em+g%C3%A1i+%E1%BB%91m HTTP/1.1" 200 999 "-" "Mozilla/5.0 AppleWebKit/537.36 (KHTML, like Gecko; compatible; GPTBot/1.2; +https://openai.com/gptbot)"
172.70.206.62 - - [08/May/2025:11:00:38 +0200] "GET /?play=b%E1%BA%AFn+tinh+v%C3%A0o+m%E1%BA%B7t HTTP/1.1" 200 999 "-" "Mozilla/5.0 AppleWebKit/537.36 (KHTML, like Gecko; compatible; GPTBot/1.2; +https://openai.com/gptbot)"
172.70.206.62 - - [08/May/2025:11:00:39 +0200] "GET /?keyword=xxx+sinh+vi%C3%AAn+vi%E1%BB%87t+nam HTTP/1.1" 200 999 "-" "Mozilla/5.0 AppleWebKit/537.36 (KHTML, like Gecko; compatible; GPTBot/1.2; +https://openai.com/gptbot)"
172.70.206.62 - - [08/May/2025:11:00:40 +0200] "GET /?keyword=sex+tr%C3%AAn+%C4%91%E1%BA%A3o HTTP/1.1" 200 999 "-" "Mozilla/5.0 AppleWebKit/537.36 (KHTML, like Gecko; compatible; GPTBot/1.2; +https://openai.com/gptbot)"
172.70.206.62 - - [08/May/2025:11:00:41 +0200] "GET /?app=xex+tr%E1%BA%A7n+h%C3%A0+linh HTTP/1.1" 200 999 "-" "Mozilla/5.0 AppleWebKit/537.36 (KHTML, like Gecko; compatible; GPTBot/1.2; +https://openai.com/gptbot)"
172.70.206.62 - - [08/May/2025:11:00:42 +0200] "GET /?ios=sex+tr%E1%BA%A7n+h%C3%A0+lonh HTTP/1.1" 200 999 "-" "Mozilla/5.0 AppleWebKit/537.36 (KHTML, like Gecko; compatible; GPTBot/1.2; +https://openai.com/gptbot)"
172.70.206.62 - - [08/May/2025:11:00:43 +0200] "GET /?hot=phim+sex+l%E1%BB%93n+m%C3%BAp HTTP/1.1" 200 999 "-" "Mozilla/5.0 AppleWebKit/537.36 (KHTML, like Gecko; compatible; GPTBot/1.2; +https://openai.com/gptbot)"
172.70.206.62 - - [08/May/2025:11:00:44 +0200] "GET /?top=phim+sex+m%C3%BAt+l%E1%BB%93n HTTP/1.1" 200 999 "-" "Mozilla/5.0 AppleWebKit/537.36 (KHTML, like Gecko; compatible; GPTBot/1.2; +https://openai.com/gptbot)"
172.70.206.62 - - [08/May/2025:11:00:46 +0200] "GET /?ios=phim+sex+m%C3%BAt+l%E1%BB%93n HTTP/1.1" 200 999 "-" "Mozilla/5.0 AppleWebKit/537.36 (KHTML, like Gecko; compatible; GPTBot/1.2; +https://openai.com/gptbot)"
172.70.206.62 - - [08/May/2025:11:00:47 +0200] "GET /?bet=trai+dep+th%E1%BB%A7+d%C3%A2m HTTP/1.1" 200 999 "-" "Mozilla/5.0 AppleWebKit/537.36 (KHTML, like Gecko; compatible; GPTBot/1.2; +https://openai.com/gptbot)"
172.70.206.62 - - [08/May/2025:11:00:48 +0200] "GET /?ios=tr%E1%BA%A7n+h%C3%A0+linh+xex HTTP/1.1" 200 999 "-" "Mozilla/5.0 AppleWebKit/537.36 (KHTML, like Gecko; compatible; GPTBot/1.2; +https://openai.com/gptbot)"
172.70.206.62 - - [08/May/2025:11:00:49 +0200] "GET /?ios=xex+tr%E1%BA%A7n+h%C3%A0+linh HTTP/1.1" 200 999 "-" "Mozilla/5.0 AppleWebKit/537.36 (KHTML, like Gecko; compatible; GPTBot/1.2; +https://openai.com/gptbot)"
172.70.206.62 - - [08/May/2025:11:00:50 +0200] "GET /?ios=sex+ph%C3%A1+trinh+m%E1%BB%B9 HTTP/1.1" 200 999 "-" "Mozilla/5.0 AppleWebKit/537.36 (KHTML, like Gecko; compatible; GPTBot/1.2; +https://openai.com/gptbot)"
162.158.108.47 - - [08/May/2025:11:00:51 +0200] "GET /?i=48876621 HTTP/1.1" 200 93801 "-" "Mozilla/5.0 (Linux; Android 5.0) AppleWebKit/537.36 (KHTML, like Gecko) Mobile Safari/537.36 (compatible; Bytespider; [email protected])"
172.70.206.62 - - [08/May/2025:11:00:51 +0200] "GET /?bet=tr%E1%BA%A7n+h%C3%A0+linh+sex HTTP/1.1" 200 999 "-" "Mozilla/5.0 AppleWebKit/537.36 (KHTML, like Gecko; compatible; GPTBot/1.2; +https://openai.com/gptbot)"
172.68.164.36 - - [08/May/2025:11:00:52 +0200] "GET /IMG/logo/1024x538_cmsv2_c54013e5-8833-5743-86fc-a18b87d54ede-8113070.jpg.webp HTTP/1.1" 200 131 "http://www.igihango.com/?i=48876621" "Mozilla/5.0 (Linux; Android 5.0) AppleWebKit/537.36 (KHTML, like Gecko) Mobile Safari/537.36 (compatible; Bytespider; [email protected])"
162.158.88.143 - - [08/May/2025:11:00:52 +0200] "GET /IMG/logo/img-20231108-wa0084.jpg HTTP/1.1" 200 8767 "http://www.igihango.com/?i=48876621" "Mozilla/5.0 (Linux; Android 5.0) AppleWebKit/537.36 (KHTML, like Gecko) Mobile Safari/537.36 (compatible; Bytespider; [email protected])"
172.70.206.62 - - [08/May/2025:11:00:53 +0200] "GET /?bet=phim+sex+b%E1%BA%A1o+d%C3%A2m HTTP/1.1" 200 999 "-" "Mozilla/5.0 AppleWebKit/537.36 (KHTML, like Gecko; compatible; GPTBot/1.2; +https://openai.com/gptbot)"
172.70.206.62 - - [08/May/2025:11:00:54 +0200] "GET /?top=sex+tr%E1%BA%A7n+h%C3%A0+lonh HTTP/1.1" 200 999 "-" "Mozilla/5.0 AppleWebKit/537.36 (KHTML, like Gecko; compatible; GPTBot/1.2; +https://openai.com/gptbot)"
172.70.206.62 - - [08/May/2025:11:00:55 +0200] "GET /?app=tr%E1%BA%A7n+h%C3%A0+linh+xex HTTP/1.1" 200 999 "-" "Mozilla/5.0 AppleWebKit/537.36 (KHTML, like Gecko; compatible; GPTBot/1.2; +https://openai.com/gptbot)"
172.70.206.62 - - [08/May/2025:11:00:56 +0200] "GET /?play=phim+xx+ch%C3%A2u+m%E1%BB%B9 HTTP/1.1" 200 999 "-" "Mozilla/5.0 AppleWebKit/537.36 (KHTML, like Gecko; compatible; GPTBot/1.2; +https://openai.com/gptbot)"
172.70.206.62 - - [08/May/2025:11:00:57 +0200] "GET /?play=phim+sex+g%C3%A1i+m%E1%BB%B9 HTTP/1.1" 200 999 "-" "Mozilla/5.0 AppleWebKit/537.36 (KHTML, like Gecko; compatible; GPTBot/1.2; +https://openai.com/gptbot)"
172.70.206.62 - - [08/May/2025:11:00:58 +0200] "GET /?ios=xes+tr%E1%BA%A7n+h%C3%A0+linh HTTP/1.1" 200 999 "-" "Mozilla/5.0 AppleWebKit/537.36 (KHTML, like Gecko; compatible; GPTBot/1.2; +https://openai.com/gptbot)"
172.70.206.62 - - [08/May/2025:11:01:00 +0200] "GET /?top=phim+sex+g%C3%A1i+x%E1%BB%8Bn HTTP/1.1" 200 999 "-" "Mozilla/5.0 AppleWebKit/537.36 (KHTML, like Gecko; compatible; GPTBot/1.2; +https://openai.com/gptbot)"
172.70.206.62 - - [08/May/2025:11:01:01 +0200] "GET /?hot=phim+sex+th%E1%BB%A7+d%C3%A2m HTTP/1.1" 200 999 "-" "Mozilla/5.0 AppleWebKit/537.36 (KHTML, like Gecko; compatible; GPTBot/1.2; +https://openai.com/gptbot)"
172.70.206.62 - - [08/May/2025:11:01:02 +0200] "GET /?bet=tr%E1%BA%A7n+h%C3%A0+lonh+sex HTTP/1.1" 200 999 "-" "Mozilla/5.0 AppleWebKit/537.36 (KHTML, like Gecko; compatible; GPTBot/1.2; +https://openai.com/gptbot)"
172.70.206.62 - - [08/May/2025:11:01:03 +0200] "GET /?play=phim+sex+s%C3%B3c+l%E1%BB%8D HTTP/1.1" 200 999 "-" "Mozilla/5.0 AppleWebKit/537.36 (KHTML, like Gecko; compatible; GPTBot/1.2; +https://openai.com/gptbot)"
172.70.206.62 - - [08/May/2025:11:01:04 +0200] "GET /?bet=phim+sexx+b%C3%BA+l%E1%BB%93n HTTP/1.1" 200 999 "-" "Mozilla/5.0 AppleWebKit/537.36 (KHTML, like Gecko; compatible; GPTBot/1.2; +https://openai.com/gptbot)"
172.70.206.62 - - [08/May/2025:11:01:05 +0200] "GET /?top=phim+sex+h%E1%BA%A7u+g%C3%A1i HTTP/1.1" 200 999 "-" "Mozilla/5.0 AppleWebKit/537.36 (KHTML, like Gecko; compatible; GPTBot/1.2; +https://openai.com/gptbot)"
172.70.206.62 - - [08/May/2025:11:01:06 +0200] "GET /?hot=phim+sex+m%C3%BAt+l%E1%BB%93n HTTP/1.1" 200 999 "-" "Mozilla/5.0 AppleWebKit/537.36 (KHTML, like Gecko; compatible; GPTBot/1.2; +https://openai.com/gptbot)"
172.70.206.62 - - [08/May/2025:11:01:08 +0200] "GET /?bet=sex+m%E1%BB%B9+ph%C3%A1+trinh HTTP/1.1" 200 999 "-" "Mozilla/5.0 AppleWebKit/537.36 (KHTML, like Gecko; compatible; GPTBot/1.2; +https://openai.com/gptbot)"
172.70.206.62 - - [08/May/2025:11:01:09 +0200] "GET /?bet=phim+sec+b%E1%BA%A1o+d%C3%A2m HTTP/1.1" 200 999 "-" "Mozilla/5.0 AppleWebKit/537.36 (KHTML, like Gecko; compatible; GPTBot/1.2; +https://openai.com/gptbot)"
172.70.206.62 - - [08/May/2025:11:01:10 +0200] "GET /?ios=phim+sex+ch%C3%A2u+m%E1%BB%B7 HTTP/1.1" 200 999 "-" "Mozilla/5.0 AppleWebKit/537.36 (KHTML, like Gecko; compatible; GPTBot/1.2; +https://openai.com/gptbot)"
172.70.206.62 - - [08/May/2025:11:01:11 +0200] "GET /?bet=sex+tr%E1%BA%A7n+h%C3%A0+lunh HTTP/1.1" 200 999 "-" "Mozilla/5.0 AppleWebKit/537.36 (KHTML, like Gecko; compatible; GPTBot/1.2; +https://openai.com/gptbot)"
172.70.206.62 - - [08/May/2025:11:01:12 +0200] "GET /?ios=tr%E1%BA%A7n+h%C3%A0+lonh+sex HTTP/1.1" 200 999 "-" "Mozilla/5.0 AppleWebKit/537.36 (KHTML, like Gecko; compatible; GPTBot/1.2; +https://openai.com/gptbot)"
172.71.255.131 - - [08/May/2025:11:01:13 +0200] "GET /?video=co+gia+su HTTP/1.1" 200 999 "-" "Mozilla/5.0 AppleWebKit/537.36 (KHTML, like Gecko; compatible; ClaudeBot/1.0; [email protected])"
172.70.100.40 - - [08/May/2025:11:01:13 +0200] "GET /?video=xxx+h%E1%BB%8Dc+sinh+th%E1%BB%A7+d%C3%A2m HTTP/1.1" 200 999 "-" "Mozilla/5.0 AppleWebKit/537.36 (KHTML, like Gecko; compatible; ClaudeBot/1.0; [email protected])"
172.69.17.209 - - [08/May/2025:11:01:13 +0200] "GET /?top=pim+dit+nhau HTTP/1.1" 200 999 "-" "Mozilla/5.0 AppleWebKit/537.36 (KHTML, like Gecko; compatible; ClaudeBot/1.0; [email protected])"
172.69.6.195 - - [08/May/2025:11:01:13 +0200] "GET /?produc_id=jav+hiep+d%C3%A2m HTTP/1.1" 200 999 "-" "Mozilla/5.0 AppleWebKit/537.36 (KHTML, like Gecko; compatible; ClaudeBot/1.0; [email protected])"
172.70.131.46 - - [08/May/2025:11:01:13 +0200] "GET /?game=g%C3%A1i+m%C3%BAp HTTP/1.1" 200 999 "-" "Mozilla/5.0 AppleWebKit/537.36 (KHTML, like Gecko; compatible; ClaudeBot/1.0; [email protected])"
172.70.206.62 - - [08/May/2025:11:01:13 +0200] "GET /?play=b%C3%BA+l%E1%BB%93n+viet+nam HTTP/1.1" 200 999 "-" "Mozilla/5.0 AppleWebKit/537.36 (KHTML, like Gecko; compatible; GPTBot/1.2; +https://openai.com/gptbot)"
172.70.206.62 - - [08/May/2025:11:01:15 +0200] "GET /?top=phim+sex+c%E1%BB%B1c+d%C3%A2m HTTP/1.1" 200 999 "-" "Mozilla/5.0 AppleWebKit/537.36 (KHTML, like Gecko; compatible; GPTBot/1.2; +https://openai.com/gptbot)"
172.70.206.62 - - [08/May/2025:11:01:16 +0200] "GET /?app=phim+sex+th%E1%BB%A7+d%C3%A2m HTTP/1.1" 200 999 "-" "Mozilla/5.0 AppleWebKit/537.36 (KHTML, like Gecko; compatible; GPTBot/1.2; +https://openai.com/gptbot)"
172.70.206.62 - - [08/May/2025:11:01:17 +0200] "GET /?bet=phim+sex+m%C3%BAt+l%E1%BB%93n HTTP/1.1" 200 999 "-" "Mozilla/5.0 AppleWebKit/537.36 (KHTML, like Gecko; compatible; GPTBot/1.2; +https://openai.com/gptbot)"
162.158.88.51 - - [08/May/2025:11:01:17 +0200] "GET /?i=294211821 HTTP/1.1" 200 93801 "-" "Mozilla/5.0 (Linux; Android 5.0) AppleWebKit/537.36 (KHTML, like Gecko) Mobile Safari/537.36 (compatible; Bytespider; [email protected])"
172.68.164.37 - - [08/May/2025:11:01:18 +0200] "GET /IMG/logo/1024x538_cmsv2_c54013e5-8833-5743-86fc-a18b87d54ede-8113070.jpg.webp HTTP/1.1" 200 8812 "http://www.igihango.com/?i=294211821" "Mozilla/5.0 (Linux; Android 5.0) AppleWebKit/537.36 (KHTML, like Gecko) Mobile Safari/537.36 (compatible; Bytespider; [email protected])"
162.158.88.143 - - [08/May/2025:11:01:18 +0200] "GET /IMG/logo/img-20231108-wa0084.jpg HTTP/1.1" 200 8767 "http://www.igihango.com/?i=294211821" "Mozilla/5.0 (Linux; Android 5.0) AppleWebKit/537.36 (KHTML, like Gecko) Mobile Safari/537.36 (compatible; Bytespider; [email protected])"
172.70.206.62 - - [08/May/2025:11:01:18 +0200] "GET /?top=phim+sex+b%E1%BA%A1o+d%C3%A2m HTTP/1.1" 200 999 "-" "Mozilla/5.0 AppleWebKit/537.36 (KHTML, like Gecko; compatible; GPTBot/1.2; +https://openai.com/gptbot)"
172.70.206.62 - - [08/May/2025:11:01:19 +0200] "GET /?ios=sex+tr%E1%BA%A7n+h%C3%A0+linh HTTP/1.1" 200 999 "-" "Mozilla/5.0 AppleWebKit/537.36 (KHTML, like Gecko; compatible; GPTBot/1.2; +https://openai.com/gptbot)"
172.70.206.62 - - [08/May/2025:11:01:20 +0200] "GET /?top=phim+sec+b%E1%BA%A1o+d%C3%A2m HTTP/1.1" 200 999 "-" "Mozilla/5.0 AppleWebKit/537.36 (KHTML, like Gecko; compatible; GPTBot/1.2; +https://openai.com/gptbot)"
172.70.206.62 - - [08/May/2025:11:01:22 +0200] "GET /?hot=phim+sec+b%E1%BA%A1o+d%C3%A2m HTTP/1.1" 200 999 "-" "Mozilla/5.0 AppleWebKit/537.36 (KHTML, like Gecko; compatible; GPTBot/1.2; +https://openai.com/gptbot)"
172.70.206.62 - - [08/May/2025:11:01:23 +0200] "GET /?play=phim+sex+c%C3%B3+l%E1%BB%9Di HTTP/1.1" 200 999 "-" "Mozilla/5.0 AppleWebKit/537.36 (KHTML, like Gecko; compatible; GPTBot/1.2; +https://openai.com/gptbot)"
172.70.206.62 - - [08/May/2025:11:01:24 +0200] "GET /?bet=phim+sex+h%E1%BA%A7u+g%C3%A1i HTTP/1.1" 200 999 "-" "Mozilla/5.0 AppleWebKit/537.36 (KHTML, like Gecko; compatible; GPTBot/1.2; +https://openai.com/gptbot)"
172.70.206.62 - - [08/May/2025:11:01:25 +0200] "GET /?ios=phim+sex+ch%C3%A2u+m%E1%BB%B9 HTTP/1.1" 200 999 "-" "Mozilla/5.0 AppleWebKit/537.36 (KHTML, like Gecko; compatible; GPTBot/1.2; +https://openai.com/gptbot)"
172.70.206.62 - - [08/May/2025:11:01:26 +0200] "GET /?play=phim+jav+b%C3%BA+l%E1%BB%93n HTTP/1.1" 200 999 "-" "Mozilla/5.0 AppleWebKit/537.36 (KHTML, like Gecko; compatible; GPTBot/1.2; +https://openai.com/gptbot)"
172.70.206.62 - - [08/May/2025:11:01:27 +0200] "GET /?hot=phim+sex+c%E1%BB%B1c+d%C3%A2m HTTP/1.1" 200 999 "-" "Mozilla/5.0 AppleWebKit/537.36 (KHTML, like Gecko; compatible; GPTBot/1.2; +https://openai.com/gptbot)"
172.70.206.62 - - [08/May/2025:11:01:28 +0200] "GET /?keyword=%E1%BA%A3nh+sex+y+t%C3%A1 HTTP/1.1" 200 999 "-" "Mozilla/5.0 AppleWebKit/537.36 (KHTML, like Gecko; compatible; GPTBot/1.2; +https://openai.com/gptbot)"
172.70.206.62 - - [08/May/2025:11:01:30 +0200] "GET /?top=trai+dep+th%E1%BB%A7+d%C3%A2m HTTP/1.1" 200 999 "-" "Mozilla/5.0 AppleWebKit/537.36 (KHTML, like Gecko; compatible; GPTBot/1.2; +https://openai.com/gptbot)"
172.69.58.151 - - [08/May/2025:11:01:30 +0200] "GET /?hot=phim+xet+may+bay+ba+gia HTTP/1.1" 200 999 "-" "Mozilla/5.0 AppleWebKit/537.36 (KHTML, like Gecko; compatible; ClaudeBot/1.0; [email protected])"
172.70.206.62 - - [08/May/2025:11:01:31 +0200] "GET /?produc_id=ch%E1%BB%8B+d%C3%A2u+xx HTTP/1.1" 200 999 "-" "Mozilla/5.0 AppleWebKit/537.36 (KHTML, like Gecko; compatible; GPTBot/1.2; +https://openai.com/gptbot)"
172.70.206.62 - - [08/May/2025:11:01:32 +0200] "GET /?play=sex+g%C3%A1i+cao+c%E1%BA%A5p HTTP/1.1" 200 999 "-" "Mozilla/5.0 AppleWebKit/537.36 (KHTML, like Gecko; compatible; GPTBot/1.2; +https://openai.com/gptbot)"
172.70.206.62 - - [08/May/2025:11:01:33 +0200] "GET /?top=tr%E1%BA%A7n+h%C3%A0+lonh+sex HTTP/1.1" 200 999 "-" "Mozilla/5.0 AppleWebKit/537.36 (KHTML, like Gecko; compatible; GPTBot/1.2; +https://openai.com/gptbot)"
172.70.206.62 - - [08/May/2025:11:01:34 +0200] "GET /?play=tr%E1%BA%A7n+h%C3%A0+linh+xx HTTP/1.1" 200 999 "-" "Mozilla/5.0 AppleWebKit/537.36 (KHTML, like Gecko; compatible; GPTBot/1.2; +https://openai.com/gptbot)"
172.70.206.62 - - [08/May/2025:11:01:35 +0200] "GET /?top=hot+girl+th%E1%BB%A7+d%C3%A2m HTTP/1.1" 200 999 "-" "Mozilla/5.0 AppleWebKit/537.36 (KHTML, like Gecko; compatible; GPTBot/1.2; +https://openai.com/gptbot)"
172.70.206.62 - - [08/May/2025:11:01:36 +0200] "GET /?ios=sex+m%E1%BB%B9+ph%C3%A1+trinh HTTP/1.1" 200 999 "-" "Mozilla/5.0 AppleWebKit/537.36 (KHTML, like Gecko; compatible; GPTBot/1.2; +https://openai.com/gptbot)"
172.70.206.62 - - [08/May/2025:11:01:38 +0200] "GET /?hot=phim+sex+b%E1%BA%A1o+d%C3%A2m HTTP/1.1" 200 999 "-" "Mozilla/5.0 AppleWebKit/537.36 (KHTML, like Gecko; compatible; GPTBot/1.2; +https://openai.com/gptbot)"
172.70.206.62 - - [08/May/2025:11:01:39 +0200] "GET /?bet=sex+ph%C3%A1+trinh+m%E1%BB%B9 HTTP/1.1" 200 999 "-" "Mozilla/5.0 AppleWebKit/537.36 (KHTML, like Gecko; compatible; GPTBot/1.2; +https://openai.com/gptbot)"
172.70.206.62 - - [08/May/2025:11:01:40 +0200] "GET /?bet=sex+tr%E1%BA%A7n+h%C3%A0+lonh HTTP/1.1" 200 999 "-" "Mozilla/5.0 AppleWebKit/537.36 (KHTML, like Gecko; compatible; GPTBot/1.2; +https://openai.com/gptbot)"
172.70.206.62 - - [08/May/2025:11:01:41 +0200] "GET /?hot=sex+viet+th%E1%BB%A7+d%C3%A2m HTTP/1.1" 200 999 "-" "Mozilla/5.0 AppleWebKit/537.36 (KHTML, like Gecko; compatible; GPTBot/1.2; +https://openai.com/gptbot)"
172.70.206.62 - - [08/May/2025:11:01:42 +0200] "GET /?bet=phim+sex+l%E1%BB%93n+m%C3%BAp HTTP/1.1" 200 999 "-" "Mozilla/5.0 AppleWebKit/537.36 (KHTML, like Gecko; compatible; GPTBot/1.2; +https://openai.com/gptbot)"
172.70.206.62 - - [08/May/2025:11:01:43 +0200] "GET /?hot=trai+dep+th%E1%BB%A7+d%C3%A2m HTTP/1.1" 200 999 "-" "Mozilla/5.0 AppleWebKit/537.36 (KHTML, like Gecko; compatible; GPTBot/1.2; +https://openai.com/gptbot)"
172.71.124.22 - - [08/May/2025:11:01:43 +0200] "GET /?i=119721521 HTTP/1.1" 200 93801 "-" "Mozilla/5.0 (Linux; Android 5.0) AppleWebKit/537.36 (KHTML, like Gecko) Mobile Safari/537.36 (compatible; Bytespider; [email protected])"
172.68.164.37 - - [08/May/2025:11:01:44 +0200] "GET /IMG/logo/1024x538_cmsv2_c54013e5-8833-5743-86fc-a18b87d54ede-8113070.jpg.webp HTTP/1.1" 200 8812 "http://www.igihango.com/?i=119721521" "Mozilla/5.0 (Linux; Android 5.0) AppleWebKit/537.36 (KHTML, like Gecko) Mobile Safari/537.36 (compatible; Bytespider; [email protected])"
162.158.88.142 - - [08/May/2025:11:01:44 +0200] "GET /IMG/logo/img-20231108-wa0084.jpg HTTP/1.1" 200 8767 "http://www.igihango.com/?i=119721521" "Mozilla/5.0 (Linux; Android 5.0) AppleWebKit/537.36 (KHTML, like Gecko) Mobile Safari/537.36 (compatible; Bytespider; [email protected])"
172.70.206.62 - - [08/May/2025:11:01:45 +0200] "GET /?ios=tr%E1%BA%A7n+h%C3%A0+linh+sex HTTP/1.1" 200 999 "-" "Mozilla/5.0 AppleWebKit/537.36 (KHTML, like Gecko; compatible; GPTBot/1.2; +https://openai.com/gptbot)"
172.70.206.62 - - [08/May/2025:11:01:46 +0200] "GET /?hot=phim+sex+g%C3%A1i+x%E1%BB%8Bn HTTP/1.1" 200 999 "-" "Mozilla/5.0 AppleWebKit/537.36 (KHTML, like Gecko; compatible; GPTBot/1.2; +https://openai.com/gptbot)"
172.70.206.62 - - [08/May/2025:11:01:47 +0200] "GET /?top=tr%E1%BA%A7n+h%C3%A0+linh+xex HTTP/1.1" 200 999 "-" "Mozilla/5.0 AppleWebKit/537.36 (KHTML, like Gecko; compatible; GPTBot/1.2; +https://openai.com/gptbot)"
172.70.206.62 - - [08/May/2025:11:01:48 +0200] "GET /?app=sex+c%E1%BB%A7a+th%C3%A1i+lan HTTP/1.1" 200 999 "-" "Mozilla/5.0 AppleWebKit/537.36 (KHTML, like Gecko; compatible; GPTBot/1.2; +https://openai.com/gptbot)"
172.70.206.62 - - [08/May/2025:11:01:49 +0200] "GET /?bet=sex+tr%E1%BA%A7n+h%C3%A0+linh HTTP/1.1" 200 999 "-" "Mozilla/5.0 AppleWebKit/537.36 (KHTML, like Gecko; compatible; GPTBot/1.2; +https://openai.com/gptbot)"
172.70.206.62 - - [08/May/2025:11:01:50 +0200] "GET /?top=sex+m%E1%BB%B9+ph%C3%A1+trinh HTTP/1.1" 200 999 "-" "Mozilla/5.0 AppleWebKit/537.36 (KHTML, like Gecko; compatible; GPTBot/1.2; +https://openai.com/gptbot)"
172.70.206.62 - - [08/May/2025:11:01:51 +0200] "GET /?bet=phim+sex+g%C3%A1i+x%E1%BB%8Bn HTTP/1.1" 200 999 "-" "Mozilla/5.0 AppleWebKit/537.36 (KHTML, like Gecko; compatible; GPTBot/1.2; +https://openai.com/gptbot)"
172.70.206.62 - - [08/May/2025:11:01:53 +0200] "GET /?play=%C4%91%E1%BB%8Bt+nhau+%E1%BB%9F HTTP/1.1" 200 999 "-" "Mozilla/5.0 AppleWebKit/537.36 (KHTML, like Gecko; compatible; GPTBot/1.2; +https://openai.com/gptbot)"
172.70.206.62 - - [08/May/2025:11:01:54 +0200] "GET /?ios=m%E1%BB%B9+%C4%91%E1%BB%8Bt+nhau HTTP/1.1" 200 999 "-" "Mozilla/5.0 AppleWebKit/537.36 (KHTML, like Gecko; compatible; GPTBot/1.2; +https://openai.com/gptbot)"
172.70.206.62 - - [08/May/2025:11:01:55 +0200] "GET /?video=phim+sex+tr%C3%B9n+qu%E1%BB%91c HTTP/1.1" 200 999 "-" "Mozilla/5.0 AppleWebKit/537.36 (KHTML, like Gecko; compatible; GPTBot/1.2; +https://openai.com/gptbot)"
172.70.206.62 - - [08/May/2025:11:01:56 +0200] "GET /?video=phim+sec+h%C3%A0ng+qu%E1%BB%91c HTTP/1.1" 200 999 "-" "Mozilla/5.0 AppleWebKit/537.36 (KHTML, like Gecko; compatible; GPTBot/1.2; +https://openai.com/gptbot)"
172.70.206.62 - - [08/May/2025:11:01:57 +0200] "GET /?video=phim+xet+h%C3%A0n+qu%E1%BB%91c HTTP/1.1" 200 999 "-" "Mozilla/5.0 AppleWebKit/537.36 (KHTML, like Gecko; compatible; GPTBot/1.2; +https://openai.com/gptbot)"
172.70.206.62 - - [08/May/2025:11:01:58 +0200] "GET /?video=quay+l%C3%A9n+vi%E1%BB%87t+nam HTTP/1.1" 200 999 "-" "Mozilla/5.0 AppleWebKit/537.36 (KHTML, like Gecko; compatible; GPTBot/1.2; +https://openai.com/gptbot)"
172.70.206.62 - - [08/May/2025:11:01:59 +0200] "GET /?video=link+sex+h%C3%A0n+qu%E1%BB%91c HTTP/1.1" 200 999 "-" "Mozilla/5.0 AppleWebKit/537.36 (KHTML, like Gecko; compatible; GPTBot/1.2; +https://openai.com/gptbot)"
172.70.206.62 - - [08/May/2025:11:02:01 +0200] "GET /?video=clip+sex+h%C3%A0n+qu%E1%BB%91c HTTP/1.1" 200 999 "-" "Mozilla/5.0 AppleWebKit/537.36 (KHTML, like Gecko; compatible; GPTBot/1.2; +https://openai.com/gptbot)"
172.70.206.62 - - [08/May/2025:11:02:02 +0200] "GET /?video=phim+jav+h%C3%A0n+qu%E1%BB%91c HTTP/1.1" 200 999 "-" "Mozilla/5.0 AppleWebKit/537.36 (KHTML, like Gecko; compatible; GPTBot/1.2; +https://openai.com/gptbot)"
172.70.206.62 - - [08/May/2025:11:02:03 +0200] "GET /?video=sex+nguy%E1%BB%85n+h%C3%A0+linh HTTP/1.1" 200 999 "-" "Mozilla/5.0 AppleWebKit/537.36 (KHTML, like Gecko; compatible; GPTBot/1.2; +https://openai.com/gptbot)"
172.70.178.35 - - [08/May/2025:11:02:04 +0200] "GET /?app=xex+m%C4%A9 HTTP/1.1" 200 999 "-" "Mozilla/5.0 AppleWebKit/537.36 (KHTML, like Gecko; compatible; ClaudeBot/1.0; [email protected])"
172.69.17.188 - - [08/May/2025:11:02:04 +0200] "GET /?play=gaimup.xyz HTTP/1.1" 200 999 "-" "Mozilla/5.0 AppleWebKit/537.36 (KHTML, like Gecko; compatible; ClaudeBot/1.0; [email protected])"
172.69.58.70 - - [08/May/2025:11:02:04 +0200] "GET /?app=dit+nhau+trung HTTP/1.1" 200 999 "-" "Mozilla/5.0 AppleWebKit/537.36 (KHTML, like Gecko; compatible; ClaudeBot/1.0; [email protected])"
172.69.7.140 - - [08/May/2025:11:02:04 +0200] "GET /?bet=g%C3%A1i+d%C3%A2m HTTP/1.1" 200 999 "-" "Mozilla/5.0 AppleWebKit/537.36 (KHTML, like Gecko; compatible; ClaudeBot/1.0; [email protected])"
172.70.206.62 - - [08/May/2025:11:02:04 +0200] "GET /?video=phim+sex+h%C3%A0n+qu%E1%BB%91c HTTP/1.1" 200 999 "-" "Mozilla/5.0 AppleWebKit/537.36 (KHTML, like Gecko; compatible; GPTBot/1.2; +https://openai.com/gptbot)"
172.69.17.125 - - [08/May/2025:11:02:04 +0200] "GET /?keyword=sex+trung+ph%C3%A1+trinh HTTP/1.1" 200 999 "-" "Mozilla/5.0 AppleWebKit/537.36 (KHTML, like Gecko; compatible; ClaudeBot/1.0; [email protected])"
172.70.206.62 - - [08/May/2025:11:02:05 +0200] "GET /?video=phim+seex+h%C3%A0n+qu%E1%BB%91c HTTP/1.1" 200 999 "-" "Mozilla/5.0 AppleWebKit/537.36 (KHTML, like Gecko; compatible; GPTBot/1.2; +https://openai.com/gptbot)"
172.70.206.62 - - [08/May/2025:11:02:06 +0200] "GET /?video=phim+sex+g%C3%A2y+vi%E1%BB%87t HTTP/1.1" 200 999 "-" "Mozilla/5.0 AppleWebKit/537.36 (KHTML, like Gecko; compatible; GPTBot/1.2; +https://openai.com/gptbot)"
172.70.206.62 - - [08/May/2025:11:02:08 +0200] "GET /?video=chat+sex+h%C3%A0n+qu%E1%BB%91c HTTP/1.1" 200 999 "-" "Mozilla/5.0 AppleWebKit/537.36 (KHTML, like Gecko; compatible; GPTBot/1.2; +https://openai.com/gptbot)"
172.70.206.62 - - [08/May/2025:11:02:09 +0200] "GET /?video=phim+x%C3%A9t+han+qu%E1%BB%91c HTTP/1.1" 200 999 "-" "Mozilla/5.0 AppleWebKit/537.36 (KHTML, like Gecko; compatible; GPTBot/1.2; +https://openai.com/gptbot)"
172.70.206.62 - - [08/May/2025:11:02:10 +0200] "GET /?video=sex+anime+h%C3%A0n+qu%E1%BB%91c HTTP/1.1" 200 999 "-" "Mozilla/5.0 AppleWebKit/537.36 (KHTML, like Gecko; compatible; GPTBot/1.2; +https://openai.com/gptbot)"
172.68.242.89 - - [08/May/2025:11:02:11 +0200] "GET /?i=411100521 HTTP/1.1" 200 93801 "-" "Mozilla/5.0 (Linux; Android 5.0) AppleWebKit/537.36 (KHTML, like Gecko) Mobile Safari/537.36 (compatible; Bytespider; [email protected])"
172.70.206.62 - - [08/May/2025:11:02:11 +0200] "GET /?video=phim+sex+th%E1%BB%95i+k%C3%A8n HTTP/1.1" 200 999 "-" "Mozilla/5.0 AppleWebKit/537.36 (KHTML, like Gecko; compatible; GPTBot/1.2; +https://openai.com/gptbot)"
172.70.206.62 - - [08/May/2025:11:02:12 +0200] "GET /?ios=sex+l%E1%BB%93n+b%E1%BA%AFn+n%C6%B0%E1%BB%9Bc HTTP/1.1" 200 999 "-" "Mozilla/5.0 AppleWebKit/537.36 (KHTML, like Gecko; compatible; GPTBot/1.2; +https://openai.com/gptbot)"
172.68.164.36 - - [08/May/2025:11:02:12 +0200] "GET /IMG/logo/1024x538_cmsv2_c54013e5-8833-5743-86fc-a18b87d54ede-8113070.jpg.webp HTTP/1.1" 200 8812 "http://www.igihango.com/?i=411100521" "Mozilla/5.0 (Linux; Android 5.0) AppleWebKit/537.36 (KHTML, like Gecko) Mobile Safari/537.36 (compatible; Bytespider; [email protected])"
162.158.88.142 - - [08/May/2025:11:02:13 +0200] "GET /IMG/logo/img-20231108-wa0084.jpg HTTP/1.1" 200 8767 "http://www.igihango.com/?i=411100521" "Mozilla/5.0 (Linux; Android 5.0) AppleWebKit/537.36 (KHTML, like Gecko) Mobile Safari/537.36 (compatible; Bytespider; [email protected])"
172.70.206.62 - - [08/May/2025:11:02:13 +0200] "GET /?bet=sex+ch%C3%A2u+%C3%A2u+c%C3%B3+d%E1%BB%8Bch HTTP/1.1" 200 999 "-" "Mozilla/5.0 AppleWebKit/537.36 (KHTML, like Gecko; compatible; GPTBot/1.2; +https://openai.com/gptbot)"
172.70.206.62 - - [08/May/2025:11:02:14 +0200] "GET /?hot=sex+ch%C3%A2u+%C3%A2u+c%C3%B3+d%E1%BB%8Bch HTTP/1.1" 200 999 "-" "Mozilla/5.0 AppleWebKit/537.36 (KHTML, like Gecko; compatible; GPTBot/1.2; +https://openai.com/gptbot)"
172.70.206.62 - - [08/May/2025:11:02:16 +0200] "GET /?hot=sex+l%E1%BB%93n+b%E1%BA%AFn+n%C6%B0%E1%BB%9Bc HTTP/1.1" 200 999 "-" "Mozilla/5.0 AppleWebKit/537.36 (KHTML, like Gecko; compatible; GPTBot/1.2; +https://openai.com/gptbot)"
172.70.206.62 - - [08/May/2025:11:02:17 +0200] "GET /?top=sex+v%E1%BB%9Bi+ng%C6%B0%E1%BB%9Di+l%E1%BA%A1 HTTP/1.1" 200 999 "-" "Mozilla/5.0 AppleWebKit/537.36 (KHTML, like Gecko; compatible; GPTBot/1.2; +https://openai.com/gptbot)"
172.70.206.62 - - [08/May/2025:11:02:18 +0200] "GET /?hot=sex+%E1%BB%9F+tr%C6%B0%E1%BB%9Dng+h%E1%BB%8Dc HTTP/1.1" 200 999 "-" "Mozilla/5.0 AppleWebKit/537.36 (KHTML, like Gecko; compatible; GPTBot/1.2; +https://openai.com/gptbot)"
172.70.206.62 - - [08/May/2025:11:02:19 +0200] "GET /?bet=sex+v%E1%BB%9Bi+ng%C6%B0%E1%BB%9Di+l%E1%BA%A1 HTTP/1.1" 200 999 "-" "Mozilla/5.0 AppleWebKit/537.36 (KHTML, like Gecko; compatible; GPTBot/1.2; +https://openai.com/gptbot)"
172.70.206.62 - - [08/May/2025:11:02:20 +0200] "GET /?hot=sex+v%E1%BB%9Bi+ng%C6%B0%E1%BB%9Di+l%E1%BA%A1 HTTP/1.1" 200 999 "-" "Mozilla/5.0 AppleWebKit/537.36 (KHTML, like Gecko; compatible; GPTBot/1.2; +https://openai.com/gptbot)"
172.70.206.62 - - [08/May/2025:11:02:21 +0200] "GET /?top=sex+l%E1%BB%93n+b%E1%BA%AFn+n%C6%B0%E1%BB%9Bc HTTP/1.1" 200 999 "-" "Mozilla/5.0 AppleWebKit/537.36 (KHTML, like Gecko; compatible; GPTBot/1.2; +https://openai.com/gptbot)"
172.70.206.62 - - [08/May/2025:11:02:22 +0200] "GET /?video=gai+xinh+.+com HTTP/1.1" 200 999 "-" "Mozilla/5.0 AppleWebKit/537.36 (KHTML, like Gecko; compatible; GPTBot/1.2; +https://openai.com/gptbot)"
172.70.206.62 - - [08/May/2025:11:02:24 +0200] "GET /?video=lau+xanh+.+com HTTP/1.1" 200 999 "-" "Mozilla/5.0 AppleWebKit/537.36 (KHTML, like Gecko; compatible; GPTBot/1.2; +https://openai.com/gptbot)"
172.70.206.62 - - [08/May/2025:11:02:25 +0200] "GET /?video=phim+18++kim+b%C3%ACnh+mai HTTP/1.1" 200 999 "-" "Mozilla/5.0 AppleWebKit/537.36 (KHTML, like Gecko; compatible; GPTBot/1.2; +https://openai.com/gptbot)"
172.70.206.62 - - [08/May/2025:11:02:26 +0200] "GET /?video=l%E1%BB%8Bch+thi+gi%E1%BA%A3i+ngo%E1%BA%A1i+h%E1%BA%A1ng+anh HTTP/1.1" 200 999 "-" "Mozilla/5.0 AppleWebKit/537.36 (KHTML, like Gecko; compatible; GPTBot/1.2; +https://openai.com/gptbot)"
172.70.206.62 - - [08/May/2025:11:02:27 +0200] "GET /?keyword=phim+vi%E1%BB%87t+nam+c%C3%B3+ti%E1%BA%BFng HTTP/1.1" 200 999 "-" "Mozilla/5.0 AppleWebKit/537.36 (KHTML, like Gecko; compatible; GPTBot/1.2; +https://openai.com/gptbot)"
172.70.206.62 - - [08/May/2025:11:02:28 +0200] "GET /?keyword=jav+kh%C3%B4ng+che+m%E1%BB%9Bi+nh%E1%BA%A5t HTTP/1.1" 200 999 "-" "Mozilla/5.0 AppleWebKit/537.36 (KHTML, like Gecko; compatible; GPTBot/1.2; +https://openai.com/gptbot)"
172.70.206.62 - - [08/May/2025:11:02:29 +0200] "GET /?video=th%E1%BB%A9+h%E1%BA%A1ng+c%E1%BB%A7a+inter+miami HTTP/1.1" 200 999 "-" "Mozilla/5.0 AppleWebKit/537.36 (KHTML, like Gecko; compatible; GPTBot/1.2; +https://openai.com/gptbot)"
172.70.206.62 - - [08/May/2025:11:02:31 +0200] "GET /?video=code+l%E1%BB%A5c+gi%E1%BB%9Bi+phong+th%E1%BA%A7n HTTP/1.1" 200 999 "-" "Mozilla/5.0 AppleWebKit/537.36 (KHTML, like Gecko; compatible; GPTBot/1.2; +https://openai.com/gptbot)"
172.70.206.62 - - [08/May/2025:11:02:32 +0200] "GET /?game=phim+sex.net+viet+nam HTTP/1.1" 200 999 "-" "Mozilla/5.0 AppleWebKit/537.36 (KHTML, like Gecko; compatible; GPTBot/1.2; +https://openai.com/gptbot)"
172.70.206.62 - - [08/May/2025:11:02:33 +0200] "GET /?play=b%C3%B3ng+%C4%91%C3%A1+net HTTP/1.1" 200 999 "-" "Mozilla/5.0 AppleWebKit/537.36 (KHTML, like Gecko; compatible; GPTBot/1.2; +https://openai.com/gptbot)"
172.70.206.62 - - [08/May/2025:11:02:34 +0200] "GET /?keyword=ch%E1%BB%8Bch+vi%E1%BB%87t HTTP/1.1" 200 999 "-" "Mozilla/5.0 AppleWebKit/537.36 (KHTML, like Gecko; compatible; GPTBot/1.2; +https://openai.com/gptbot)"
172.70.206.62 - - [08/May/2025:11:02:36 +0200] "GET /?keyword=s%E1%BB%85+trung+qu%E1%BB%91c HTTP/1.1" 200 999 "-" "Mozilla/5.0 AppleWebKit/537.36 (KHTML, like Gecko; compatible; GPTBot/1.2; +https://openai.com/gptbot)"
172.70.142.84 - - [08/May/2025:11:02:36 +0200] "GET /?i=79846321 HTTP/1.1" 200 93801 "-" "Mozilla/5.0 (Linux; Android 5.0) AppleWebKit/537.36 (KHTML, like Gecko) Mobile Safari/537.36 (compatible; Bytespider; [email protected])"
172.70.206.62 - - [08/May/2025:11:02:37 +0200] "GET /?ios=t%E1%BA%A3i+123b.com HTTP/1.1" 200 999 "-" "Mozilla/5.0 AppleWebKit/537.36 (KHTML, like Gecko; compatible; GPTBot/1.2; +https://openai.com/gptbot)"
172.68.164.37 - - [08/May/2025:11:02:37 +0200] "GET /IMG/logo/1024x538_cmsv2_c54013e5-8833-5743-86fc-a18b87d54ede-8113070.jpg.webp HTTP/1.1" 200 8812 "http://www.igihango.com/?i=79846321" "Mozilla/5.0 (Linux; Android 5.0) AppleWebKit/537.36 (KHTML, like Gecko) Mobile Safari/537.36 (compatible; Bytespider; [email protected])"
162.158.88.142 - - [08/May/2025:11:02:37 +0200] "GET /IMG/logo/img-20231108-wa0084.jpg HTTP/1.1" 200 8767 "http://www.igihango.com/?i=79846321" "Mozilla/5.0 (Linux; Android 5.0) AppleWebKit/537.36 (KHTML, like Gecko) Mobile Safari/537.36 (compatible; Bytespider; [email protected])"
172.70.206.62 - - [08/May/2025:11:02:38 +0200] "GET /?top=t%E1%BA%A3i+123b.com HTTP/1.1" 200 999 "-" "Mozilla/5.0 AppleWebKit/537.36 (KHTML, like Gecko; compatible; GPTBot/1.2; +https://openai.com/gptbot)"
172.70.206.62 - - [08/May/2025:11:02:39 +0200] "GET /?hot=t%E1%BA%A3i+123b.com HTTP/1.1" 200 999 "-" "Mozilla/5.0 AppleWebKit/537.36 (KHTML, like Gecko; compatible; GPTBot/1.2; +https://openai.com/gptbot)"
172.70.206.62 - - [08/May/2025:11:02:40 +0200] "GET /?game=%C4%91an+m%E1%BA%A1ch+vs+ph%C3%A1p HTTP/1.1" 200 999 "-" "Mozilla/5.0 AppleWebKit/537.36 (KHTML, like Gecko; compatible; GPTBot/1.2; +https://openai.com/gptbot)"
172.70.206.62 - - [08/May/2025:11:02:41 +0200] "GET /?produc_id=sex+ko+che+t%E1%BA%ADp+th%E1%BB%83 HTTP/1.1" 200 999 "-" "Mozilla/5.0 AppleWebKit/537.36 (KHTML, like Gecko; compatible; GPTBot/1.2; +https://openai.com/gptbot)"
172.70.206.62 - - [08/May/2025:11:02:42 +0200] "GET /?top=truc+ti%C3%AAp+bong+%C4%91a HTTP/1.1" 200 999 "-" "Mozilla/5.0 AppleWebKit/537.36 (KHTML, like Gecko; compatible; GPTBot/1.2; +https://openai.com/gptbot)"
172.70.206.62 - - [08/May/2025:11:02:44 +0200] "GET /?produc_id=d%C3%A2m+lo%E1%BA%A1n HTTP/1.1" 200 999 "-" "Mozilla/5.0 AppleWebKit/537.36 (KHTML, like Gecko; compatible; GPTBot/1.2; +https://openai.com/gptbot)"
172.70.206.62 - - [08/May/2025:11:02:45 +0200] "GET /?app=bong+%C4%91a+truc+ti%C3%AAp HTTP/1.1" 200 999 "-" "Mozilla/5.0 AppleWebKit/537.36 (KHTML, like Gecko; compatible; GPTBot/1.2; +https://openai.com/gptbot)"
172.70.206.62 - - [08/May/2025:11:02:46 +0200] "GET /?hot=sex+han+qu%C3%B4%CC%81c HTTP/1.1" 200 999 "-" "Mozilla/5.0 AppleWebKit/537.36 (KHTML, like Gecko; compatible; GPTBot/1.2; +https://openai.com/gptbot)"
172.70.206.62 - - [08/May/2025:11:02:47 +0200] "GET /?produc_id=ch%E1%BB%8Bch+b%C3%A9 HTTP/1.1" 200 999 "-" "Mozilla/5.0 AppleWebKit/537.36 (KHTML, like Gecko; compatible; GPTBot/1.2; +https://openai.com/gptbot)"
172.70.206.62 - - [08/May/2025:11:02:48 +0200] "GET /?app=truc+ti%C3%AAp+bong+%C4%91a HTTP/1.1" 200 999 "-" "Mozilla/5.0 AppleWebKit/537.36 (KHTML, like Gecko; compatible; GPTBot/1.2; +https://openai.com/gptbot)"
172.70.206.62 - - [08/May/2025:11:02:49 +0200] "GET /?play=qu%E1%BA%A7n+l%C3%B3t+rung HTTP/1.1" 200 999 "-" "Mozilla/5.0 AppleWebKit/537.36 (KHTML, like Gecko; compatible; GPTBot/1.2; +https://openai.com/gptbot)"
172.70.206.62 - - [08/May/2025:11:02:50 +0200] "GET /?produc_id=g%C3%A1i+n%E1%BB%A9ng HTTP/1.1" 200 999 "-" "Mozilla/5.0 AppleWebKit/537.36 (KHTML, like Gecko; compatible; GPTBot/1.2; +https://openai.com/gptbot)"
172.70.206.62 - - [08/May/2025:11:02:52 +0200] "GET /?bet=serbia+th%E1%BB%A5y+s%C4%A9 HTTP/1.1" 200 999 "-" "Mozilla/5.0 AppleWebKit/537.36 (KHTML, like Gecko; compatible; GPTBot/1.2; +https://openai.com/gptbot)"
172.70.206.62 - - [08/May/2025:11:02:53 +0200] "GET /?top=phim+sex+s%C6%B0%E1%BB%9Bng HTTP/1.1" 200 999 "-" "Mozilla/5.0 AppleWebKit/537.36 (KHTML, like Gecko; compatible; GPTBot/1.2; +https://openai.com/gptbot)"
172.70.206.62 - - [08/May/2025:11:02:54 +0200] "GET /?keyword=sex+th%C6%B0+k%E1%BB%B3 HTTP/1.1" 200 999 "-" "Mozilla/5.0 AppleWebKit/537.36 (KHTML, like Gecko; compatible; GPTBot/1.2; +https://openai.com/gptbot)"
172.70.206.62 - - [08/May/2025:11:02:55 +0200] "GET /?hot=phim+kh%E1%BB%8Fa+th%C3%A2n HTTP/1.1" 200 999 "-" "Mozilla/5.0 AppleWebKit/537.36 (KHTML, like Gecko; compatible; GPTBot/1.2; +https://openai.com/gptbot)"
172.70.206.62 - - [08/May/2025:11:02:56 +0200] "GET /?app=sex+h%C3%A0ng+kh%E1%BB%A7ng HTTP/1.1" 200 999 "-" "Mozilla/5.0 AppleWebKit/537.36 (KHTML, like Gecko; compatible; GPTBot/1.2; +https://openai.com/gptbot)"
172.70.206.62 - - [08/May/2025:11:02:57 +0200] "GET /?keyword=th%C6%B0+k%E1%BB%B3+sex HTTP/1.1" 200 999 "-" "Mozilla/5.0 AppleWebKit/537.36 (KHTML, like Gecko; compatible; GPTBot/1.2; +https://openai.com/gptbot)"
172.70.206.62 - - [08/May/2025:11:02:59 +0200] "GET /?play=sex+lo%E1%BA%A1n.lu%C3%A2n HTTP/1.1" 200 999 "-" "Mozilla/5.0 AppleWebKit/537.36 (KHTML, like Gecko; compatible; GPTBot/1.2; +https://openai.com/gptbot)"
172.70.206.62 - - [08/May/2025:11:03:00 +0200] "GET /?bet=sex+han+qu%C3%B4%CC%81c HTTP/1.1" 200 999 "-" "Mozilla/5.0 AppleWebKit/537.36 (KHTML, like Gecko; compatible; GPTBot/1.2; +https://openai.com/gptbot)"
172.70.206.62 - - [08/May/2025:11:03:01 +0200] "GET /?top=bong+%C4%91a+truc+ti%C3%AAp HTTP/1.1" 200 999 "-" "Mozilla/5.0 AppleWebKit/537.36 (KHTML, like Gecko; compatible; GPTBot/1.2; +https://openai.com/gptbot)"
172.70.206.62 - - [08/May/2025:11:03:02 +0200] "GET /?bet=phim+xet+gia+%C4%91%C3%ACnh HTTP/1.1" 200 999 "-" "Mozilla/5.0 AppleWebKit/537.36 (KHTML, like Gecko; compatible; GPTBot/1.2; +https://openai.com/gptbot)"
172.68.164.107 - - [08/May/2025:11:03:02 +0200] "GET /?i=300224421 HTTP/1.1" 200 93801 "-" "Mozilla/5.0 (Linux; Android 5.0) AppleWebKit/537.36 (KHTML, like Gecko) Mobile Safari/537.36 (compatible; Bytespider; [email protected])"
172.70.206.62 - - [08/May/2025:11:03:03 +0200] "GET /?ios=sex+han+qu%C3%B4%CC%81c HTTP/1.1" 200 999 "-" "Mozilla/5.0 AppleWebKit/537.36 (KHTML, like Gecko; compatible; GPTBot/1.2; +https://openai.com/gptbot)"
172.68.164.36 - - [08/May/2025:11:03:03 +0200] "GET /IMG/logo/1024x538_cmsv2_c54013e5-8833-5743-86fc-a18b87d54ede-8113070.jpg.webp HTTP/1.1" 200 8812 "http://www.igihango.com/?i=300224421" "Mozilla/5.0 (Linux; Android 5.0) AppleWebKit/537.36 (KHTML, like Gecko) Mobile Safari/537.36 (compatible; Bytespider; [email protected])"
162.158.88.143 - - [08/May/2025:11:03:03 +0200] "GET /IMG/logo/img-20231108-wa0084.jpg HTTP/1.1" 200 8767 "http://www.igihango.com/?i=300224421" "Mozilla/5.0 (Linux; Android 5.0) AppleWebKit/537.36 (KHTML, like Gecko) Mobile Safari/537.36 (compatible; Bytespider; [email protected])"
172.70.206.62 - - [08/May/2025:11:03:04 +0200] "GET /?play=gia+%C4%91%C3%ACnh+sex HTTP/1.1" 200 999 "-" "Mozilla/5.0 AppleWebKit/537.36 (KHTML, like Gecko; compatible; GPTBot/1.2; +https://openai.com/gptbot)"
172.70.206.62 - - [08/May/2025:11:03:05 +0200] "GET /?hot=phim+sex+s%C6%B0%E1%BB%9Bng HTTP/1.1" 200 999 "-" "Mozilla/5.0 AppleWebKit/537.36 (KHTML, like Gecko; compatible; GPTBot/1.2; +https://openai.com/gptbot)"
172.70.206.62 - - [08/May/2025:11:03:07 +0200] "GET /?hot=quay+l%C3%A9n+ch%E1%BB%8Bch HTTP/1.1" 200 999 "-" "Mozilla/5.0 AppleWebKit/537.36 (KHTML, like Gecko; compatible; GPTBot/1.2; +https://openai.com/gptbot)"
172.70.206.62 - - [08/May/2025:11:03:08 +0200] "GET /?ios=sex+h%C3%A0ng+kh%E1%BB%A7ng HTTP/1.1" 200 999 "-" "Mozilla/5.0 AppleWebKit/537.36 (KHTML, like Gecko; compatible; GPTBot/1.2; +https://openai.com/gptbot)"
172.70.206.62 - - [08/May/2025:11:03:09 +0200] "GET /?hot=lich+thi+dau+ngoai+hang+anh+h%C3%B4m+nay HTTP/1.1" 200 999 "-" "Mozilla/5.0 AppleWebKit/537.36 (KHTML, like Gecko; compatible; GPTBot/1.2; +https://openai.com/gptbot)"
172.70.206.62 - - [08/May/2025:11:03:10 +0200] "GET /?app=lich+thi+dau+ngoai+hang+anh+h%C3%B4m+nay HTTP/1.1" 200 999 "-" "Mozilla/5.0 AppleWebKit/537.36 (KHTML, like Gecko; compatible; GPTBot/1.2; +https://openai.com/gptbot)"
172.70.206.62 - - [08/May/2025:11:03:11 +0200] "GET /?ios=lich+thi+dau+ngoai+hang+anh+h%C3%B4m+nay HTTP/1.1" 200 999 "-" "Mozilla/5.0 AppleWebKit/537.36 (KHTML, like Gecko; compatible; GPTBot/1.2; +https://openai.com/gptbot)"
172.70.206.62 - - [08/May/2025:11:03:12 +0200] "GET /?app=%C4%91%E1%BB%99i+h%C3%ACnh+argentina+vs+ph%C3%A1p HTTP/1.1" 200 999 "-" "Mozilla/5.0 AppleWebKit/537.36 (KHTML, like Gecko; compatible; GPTBot/1.2; +https://openai.com/gptbot)"
172.70.206.62 - - [08/May/2025:11:03:14 +0200] "GET /?video=sex+ch%E1%BB%8Bch+khi+ng%E1%BB%A7 HTTP/1.1" 200 999 "-" "Mozilla/5.0 AppleWebKit/537.36 (KHTML, like Gecko; compatible; GPTBot/1.2; +https://openai.com/gptbot)"
172.70.206.62 - - [08/May/2025:11:03:15 +0200] "GET /?video=phim+sex+c%E1%BB%B1c+n%E1%BB%A9ng HTTP/1.1" 200 999 "-" "Mozilla/5.0 AppleWebKit/537.36 (KHTML, like Gecko; compatible; GPTBot/1.2; +https://openai.com/gptbot)"
172.70.206.62 - - [08/May/2025:11:03:16 +0200] "GET /?hot=lu%E1%BA%ADn+lu%C3%A2n HTTP/1.1" 200 999 "-" "Mozilla/5.0 AppleWebKit/537.36 (KHTML, like Gecko; compatible; GPTBot/1.2; +https://openai.com/gptbot)"
172.70.206.62 - - [08/May/2025:11:03:17 +0200] "GET /?app=lu%E1%BA%ADn+lu%C3%A2n HTTP/1.1" 200 999 "-" "Mozilla/5.0 AppleWebKit/537.36 (KHTML, like Gecko; compatible; GPTBot/1.2; +https://openai.com/gptbot)"
172.70.206.62 - - [08/May/2025:11:03:18 +0200] "GET /?bet=lu%E1%BA%ADn+lu%C3%A2n HTTP/1.1" 200 999 "-" "Mozilla/5.0 AppleWebKit/537.36 (KHTML, like Gecko; compatible; GPTBot/1.2; +https://openai.com/gptbot)"
172.70.206.62 - - [08/May/2025:11:03:19 +0200] "GET /?ios=lu%E1%BA%ADn+lu%C3%A2n HTTP/1.1" 200 999 "-" "Mozilla/5.0 AppleWebKit/537.36 (KHTML, like Gecko; compatible; GPTBot/1.2; +https://openai.com/gptbot)"
172.70.206.62 - - [08/May/2025:11:03:21 +0200] "GET /?top=lu%E1%BA%ADn+lu%C3%A2n HTTP/1.1" 200 999 "-" "Mozilla/5.0 AppleWebKit/537.36 (KHTML, like Gecko; compatible; GPTBot/1.2; +https://openai.com/gptbot)"
172.70.206.62 - - [08/May/2025:11:03:22 +0200] "GET /?keyword=xxx+b%E1%BA%A1o+l%E1%BB%B1c HTTP/1.1" 200 999 "-" "Mozilla/5.0 AppleWebKit/537.36 (KHTML, like Gecko; compatible; GPTBot/1.2; +https://openai.com/gptbot)"
172.70.206.62 - - [08/May/2025:11:03:23 +0200] "GET /?keyword=sex+th%E1%BB%A7+d%C3%A2m+g%C3%A1i+xinh HTTP/1.1" 200 999 "-" "Mozilla/5.0 AppleWebKit/537.36 (KHTML, like Gecko; compatible; GPTBot/1.2; +https://openai.com/gptbot)"
172.70.206.62 - - [08/May/2025:11:03:24 +0200] "GET /?keyword=hot+girl+h%C3%A0n+th%E1%BB%A7+d%C3%A2m HTTP/1.1" 200 999 "-" "Mozilla/5.0 AppleWebKit/537.36 (KHTML, like Gecko; compatible; GPTBot/1.2; +https://openai.com/gptbot)"
172.70.206.62 - - [08/May/2025:11:03:25 +0200] "GET /?produc_id=sex+vi%E1%BB%87t+gi%C3%A1o+vi%C3%AAn HTTP/1.1" 200 999 "-" "Mozilla/5.0 AppleWebKit/537.36 (KHTML, like Gecko; compatible; GPTBot/1.2; +https://openai.com/gptbot)"
172.69.59.116 - - [08/May/2025:11:03:26 +0200] "GET /?video=xoso+bac HTTP/1.1" 200 999 "-" "Mozilla/5.0 AppleWebKit/537.36 (KHTML, like Gecko; compatible; ClaudeBot/1.0; [email protected])"
172.69.58.158 - - [08/May/2025:11:03:26 +0200] "GET /?ios=sex+lo%E1%BA%A1n.lu%C3%A2n HTTP/1.1" 200 999 "-" "Mozilla/5.0 AppleWebKit/537.36 (KHTML, like Gecko; compatible; ClaudeBot/1.0; [email protected])"
172.70.131.142 - - [08/May/2025:11:03:26 +0200] "GET /?ios=m%C3%B3c+l%E1%BB%93n+xxx HTTP/1.1" 200 999 "-" "Mozilla/5.0 AppleWebKit/537.36 (KHTML, like Gecko; compatible; ClaudeBot/1.0; [email protected])"
172.70.126.160 - - [08/May/2025:11:03:26 +0200] "GET /?produc_id=ch%C6%A1i+em+g%C3%A1i+vi%E1%BB%87t HTTP/1.1" 200 999 "-" "Mozilla/5.0 AppleWebKit/537.36 (KHTML, like Gecko; compatible; ClaudeBot/1.0; [email protected])"
172.70.100.178 - - [08/May/2025:11:03:26 +0200] "GET /?keyword=moe+atmatsuka HTTP/1.1" 200 999 "-" "Mozilla/5.0 AppleWebKit/537.36 (KHTML, like Gecko; compatible; ClaudeBot/1.0; [email protected])"
172.70.206.62 - - [08/May/2025:11:03:26 +0200] "GET /?play=phim+sex+trung+qu%E1%BB%91c+c%E1%BA%A5p+3 HTTP/1.1" 200 999 "-" "Mozilla/5.0 AppleWebKit/537.36 (KHTML, like Gecko; compatible; GPTBot/1.2; +https://openai.com/gptbot)"
172.70.206.62 - - [08/May/2025:11:03:27 +0200] "GET /?keyword=sex+g%C3%A1i+xinh+th%E1%BB%A7+d%C3%A2m HTTP/1.1" 200 999 "-" "Mozilla/5.0 AppleWebKit/537.36 (KHTML, like Gecko; compatible; GPTBot/1.2; +https://openai.com/gptbot)"
104.23.175.174 - - [08/May/2025:11:03:28 +0200] "GET /?i=337069021 HTTP/1.1" 200 93801 "-" "Mozilla/5.0 (Linux; Android 5.0) AppleWebKit/537.36 (KHTML, like Gecko) Mobile Safari/537.36 (compatible; Bytespider; [email protected])"
172.70.206.62 - - [08/May/2025:11:03:29 +0200] "GET /?keyword=g%C3%A1i+xinh+th%E1%BB%A7+d%C3%A2m+sex HTTP/1.1" 200 999 "-" "Mozilla/5.0 AppleWebKit/537.36 (KHTML, like Gecko; compatible; GPTBot/1.2; +https://openai.com/gptbot)"
172.68.164.36 - - [08/May/2025:11:03:30 +0200] "GET /IMG/logo/1024x538_cmsv2_c54013e5-8833-5743-86fc-a18b87d54ede-8113070.jpg.webp HTTP/1.1" 200 8812 "http://www.igihango.com/?i=337069021" "Mozilla/5.0 (Linux; Android 5.0) AppleWebKit/537.36 (KHTML, like Gecko) Mobile Safari/537.36 (compatible; Bytespider; [email protected])"
162.158.88.142 - - [08/May/2025:11:03:30 +0200] "GET /IMG/logo/img-20231108-wa0084.jpg HTTP/1.1" 200 8767 "http://www.igihango.com/?i=337069021" "Mozilla/5.0 (Linux; Android 5.0) AppleWebKit/537.36 (KHTML, like Gecko) Mobile Safari/537.36 (compatible; Bytespider; [email protected])"
172.70.206.62 - - [08/May/2025:11:03:30 +0200] "GET /?keyword=sex+l%E1%BB%93n+m%C3%BAp+kh%C3%B4ng+che HTTP/1.1" 200 999 "-" "Mozilla/5.0 AppleWebKit/537.36 (KHTML, like Gecko; compatible; GPTBot/1.2; +https://openai.com/gptbot)"
172.70.206.62 - - [08/May/2025:11:03:31 +0200] "GET /?keyword=sex+kh%C3%B4ng+che+l%E1%BB%93n+m%C3%BAp HTTP/1.1" 200 999 "-" "Mozilla/5.0 AppleWebKit/537.36 (KHTML, like Gecko; compatible; GPTBot/1.2; +https://openai.com/gptbot)"
172.70.206.62 - - [08/May/2025:11:03:32 +0200] "GET /?video=sex+m%C3%A1y+bay+vi%E1%BB%87t+nam HTTP/1.1" 200 999 "-" "Mozilla/5.0 AppleWebKit/537.36 (KHTML, like Gecko; compatible; GPTBot/1.2; +https://openai.com/gptbot)"
172.70.206.62 - - [08/May/2025:11:03:33 +0200] "GET /?play=lich+thi+%C4%91au+ngoai+hang+anh+hom+nay HTTP/1.1" 200 999 "-" "Mozilla/5.0 AppleWebKit/537.36 (KHTML, like Gecko; compatible; GPTBot/1.2; +https://openai.com/gptbot)"
172.70.206.62 - - [08/May/2025:11:03:34 +0200] "GET /?bet=th%E1%BB%A7+d%C3%A2m+l%C3%A9n HTTP/1.1" 200 999 "-" "Mozilla/5.0 AppleWebKit/537.36 (KHTML, like Gecko; compatible; GPTBot/1.2; +https://openai.com/gptbot)"
172.70.206.62 - - [08/May/2025:11:03:36 +0200] "GET /?ios=th%E1%BB%A7+d%C3%A2m+h%C3%A0n HTTP/1.1" 200 999 "-" "Mozilla/5.0 AppleWebKit/537.36 (KHTML, like Gecko; compatible; GPTBot/1.2; +https://openai.com/gptbot)"
172.70.206.62 - - [08/May/2025:11:03:37 +0200] "GET /?app=th%E1%BB%A7+d%C3%A2m+l%C3%A9n HTTP/1.1" 200 999 "-" "Mozilla/5.0 AppleWebKit/537.36 (KHTML, like Gecko; compatible; GPTBot/1.2; +https://openai.com/gptbot)"
172.70.206.62 - - [08/May/2025:11:03:38 +0200] "GET /?video=s%E1%BB%85+trung HTTP/1.1" 200 999 "-" "Mozilla/5.0 AppleWebKit/537.36 (KHTML, like Gecko; compatible; GPTBot/1.2; +https://openai.com/gptbot)"
172.70.206.62 - - [08/May/2025:11:03:39 +0200] "GET /?keyword=messenger+viva88 HTTP/1.1" 200 999 "-" "Mozilla/5.0 AppleWebKit/537.36 (KHTML, like Gecko; compatible; GPTBot/1.2; +https://openai.com/gptbot)"
172.70.206.62 - - [08/May/2025:11:03:40 +0200] "GET /?hot=phim+sex+g%C3%A1i+xinh+nh%E1%BA%ADt+b%E1%BA%A3n+kh%C3%B4ng+che HTTP/1.1" 200 999 "-" "Mozilla/5.0 AppleWebKit/537.36 (KHTML, like Gecko; compatible; GPTBot/1.2; +https://openai.com/gptbot)"
172.70.206.62 - - [08/May/2025:11:03:41 +0200] "GET /?bet=phim+sex+nh%E1%BA%ADt+b%E1%BA%A3n+g%C3%A1i+xinh+kh%C3%B4ng+che HTTP/1.1" 200 999 "-" "Mozilla/5.0 AppleWebKit/537.36 (KHTML, like Gecko; compatible; GPTBot/1.2; +https://openai.com/gptbot)"
172.70.206.62 - - [08/May/2025:11:03:43 +0200] "GET /?play=xem+phim+sex+lo%E1%BA%A1n+lu%C3%A2n+nh%E1%BA%ADt+b%E1%BA%A3n HTTP/1.1" 200 999 "-" "Mozilla/5.0 AppleWebKit/537.36 (KHTML, like Gecko; compatible; GPTBot/1.2; +https://openai.com/gptbot)"
172.70.206.62 - - [08/May/2025:11:03:44 +0200] "GET /?hot=phim+sex+nh%E1%BA%ADt+b%E1%BA%A3n+g%C3%A1i+xinh+kh%C3%B4ng+che HTTP/1.1" 200 999 "-" "Mozilla/5.0 AppleWebKit/537.36 (KHTML, like Gecko; compatible; GPTBot/1.2; +https://openai.com/gptbot)"
172.70.206.62 - - [08/May/2025:11:03:45 +0200] "GET /?top=b%C6%B0%E1%BB%9Bm+g%C3%A1i+vi%E1%BB%87t HTTP/1.1" 200 999 "-" "Mozilla/5.0 AppleWebKit/537.36 (KHTML, like Gecko; compatible; GPTBot/1.2; +https://openai.com/gptbot)"
172.70.206.62 - - [08/May/2025:11:03:46 +0200] "GET /?play=ch%E1%BB%8Bch+l%E1%BB%97+%C4%91%C3%ADt HTTP/1.1" 200 999 "-" "Mozilla/5.0 AppleWebKit/537.36 (KHTML, like Gecko; compatible; GPTBot/1.2; +https://openai.com/gptbot)"
172.70.206.62 - - [08/May/2025:11:03:47 +0200] "GET /?hot=%C4%91%E1%BB%8Bt+nhau+ch%C3%A2u+%C3%A2u HTTP/1.1" 200 999 "-" "Mozilla/5.0 AppleWebKit/537.36 (KHTML, like Gecko; compatible; GPTBot/1.2; +https://openai.com/gptbot)"
172.70.206.62 - - [08/May/2025:11:03:48 +0200] "GET /?ios=b%C6%B0%E1%BB%9Bm+g%C3%A1i+vi%E1%BB%87t HTTP/1.1" 200 999 "-" "Mozilla/5.0 AppleWebKit/537.36 (KHTML, like Gecko; compatible; GPTBot/1.2; +https://openai.com/gptbot)"
172.70.206.62 - - [08/May/2025:11:03:49 +0200] "GET /?bet=b%C6%B0%E1%BB%9Bm+g%C3%A1i+vi%E1%BB%87t HTTP/1.1" 200 999 "-" "Mozilla/5.0 AppleWebKit/537.36 (KHTML, like Gecko; compatible; GPTBot/1.2; +https://openai.com/gptbot)"
172.70.206.62 - - [08/May/2025:11:03:51 +0200] "GET /?play=g%C3%A1i+%C4%91%E1%BA%B9p+nh%E1%BA%A5t HTTP/1.1" 200 999 "-" "Mozilla/5.0 AppleWebKit/537.36 (KHTML, like Gecko; compatible; GPTBot/1.2; +https://openai.com/gptbot)"
172.70.206.62 - - [08/May/2025:11:03:52 +0200] "GET /?top=ng%C6%B0%E1%BB%9Di+%C4%91%E1%BB%8Bt+heo HTTP/1.1" 200 999 "-" "Mozilla/5.0 AppleWebKit/537.36 (KHTML, like Gecko; compatible; GPTBot/1.2; +https://openai.com/gptbot)"
172.70.206.62 - - [08/May/2025:11:03:53 +0200] "GET /?app=ng%C6%B0%E1%BB%9Di+%C4%91%E1%BB%8Bt+heo HTTP/1.1" 200 999 "-" "Mozilla/5.0 AppleWebKit/537.36 (KHTML, like Gecko; compatible; GPTBot/1.2; +https://openai.com/gptbot)"
