172.69.34.207 - - [08/May/2025:12:12:15 +0200] "GET /?play=%C4%91%E1%BB%8Bt+nhai HTTP/1.1" 200 999 "-" "Mozilla/5.0 AppleWebKit/537.36 (KHTML, like Gecko; compatible; GPTBot/1.2; +https://openai.com/gptbot)"
172.69.34.207 - - [08/May/2025:12:12:16 +0200] "GET /?hot=%C4%91%E1%BB%8Bch+nhau HTTP/1.1" 200 999 "-" "Mozilla/5.0 AppleWebKit/537.36 (KHTML, like Gecko; compatible; GPTBot/1.2; +https://openai.com/gptbot)"
172.69.34.207 - - [08/May/2025:12:12:17 +0200] "GET /?top=%C4%91%E1%BB%8Bt+trung HTTP/1.1" 200 999 "-" "Mozilla/5.0 AppleWebKit/537.36 (KHTML, like Gecko; compatible; GPTBot/1.2; +https://openai.com/gptbot)"
172.69.34.207 - - [08/May/2025:12:12:18 +0200] "GET /?play=%C4%91%E1%BB%8Bt+nhay HTTP/1.1" 200 999 "-" "Mozilla/5.0 AppleWebKit/537.36 (KHTML, like Gecko; compatible; GPTBot/1.2; +https://openai.com/gptbot)"
172.69.34.207 - - [08/May/2025:12:12:20 +0200] "GET /?produc_id=%C4%91%E1%BB%8Bt HTTP/1.1" 200 999 "-" "Mozilla/5.0 AppleWebKit/537.36 (KHTML, like Gecko; compatible; GPTBot/1.2; +https://openai.com/gptbot)"
172.69.34.207 - - [08/May/2025:12:12:21 +0200] "GET /?play=nguc+%C4%91%E1%BA%B9p HTTP/1.1" 200 999 "-" "Mozilla/5.0 AppleWebKit/537.36 (KHTML, like Gecko; compatible; GPTBot/1.2; +https://openai.com/gptbot)"
172.69.34.207 - - [08/May/2025:12:12:22 +0200] "GET /?play=l%E1%BB%93n+l%C3%B4ng HTTP/1.1" 200 999 "-" "Mozilla/5.0 AppleWebKit/537.36 (KHTML, like Gecko; compatible; GPTBot/1.2; +https://openai.com/gptbot)"
172.69.34.207 - - [08/May/2025:12:12:23 +0200] "GET /?ios=%C4%91%E1%BB%8Bt+nhanh HTTP/1.1" 200 999 "-" "Mozilla/5.0 AppleWebKit/537.36 (KHTML, like Gecko; compatible; GPTBot/1.2; +https://openai.com/gptbot)"
172.69.34.207 - - [08/May/2025:12:12:24 +0200] "GET /?play=%C4%91%E1%BB%8Bt+nhua HTTP/1.1" 200 999 "-" "Mozilla/5.0 AppleWebKit/537.36 (KHTML, like Gecko; compatible; GPTBot/1.2; +https://openai.com/gptbot)"
172.69.34.207 - - [08/May/2025:12:12:25 +0200] "GET /?app=%C4%91%E1%BB%8Bch+nhau HTTP/1.1" 200 999 "-" "Mozilla/5.0 AppleWebKit/537.36 (KHTML, like Gecko; compatible; GPTBot/1.2; +https://openai.com/gptbot)"
172.69.34.207 - - [08/May/2025:12:12:27 +0200] "GET /?bet=%C4%91%E1%BB%8Bch+nhau HTTP/1.1" 200 999 "-" "Mozilla/5.0 AppleWebKit/537.36 (KHTML, like Gecko; compatible; GPTBot/1.2; +https://openai.com/gptbot)"
172.69.34.207 - - [08/May/2025:12:12:28 +0200] "GET /?play=%C4%91%E1%BB%8Bt+nhau HTTP/1.1" 200 999 "-" "Mozilla/5.0 AppleWebKit/537.36 (KHTML, like Gecko; compatible; GPTBot/1.2; +https://openai.com/gptbot)"
172.69.34.207 - - [08/May/2025:12:12:29 +0200] "GET /?play=%C4%91%E1%BB%8Bt+ngau HTTP/1.1" 200 999 "-" "Mozilla/5.0 AppleWebKit/537.36 (KHTML, like Gecko; compatible; GPTBot/1.2; +https://openai.com/gptbot)"
172.69.34.207 - - [08/May/2025:12:12:30 +0200] "GET /?top=%C4%91%E1%BB%8Bt+nhauu HTTP/1.1" 200 999 "-" "Mozilla/5.0 AppleWebKit/537.36 (KHTML, like Gecko; compatible; GPTBot/1.2; +https://openai.com/gptbot)"
172.69.34.207 - - [08/May/2025:12:12:31 +0200] "GET /?play=%C4%91%E1%BB%8Bt+nahu HTTP/1.1" 200 999 "-" "Mozilla/5.0 AppleWebKit/537.36 (KHTML, like Gecko; compatible; GPTBot/1.2; +https://openai.com/gptbot)"
172.69.34.207 - - [08/May/2025:12:12:32 +0200] "GET /?play=%C4%91%E1%BB%8Bt+cave HTTP/1.1" 200 999 "-" "Mozilla/5.0 AppleWebKit/537.36 (KHTML, like Gecko; compatible; GPTBot/1.2; +https://openai.com/gptbot)"
172.68.164.24 - - [08/May/2025:12:12:33 +0200] "GET /?i=41694321 HTTP/1.1" 200 93801 "-" "Mozilla/5.0 (Linux; Android 5.0) AppleWebKit/537.36 (KHTML, like Gecko) Mobile Safari/537.36 (compatible; Bytespider; [email protected])"
172.70.207.81 - - [08/May/2025:12:12:33 +0200] "GET /?ios=%C4%91%E1%BB%8Bt+nhauu HTTP/1.1" 200 999 "-" "Mozilla/5.0 AppleWebKit/537.36 (KHTML, like Gecko; compatible; GPTBot/1.2; +https://openai.com/gptbot)"
162.158.88.143 - - [08/May/2025:12:12:34 +0200] "GET /IMG/logo/img-20231108-wa0084.jpg HTTP/1.1" 200 8767 "http://www.igihango.com/?i=41694321" "Mozilla/5.0 (Linux; Android 5.0) AppleWebKit/537.36 (KHTML, like Gecko) Mobile Safari/537.36 (compatible; Bytespider; [email protected])"
172.71.150.46 - - [08/May/2025:12:12:34 +0200] "GET /?i=344165721 HTTP/1.1" 200 93801 "-" "Mozilla/5.0 (compatible; DotBot/1.2; +https://opensiteexplorer.org/dotbot; [email protected])"
172.70.207.81 - - [08/May/2025:12:12:35 +0200] "GET /?play=l%C3%B4ng+l%E1%BB%93n HTTP/1.1" 200 999 "-" "Mozilla/5.0 AppleWebKit/537.36 (KHTML, like Gecko; compatible; GPTBot/1.2; +https://openai.com/gptbot)"
172.70.207.81 - - [08/May/2025:12:12:36 +0200] "GET /?app=%C4%91%E1%BB%8Bt+trung HTTP/1.1" 200 999 "-" "Mozilla/5.0 AppleWebKit/537.36 (KHTML, like Gecko; compatible; GPTBot/1.2; +https://openai.com/gptbot)"
172.70.207.81 - - [08/May/2025:12:12:37 +0200] "GET /?play=%C4%91%E1%BB%8Bt+mbbg HTTP/1.1" 200 999 "-" "Mozilla/5.0 AppleWebKit/537.36 (KHTML, like Gecko; compatible; GPTBot/1.2; +https://openai.com/gptbot)"
172.70.207.81 - - [08/May/2025:12:12:38 +0200] "GET /?ios=v%C3%B9ng+tr%E1%BB%99m+com HTTP/1.1" 200 999 "-" "Mozilla/5.0 AppleWebKit/537.36 (KHTML, like Gecko; compatible; GPTBot/1.2; +https://openai.com/gptbot)"
172.70.207.81 - - [08/May/2025:12:12:39 +0200] "GET /?bet=v%C3%B9ng+tr%E1%BB%99m+com HTTP/1.1" 200 999 "-" "Mozilla/5.0 AppleWebKit/537.36 (KHTML, like Gecko; compatible; GPTBot/1.2; +https://openai.com/gptbot)"
172.70.207.81 - - [08/May/2025:12:12:40 +0200] "GET /?app=v%C3%B9ng+tr%E1%BB%99m+com HTTP/1.1" 200 999 "-" "Mozilla/5.0 AppleWebKit/537.36 (KHTML, like Gecko; compatible; GPTBot/1.2; +https://openai.com/gptbot)"
172.70.207.81 - - [08/May/2025:12:12:41 +0200] "GET /?top=v%C3%B9ng+tr%E1%BB%99m.com HTTP/1.1" 200 999 "-" "Mozilla/5.0 AppleWebKit/537.36 (KHTML, like Gecko; compatible; GPTBot/1.2; +https://openai.com/gptbot)"
172.70.207.81 - - [08/May/2025:12:12:43 +0200] "GET /?hot=v%C3%B9ng+tr%E1%BB%99m.com HTTP/1.1" 200 999 "-" "Mozilla/5.0 AppleWebKit/537.36 (KHTML, like Gecko; compatible; GPTBot/1.2; +https://openai.com/gptbot)"
172.70.207.81 - - [08/May/2025:12:12:44 +0200] "GET /?bet=k%E1%BA%BFt+qu%E1%BA%A3+ngoai+hang+anh HTTP/1.1" 200 999 "-" "Mozilla/5.0 AppleWebKit/537.36 (KHTML, like Gecko; compatible; GPTBot/1.2; +https://openai.com/gptbot)"
172.70.207.81 - - [08/May/2025:12:12:45 +0200] "GET /?app=phim+kh%C3%B4ng+khoan+nh%C6%B0%E1%BB%A3ng HTTP/1.1" 200 999 "-" "Mozilla/5.0 AppleWebKit/537.36 (KHTML, like Gecko; compatible; GPTBot/1.2; +https://openai.com/gptbot)"
172.70.207.81 - - [08/May/2025:12:12:46 +0200] "GET /?hot=thi+ch%E1%BB%8Bch HTTP/1.1" 200 999 "-" "Mozilla/5.0 AppleWebKit/537.36 (KHTML, like Gecko; compatible; GPTBot/1.2; +https://openai.com/gptbot)"
172.70.207.81 - - [08/May/2025:12:12:47 +0200] "GET /?hot=ch%E1%BB%8Bch+hay HTTP/1.1" 200 999 "-" "Mozilla/5.0 AppleWebKit/537.36 (KHTML, like Gecko; compatible; GPTBot/1.2; +https://openai.com/gptbot)"
172.70.207.81 - - [08/May/2025:12:12:48 +0200] "GET /?app=ch%E1%BB%8Bch+hay HTTP/1.1" 200 999 "-" "Mozilla/5.0 AppleWebKit/537.36 (KHTML, like Gecko; compatible; GPTBot/1.2; +https://openai.com/gptbot)"
172.70.207.81 - - [08/May/2025:12:12:50 +0200] "GET /?game=sex+g%C3%A1i+m%E1%BA%B7c+v%C3%A1y HTTP/1.1" 200 999 "-" "Mozilla/5.0 AppleWebKit/537.36 (KHTML, like Gecko; compatible; GPTBot/1.2; +https://openai.com/gptbot)"
172.70.207.81 - - [08/May/2025:12:12:51 +0200] "GET /?ios=phim+sex+em+g%C3%A1i+v%C3%BA+to HTTP/1.1" 200 999 "-" "Mozilla/5.0 AppleWebKit/537.36 (KHTML, like Gecko; compatible; GPTBot/1.2; +https://openai.com/gptbot)"
172.70.207.81 - - [08/May/2025:12:12:52 +0200] "GET /?hot=sex+g%C3%A1i+xinh+v%C3%BA+to+vn HTTP/1.1" 200 999 "-" "Mozilla/5.0 AppleWebKit/537.36 (KHTML, like Gecko; compatible; GPTBot/1.2; +https://openai.com/gptbot)"
172.70.207.81 - - [08/May/2025:12:12:53 +0200] "GET /?hot=g%C3%A1i+xinh+v%C3%BA+to+ko+che HTTP/1.1" 200 999 "-" "Mozilla/5.0 AppleWebKit/537.36 (KHTML, like Gecko; compatible; GPTBot/1.2; +https://openai.com/gptbot)"
172.71.150.67 - - [08/May/2025:12:12:54 +0200] "GET /?i=351033121 HTTP/1.1" 200 93801 "-" "Mozilla/5.0 (compatible; DotBot/1.2; +https://opensiteexplorer.org/dotbot; [email protected])"
172.70.207.81 - - [08/May/2025:12:12:54 +0200] "GET /?video=l%C3%A0m+t%C3%ACnh+%C3%A2u+m%E1%BB%B9 HTTP/1.1" 200 999 "-" "Mozilla/5.0 AppleWebKit/537.36 (KHTML, like Gecko; compatible; GPTBot/1.2; +https://openai.com/gptbot)"
172.70.207.81 - - [08/May/2025:12:12:55 +0200] "GET /?video=quay+l%C3%A9n+g%C3%A1i+th%E1%BB%A7+d%C3%A2m HTTP/1.1" 200 999 "-" "Mozilla/5.0 AppleWebKit/537.36 (KHTML, like Gecko; compatible; GPTBot/1.2; +https://openai.com/gptbot)"
172.70.207.81 - - [08/May/2025:12:12:57 +0200] "GET /?keyword=phim+xet+pha+trinh+viet+nam HTTP/1.1" 200 999 "-" "Mozilla/5.0 AppleWebKit/537.36 (KHTML, like Gecko; compatible; GPTBot/1.2; +https://openai.com/gptbot)"
172.70.207.81 - - [08/May/2025:12:12:58 +0200] "GET /?produc_id=phim+sex+massage+kich+duc HTTP/1.1" 200 999 "-" "Mozilla/5.0 AppleWebKit/537.36 (KHTML, like Gecko; compatible; GPTBot/1.2; +https://openai.com/gptbot)"
172.70.207.81 - - [08/May/2025:12:12:59 +0200] "GET /?keyword=bo+chong+nang+dau+phim+nhat HTTP/1.1" 200 999 "-" "Mozilla/5.0 AppleWebKit/537.36 (KHTML, like Gecko; compatible; GPTBot/1.2; +https://openai.com/gptbot)"
162.158.106.232 - - [08/May/2025:12:12:59 +0200] "GET /?i=101895721 HTTP/1.1" 200 93801 "-" "Mozilla/5.0 (Linux; Android 5.0) AppleWebKit/537.36 (KHTML, like Gecko) Mobile Safari/537.36 (compatible; Bytespider; [email protected])"
172.70.207.81 - - [08/May/2025:12:13:00 +0200] "GET /?app=bxh+u23+ch%C3%A2u+%C3%A1 HTTP/1.1" 200 999 "-" "Mozilla/5.0 AppleWebKit/537.36 (KHTML, like Gecko; compatible; GPTBot/1.2; +https://openai.com/gptbot)"
162.158.88.143 - - [08/May/2025:12:13:00 +0200] "GET /IMG/logo/img-20231108-wa0084.jpg HTTP/1.1" 200 8767 "http://www.igihango.com/?i=101895721" "Mozilla/5.0 (Linux; Android 5.0) AppleWebKit/537.36 (KHTML, like Gecko) Mobile Safari/537.36 (compatible; Bytespider; [email protected])"
172.70.207.81 - - [08/May/2025:12:13:01 +0200] "GET /?hot=k%C3%A8o+nh%C3%A0+cai+88 HTTP/1.1" 200 999 "-" "Mozilla/5.0 AppleWebKit/537.36 (KHTML, like Gecko; compatible; GPTBot/1.2; +https://openai.com/gptbot)"
172.70.207.81 - - [08/May/2025:12:13:02 +0200] "GET /?top=bxh+u23+ch%C3%A2u+%C3%A1 HTTP/1.1" 200 999 "-" "Mozilla/5.0 AppleWebKit/537.36 (KHTML, like Gecko; compatible; GPTBot/1.2; +https://openai.com/gptbot)"
172.70.207.81 - - [08/May/2025:12:13:04 +0200] "GET /?ios=u20+ch%C3%A2u+%C3%A1+bxh HTTP/1.1" 200 999 "-" "Mozilla/5.0 AppleWebKit/537.36 (KHTML, like Gecko; compatible; GPTBot/1.2; +https://openai.com/gptbot)"
172.70.207.81 - - [08/May/2025:12:13:05 +0200] "GET /?bet=bxh+u20+ch%C3%A2u+%C3%A1 HTTP/1.1" 200 999 "-" "Mozilla/5.0 AppleWebKit/537.36 (KHTML, like Gecko; compatible; GPTBot/1.2; +https://openai.com/gptbot)"
172.70.207.81 - - [08/May/2025:12:13:06 +0200] "GET /?hot=u20+ch%C3%A2u+%C3%A1+bxh HTTP/1.1" 200 999 "-" "Mozilla/5.0 AppleWebKit/537.36 (KHTML, like Gecko; compatible; GPTBot/1.2; +https://openai.com/gptbot)"
172.70.207.81 - - [08/May/2025:12:13:07 +0200] "GET /?hot=bxh+u23+ch%C3%A2u+%C3%A1 HTTP/1.1" 200 999 "-" "Mozilla/5.0 AppleWebKit/537.36 (KHTML, like Gecko; compatible; GPTBot/1.2; +https://openai.com/gptbot)"
172.70.207.81 - - [08/May/2025:12:13:08 +0200] "GET /?app=bxh+u20+ch%C3%A2u+%C3%A1 HTTP/1.1" 200 999 "-" "Mozilla/5.0 AppleWebKit/537.36 (KHTML, like Gecko; compatible; GPTBot/1.2; +https://openai.com/gptbot)"
172.70.207.81 - - [08/May/2025:12:13:09 +0200] "GET /?ios=bxh+u20+ch%C3%A2u+%C3%A1 HTTP/1.1" 200 999 "-" "Mozilla/5.0 AppleWebKit/537.36 (KHTML, like Gecko; compatible; GPTBot/1.2; +https://openai.com/gptbot)"
172.70.207.81 - - [08/May/2025:12:13:10 +0200] "GET /?bet=bxh+u23+ch%C3%A2u+%C3%A1 HTTP/1.1" 200 999 "-" "Mozilla/5.0 AppleWebKit/537.36 (KHTML, like Gecko; compatible; GPTBot/1.2; +https://openai.com/gptbot)"
172.70.207.81 - - [08/May/2025:12:13:12 +0200] "GET /?ios=bxh+u23+ch%C3%A2u+%C3%A1 HTTP/1.1" 200 999 "-" "Mozilla/5.0 AppleWebKit/537.36 (KHTML, like Gecko; compatible; GPTBot/1.2; +https://openai.com/gptbot)"
172.70.207.81 - - [08/May/2025:12:13:13 +0200] "GET /?ios=k%C3%A8o+nh%C3%A0+cai+88 HTTP/1.1" 200 999 "-" "Mozilla/5.0 AppleWebKit/537.36 (KHTML, like Gecko; compatible; GPTBot/1.2; +https://openai.com/gptbot)"
172.71.150.57 - - [08/May/2025:12:13:13 +0200] "GET /?i=35270821 HTTP/1.1" 200 93801 "-" "Mozilla/5.0 (compatible; DotBot/1.2; +https://opensiteexplorer.org/dotbot; [email protected])"
172.70.207.81 - - [08/May/2025:12:13:14 +0200] "GET /?top=u20+ch%C3%A2u+%C3%A1+bxh HTTP/1.1" 200 999 "-" "Mozilla/5.0 AppleWebKit/537.36 (KHTML, like Gecko; compatible; GPTBot/1.2; +https://openai.com/gptbot)"
172.70.207.81 - - [08/May/2025:12:13:15 +0200] "GET /?bet=u20+ch%C3%A2u+%C3%A1+bxh HTTP/1.1" 200 999 "-" "Mozilla/5.0 AppleWebKit/537.36 (KHTML, like Gecko; compatible; GPTBot/1.2; +https://openai.com/gptbot)"
172.70.207.81 - - [08/May/2025:12:13:16 +0200] "GET /?produc_id=phim+sex+ch%E1%BB%8B+d%C3%A2u+em HTTP/1.1" 200 999 "-" "Mozilla/5.0 AppleWebKit/537.36 (KHTML, like Gecko; compatible; GPTBot/1.2; +https://openai.com/gptbot)"
172.70.207.81 - - [08/May/2025:12:13:17 +0200] "GET /?play=phim+sex+v%C3%BA+to+vi%E1%BB%87t+nam HTTP/1.1" 200 999 "-" "Mozilla/5.0 AppleWebKit/537.36 (KHTML, like Gecko; compatible; GPTBot/1.2; +https://openai.com/gptbot)"
172.70.207.81 - - [08/May/2025:12:13:19 +0200] "GET /?play=phim+sex+vn+tr%E1%BA%A7n+h%C3%A0+linh HTTP/1.1" 200 999 "-" "Mozilla/5.0 AppleWebKit/537.36 (KHTML, like Gecko; compatible; GPTBot/1.2; +https://openai.com/gptbot)"
172.70.207.81 - - [08/May/2025:12:13:20 +0200] "GET /?bet=phim+sex+ko+che+lo%E1%BA%A1n+lu%C3%A2n HTTP/1.1" 200 999 "-" "Mozilla/5.0 AppleWebKit/537.36 (KHTML, like Gecko; compatible; GPTBot/1.2; +https://openai.com/gptbot)"
172.70.207.81 - - [08/May/2025:12:13:21 +0200] "GET /?bet=phim+sex+lo%E1%BA%A1n+lu%C3%A2n+ko+che HTTP/1.1" 200 999 "-" "Mozilla/5.0 AppleWebKit/537.36 (KHTML, like Gecko; compatible; GPTBot/1.2; +https://openai.com/gptbot)"
172.70.207.81 - - [08/May/2025:12:13:22 +0200] "GET /?play=phim+sex+lo%E1%BA%A1n+lu%C3%A2n+k+che HTTP/1.1" 200 999 "-" "Mozilla/5.0 AppleWebKit/537.36 (KHTML, like Gecko; compatible; GPTBot/1.2; +https://openai.com/gptbot)"
172.70.207.81 - - [08/May/2025:12:13:23 +0200] "GET /?play=phim+sex+ch%E1%BB%8B+v%C3%A0+em+trai HTTP/1.1" 200 999 "-" "Mozilla/5.0 AppleWebKit/537.36 (KHTML, like Gecko; compatible; GPTBot/1.2; +https://openai.com/gptbot)"
172.70.207.81 - - [08/May/2025:12:13:24 +0200] "GET /?bet=phim+sex+lo%E1%BA%A1n+lu%C3%A2n+k+che HTTP/1.1" 200 999 "-" "Mozilla/5.0 AppleWebKit/537.36 (KHTML, like Gecko; compatible; GPTBot/1.2; +https://openai.com/gptbot)"
104.23.175.244 - - [08/May/2025:12:13:25 +0200] "GET /?i=381468521 HTTP/1.1" 200 93801 "-" "Mozilla/5.0 (Linux; Android 5.0) AppleWebKit/537.36 (KHTML, like Gecko) Mobile Safari/537.36 (compatible; Bytespider; [email protected])"
172.70.207.81 - - [08/May/2025:12:13:26 +0200] "GET /?keyword=sex+kh%C3%B4ng+che+ph%C3%A1+trinh HTTP/1.1" 200 999 "-" "Mozilla/5.0 AppleWebKit/537.36 (KHTML, like Gecko; compatible; GPTBot/1.2; +https://openai.com/gptbot)"
162.158.88.143 - - [08/May/2025:12:13:27 +0200] "GET /IMG/logo/img-20231108-wa0084.jpg HTTP/1.1" 200 8767 "http://www.igihango.com/?i=381468521" "Mozilla/5.0 (Linux; Android 5.0) AppleWebKit/537.36 (KHTML, like Gecko) Mobile Safari/537.36 (compatible; Bytespider; [email protected])"
172.70.207.81 - - [08/May/2025:12:13:27 +0200] "GET /?keyword=sex+ph%C3%A1+trinh+kh%C3%B4ng+che HTTP/1.1" 200 999 "-" "Mozilla/5.0 AppleWebKit/537.36 (KHTML, like Gecko; compatible; GPTBot/1.2; +https://openai.com/gptbot)"
172.70.207.81 - - [08/May/2025:12:13:28 +0200] "GET /?bet=phim+sex+bo+pha+trinh+con+gai HTTP/1.1" 200 999 "-" "Mozilla/5.0 AppleWebKit/537.36 (KHTML, like Gecko; compatible; GPTBot/1.2; +https://openai.com/gptbot)"
172.70.207.81 - - [08/May/2025:12:13:29 +0200] "GET /?hot=phim+sex+bo+pha+trinh+con+gai HTTP/1.1" 200 999 "-" "Mozilla/5.0 AppleWebKit/537.36 (KHTML, like Gecko; compatible; GPTBot/1.2; +https://openai.com/gptbot)"
172.70.207.81 - - [08/May/2025:12:13:30 +0200] "GET /?app=phim+sex+bo+pha+trinh+con+gai HTTP/1.1" 200 999 "-" "Mozilla/5.0 AppleWebKit/537.36 (KHTML, like Gecko; compatible; GPTBot/1.2; +https://openai.com/gptbot)"
108.162.245.130 - - [08/May/2025:12:13:31 +0200] "GET /?i=361066521 HTTP/1.1" 200 93801 "-" "Mozilla/5.0 (compatible; DotBot/1.2; +https://opensiteexplorer.org/dotbot; [email protected])"
172.70.207.81 - - [08/May/2025:12:13:31 +0200] "GET /?top=phim+sex+bo+pha+trinh+con+gai HTTP/1.1" 200 999 "-" "Mozilla/5.0 AppleWebKit/537.36 (KHTML, like Gecko; compatible; GPTBot/1.2; +https://openai.com/gptbot)"
172.70.207.81 - - [08/May/2025:12:13:32 +0200] "GET /?keyword=nnn+l%C3%A0+ng%C3%A0y+g%C3%AC HTTP/1.1" 200 999 "-" "Mozilla/5.0 AppleWebKit/537.36 (KHTML, like Gecko; compatible; GPTBot/1.2; +https://openai.com/gptbot)"
172.70.207.81 - - [08/May/2025:12:13:34 +0200] "GET /?produc_id=phim+sex+bo+chong+con+dau HTTP/1.1" 200 999 "-" "Mozilla/5.0 AppleWebKit/537.36 (KHTML, like Gecko; compatible; GPTBot/1.2; +https://openai.com/gptbot)"
172.70.207.81 - - [08/May/2025:12:13:35 +0200] "GET /?game=phim+sex+vi%E1%BB%87t+m%E1%BB%9Bi HTTP/1.1" 200 999 "-" "Mozilla/5.0 AppleWebKit/537.36 (KHTML, like Gecko; compatible; GPTBot/1.2; +https://openai.com/gptbot)"
172.70.207.81 - - [08/May/2025:12:13:36 +0200] "GET /?produc_id=phim+sex+lo%E1%BA%A1n+lu%C3%A2n+h%C3%A0n HTTP/1.1" 200 999 "-" "Mozilla/5.0 AppleWebKit/537.36 (KHTML, like Gecko; compatible; GPTBot/1.2; +https://openai.com/gptbot)"
172.70.207.81 - - [08/May/2025:12:13:37 +0200] "GET /?produc_id=phim+sex+h%C3%A0n+lo%E1%BA%A1n+lu%C3%A2n HTTP/1.1" 200 999 "-" "Mozilla/5.0 AppleWebKit/537.36 (KHTML, like Gecko; compatible; GPTBot/1.2; +https://openai.com/gptbot)"
172.70.207.81 - - [08/May/2025:12:13:38 +0200] "GET /?produc_id=phim+sex+g%C3%A1i+lo%E1%BA%A1n+lu%C3%A2n HTTP/1.1" 200 999 "-" "Mozilla/5.0 AppleWebKit/537.36 (KHTML, like Gecko; compatible; GPTBot/1.2; +https://openai.com/gptbot)"
172.70.207.81 - - [08/May/2025:12:13:39 +0200] "GET /?hot=phim+sex+trung+qu%E1%BB%91c+l%C3%A0m+t%C3%ACnh HTTP/1.1" 200 999 "-" "Mozilla/5.0 AppleWebKit/537.36 (KHTML, like Gecko; compatible; GPTBot/1.2; +https://openai.com/gptbot)"
172.70.207.81 - - [08/May/2025:12:13:41 +0200] "GET /?produc_id=xem+phim+s%C3%A9c+lo%E1%BA%A1n+lu%C3%A2n HTTP/1.1" 200 999 "-" "Mozilla/5.0 AppleWebKit/537.36 (KHTML, like Gecko; compatible; GPTBot/1.2; +https://openai.com/gptbot)"
172.70.207.81 - - [08/May/2025:12:13:42 +0200] "GET /?produc_id=sex+sinh+vi%C3%AAn+h%C3%A0n+qu%E1%BB%91c HTTP/1.1" 200 999 "-" "Mozilla/5.0 AppleWebKit/537.36 (KHTML, like Gecko; compatible; GPTBot/1.2; +https://openai.com/gptbot)"
172.70.207.81 - - [08/May/2025:12:13:43 +0200] "GET /?app=jav.+vn HTTP/1.1" 200 999 "-" "Mozilla/5.0 AppleWebKit/537.36 (KHTML, like Gecko; compatible; GPTBot/1.2; +https://openai.com/gptbot)"
172.70.207.81 - - [08/May/2025:12:13:44 +0200] "GET /?ios=phi.+xx HTTP/1.1" 200 999 "-" "Mozilla/5.0 AppleWebKit/537.36 (KHTML, like Gecko; compatible; GPTBot/1.2; +https://openai.com/gptbot)"
172.70.207.81 - - [08/May/2025:12:13:45 +0200] "GET /?bet=sex+tq. HTTP/1.1" 200 999 "-" "Mozilla/5.0 AppleWebKit/537.36 (KHTML, like Gecko; compatible; GPTBot/1.2; +https://openai.com/gptbot)"
172.70.207.81 - - [08/May/2025:12:13:46 +0200] "GET /?bet=kp+bd+y HTTP/1.1" 200 999 "-" "Mozilla/5.0 AppleWebKit/537.36 (KHTML, like Gecko; compatible; GPTBot/1.2; +https://openai.com/gptbot)"
172.70.207.81 - - [08/May/2025:12:13:47 +0200] "GET /?bet=phim+h+ HTTP/1.1" 200 999 "-" "Mozilla/5.0 AppleWebKit/537.36 (KHTML, like Gecko; compatible; GPTBot/1.2; +https://openai.com/gptbot)"
172.68.23.203 - - [08/May/2025:12:13:48 +0200] "GET /?i=368949121 HTTP/1.1" 200 93801 "-" "Mozilla/5.0 (compatible; DotBot/1.2; +https://opensiteexplorer.org/dotbot; [email protected])"
172.70.207.81 - - [08/May/2025:12:13:49 +0200] "GET /?app=phim.+x HTTP/1.1" 200 999 "-" "Mozilla/5.0 AppleWebKit/537.36 (KHTML, like Gecko; compatible; GPTBot/1.2; +https://openai.com/gptbot)"
172.70.207.81 - - [08/May/2025:12:13:50 +0200] "GET /?app=xx.+com HTTP/1.1" 200 999 "-" "Mozilla/5.0 AppleWebKit/537.36 (KHTML, like Gecko; compatible; GPTBot/1.2; +https://openai.com/gptbot)"
172.70.207.81 - - [08/May/2025:12:13:51 +0200] "GET /?hot=phi.+xx HTTP/1.1" 200 999 "-" "Mozilla/5.0 AppleWebKit/537.36 (KHTML, like Gecko; compatible; GPTBot/1.2; +https://openai.com/gptbot)"
172.70.207.81 - - [08/May/2025:12:13:52 +0200] "GET /?app=sex+au. HTTP/1.1" 200 999 "-" "Mozilla/5.0 AppleWebKit/537.36 (KHTML, like Gecko; compatible; GPTBot/1.2; +https://openai.com/gptbot)"
162.158.88.133 - - [08/May/2025:12:13:52 +0200] "GET /?i=198660621 HTTP/1.1" 200 93801 "-" "Mozilla/5.0 (Linux; Android 5.0) AppleWebKit/537.36 (KHTML, like Gecko) Mobile Safari/537.36 (compatible; Bytespider; [email protected])"
172.70.207.81 - - [08/May/2025:12:13:53 +0200] "GET /?top=phi.+xx HTTP/1.1" 200 999 "-" "Mozilla/5.0 AppleWebKit/537.36 (KHTML, like Gecko; compatible; GPTBot/1.2; +https://openai.com/gptbot)"
162.158.88.143 - - [08/May/2025:12:13:54 +0200] "GET /IMG/logo/img-20231108-wa0084.jpg HTTP/1.1" 200 8767 "http://www.igihango.com/?i=198660621" "Mozilla/5.0 (Linux; Android 5.0) AppleWebKit/537.36 (KHTML, like Gecko) Mobile Safari/537.36 (compatible; Bytespider; [email protected])"
172.70.207.81 - - [08/May/2025:12:13:54 +0200] "GET /?ios=phim+h+ HTTP/1.1" 200 999 "-" "Mozilla/5.0 AppleWebKit/537.36 (KHTML, like Gecko; compatible; GPTBot/1.2; +https://openai.com/gptbot)"
172.70.207.81 - - [08/May/2025:12:13:56 +0200] "GET /?app=jav+hd. HTTP/1.1" 200 999 "-" "Mozilla/5.0 AppleWebKit/537.36 (KHTML, like Gecko; compatible; GPTBot/1.2; +https://openai.com/gptbot)"
172.70.207.81 - - [08/May/2025:12:13:57 +0200] "GET /?bet=kq+bd+y HTTP/1.1" 200 999 "-" "Mozilla/5.0 AppleWebKit/537.36 (KHTML, like Gecko; compatible; GPTBot/1.2; +https://openai.com/gptbot)"
172.70.207.81 - - [08/May/2025:12:13:58 +0200] "GET /?play=xnxx+. HTTP/1.1" 200 999 "-" "Mozilla/5.0 AppleWebKit/537.36 (KHTML, like Gecko; compatible; GPTBot/1.2; +https://openai.com/gptbot)"
172.70.207.81 - - [08/May/2025:12:13:59 +0200] "GET /?hot=xx.+com HTTP/1.1" 200 999 "-" "Mozilla/5.0 AppleWebKit/537.36 (KHTML, like Gecko; compatible; GPTBot/1.2; +https://openai.com/gptbot)"
172.70.207.81 - - [08/May/2025:12:14:00 +0200] "GET /?top=kp+bd+y HTTP/1.1" 200 999 "-" "Mozilla/5.0 AppleWebKit/537.36 (KHTML, like Gecko; compatible; GPTBot/1.2; +https://openai.com/gptbot)"
172.70.207.81 - - [08/May/2025:12:14:01 +0200] "GET /?play=phim.sex+c%E1%BB%95+trang HTTP/1.1" 200 999 "-" "Mozilla/5.0 AppleWebKit/537.36 (KHTML, like Gecko; compatible; GPTBot/1.2; +https://openai.com/gptbot)"
172.70.207.81 - - [08/May/2025:12:14:02 +0200] "GET /?produc_id=vi%E1%BB%87t+nam+sex HTTP/1.1" 200 999 "-" "Mozilla/5.0 AppleWebKit/537.36 (KHTML, like Gecko; compatible; GPTBot/1.2; +https://openai.com/gptbot)"
172.70.207.81 - - [08/May/2025:12:14:03 +0200] "GET /?produc_id=xes+vi%E1%BB%87t+nam HTTP/1.1" 200 999 "-" "Mozilla/5.0 AppleWebKit/537.36 (KHTML, like Gecko; compatible; GPTBot/1.2; +https://openai.com/gptbot)"
172.71.146.42 - - [08/May/2025:12:14:04 +0200] "GET /?i=371104721 HTTP/1.1" 200 93801 "-" "Mozilla/5.0 (compatible; DotBot/1.2; +https://opensiteexplorer.org/dotbot; [email protected])"
172.70.207.81 - - [08/May/2025:12:14:05 +0200] "GET /?produc_id=xes+gay+vi%E1%BB%87t HTTP/1.1" 200 999 "-" "Mozilla/5.0 AppleWebKit/537.36 (KHTML, like Gecko; compatible; GPTBot/1.2; +https://openai.com/gptbot)"
172.70.207.81 - - [08/May/2025:12:14:06 +0200] "GET /?keyword=phim+s%E1%BA%BD+vn+69 HTTP/1.1" 200 999 "-" "Mozilla/5.0 AppleWebKit/537.36 (KHTML, like Gecko; compatible; GPTBot/1.2; +https://openai.com/gptbot)"
172.70.207.81 - - [08/May/2025:12:14:07 +0200] "GET /?produc_id=sex+hay+vi%E1%BB%87t HTTP/1.1" 200 999 "-" "Mozilla/5.0 AppleWebKit/537.36 (KHTML, like Gecko; compatible; GPTBot/1.2; +https://openai.com/gptbot)"
172.70.207.81 - - [08/May/2025:12:14:08 +0200] "GET /?keyword=sex.+vi%E1%BB%87t+nam HTTP/1.1" 200 999 "-" "Mozilla/5.0 AppleWebKit/537.36 (KHTML, like Gecko; compatible; GPTBot/1.2; +https://openai.com/gptbot)"
172.70.207.81 - - [08/May/2025:12:14:09 +0200] "GET /?produc_id=gay+sex+vi%E1%BB%87t HTTP/1.1" 200 999 "-" "Mozilla/5.0 AppleWebKit/537.36 (KHTML, like Gecko; compatible; GPTBot/1.2; +https://openai.com/gptbot)"
172.70.207.81 - - [08/May/2025:12:14:10 +0200] "GET /?produc_id=gay+vi%E1%BB%87t+sex HTTP/1.1" 200 999 "-" "Mozilla/5.0 AppleWebKit/537.36 (KHTML, like Gecko; compatible; GPTBot/1.2; +https://openai.com/gptbot)"
172.70.207.81 - - [08/May/2025:12:14:11 +0200] "GET /?produc_id=sex+vi%E1%BB%87t+hay HTTP/1.1" 200 999 "-" "Mozilla/5.0 AppleWebKit/537.36 (KHTML, like Gecko; compatible; GPTBot/1.2; +https://openai.com/gptbot)"
172.70.207.81 - - [08/May/2025:12:14:13 +0200] "GET /?produc_id=sex+vi%E1%BB%87t+nam HTTP/1.1" 200 999 "-" "Mozilla/5.0 AppleWebKit/537.36 (KHTML, like Gecko; compatible; GPTBot/1.2; +https://openai.com/gptbot)"
172.70.207.81 - - [08/May/2025:12:14:14 +0200] "GET /?play=phim+sex+c%E1%BB%95.trang HTTP/1.1" 200 999 "-" "Mozilla/5.0 AppleWebKit/537.36 (KHTML, like Gecko; compatible; GPTBot/1.2; +https://openai.com/gptbot)"
172.70.207.81 - - [08/May/2025:12:14:15 +0200] "GET /?produc_id=anh+sex+vi%E1%BB%87t HTTP/1.1" 200 999 "-" "Mozilla/5.0 AppleWebKit/537.36 (KHTML, like Gecko; compatible; GPTBot/1.2; +https://openai.com/gptbot)"
172.70.207.81 - - [08/May/2025:12:14:16 +0200] "GET /?produc_id=sex+l%E1%BB%97+nh%E1%BB%8B HTTP/1.1" 200 999 "-" "Mozilla/5.0 AppleWebKit/537.36 (KHTML, like Gecko; compatible; GPTBot/1.2; +https://openai.com/gptbot)"
172.70.207.81 - - [08/May/2025:12:14:17 +0200] "GET /?produc_id=10+nh%C3%A0+c%C3%A1i HTTP/1.1" 200 999 "-" "Mozilla/5.0 AppleWebKit/537.36 (KHTML, like Gecko; compatible; GPTBot/1.2; +https://openai.com/gptbot)"
172.69.176.80 - - [08/May/2025:12:14:18 +0200] "GET /?i=221665621 HTTP/1.1" 200 93801 "-" "Mozilla/5.0 (Linux; Android 5.0) AppleWebKit/537.36 (KHTML, like Gecko) Mobile Safari/537.36 (compatible; Bytespider; [email protected])"
172.70.207.81 - - [08/May/2025:12:14:18 +0200] "GET /?bet=nh%E1%BA%A5t+anh HTTP/1.1" 200 999 "-" "Mozilla/5.0 AppleWebKit/537.36 (KHTML, like Gecko; compatible; GPTBot/1.2; +https://openai.com/gptbot)"
162.158.41.6 - - [08/May/2025:12:14:19 +0200] "GET /?i=376215221 HTTP/1.1" 200 93801 "-" "Mozilla/5.0 (compatible; DotBot/1.2; +https://opensiteexplorer.org/dotbot; [email protected])"
162.158.88.142 - - [08/May/2025:12:14:19 +0200] "GET /IMG/logo/img-20231108-wa0084.jpg HTTP/1.1" 200 8767 "http://www.igihango.com/?i=221665621" "Mozilla/5.0 (Linux; Android 5.0) AppleWebKit/537.36 (KHTML, like Gecko) Mobile Safari/537.36 (compatible; Bytespider; [email protected])"
172.70.207.81 - - [08/May/2025:12:14:20 +0200] "GET /?hot=sex+nh%E1%BA%A1t HTTP/1.1" 200 999 "-" "Mozilla/5.0 AppleWebKit/537.36 (KHTML, like Gecko; compatible; GPTBot/1.2; +https://openai.com/gptbot)"
172.70.207.81 - - [08/May/2025:12:14:21 +0200] "GET /?app=g%C3%A1i+xinh+xx HTTP/1.1" 200 999 "-" "Mozilla/5.0 AppleWebKit/537.36 (KHTML, like Gecko; compatible; GPTBot/1.2; +https://openai.com/gptbot)"
172.70.207.81 - - [08/May/2025:12:14:22 +0200] "GET /?app=sex+t%C3%A2p+the HTTP/1.1" 200 999 "-" "Mozilla/5.0 AppleWebKit/537.36 (KHTML, like Gecko; compatible; GPTBot/1.2; +https://openai.com/gptbot)"
172.70.207.81 - - [08/May/2025:12:14:23 +0200] "GET /?top=t%E1%BA%A3i+phim HTTP/1.1" 200 999 "-" "Mozilla/5.0 AppleWebKit/537.36 (KHTML, like Gecko; compatible; GPTBot/1.2; +https://openai.com/gptbot)"
172.70.207.81 - - [08/May/2025:12:14:24 +0200] "GET /?app=phim+xe+h%C6%A1i HTTP/1.1" 200 999 "-" "Mozilla/5.0 AppleWebKit/537.36 (KHTML, like Gecko; compatible; GPTBot/1.2; +https://openai.com/gptbot)"
172.70.207.81 - - [08/May/2025:12:14:25 +0200] "GET /?ios=soi+c%C3%A2u+vip HTTP/1.1" 200 999 "-" "Mozilla/5.0 AppleWebKit/537.36 (KHTML, like Gecko; compatible; GPTBot/1.2; +https://openai.com/gptbot)"
172.70.207.81 - - [08/May/2025:12:14:27 +0200] "GET /?ios=sex+gai+gi%C3%A0 HTTP/1.1" 200 999 "-" "Mozilla/5.0 AppleWebKit/537.36 (KHTML, like Gecko; compatible; GPTBot/1.2; +https://openai.com/gptbot)"
172.70.207.81 - - [08/May/2025:12:14:28 +0200] "GET /?bet=hen+tai+h%C3%A0n HTTP/1.1" 200 999 "-" "Mozilla/5.0 AppleWebKit/537.36 (KHTML, like Gecko; compatible; GPTBot/1.2; +https://openai.com/gptbot)"
172.70.207.81 - - [08/May/2025:12:14:29 +0200] "GET /?hot=g%C3%A1i+xinh+xx HTTP/1.1" 200 999 "-" "Mozilla/5.0 AppleWebKit/537.36 (KHTML, like Gecko; compatible; GPTBot/1.2; +https://openai.com/gptbot)"
172.70.207.82 - - [08/May/2025:12:14:30 +0200] "GET /?hot=t%E1%BA%A3i+phim HTTP/1.1" 200 999 "-" "Mozilla/5.0 AppleWebKit/537.36 (KHTML, like Gecko; compatible; GPTBot/1.2; +https://openai.com/gptbot)"
172.70.207.82 - - [08/May/2025:12:14:31 +0200] "GET /?hot=g%C3%A1i+ngon+vn HTTP/1.1" 200 999 "-" "Mozilla/5.0 AppleWebKit/537.36 (KHTML, like Gecko; compatible; GPTBot/1.2; +https://openai.com/gptbot)"
172.70.207.82 - - [08/May/2025:12:14:32 +0200] "GET /?app=m%C3%B3c+cua+sex HTTP/1.1" 200 999 "-" "Mozilla/5.0 AppleWebKit/537.36 (KHTML, like Gecko; compatible; GPTBot/1.2; +https://openai.com/gptbot)"
172.71.142.45 - - [08/May/2025:12:14:33 +0200] "GET /?i=382411021 HTTP/1.1" 200 93801 "-" "Mozilla/5.0 (compatible; DotBot/1.2; +https://opensiteexplorer.org/dotbot; [email protected])"
172.70.207.82 - - [08/May/2025:12:14:33 +0200] "GET /?app=phim+m%C3%A1t+xa HTTP/1.1" 200 999 "-" "Mozilla/5.0 AppleWebKit/537.36 (KHTML, like Gecko; compatible; GPTBot/1.2; +https://openai.com/gptbot)"
172.70.207.82 - - [08/May/2025:12:14:35 +0200] "GET /?ios=ch%E1%BA%A5m+com HTTP/1.1" 200 999 "-" "Mozilla/5.0 AppleWebKit/537.36 (KHTML, like Gecko; compatible; GPTBot/1.2; +https://openai.com/gptbot)"
172.70.207.82 - - [08/May/2025:12:14:36 +0200] "GET /?ios=sex+g%C3%A1i+gia HTTP/1.1" 200 999 "-" "Mozilla/5.0 AppleWebKit/537.36 (KHTML, like Gecko; compatible; GPTBot/1.2; +https://openai.com/gptbot)"
172.70.207.82 - - [08/May/2025:12:14:37 +0200] "GET /?bet=sex+nh%E1%BA%A1t HTTP/1.1" 200 999 "-" "Mozilla/5.0 AppleWebKit/537.36 (KHTML, like Gecko; compatible; GPTBot/1.2; +https://openai.com/gptbot)"
172.70.207.82 - - [08/May/2025:12:14:38 +0200] "GET /?app=jav+chau+%C3%A2u HTTP/1.1" 200 999 "-" "Mozilla/5.0 AppleWebKit/537.36 (KHTML, like Gecko; compatible; GPTBot/1.2; +https://openai.com/gptbot)"
172.70.207.82 - - [08/May/2025:12:14:39 +0200] "GET /?play=m%C3%A1y+bay+xx HTTP/1.1" 200 999 "-" "Mozilla/5.0 AppleWebKit/537.36 (KHTML, like Gecko; compatible; GPTBot/1.2; +https://openai.com/gptbot)"
172.70.207.82 - - [08/May/2025:12:14:40 +0200] "GET /?play=c%E1%BA%B7c+gay HTTP/1.1" 200 999 "-" "Mozilla/5.0 AppleWebKit/537.36 (KHTML, like Gecko; compatible; GPTBot/1.2; +https://openai.com/gptbot)"
172.70.207.82 - - [08/May/2025:12:14:42 +0200] "GET /?app=xx+g%C3%A1i+xinh HTTP/1.1" 200 999 "-" "Mozilla/5.0 AppleWebKit/537.36 (KHTML, like Gecko; compatible; GPTBot/1.2; +https://openai.com/gptbot)"
172.70.207.82 - - [08/May/2025:12:14:43 +0200] "GET /?app=meme+g%E1%BA%A5u HTTP/1.1" 200 999 "-" "Mozilla/5.0 AppleWebKit/537.36 (KHTML, like Gecko; compatible; GPTBot/1.2; +https://openai.com/gptbot)"
172.70.207.82 - - [08/May/2025:12:14:44 +0200] "GET /?app=jav+m%E1%BA%A1nh HTTP/1.1" 200 999 "-" "Mozilla/5.0 AppleWebKit/537.36 (KHTML, like Gecko; compatible; GPTBot/1.2; +https://openai.com/gptbot)"
172.70.207.82 - - [08/May/2025:12:14:45 +0200] "GET /?hot=sex+t%C3%A2p+the HTTP/1.1" 200 999 "-" "Mozilla/5.0 AppleWebKit/537.36 (KHTML, like Gecko; compatible; GPTBot/1.2; +https://openai.com/gptbot)"
162.158.42.18 - - [08/May/2025:12:14:46 +0200] "GET /?i=383529921 HTTP/1.1" 200 93801 "-" "Mozilla/5.0 (compatible; DotBot/1.2; +https://opensiteexplorer.org/dotbot; [email protected])"
172.68.245.27 - - [08/May/2025:12:14:46 +0200] "GET /?play=phum%20sex HTTP/1.1" 200 999 "-" "meta-externalagent/1.1 (+https://developers.facebook.com/docs/sharing/webmasters/crawler)"
172.70.207.82 - - [08/May/2025:12:14:46 +0200] "GET /?ios=g%C3%A1i+xin+sex HTTP/1.1" 200 999 "-" "Mozilla/5.0 AppleWebKit/537.36 (KHTML, like Gecko; compatible; GPTBot/1.2; +https://openai.com/gptbot)"
172.70.207.82 - - [08/May/2025:12:14:47 +0200] "GET /?app=g%C3%A1i+vn+xnxx HTTP/1.1" 200 999 "-" "Mozilla/5.0 AppleWebKit/537.36 (KHTML, like Gecko; compatible; GPTBot/1.2; +https://openai.com/gptbot)"
172.70.207.82 - - [08/May/2025:12:14:48 +0200] "GET /?app=lau+x%E1%BA%A1nh HTTP/1.1" 200 999 "-" "Mozilla/5.0 AppleWebKit/537.36 (KHTML, like Gecko; compatible; GPTBot/1.2; +https://openai.com/gptbot)"
172.70.207.82 - - [08/May/2025:12:14:50 +0200] "GET /?bet=sex+bn+th%C3%A2n HTTP/1.1" 200 999 "-" "Mozilla/5.0 AppleWebKit/537.36 (KHTML, like Gecko; compatible; GPTBot/1.2; +https://openai.com/gptbot)"
172.70.207.82 - - [08/May/2025:12:14:51 +0200] "GET /?app=phim+xex+m%C4%A9 HTTP/1.1" 200 999 "-" "Mozilla/5.0 AppleWebKit/537.36 (KHTML, like Gecko; compatible; GPTBot/1.2; +https://openai.com/gptbot)"
172.70.207.82 - - [08/May/2025:12:14:52 +0200] "GET /?hot=thu%E1%BA%BF+fo4 HTTP/1.1" 200 999 "-" "Mozilla/5.0 AppleWebKit/537.36 (KHTML, like Gecko; compatible; GPTBot/1.2; +https://openai.com/gptbot)"
172.70.207.82 - - [08/May/2025:12:14:53 +0200] "GET /?ios=sex+m%C3%B3c+lol HTTP/1.1" 200 999 "-" "Mozilla/5.0 AppleWebKit/537.36 (KHTML, like Gecko; compatible; GPTBot/1.2; +https://openai.com/gptbot)"
172.70.207.82 - - [08/May/2025:12:14:54 +0200] "GET /?ios=g%C3%A1i+vn+xnxx HTTP/1.1" 200 999 "-" "Mozilla/5.0 AppleWebKit/537.36 (KHTML, like Gecko; compatible; GPTBot/1.2; +https://openai.com/gptbot)"
172.70.207.82 - - [08/May/2025:12:14:56 +0200] "GET /?top=nh%E1%BA%A5t+anh HTTP/1.1" 200 999 "-" "Mozilla/5.0 AppleWebKit/537.36 (KHTML, like Gecko; compatible; GPTBot/1.2; +https://openai.com/gptbot)"
172.70.207.82 - - [08/May/2025:12:14:57 +0200] "GET /?app=sex+g%C3%A1i+gia HTTP/1.1" 200 999 "-" "Mozilla/5.0 AppleWebKit/537.36 (KHTML, like Gecko; compatible; GPTBot/1.2; +https://openai.com/gptbot)"
172.71.147.54 - - [08/May/2025:12:14:58 +0200] "GET /?i=397449421 HTTP/1.1" 200 93801 "-" "Mozilla/5.0 (compatible; DotBot/1.2; +https://opensiteexplorer.org/dotbot; [email protected])"
172.70.207.82 - - [08/May/2025:12:14:58 +0200] "GET /?app=hen+tai+h%C3%A0n HTTP/1.1" 200 999 "-" "Mozilla/5.0 AppleWebKit/537.36 (KHTML, like Gecko; compatible; GPTBot/1.2; +https://openai.com/gptbot)"
172.70.207.82 - - [08/May/2025:12:14:59 +0200] "GET /?app=sex+m%C3%B3c+cua HTTP/1.1" 200 999 "-" "Mozilla/5.0 AppleWebKit/537.36 (KHTML, like Gecko; compatible; GPTBot/1.2; +https://openai.com/gptbot)"
172.70.207.82 - - [08/May/2025:12:15:00 +0200] "GET /?hot=xx+g%C3%A1i+xinh HTTP/1.1" 200 999 "-" "Mozilla/5.0 AppleWebKit/537.36 (KHTML, like Gecko; compatible; GPTBot/1.2; +https://openai.com/gptbot)"
172.70.100.42 - - [08/May/2025:12:15:00 +0200] "GET /?game=keo+bong+da+y HTTP/1.1" 200 999 "-" "Mozilla/5.0 AppleWebKit/537.36 (KHTML, like Gecko; compatible; ClaudeBot/1.0; [email protected])"
172.69.6.152 - - [08/May/2025:12:15:01 +0200] "GET /?top=sexvietsub+khong+che HTTP/1.1" 200 999 "-" "Mozilla/5.0 AppleWebKit/537.36 (KHTML, like Gecko; compatible; ClaudeBot/1.0; [email protected])"
172.70.207.82 - - [08/May/2025:12:15:01 +0200] "GET /?app=g%E1%BA%A5u+meme HTTP/1.1" 200 999 "-" "Mozilla/5.0 AppleWebKit/537.36 (KHTML, like Gecko; compatible; GPTBot/1.2; +https://openai.com/gptbot)"
172.69.6.196 - - [08/May/2025:12:15:02 +0200] "GET /?bet=phimsexchauphi HTTP/1.1" 200 999 "-" "Mozilla/5.0 AppleWebKit/537.36 (KHTML, like Gecko; compatible; ClaudeBot/1.0; [email protected])"
172.70.207.82 - - [08/May/2025:12:15:03 +0200] "GET /?hot=hen+tai+h%C3%A0n HTTP/1.1" 200 999 "-" "Mozilla/5.0 AppleWebKit/537.36 (KHTML, like Gecko; compatible; GPTBot/1.2; +https://openai.com/gptbot)"
172.69.7.166 - - [08/May/2025:12:15:03 +0200] "GET /?game=sex+my+den HTTP/1.1" 200 999 "-" "Mozilla/5.0 AppleWebKit/537.36 (KHTML, like Gecko; compatible; ClaudeBot/1.0; [email protected])"
172.70.207.82 - - [08/May/2025:12:15:04 +0200] "GET /?app=jav+lo%E1%BA%A1n HTTP/1.1" 200 999 "-" "Mozilla/5.0 AppleWebKit/537.36 (KHTML, like Gecko; compatible; GPTBot/1.2; +https://openai.com/gptbot)"
172.69.7.166 - - [08/May/2025:12:15:04 +0200] "GET /?top=sex+no+le+tinh+duc HTTP/1.1" 200 999 "-" "Mozilla/5.0 AppleWebKit/537.36 (KHTML, like Gecko; compatible; ClaudeBot/1.0; [email protected])"
172.70.207.82 - - [08/May/2025:12:15:05 +0200] "GET /?top=g%C3%A1i+ngon+vn HTTP/1.1" 200 999 "-" "Mozilla/5.0 AppleWebKit/537.36 (KHTML, like Gecko; compatible; GPTBot/1.2; +https://openai.com/gptbot)"
172.70.207.82 - - [08/May/2025:12:15:06 +0200] "GET /?hot=%E1%BA%A3nh+cuto HTTP/1.1" 200 999 "-" "Mozilla/5.0 AppleWebKit/537.36 (KHTML, like Gecko; compatible; GPTBot/1.2; +https://openai.com/gptbot)"
172.70.207.82 - - [08/May/2025:12:15:07 +0200] "GET /?produc_id=phim+sex+69.+com HTTP/1.1" 200 999 "-" "Mozilla/5.0 AppleWebKit/537.36 (KHTML, like Gecko; compatible; GPTBot/1.2; +https://openai.com/gptbot)"
172.70.207.82 - - [08/May/2025:12:15:08 +0200] "GET /?produc_id=phim+sex+69+.com HTTP/1.1" 200 999 "-" "Mozilla/5.0 AppleWebKit/537.36 (KHTML, like Gecko; compatible; GPTBot/1.2; +https://openai.com/gptbot)"
162.158.41.239 - - [08/May/2025:12:15:09 +0200] "GET /?i=403829321 HTTP/1.1" 200 93801 "-" "Mozilla/5.0 (compatible; DotBot/1.2; +https://opensiteexplorer.org/dotbot; [email protected])"
172.70.207.82 - - [08/May/2025:12:15:09 +0200] "GET /?ios=ch%E1%BB%8Bch+ch%E1%BB%8B+vn HTTP/1.1" 200 999 "-" "Mozilla/5.0 AppleWebKit/537.36 (KHTML, like Gecko; compatible; GPTBot/1.2; +https://openai.com/gptbot)"
172.70.207.82 - - [08/May/2025:12:15:10 +0200] "GET /?produc_id=t%C3%ACnh+d%E1%BB%A5c+b%C3%BAp+b%C3%AA HTTP/1.1" 200 999 "-" "Mozilla/5.0 AppleWebKit/537.36 (KHTML, like Gecko; compatible; GPTBot/1.2; +https://openai.com/gptbot)"
162.158.106.135 - - [08/May/2025:12:15:11 +0200] "GET /?i=134305221 HTTP/1.1" 200 93801 "-" "Mozilla/5.0 (Linux; Android 5.0) AppleWebKit/537.36 (KHTML, like Gecko) Mobile Safari/537.36 (compatible; Bytespider; [email protected])"
172.70.207.82 - - [08/May/2025:12:15:12 +0200] "GET /?produc_id=phim+sexviet HTTP/1.1" 200 999 "-" "Mozilla/5.0 AppleWebKit/537.36 (KHTML, like Gecko; compatible; GPTBot/1.2; +https://openai.com/gptbot)"
162.158.178.26 - - [08/May/2025:12:15:12 +0200] "GET /IMG/logo/img-20231108-wa0084.jpg HTTP/1.1" 200 8767 "http://www.igihango.com/?i=134305221" "Mozilla/5.0 (Linux; Android 5.0) AppleWebKit/537.36 (KHTML, like Gecko) Mobile Safari/537.36 (compatible; Bytespider; [email protected])"
172.70.207.82 - - [08/May/2025:12:15:13 +0200] "GET /?play=phim+setkhong+che HTTP/1.1" 200 999 "-" "Mozilla/5.0 AppleWebKit/537.36 (KHTML, like Gecko; compatible; GPTBot/1.2; +https://openai.com/gptbot)"
172.70.208.98 - - [08/May/2025:12:15:13 +0200] "GET /?i=84981421 HTTP/1.1" 200 93801 "-" "Mozilla/5.0 (Linux; Android 5.0) AppleWebKit/537.36 (KHTML, like Gecko) Mobile Safari/537.36 (compatible; Bytespider; [email protected])"
172.70.207.82 - - [08/May/2025:12:15:14 +0200] "GET /?produc_id=keo+juventus HTTP/1.1" 200 999 "-" "Mozilla/5.0 AppleWebKit/537.36 (KHTML, like Gecko; compatible; GPTBot/1.2; +https://openai.com/gptbot)"
172.70.207.82 - - [08/May/2025:12:15:15 +0200] "GET /?keyword=phim+sex+nhanh HTTP/1.1" 200 999 "-" "Mozilla/5.0 AppleWebKit/537.36 (KHTML, like Gecko; compatible; GPTBot/1.2; +https://openai.com/gptbot)"
172.70.207.82 - - [08/May/2025:12:15:16 +0200] "GET /?keyword=chich+nhau+jav HTTP/1.1" 200 999 "-" "Mozilla/5.0 AppleWebKit/537.36 (KHTML, like Gecko; compatible; GPTBot/1.2; +https://openai.com/gptbot)"
172.70.207.82 - - [08/May/2025:12:15:17 +0200] "GET /?produc_id=phim+vietsub HTTP/1.1" 200 999 "-" "Mozilla/5.0 AppleWebKit/537.36 (KHTML, like Gecko; compatible; GPTBot/1.2; +https://openai.com/gptbot)"
162.158.88.142 - - [08/May/2025:12:15:18 +0200] "GET /IMG/logo/img-20231108-wa0084.jpg HTTP/1.1" 200 8767 "http://www.igihango.com/?i=84981421" "Mozilla/5.0 (Linux; Android 5.0) AppleWebKit/537.36 (KHTML, like Gecko) Mobile Safari/537.36 (compatible; Bytespider; [email protected])"
172.70.207.82 - - [08/May/2025:12:15:19 +0200] "GET /?produc_id=sex+overflow HTTP/1.1" 200 999 "-" "Mozilla/5.0 AppleWebKit/537.36 (KHTML, like Gecko; compatible; GPTBot/1.2; +https://openai.com/gptbot)"
172.71.151.94 - - [08/May/2025:12:15:19 +0200] "GET /?i=406312321 HTTP/1.1" 200 93801 "-" "Mozilla/5.0 (compatible; DotBot/1.2; +https://opensiteexplorer.org/dotbot; [email protected])"
172.70.207.82 - - [08/May/2025:12:15:20 +0200] "GET /?produc_id=anime+cgichj HTTP/1.1" 200 999 "-" "Mozilla/5.0 AppleWebKit/537.36 (KHTML, like Gecko; compatible; GPTBot/1.2; +https://openai.com/gptbot)"
172.70.207.82 - - [08/May/2025:12:15:21 +0200] "GET /?app=clipsex+trung+quoc HTTP/1.1" 200 999 "-" "Mozilla/5.0 AppleWebKit/537.36 (KHTML, like Gecko; compatible; GPTBot/1.2; +https://openai.com/gptbot)"
172.70.207.82 - - [08/May/2025:12:15:22 +0200] "GET /?produc_id=phim+sexaumy HTTP/1.1" 200 999 "-" "Mozilla/5.0 AppleWebKit/537.36 (KHTML, like Gecko; compatible; GPTBot/1.2; +https://openai.com/gptbot)"
172.70.207.82 - - [08/May/2025:12:15:23 +0200] "GET /?produc_id=furry+hentai HTTP/1.1" 200 999 "-" "Mozilla/5.0 AppleWebKit/537.36 (KHTML, like Gecko; compatible; GPTBot/1.2; +https://openai.com/gptbot)"
172.70.207.82 - - [08/May/2025:12:15:24 +0200] "GET /?produc_id=jav+vietshup HTTP/1.1" 200 999 "-" "Mozilla/5.0 AppleWebKit/537.36 (KHTML, like Gecko; compatible; GPTBot/1.2; +https://openai.com/gptbot)"
172.70.207.82 - - [08/May/2025:12:15:26 +0200] "GET /?play=phim+sex+khongche HTTP/1.1" 200 999 "-" "Mozilla/5.0 AppleWebKit/537.36 (KHTML, like Gecko; compatible; GPTBot/1.2; +https://openai.com/gptbot)"
172.70.207.82 - - [08/May/2025:12:15:27 +0200] "GET /?play=phim+xeskhong+che HTTP/1.1" 200 999 "-" "Mozilla/5.0 AppleWebKit/537.36 (KHTML, like Gecko; compatible; GPTBot/1.2; +https://openai.com/gptbot)"
162.158.42.226 - - [08/May/2025:12:15:28 +0200] "GET /?i=412872821 HTTP/1.1" 200 93801 "-" "Mozilla/5.0 (compatible; DotBot/1.2; +https://opensiteexplorer.org/dotbot; [email protected])"
172.70.207.82 - - [08/May/2025:12:15:28 +0200] "GET /?keyword=link+sex+trung HTTP/1.1" 200 999 "-" "Mozilla/5.0 AppleWebKit/537.36 (KHTML, like Gecko; compatible; GPTBot/1.2; +https://openai.com/gptbot)"
172.70.207.82 - - [08/May/2025:12:15:29 +0200] "GET /?produc_id=melory+marks HTTP/1.1" 200 999 "-" "Mozilla/5.0 AppleWebKit/537.36 (KHTML, like Gecko; compatible; GPTBot/1.2; +https://openai.com/gptbot)"
172.70.207.82 - - [08/May/2025:12:15:30 +0200] "GET /?produc_id=xnxxviet+nam HTTP/1.1" 200 999 "-" "Mozilla/5.0 AppleWebKit/537.36 (KHTML, like Gecko; compatible; GPTBot/1.2; +https://openai.com/gptbot)"
172.70.207.82 - - [08/May/2025:12:15:31 +0200] "GET /?keyword=phim+luan+loan HTTP/1.1" 200 999 "-" "Mozilla/5.0 AppleWebKit/537.36 (KHTML, like Gecko; compatible; GPTBot/1.2; +https://openai.com/gptbot)"
172.70.207.82 - - [08/May/2025:12:15:33 +0200] "GET /?top=sex+karen+yuzuriha HTTP/1.1" 200 999 "-" "Mozilla/5.0 AppleWebKit/537.36 (KHTML, like Gecko; compatible; GPTBot/1.2; +https://openai.com/gptbot)"
172.70.207.82 - - [08/May/2025:12:15:34 +0200] "GET /?keyword=jav+nhieu+nuoc HTTP/1.1" 200 999 "-" "Mozilla/5.0 AppleWebKit/537.36 (KHTML, like Gecko; compatible; GPTBot/1.2; +https://openai.com/gptbot)"
172.70.207.82 - - [08/May/2025:12:15:35 +0200] "GET /?produc_id=jav+vuetssub HTTP/1.1" 200 999 "-" "Mozilla/5.0 AppleWebKit/537.36 (KHTML, like Gecko; compatible; GPTBot/1.2; +https://openai.com/gptbot)"
172.71.146.180 - - [08/May/2025:12:15:36 +0200] "GET /?i=413922521 HTTP/1.1" 200 93801 "-" "Mozilla/5.0 (compatible; DotBot/1.2; +https://opensiteexplorer.org/dotbot; [email protected])"
172.70.207.82 - - [08/May/2025:12:15:36 +0200] "GET /?produc_id=massager+jav HTTP/1.1" 200 999 "-" "Mozilla/5.0 AppleWebKit/537.36 (KHTML, like Gecko; compatible; GPTBot/1.2; +https://openai.com/gptbot)"
172.70.208.143 - - [08/May/2025:12:15:37 +0200] "GET /?i=249460721 HTTP/1.1" 200 93801 "-" "Mozilla/5.0 (Linux; Android 5.0) AppleWebKit/537.36 (KHTML, like Gecko) Mobile Safari/537.36 (compatible; Bytespider; [email protected])"
172.70.207.82 - - [08/May/2025:12:15:37 +0200] "GET /?keyword=quay+len+chich HTTP/1.1" 200 999 "-" "Mozilla/5.0 AppleWebKit/537.36 (KHTML, like Gecko; compatible; GPTBot/1.2; +https://openai.com/gptbot)"
162.158.88.143 - - [08/May/2025:12:15:38 +0200] "GET /IMG/logo/img-20231108-wa0084.jpg HTTP/1.1" 200 8767 "http://www.igihango.com/?i=249460721" "Mozilla/5.0 (Linux; Android 5.0) AppleWebKit/537.36 (KHTML, like Gecko) Mobile Safari/537.36 (compatible; Bytespider; [email protected])"
172.70.207.82 - - [08/May/2025:12:15:39 +0200] "GET /?keyword=phim+sex+yoona HTTP/1.1" 200 999 "-" "Mozilla/5.0 AppleWebKit/537.36 (KHTML, like Gecko; compatible; GPTBot/1.2; +https://openai.com/gptbot)"
172.70.207.82 - - [08/May/2025:12:15:40 +0200] "GET /?keyword=xes+chung+quoc HTTP/1.1" 200 999 "-" "Mozilla/5.0 AppleWebKit/537.36 (KHTML, like Gecko; compatible; GPTBot/1.2; +https://openai.com/gptbot)"
172.70.207.82 - - [08/May/2025:12:15:41 +0200] "GET /?play=sex+vietsub+trung HTTP/1.1" 200 999 "-" "Mozilla/5.0 AppleWebKit/537.36 (KHTML, like Gecko; compatible; GPTBot/1.2; +https://openai.com/gptbot)"
172.70.207.82 - - [08/May/2025:12:15:42 +0200] "GET /?keyword=phimm+sex+viet HTTP/1.1" 200 999 "-" "Mozilla/5.0 AppleWebKit/537.36 (KHTML, like Gecko; compatible; GPTBot/1.2; +https://openai.com/gptbot)"
172.68.22.73 - - [08/May/2025:12:15:43 +0200] "GET /?i=420598921 HTTP/1.1" 200 93801 "-" "Mozilla/5.0 (compatible; DotBot/1.2; +https://opensiteexplorer.org/dotbot; [email protected])"
172.70.207.82 - - [08/May/2025:12:15:43 +0200] "GET /?ios=phimsex+trung+quoc HTTP/1.1" 200 999 "-" "Mozilla/5.0 AppleWebKit/537.36 (KHTML, like Gecko; compatible; GPTBot/1.2; +https://openai.com/gptbot)"
172.70.207.82 - - [08/May/2025:12:15:44 +0200] "GET /?produc_id=meloly+marks HTTP/1.1" 200 999 "-" "Mozilla/5.0 AppleWebKit/537.36 (KHTML, like Gecko; compatible; GPTBot/1.2; +https://openai.com/gptbot)"
172.70.207.82 - - [08/May/2025:12:15:45 +0200] "GET /?keyword=bongda+xoi+lac HTTP/1.1" 200 999 "-" "Mozilla/5.0 AppleWebKit/537.36 (KHTML, like Gecko; compatible; GPTBot/1.2; +https://openai.com/gptbot)"
172.70.207.82 - - [08/May/2025:12:15:47 +0200] "GET /?produc_id=sexviet+phim HTTP/1.1" 200 999 "-" "Mozilla/5.0 AppleWebKit/537.36 (KHTML, like Gecko; compatible; GPTBot/1.2; +https://openai.com/gptbot)"
172.70.207.82 - - [08/May/2025:12:15:48 +0200] "GET /?keyword=phim+sex+hetai HTTP/1.1" 200 999 "-" "Mozilla/5.0 AppleWebKit/537.36 (KHTML, like Gecko; compatible; GPTBot/1.2; +https://openai.com/gptbot)"
172.68.23.203 - - [08/May/2025:12:15:49 +0200] "GET /?i=424773021 HTTP/1.1" 200 93801 "-" "Mozilla/5.0 (compatible; DotBot/1.2; +https://opensiteexplorer.org/dotbot; [email protected])"
172.70.207.82 - - [08/May/2025:12:15:49 +0200] "GET /?play=phim+sexkhong+che HTTP/1.1" 200 999 "-" "Mozilla/5.0 AppleWebKit/537.36 (KHTML, like Gecko; compatible; GPTBot/1.2; +https://openai.com/gptbot)"
172.70.207.82 - - [08/May/2025:12:15:50 +0200] "GET /?keyword=sex+tq+vietsub HTTP/1.1" 200 999 "-" "Mozilla/5.0 AppleWebKit/537.36 (KHTML, like Gecko; compatible; GPTBot/1.2; +https://openai.com/gptbot)"
172.70.207.82 - - [08/May/2025:12:15:51 +0200] "GET /?keyword=sex+ngoai+tinh HTTP/1.1" 200 999 "-" "Mozilla/5.0 AppleWebKit/537.36 (KHTML, like Gecko; compatible; GPTBot/1.2; +https://openai.com/gptbot)"
172.70.207.82 - - [08/May/2025:12:15:52 +0200] "GET /?produc_id=phimsex+live HTTP/1.1" 200 999 "-" "Mozilla/5.0 AppleWebKit/537.36 (KHTML, like Gecko; compatible; GPTBot/1.2; +https://openai.com/gptbot)"
172.70.207.82 - - [08/May/2025:12:15:54 +0200] "GET /?keyword=set+chung+quoc HTTP/1.1" 200 999 "-" "Mozilla/5.0 AppleWebKit/537.36 (KHTML, like Gecko; compatible; GPTBot/1.2; +https://openai.com/gptbot)"
162.158.41.249 - - [08/May/2025:12:15:54 +0200] "GET /?i=43262821 HTTP/1.1" 200 93801 "-" "Mozilla/5.0 (compatible; DotBot/1.2; +https://opensiteexplorer.org/dotbot; [email protected])"
172.70.207.82 - - [08/May/2025:12:15:55 +0200] "GET /?produc_id=overflow+sex HTTP/1.1" 200 999 "-" "Mozilla/5.0 AppleWebKit/537.36 (KHTML, like Gecko; compatible; GPTBot/1.2; +https://openai.com/gptbot)"
172.71.254.50 - - [08/May/2025:12:15:55 +0200] "GET /?ios=phim+heo+hiep HTTP/1.1" 200 999 "-" "Mozilla/5.0 AppleWebKit/537.36 (KHTML, like Gecko; compatible; ClaudeBot/1.0; [email protected])"
172.71.254.50 - - [08/May/2025:12:15:56 +0200] "GET /?top=vd+sex+vn HTTP/1.1" 200 999 "-" "Mozilla/5.0 AppleWebKit/537.36 (KHTML, like Gecko; compatible; ClaudeBot/1.0; [email protected])"
172.70.207.82 - - [08/May/2025:12:15:56 +0200] "GET /?keyword=sez+trung+quoc HTTP/1.1" 200 999 "-" "Mozilla/5.0 AppleWebKit/537.36 (KHTML, like Gecko; compatible; GPTBot/1.2; +https://openai.com/gptbot)"
172.69.6.119 - - [08/May/2025:12:15:57 +0200] "GET /?top=xnxx%2C HTTP/1.1" 200 999 "-" "Mozilla/5.0 AppleWebKit/537.36 (KHTML, like Gecko; compatible; ClaudeBot/1.0; [email protected])"
172.70.207.82 - - [08/May/2025:12:15:57 +0200] "GET /?produc_id=sex+yumikami HTTP/1.1" 200 999 "-" "Mozilla/5.0 AppleWebKit/537.36 (KHTML, like Gecko; compatible; GPTBot/1.2; +https://openai.com/gptbot)"
172.69.6.119 - - [08/May/2025:12:15:58 +0200] "GET /?produc_id=phim+sex+loan+luan+vn HTTP/1.1" 200 999 "-" "Mozilla/5.0 AppleWebKit/537.36 (KHTML, like Gecko; compatible; ClaudeBot/1.0; [email protected])"
172.70.207.82 - - [08/May/2025:12:15:58 +0200] "GET /?keyword=zex+trung+quoc HTTP/1.1" 200 999 "-" "Mozilla/5.0 AppleWebKit/537.36 (KHTML, like Gecko; compatible; GPTBot/1.2; +https://openai.com/gptbot)"
172.68.23.203 - - [08/May/2025:12:15:58 +0200] "GET /?i=435122021 HTTP/1.1" 200 93801 "-" "Mozilla/5.0 (compatible; DotBot/1.2; +https://opensiteexplorer.org/dotbot; [email protected])"
108.162.216.160 - - [08/May/2025:12:15:59 +0200] "GET /?ios=phim+s%E1%BA%BD+mup HTTP/1.1" 200 999 "-" "Mozilla/5.0 AppleWebKit/537.36 (KHTML, like Gecko; compatible; ClaudeBot/1.0; [email protected])"
