172.70.207.188 - - [08/May/2025:11:41:44 +0200] "GET /?hot=%C4%91%E1%BB%8Bt+ng%C6%B0%E1%BB%9Di+y%C3%AAu+c%C5%A9 HTTP/1.1" 200 999 "-" "Mozilla/5.0 AppleWebKit/537.36 (KHTML, like Gecko; compatible; GPTBot/1.2; +https://openai.com/gptbot)"
172.70.207.188 - - [08/May/2025:11:41:45 +0200] "GET /?top=%C4%91%E1%BB%8Bt+ng%C6%B0%E1%BB%9Di+y%C3%AAu+c%C5%A9 HTTP/1.1" 200 999 "-" "Mozilla/5.0 AppleWebKit/537.36 (KHTML, like Gecko; compatible; GPTBot/1.2; +https://openai.com/gptbot)"
172.70.207.188 - - [08/May/2025:11:41:46 +0200] "GET /?bet=%C4%91%E1%BB%8Bt+ng%C6%B0%E1%BB%9Di+y%C3%AAu+c%C5%A9 HTTP/1.1" 200 999 "-" "Mozilla/5.0 AppleWebKit/537.36 (KHTML, like Gecko; compatible; GPTBot/1.2; +https://openai.com/gptbot)"
172.70.207.188 - - [08/May/2025:11:41:47 +0200] "GET /?ios=%C4%91%E1%BB%8Bt+ng%C6%B0%E1%BB%9Di+y%C3%AAu+c%C5%A9 HTTP/1.1" 200 999 "-" "Mozilla/5.0 AppleWebKit/537.36 (KHTML, like Gecko; compatible; GPTBot/1.2; +https://openai.com/gptbot)"
172.70.207.188 - - [08/May/2025:11:41:48 +0200] "GET /?top=sex+g%C3%A1i+s%C3%A0i+g%C3%B2n HTTP/1.1" 200 999 "-" "Mozilla/5.0 AppleWebKit/537.36 (KHTML, like Gecko; compatible; GPTBot/1.2; +https://openai.com/gptbot)"
172.70.207.188 - - [08/May/2025:11:41:49 +0200] "GET /?hot=sex+g%C3%A1i+s%C3%A0i+g%C3%B2n HTTP/1.1" 200 999 "-" "Mozilla/5.0 AppleWebKit/537.36 (KHTML, like Gecko; compatible; GPTBot/1.2; +https://openai.com/gptbot)"
172.70.207.188 - - [08/May/2025:11:41:51 +0200] "GET /?bet=sex+c%E1%BA%A5p+3+h%C3%A0n+qu%E1%BB%91c HTTP/1.1" 200 999 "-" "Mozilla/5.0 AppleWebKit/537.36 (KHTML, like Gecko; compatible; GPTBot/1.2; +https://openai.com/gptbot)"
162.158.172.188 - - [08/May/2025:11:41:52 +0200] "GET /robots.txt HTTP/1.1" 200 116 "-" "Mozilla/5.0 (compatible; YandexBot/3.0; +http://yandex.com/bots)"
172.70.207.188 - - [08/May/2025:11:41:52 +0200] "GET /?top=sex+c%E1%BA%A5p+3+h%C3%A0n+qu%E1%BB%91c HTTP/1.1" 200 999 "-" "Mozilla/5.0 AppleWebKit/537.36 (KHTML, like Gecko; compatible; GPTBot/1.2; +https://openai.com/gptbot)"
172.70.207.188 - - [08/May/2025:11:41:53 +0200] "GET /?ios=sex+c%E1%BA%A5p+3+h%C3%A0n+qu%E1%BB%91c HTTP/1.1" 200 999 "-" "Mozilla/5.0 AppleWebKit/537.36 (KHTML, like Gecko; compatible; GPTBot/1.2; +https://openai.com/gptbot)"
172.70.207.188 - - [08/May/2025:11:41:54 +0200] "GET /?bet=coi+phim+sex+%E1%BA%A5n+%C4%91%E1%BB%99 HTTP/1.1" 200 999 "-" "Mozilla/5.0 AppleWebKit/537.36 (KHTML, like Gecko; compatible; GPTBot/1.2; +https://openai.com/gptbot)"
172.70.207.188 - - [08/May/2025:11:41:55 +0200] "GET /?hot=sex+c%E1%BA%A5p+3+h%C3%A0n+qu%E1%BB%91c HTTP/1.1" 200 999 "-" "Mozilla/5.0 AppleWebKit/537.36 (KHTML, like Gecko; compatible; GPTBot/1.2; +https://openai.com/gptbot)"
172.70.207.188 - - [08/May/2025:11:41:56 +0200] "GET /?produc_id=phim+sex+%C4%83n+tr%E1%BB%99m HTTP/1.1" 200 999 "-" "Mozilla/5.0 AppleWebKit/537.36 (KHTML, like Gecko; compatible; GPTBot/1.2; +https://openai.com/gptbot)"
162.158.163.2 - - [08/May/2025:11:41:57 +0200] "GET /?i=297507221 HTTP/1.1" 200 93801 "-" "Mozilla/5.0 (Linux; Android 5.0) AppleWebKit/537.36 (KHTML, like Gecko) Mobile Safari/537.36 (compatible; Bytespider; [email protected])"
172.70.207.188 - - [08/May/2025:11:41:57 +0200] "GET /?ios=xem+bong+%C4%91%C3%A1+truc+ti%E1%BA%BFp HTTP/1.1" 200 999 "-" "Mozilla/5.0 AppleWebKit/537.36 (KHTML, like Gecko; compatible; GPTBot/1.2; +https://openai.com/gptbot)"
172.68.164.36 - - [08/May/2025:11:41:58 +0200] "GET /IMG/logo/1024x538_cmsv2_c54013e5-8833-5743-86fc-a18b87d54ede-8113070.jpg.webp HTTP/1.1" 200 8812 "http://www.igihango.com/?i=297507221" "Mozilla/5.0 (Linux; Android 5.0) AppleWebKit/537.36 (KHTML, like Gecko) Mobile Safari/537.36 (compatible; Bytespider; [email protected])"
162.158.88.143 - - [08/May/2025:11:41:58 +0200] "GET /IMG/logo/img-20231108-wa0084.jpg HTTP/1.1" 200 8767 "http://www.igihango.com/?i=297507221" "Mozilla/5.0 (Linux; Android 5.0) AppleWebKit/537.36 (KHTML, like Gecko) Mobile Safari/537.36 (compatible; Bytespider; [email protected])"
172.70.207.188 - - [08/May/2025:11:41:59 +0200] "GET /?produc_id=sex+m%C4%A9+lo%E1%BA%A1n+lu%C3%A2n HTTP/1.1" 200 999 "-" "Mozilla/5.0 AppleWebKit/537.36 (KHTML, like Gecko; compatible; GPTBot/1.2; +https://openai.com/gptbot)"
172.70.207.188 - - [08/May/2025:11:42:00 +0200] "GET /?produc_id=soi+k%C3%A8o+th%E1%BB%A5y+s%C4%A9 HTTP/1.1" 200 999 "-" "Mozilla/5.0 AppleWebKit/537.36 (KHTML, like Gecko; compatible; GPTBot/1.2; +https://openai.com/gptbot)"
172.70.207.188 - - [08/May/2025:11:42:01 +0200] "GET /?top=phim+sex+kh%C3%B4ng+che+%C4%91%E1%BA%ADy HTTP/1.1" 200 999 "-" "Mozilla/5.0 AppleWebKit/537.36 (KHTML, like Gecko; compatible; GPTBot/1.2; +https://openai.com/gptbot)"
172.70.207.188 - - [08/May/2025:11:42:02 +0200] "GET /?produc_id=sex+ng%C6%B0%E1%BB%9Di+c%C3%A1 HTTP/1.1" 200 999 "-" "Mozilla/5.0 AppleWebKit/537.36 (KHTML, like Gecko; compatible; GPTBot/1.2; +https://openai.com/gptbot)"
172.70.207.188 - - [08/May/2025:11:42:03 +0200] "GET /?video=bongdaso+d%E1%BB%AF+li%E1%BB%87u HTTP/1.1" 200 999 "-" "Mozilla/5.0 AppleWebKit/537.36 (KHTML, like Gecko; compatible; GPTBot/1.2; +https://openai.com/gptbot)"
172.70.207.188 - - [08/May/2025:11:42:04 +0200] "GET /?video=phim+sex+nhanh+ch%C3%A2u+%C3%A2u HTTP/1.1" 200 999 "-" "Mozilla/5.0 AppleWebKit/537.36 (KHTML, like Gecko; compatible; GPTBot/1.2; +https://openai.com/gptbot)"
172.70.207.188 - - [08/May/2025:11:42:06 +0200] "GET /?hot=xxx+t%E1%BA%ADp+th%E1%BB%83+kh%C3%B4ng+che HTTP/1.1" 200 999 "-" "Mozilla/5.0 AppleWebKit/537.36 (KHTML, like Gecko; compatible; GPTBot/1.2; +https://openai.com/gptbot)"
172.70.207.188 - - [08/May/2025:11:42:07 +0200] "GET /?app=xxx+t%E1%BA%ADp+th%E1%BB%83+kh%C3%B4ng+che HTTP/1.1" 200 999 "-" "Mozilla/5.0 AppleWebKit/537.36 (KHTML, like Gecko; compatible; GPTBot/1.2; +https://openai.com/gptbot)"
172.70.207.188 - - [08/May/2025:11:42:08 +0200] "GET /?hot=con+trai+ch%E1%BB%8Bch+con+trai HTTP/1.1" 200 999 "-" "Mozilla/5.0 AppleWebKit/537.36 (KHTML, like Gecko; compatible; GPTBot/1.2; +https://openai.com/gptbot)"
172.70.207.188 - - [08/May/2025:11:42:09 +0200] "GET /?app=phim+s%E1%BA%BD+nh%E1%BA%ADt+b%E1%BA%A3n+ko+che HTTP/1.1" 200 999 "-" "Mozilla/5.0 AppleWebKit/537.36 (KHTML, like Gecko; compatible; GPTBot/1.2; +https://openai.com/gptbot)"
172.70.207.188 - - [08/May/2025:11:42:10 +0200] "GET /?ios=phim+s%E1%BA%BD+nh%E1%BA%ADt+b%E1%BA%A3n+ko+che HTTP/1.1" 200 999 "-" "Mozilla/5.0 AppleWebKit/537.36 (KHTML, like Gecko; compatible; GPTBot/1.2; +https://openai.com/gptbot)"
172.70.207.188 - - [08/May/2025:11:42:11 +0200] "GET /?bet=phim+s%E1%BA%BD+nh%E1%BA%ADt+b%E1%BA%A3n+ko+che HTTP/1.1" 200 999 "-" "Mozilla/5.0 AppleWebKit/537.36 (KHTML, like Gecko; compatible; GPTBot/1.2; +https://openai.com/gptbot)"
172.70.207.188 - - [08/May/2025:11:42:13 +0200] "GET /?video=b%C3%B3ng+%C4%91%C3%A1+s%E1%BB%91+wap HTTP/1.1" 200 999 "-" "Mozilla/5.0 AppleWebKit/537.36 (KHTML, like Gecko; compatible; GPTBot/1.2; +https://openai.com/gptbot)"
172.70.207.188 - - [08/May/2025:11:42:14 +0200] "GET /?video=th%E1%BB%83+thao+24%2F7 HTTP/1.1" 200 999 "-" "Mozilla/5.0 AppleWebKit/537.36 (KHTML, like Gecko; compatible; GPTBot/1.2; +https://openai.com/gptbot)"
172.70.207.188 - - [08/May/2025:11:42:15 +0200] "GET /?hot=danh+s%C3%A1ch+ghi+b%C3%A0n+ngo%E1%BA%A1i+h%E1%BA%A1ng+anh HTTP/1.1" 200 999 "-" "Mozilla/5.0 AppleWebKit/537.36 (KHTML, like Gecko; compatible; GPTBot/1.2; +https://openai.com/gptbot)"
172.70.207.188 - - [08/May/2025:11:42:16 +0200] "GET /?ios=danh+s%C3%A1ch+ghi+b%C3%A0n+ngo%E1%BA%A1i+h%E1%BA%A1ng+anh HTTP/1.1" 200 999 "-" "Mozilla/5.0 AppleWebKit/537.36 (KHTML, like Gecko; compatible; GPTBot/1.2; +https://openai.com/gptbot)"
172.70.207.188 - - [08/May/2025:11:42:17 +0200] "GET /?app=danh+s%C3%A1ch+ghi+b%C3%A0n+ngo%E1%BA%A1i+h%E1%BA%A1ng+anh HTTP/1.1" 200 999 "-" "Mozilla/5.0 AppleWebKit/537.36 (KHTML, like Gecko; compatible; GPTBot/1.2; +https://openai.com/gptbot)"
172.70.207.188 - - [08/May/2025:11:42:18 +0200] "GET /?play=xamb+30+ng%C3%A0y HTTP/1.1" 200 999 "-" "Mozilla/5.0 AppleWebKit/537.36 (KHTML, like Gecko; compatible; GPTBot/1.2; +https://openai.com/gptbot)"
172.70.207.188 - - [08/May/2025:11:42:20 +0200] "GET /?keyword=l%C3%B4%CC%80n HTTP/1.1" 200 999 "-" "Mozilla/5.0 AppleWebKit/537.36 (KHTML, like Gecko; compatible; GPTBot/1.2; +https://openai.com/gptbot)"
172.70.207.188 - - [08/May/2025:11:42:21 +0200] "GET /?ios=soi+c%E1%BA%A7u24h HTTP/1.1" 200 999 "-" "Mozilla/5.0 AppleWebKit/537.36 (KHTML, like Gecko; compatible; GPTBot/1.2; +https://openai.com/gptbot)"
172.70.207.188 - - [08/May/2025:11:42:22 +0200] "GET /?keyword=c%C4%83%CC%A3c HTTP/1.1" 200 999 "-" "Mozilla/5.0 AppleWebKit/537.36 (KHTML, like Gecko; compatible; GPTBot/1.2; +https://openai.com/gptbot)"
172.70.207.188 - - [08/May/2025:11:42:23 +0200] "GET /?app=xsmb+30+nga%CC%80y HTTP/1.1" 200 999 "-" "Mozilla/5.0 AppleWebKit/537.36 (KHTML, like Gecko; compatible; GPTBot/1.2; +https://openai.com/gptbot)"
172.70.208.143 - - [08/May/2025:11:42:23 +0200] "GET /?i=11081921 HTTP/1.1" 200 93801 "-" "Mozilla/5.0 (Linux; Android 5.0) AppleWebKit/537.36 (KHTML, like Gecko) Mobile Safari/537.36 (compatible; Bytespider; [email protected])"
172.70.207.188 - - [08/May/2025:11:42:24 +0200] "GET /?keyword=%C4%91i%CC%A3t HTTP/1.1" 200 999 "-" "Mozilla/5.0 AppleWebKit/537.36 (KHTML, like Gecko; compatible; GPTBot/1.2; +https://openai.com/gptbot)"
172.68.164.37 - - [08/May/2025:11:42:24 +0200] "GET /IMG/logo/1024x538_cmsv2_c54013e5-8833-5743-86fc-a18b87d54ede-8113070.jpg.webp HTTP/1.1" 200 8812 "http://www.igihango.com/?i=11081921" "Mozilla/5.0 (Linux; Android 5.0) AppleWebKit/537.36 (KHTML, like Gecko) Mobile Safari/537.36 (compatible; Bytespider; [email protected])"
172.70.207.188 - - [08/May/2025:11:42:25 +0200] "GET /?video=sex+m%E1%BA%B9+v%C3%A0+con HTTP/1.1" 200 999 "-" "Mozilla/5.0 AppleWebKit/537.36 (KHTML, like Gecko; compatible; GPTBot/1.2; +https://openai.com/gptbot)"
162.158.88.142 - - [08/May/2025:11:42:26 +0200] "GET /IMG/logo/img-20231108-wa0084.jpg HTTP/1.1" 200 8767 "http://www.igihango.com/?i=11081921" "Mozilla/5.0 (Linux; Android 5.0) AppleWebKit/537.36 (KHTML, like Gecko) Mobile Safari/537.36 (compatible; Bytespider; [email protected])"
172.70.207.188 - - [08/May/2025:11:42:27 +0200] "GET /?video=phim+sex+massage+vi%E1%BB%87t+nam HTTP/1.1" 200 999 "-" "Mozilla/5.0 AppleWebKit/537.36 (KHTML, like Gecko; compatible; GPTBot/1.2; +https://openai.com/gptbot)"
172.69.17.51 - - [08/May/2025:11:42:27 +0200] "GET /?top=phim+sex+g%C3%A1i+xinh+l%E1%BB%93n+m%C3%BAp HTTP/1.1" 200 999 "-" "Mozilla/5.0 AppleWebKit/537.36 (KHTML, like Gecko; compatible; ClaudeBot/1.0; [email protected])"
172.69.58.86 - - [08/May/2025:11:42:27 +0200] "GET /?produc_id=top+nh%E1%BB%AFng+phim+sex+hay HTTP/1.1" 200 999 "-" "Mozilla/5.0 AppleWebKit/537.36 (KHTML, like Gecko; compatible; ClaudeBot/1.0; [email protected])"
172.69.7.68 - - [08/May/2025:11:42:27 +0200] "GET /?bet=video+lam+tinh HTTP/1.1" 200 999 "-" "Mozilla/5.0 AppleWebKit/537.36 (KHTML, like Gecko; compatible; ClaudeBot/1.0; [email protected])"
172.70.100.67 - - [08/May/2025:11:42:27 +0200] "GET /?keyword=sexy+hi%E1%BA%BFp+d%C3%A2m HTTP/1.1" 200 999 "-" "Mozilla/5.0 AppleWebKit/537.36 (KHTML, like Gecko; compatible; ClaudeBot/1.0; [email protected])"
172.69.59.121 - - [08/May/2025:11:42:27 +0200] "GET /?play=sayuri+h%C3%A2yma HTTP/1.1" 200 999 "-" "Mozilla/5.0 AppleWebKit/537.36 (KHTML, like Gecko; compatible; ClaudeBot/1.0; [email protected])"
172.70.207.188 - - [08/May/2025:11:42:28 +0200] "GET /?produc_id=l%E1%BB%8Bch+thi+%C4%91%E1%BA%A5u+mu. HTTP/1.1" 200 999 "-" "Mozilla/5.0 AppleWebKit/537.36 (KHTML, like Gecko; compatible; GPTBot/1.2; +https://openai.com/gptbot)"
172.70.207.188 - - [08/May/2025:11:42:29 +0200] "GET /?ios=ch%E1%BB%8Bch+th%E1%BB%A7 HTTP/1.1" 200 999 "-" "Mozilla/5.0 AppleWebKit/537.36 (KHTML, like Gecko; compatible; GPTBot/1.2; +https://openai.com/gptbot)"
172.70.207.188 - - [08/May/2025:11:42:30 +0200] "GET /?top=g%C3%A1i+xinh+vi%E1%BB%87t+show+h%C3%A0ng HTTP/1.1" 200 999 "-" "Mozilla/5.0 AppleWebKit/537.36 (KHTML, like Gecko; compatible; GPTBot/1.2; +https://openai.com/gptbot)"
172.70.207.188 - - [08/May/2025:11:42:31 +0200] "GET /?play=sex+cu%E1%BB%93ng HTTP/1.1" 200 999 "-" "Mozilla/5.0 AppleWebKit/537.36 (KHTML, like Gecko; compatible; GPTBot/1.2; +https://openai.com/gptbot)"
172.70.207.188 - - [08/May/2025:11:42:32 +0200] "GET /?ios=truy%E1%BB%87n+xec HTTP/1.1" 200 999 "-" "Mozilla/5.0 AppleWebKit/537.36 (KHTML, like Gecko; compatible; GPTBot/1.2; +https://openai.com/gptbot)"
172.70.207.188 - - [08/May/2025:11:42:33 +0200] "GET /?play=nude+vi%E1%BB%87t HTTP/1.1" 200 999 "-" "Mozilla/5.0 AppleWebKit/537.36 (KHTML, like Gecko; compatible; GPTBot/1.2; +https://openai.com/gptbot)"
172.70.207.188 - - [08/May/2025:11:42:35 +0200] "GET /?hot=g%C3%A1i+t%C3%A2y HTTP/1.1" 200 999 "-" "Mozilla/5.0 AppleWebKit/537.36 (KHTML, like Gecko; compatible; GPTBot/1.2; +https://openai.com/gptbot)"
172.70.207.188 - - [08/May/2025:11:42:36 +0200] "GET /?hot=nh%C3%A0.c%C3%A1i HTTP/1.1" 200 999 "-" "Mozilla/5.0 AppleWebKit/537.36 (KHTML, like Gecko; compatible; GPTBot/1.2; +https://openai.com/gptbot)"
172.70.207.188 - - [08/May/2025:11:42:37 +0200] "GET /?ios=g%C3%A1i+t%C3%A2y HTTP/1.1" 200 999 "-" "Mozilla/5.0 AppleWebKit/537.36 (KHTML, like Gecko; compatible; GPTBot/1.2; +https://openai.com/gptbot)"
172.70.207.188 - - [08/May/2025:11:42:38 +0200] "GET /?ios=nh%C3%A0.c%C3%A1i HTTP/1.1" 200 999 "-" "Mozilla/5.0 AppleWebKit/537.36 (KHTML, like Gecko; compatible; GPTBot/1.2; +https://openai.com/gptbot)"
172.70.207.188 - - [08/May/2025:11:42:39 +0200] "GET /?hot=nh%C3%A0+c%C3%A1i HTTP/1.1" 200 999 "-" "Mozilla/5.0 AppleWebKit/537.36 (KHTML, like Gecko; compatible; GPTBot/1.2; +https://openai.com/gptbot)"
172.70.207.188 - - [08/May/2025:11:42:40 +0200] "GET /?ios=g%C3%A1i+d%C3%A2m HTTP/1.1" 200 999 "-" "Mozilla/5.0 AppleWebKit/537.36 (KHTML, like Gecko; compatible; GPTBot/1.2; +https://openai.com/gptbot)"
172.70.207.188 - - [08/May/2025:11:42:42 +0200] "GET /?hot=k%C3%A8o+c%C3%A1i HTTP/1.1" 200 999 "-" "Mozilla/5.0 AppleWebKit/537.36 (KHTML, like Gecko; compatible; GPTBot/1.2; +https://openai.com/gptbot)"
172.70.207.188 - - [08/May/2025:11:42:43 +0200] "GET /?app=nh%C3%A0+c%C3%A1i HTTP/1.1" 200 999 "-" "Mozilla/5.0 AppleWebKit/537.36 (KHTML, like Gecko; compatible; GPTBot/1.2; +https://openai.com/gptbot)"
172.70.207.188 - - [08/May/2025:11:42:44 +0200] "GET /?ios=d%C3%A2m+g%C3%A1i HTTP/1.1" 200 999 "-" "Mozilla/5.0 AppleWebKit/537.36 (KHTML, like Gecko; compatible; GPTBot/1.2; +https://openai.com/gptbot)"
172.70.207.188 - - [08/May/2025:11:42:45 +0200] "GET /?top=k%C3%A8o+c%C3%A1i HTTP/1.1" 200 999 "-" "Mozilla/5.0 AppleWebKit/537.36 (KHTML, like Gecko; compatible; GPTBot/1.2; +https://openai.com/gptbot)"
172.70.207.188 - - [08/May/2025:11:42:46 +0200] "GET /?ios=k%C3%A8o+nh%C3%A0 HTTP/1.1" 200 999 "-" "Mozilla/5.0 AppleWebKit/537.36 (KHTML, like Gecko; compatible; GPTBot/1.2; +https://openai.com/gptbot)"
172.70.207.188 - - [08/May/2025:11:42:47 +0200] "GET /?hot=nh%C3%A0+c%C3%A1u HTTP/1.1" 200 999 "-" "Mozilla/5.0 AppleWebKit/537.36 (KHTML, like Gecko; compatible; GPTBot/1.2; +https://openai.com/gptbot)"
172.70.207.188 - - [08/May/2025:11:42:48 +0200] "GET /?app=nh%C3%A0+c%C3%A1u HTTP/1.1" 200 999 "-" "Mozilla/5.0 AppleWebKit/537.36 (KHTML, like Gecko; compatible; GPTBot/1.2; +https://openai.com/gptbot)"
172.70.207.188 - - [08/May/2025:11:42:50 +0200] "GET /?app=k%C3%A8o+nh%C3%A0 HTTP/1.1" 200 999 "-" "Mozilla/5.0 AppleWebKit/537.36 (KHTML, like Gecko; compatible; GPTBot/1.2; +https://openai.com/gptbot)"
162.158.106.168 - - [08/May/2025:11:42:50 +0200] "GET /?i=172747721 HTTP/1.1" 200 93801 "-" "Mozilla/5.0 (Linux; Android 5.0) AppleWebKit/537.36 (KHTML, like Gecko) Mobile Safari/537.36 (compatible; Bytespider; [email protected])"
172.70.207.188 - - [08/May/2025:11:42:51 +0200] "GET /?app=d%C3%A2m+g%C3%A1i HTTP/1.1" 200 999 "-" "Mozilla/5.0 AppleWebKit/537.36 (KHTML, like Gecko; compatible; GPTBot/1.2; +https://openai.com/gptbot)"
172.68.164.37 - - [08/May/2025:11:42:51 +0200] "GET /IMG/logo/1024x538_cmsv2_c54013e5-8833-5743-86fc-a18b87d54ede-8113070.jpg.webp HTTP/1.1" 200 8812 "http://www.igihango.com/?i=172747721" "Mozilla/5.0 (Linux; Android 5.0) AppleWebKit/537.36 (KHTML, like Gecko) Mobile Safari/537.36 (compatible; Bytespider; [email protected])"
162.158.88.143 - - [08/May/2025:11:42:51 +0200] "GET /IMG/logo/img-20231108-wa0084.jpg HTTP/1.1" 200 8767 "http://www.igihango.com/?i=172747721" "Mozilla/5.0 (Linux; Android 5.0) AppleWebKit/537.36 (KHTML, like Gecko) Mobile Safari/537.36 (compatible; Bytespider; [email protected])"
172.70.207.188 - - [08/May/2025:11:42:52 +0200] "GET /?hot=x%C3%A9c+h%C3%A0n HTTP/1.1" 200 999 "-" "Mozilla/5.0 AppleWebKit/537.36 (KHTML, like Gecko; compatible; GPTBot/1.2; +https://openai.com/gptbot)"
172.70.207.188 - - [08/May/2025:11:42:53 +0200] "GET /?top=k%C3%A8o+nh%C3%A0 HTTP/1.1" 200 999 "-" "Mozilla/5.0 AppleWebKit/537.36 (KHTML, like Gecko; compatible; GPTBot/1.2; +https://openai.com/gptbot)"
172.70.207.188 - - [08/May/2025:11:42:54 +0200] "GET /?app=nh%C3%A0.c%C3%A1i HTTP/1.1" 200 999 "-" "Mozilla/5.0 AppleWebKit/537.36 (KHTML, like Gecko; compatible; GPTBot/1.2; +https://openai.com/gptbot)"
172.70.207.188 - - [08/May/2025:11:42:55 +0200] "GET /?keyword=ch%C4%83m+em+g%C3%A1i+%E1%BB%91m HTTP/1.1" 200 999 "-" "Mozilla/5.0 AppleWebKit/537.36 (KHTML, like Gecko; compatible; GPTBot/1.2; +https://openai.com/gptbot)"
172.70.207.188 - - [08/May/2025:11:42:56 +0200] "GET /?play=phim+sex+ch%C4%83m+em+g%C3%A1i+%E1%BB%91m HTTP/1.1" 200 999 "-" "Mozilla/5.0 AppleWebKit/537.36 (KHTML, like Gecko; compatible; GPTBot/1.2; +https://openai.com/gptbot)"
172.70.207.188 - - [08/May/2025:11:42:58 +0200] "GET /?app=b%E1%BB%93+%C4%91%C3%A0o+nha+vs+uruguay HTTP/1.1" 200 999 "-" "Mozilla/5.0 AppleWebKit/537.36 (KHTML, like Gecko; compatible; GPTBot/1.2; +https://openai.com/gptbot)"
172.70.207.188 - - [08/May/2025:11:42:59 +0200] "GET /?app=uruguay+vs+b%E1%BB%93+%C4%91%C3%A0o+nha HTTP/1.1" 200 999 "-" "Mozilla/5.0 AppleWebKit/537.36 (KHTML, like Gecko; compatible; GPTBot/1.2; +https://openai.com/gptbot)"
172.70.207.188 - - [08/May/2025:11:43:00 +0200] "GET /?video=ch%E1%BB%8Bch+c%C3%B4+gi%C3%BAp+vi%E1%BB%87c HTTP/1.1" 200 999 "-" "Mozilla/5.0 AppleWebKit/537.36 (KHTML, like Gecko; compatible; GPTBot/1.2; +https://openai.com/gptbot)"
172.70.207.188 - - [08/May/2025:11:43:01 +0200] "GET /?app=leicester+%C4%91%E1%BA%A5u+v%E1%BB%9Bi+arsenal HTTP/1.1" 200 999 "-" "Mozilla/5.0 AppleWebKit/537.36 (KHTML, like Gecko; compatible; GPTBot/1.2; +https://openai.com/gptbot)"
172.70.207.188 - - [08/May/2025:11:43:02 +0200] "GET /?hot=em+ch%E1%BB%93ng+%C4%91%E1%BB%8Bt+ch%E1%BB%8B+d%C3%A2u HTTP/1.1" 200 999 "-" "Mozilla/5.0 AppleWebKit/537.36 (KHTML, like Gecko; compatible; GPTBot/1.2; +https://openai.com/gptbot)"
172.70.207.188 - - [08/May/2025:11:43:03 +0200] "GET /?bet=em+ch%E1%BB%93ng+%C4%91%E1%BB%8Bt+ch%E1%BB%8B+d%C3%A2u HTTP/1.1" 200 999 "-" "Mozilla/5.0 AppleWebKit/537.36 (KHTML, like Gecko; compatible; GPTBot/1.2; +https://openai.com/gptbot)"
172.70.207.188 - - [08/May/2025:11:43:04 +0200] "GET /?game=sex+n%C6%A1i+c%C3%B4ng+c%E1%BB%99ng HTTP/1.1" 200 999 "-" "Mozilla/5.0 AppleWebKit/537.36 (KHTML, like Gecko; compatible; GPTBot/1.2; +https://openai.com/gptbot)"
172.70.207.188 - - [08/May/2025:11:43:06 +0200] "GET /?app=ch%E1%BB%8B+%C4%91ang+ch%C6%A1i+game HTTP/1.1" 200 999 "-" "Mozilla/5.0 AppleWebKit/537.36 (KHTML, like Gecko; compatible; GPTBot/1.2; +https://openai.com/gptbot)"
172.70.207.188 - - [08/May/2025:11:43:07 +0200] "GET /?keyword=ch%C4%83m+em+g%C3%A1i+%E1%BB%91m HTTP/1.1" 200 999 "-" "Mozilla/5.0 AppleWebKit/537.36 (KHTML, like Gecko; compatible; GPTBot/1.2; +https://openai.com/gptbot)"
172.70.207.188 - - [08/May/2025:11:43:08 +0200] "GET /?game=g%C3%A1i+xinh+nhi%E1%BB%81u+l%C3%B4ng HTTP/1.1" 200 999 "-" "Mozilla/5.0 AppleWebKit/537.36 (KHTML, like Gecko; compatible; GPTBot/1.2; +https://openai.com/gptbot)"
172.70.207.188 - - [08/May/2025:11:43:09 +0200] "GET /?ios=xxx+h%C3%A0n+kh%C3%B4ng+che HTTP/1.1" 200 999 "-" "Mozilla/5.0 AppleWebKit/537.36 (KHTML, like Gecko; compatible; GPTBot/1.2; +https://openai.com/gptbot)"
172.70.207.188 - - [08/May/2025:11:43:10 +0200] "GET /?top=xxx+h%C3%A0n+kh%C3%B4ng+che HTTP/1.1" 200 999 "-" "Mozilla/5.0 AppleWebKit/537.36 (KHTML, like Gecko; compatible; GPTBot/1.2; +https://openai.com/gptbot)"
172.70.207.188 - - [08/May/2025:11:43:11 +0200] "GET /?game=g%C3%A1i+g%E1%BB%8Di+g%C3%A1i+t%C3%A2y HTTP/1.1" 200 999 "-" "Mozilla/5.0 AppleWebKit/537.36 (KHTML, like Gecko; compatible; GPTBot/1.2; +https://openai.com/gptbot)"
172.70.207.188 - - [08/May/2025:11:43:13 +0200] "GET /?video=b%C3%B3ng+%C4%91%C3%A1+k%E1%BA%BFt+qu%E1%BA%A3+ngo%E1%BA%A1i+h%E1%BA%A1ng+anh HTTP/1.1" 200 999 "-" "Mozilla/5.0 AppleWebKit/537.36 (KHTML, like Gecko; compatible; GPTBot/1.2; +https://openai.com/gptbot)"
172.70.207.188 - - [08/May/2025:11:43:14 +0200] "GET /?video=k%E1%BA%BFt+qu%E1%BA%A3+b%C3%B3ng+%C4%91%C3%A1+ngo%E1%BA%A1i+h%E1%BA%A1ng+anh HTTP/1.1" 200 999 "-" "Mozilla/5.0 AppleWebKit/537.36 (KHTML, like Gecko; compatible; GPTBot/1.2; +https://openai.com/gptbot)"
172.70.207.188 - - [08/May/2025:11:43:15 +0200] "GET /?video=k%E1%BA%BFt+qu%E1%BA%A3+%C4%91%C3%A1+b%C3%B3ng+ngo%E1%BA%A1i+h%E1%BA%A1ng+anh HTTP/1.1" 200 999 "-" "Mozilla/5.0 AppleWebKit/537.36 (KHTML, like Gecko; compatible; GPTBot/1.2; +https://openai.com/gptbot)"
172.70.93.31 - - [08/May/2025:11:43:15 +0200] "GET /?i=195646821 HTTP/1.1" 200 93801 "-" "Mozilla/5.0 (Linux; Android 5.0) AppleWebKit/537.36 (KHTML, like Gecko) Mobile Safari/537.36 (compatible; Bytespider; [email protected])"
172.70.207.188 - - [08/May/2025:11:43:16 +0200] "GET /?app=ch%E1%BB%8Bch+b%E1%BA%A1n HTTP/1.1" 200 999 "-" "Mozilla/5.0 AppleWebKit/537.36 (KHTML, like Gecko; compatible; GPTBot/1.2; +https://openai.com/gptbot)"
172.68.164.37 - - [08/May/2025:11:43:17 +0200] "GET /IMG/logo/1024x538_cmsv2_c54013e5-8833-5743-86fc-a18b87d54ede-8113070.jpg.webp HTTP/1.1" 200 8812 "http://www.igihango.com/?i=195646821" "Mozilla/5.0 (Linux; Android 5.0) AppleWebKit/537.36 (KHTML, like Gecko) Mobile Safari/537.36 (compatible; Bytespider; [email protected])"
162.158.88.143 - - [08/May/2025:11:43:17 +0200] "GET /IMG/logo/img-20231108-wa0084.jpg HTTP/1.1" 200 8767 "http://www.igihango.com/?i=195646821" "Mozilla/5.0 (Linux; Android 5.0) AppleWebKit/537.36 (KHTML, like Gecko) Mobile Safari/537.36 (compatible; Bytespider; [email protected])"
172.70.207.188 - - [08/May/2025:11:43:17 +0200] "GET /?app=b%E1%BA%A1n+ch%E1%BB%8Bch HTTP/1.1" 200 999 "-" "Mozilla/5.0 AppleWebKit/537.36 (KHTML, like Gecko; compatible; GPTBot/1.2; +https://openai.com/gptbot)"
172.70.207.188 - - [08/May/2025:11:43:18 +0200] "GET /?hot=%E1%BA%A3nh+ch%E1%BB%8Bch HTTP/1.1" 200 999 "-" "Mozilla/5.0 AppleWebKit/537.36 (KHTML, like Gecko; compatible; GPTBot/1.2; +https://openai.com/gptbot)"
172.70.207.188 - - [08/May/2025:11:43:20 +0200] "GET /?bet=ch%E1%BB%8Bch+b%E1%BA%A1n HTTP/1.1" 200 999 "-" "Mozilla/5.0 AppleWebKit/537.36 (KHTML, like Gecko; compatible; GPTBot/1.2; +https://openai.com/gptbot)"
172.70.207.188 - - [08/May/2025:11:43:21 +0200] "GET /?app=%E1%BA%A3nh+ch%E1%BB%8Bch HTTP/1.1" 200 999 "-" "Mozilla/5.0 AppleWebKit/537.36 (KHTML, like Gecko; compatible; GPTBot/1.2; +https://openai.com/gptbot)"
172.70.135.30 - - [08/May/2025:11:43:22 +0200] "GET /?hot=lon%20be HTTP/1.1" 200 999 "-" "Mozilla/5.0 AppleWebKit/537.36 (KHTML, like Gecko; compatible; Amazonbot/0.1; +https://developer.amazon.com/support/amazonbot) Chrome/119.0.6045.214 Safari/537.36"
172.70.207.188 - - [08/May/2025:11:43:22 +0200] "GET /?hot=b%E1%BA%A1n+ch%E1%BB%8Bch HTTP/1.1" 200 999 "-" "Mozilla/5.0 AppleWebKit/537.36 (KHTML, like Gecko; compatible; GPTBot/1.2; +https://openai.com/gptbot)"
172.70.207.188 - - [08/May/2025:11:43:23 +0200] "GET /?video=sex+thu%E1%BB%91c+m%C3%AA+hi%E1%BA%BFp+d%C3%A2m HTTP/1.1" 200 999 "-" "Mozilla/5.0 AppleWebKit/537.36 (KHTML, like Gecko; compatible; GPTBot/1.2; +https://openai.com/gptbot)"
172.70.207.188 - - [08/May/2025:11:43:24 +0200] "GET /?video=sex+hi%E1%BA%BFp+d%C3%A2m+thu%E1%BB%91c+m%C3%AA HTTP/1.1" 200 999 "-" "Mozilla/5.0 AppleWebKit/537.36 (KHTML, like Gecko; compatible; GPTBot/1.2; +https://openai.com/gptbot)"
172.71.254.81 - - [08/May/2025:11:43:25 +0200] "GET /?hot=xnxx+hi%E1%BA%BFp HTTP/1.1" 200 999 "-" "Mozilla/5.0 AppleWebKit/537.36 (KHTML, like Gecko; compatible; ClaudeBot/1.0; [email protected])"
172.70.207.188 - - [08/May/2025:11:43:26 +0200] "GET /?play=phim+sex+hantai HTTP/1.1" 200 999 "-" "Mozilla/5.0 AppleWebKit/537.36 (KHTML, like Gecko; compatible; GPTBot/1.2; +https://openai.com/gptbot)"
172.70.207.188 - - [08/May/2025:11:43:27 +0200] "GET /?hot=phim+sexviet+nam HTTP/1.1" 200 999 "-" "Mozilla/5.0 AppleWebKit/537.36 (KHTML, like Gecko; compatible; GPTBot/1.2; +https://openai.com/gptbot)"
172.70.207.188 - - [08/May/2025:11:43:28 +0200] "GET /?play=phim+sex+hentai HTTP/1.1" 200 999 "-" "Mozilla/5.0 AppleWebKit/537.36 (KHTML, like Gecko; compatible; GPTBot/1.2; +https://openai.com/gptbot)"
172.70.207.188 - - [08/May/2025:11:43:29 +0200] "GET /?app=vietsub+phim+sex HTTP/1.1" 200 999 "-" "Mozilla/5.0 AppleWebKit/537.36 (KHTML, like Gecko; compatible; GPTBot/1.2; +https://openai.com/gptbot)"
172.70.207.188 - - [08/May/2025:11:43:30 +0200] "GET /?produc_id=mikami+tua HTTP/1.1" 200 999 "-" "Mozilla/5.0 AppleWebKit/537.36 (KHTML, like Gecko; compatible; GPTBot/1.2; +https://openai.com/gptbot)"
172.70.207.188 - - [08/May/2025:11:43:31 +0200] "GET /?bet=melody+maker+sex HTTP/1.1" 200 999 "-" "Mozilla/5.0 AppleWebKit/537.36 (KHTML, like Gecko; compatible; GPTBot/1.2; +https://openai.com/gptbot)"
172.70.207.188 - - [08/May/2025:11:43:32 +0200] "GET /?ios=sexhay+khong+che HTTP/1.1" 200 999 "-" "Mozilla/5.0 AppleWebKit/537.36 (KHTML, like Gecko; compatible; GPTBot/1.2; +https://openai.com/gptbot)"
172.70.178.113 - - [08/May/2025:11:43:33 +0200] "GET /?app=h%C3%A0ng+%C4%91%E1%BA%B9p.com HTTP/1.1" 200 999 "-" "Mozilla/5.0 AppleWebKit/537.36 (KHTML, like Gecko; compatible; ClaudeBot/1.0; [email protected])"
172.69.59.48 - - [08/May/2025:11:43:33 +0200] "GET /?video=phim+heo+ch%C3%A2u+%C3%A2u HTTP/1.1" 200 999 "-" "Mozilla/5.0 AppleWebKit/537.36 (KHTML, like Gecko; compatible; ClaudeBot/1.0; [email protected])"
172.70.131.136 - - [08/May/2025:11:43:33 +0200] "GET /?play=sex+cha+ch%E1%BB%93ng+n%C3%A0ng+d%C3%A2u HTTP/1.1" 200 999 "-" "Mozilla/5.0 AppleWebKit/537.36 (KHTML, like Gecko; compatible; ClaudeBot/1.0; [email protected])"
172.69.59.196 - - [08/May/2025:11:43:33 +0200] "GET /?top=sexmanh HTTP/1.1" 200 999 "-" "Mozilla/5.0 AppleWebKit/537.36 (KHTML, like Gecko; compatible; ClaudeBot/1.0; [email protected])"
172.69.59.115 - - [08/May/2025:11:43:33 +0200] "GET /?ios=vung+trom+18+ HTTP/1.1" 200 999 "-" "Mozilla/5.0 AppleWebKit/537.36 (KHTML, like Gecko; compatible; ClaudeBot/1.0; [email protected])"
172.70.207.188 - - [08/May/2025:11:43:34 +0200] "GET /?app=dit+nhau+pokemon HTTP/1.1" 200 999 "-" "Mozilla/5.0 AppleWebKit/537.36 (KHTML, like Gecko; compatible; GPTBot/1.2; +https://openai.com/gptbot)"
172.70.207.188 - - [08/May/2025:11:43:35 +0200] "GET /?produc_id=xxhoc+sinh HTTP/1.1" 200 999 "-" "Mozilla/5.0 AppleWebKit/537.36 (KHTML, like Gecko; compatible; GPTBot/1.2; +https://openai.com/gptbot)"
172.70.207.188 - - [08/May/2025:11:43:36 +0200] "GET /?bet=clip+sex+vietsud HTTP/1.1" 200 999 "-" "Mozilla/5.0 AppleWebKit/537.36 (KHTML, like Gecko; compatible; GPTBot/1.2; +https://openai.com/gptbot)"
172.70.207.188 - - [08/May/2025:11:43:37 +0200] "GET /?keyword=sem+phim+heo HTTP/1.1" 200 999 "-" "Mozilla/5.0 AppleWebKit/537.36 (KHTML, like Gecko; compatible; GPTBot/1.2; +https://openai.com/gptbot)"
172.70.207.188 - - [08/May/2025:11:43:38 +0200] "GET /?play=akiho+khong+che HTTP/1.1" 200 999 "-" "Mozilla/5.0 AppleWebKit/537.36 (KHTML, like Gecko; compatible; GPTBot/1.2; +https://openai.com/gptbot)"
172.70.207.188 - - [08/May/2025:11:43:39 +0200] "GET /?bet=phimsex+vien+nam HTTP/1.1" 200 999 "-" "Mozilla/5.0 AppleWebKit/537.36 (KHTML, like Gecko; compatible; GPTBot/1.2; +https://openai.com/gptbot)"
172.70.207.188 - - [08/May/2025:11:43:41 +0200] "GET /?top=ohim+sex+vietsub HTTP/1.1" 200 999 "-" "Mozilla/5.0 AppleWebKit/537.36 (KHTML, like Gecko; compatible; GPTBot/1.2; +https://openai.com/gptbot)"
172.70.207.188 - - [08/May/2025:11:43:42 +0200] "GET /?ios=phimsex+bo+chong HTTP/1.1" 200 999 "-" "Mozilla/5.0 AppleWebKit/537.36 (KHTML, like Gecko; compatible; GPTBot/1.2; +https://openai.com/gptbot)"
172.70.142.7 - - [08/May/2025:11:43:42 +0200] "GET /?i=335577621 HTTP/1.1" 200 93801 "-" "Mozilla/5.0 (Linux; Android 5.0) AppleWebKit/537.36 (KHTML, like Gecko) Mobile Safari/537.36 (compatible; Bytespider; [email protected])"
172.68.164.37 - - [08/May/2025:11:43:43 +0200] "GET /IMG/logo/1024x538_cmsv2_c54013e5-8833-5743-86fc-a18b87d54ede-8113070.jpg.webp HTTP/1.1" 200 8812 "http://www.igihango.com/?i=335577621" "Mozilla/5.0 (Linux; Android 5.0) AppleWebKit/537.36 (KHTML, like Gecko) Mobile Safari/537.36 (compatible; Bytespider; [email protected])"
172.70.207.188 - - [08/May/2025:11:43:43 +0200] "GET /?hot=phim+sex+vietnam HTTP/1.1" 200 999 "-" "Mozilla/5.0 AppleWebKit/537.36 (KHTML, like Gecko; compatible; GPTBot/1.2; +https://openai.com/gptbot)"
162.158.88.143 - - [08/May/2025:11:43:43 +0200] "GET /IMG/logo/img-20231108-wa0084.jpg HTTP/1.1" 200 8767 "http://www.igihango.com/?i=335577621" "Mozilla/5.0 (Linux; Android 5.0) AppleWebKit/537.36 (KHTML, like Gecko) Mobile Safari/537.36 (compatible; Bytespider; [email protected])"
172.70.207.188 - - [08/May/2025:11:43:44 +0200] "GET /?bet=phin+sex+vietsud HTTP/1.1" 200 999 "-" "Mozilla/5.0 AppleWebKit/537.36 (KHTML, like Gecko; compatible; GPTBot/1.2; +https://openai.com/gptbot)"
172.70.207.188 - - [08/May/2025:11:43:45 +0200] "GET /?keyword=do+ngu+sexxy HTTP/1.1" 200 999 "-" "Mozilla/5.0 AppleWebKit/537.36 (KHTML, like Gecko; compatible; GPTBot/1.2; +https://openai.com/gptbot)"
172.70.207.188 - - [08/May/2025:11:43:46 +0200] "GET /?play=jav+eimi+fukada HTTP/1.1" 200 999 "-" "Mozilla/5.0 AppleWebKit/537.36 (KHTML, like Gecko; compatible; GPTBot/1.2; +https://openai.com/gptbot)"
172.70.207.188 - - [08/May/2025:11:43:47 +0200] "GET /?hot=phim+fukada+eimi HTTP/1.1" 200 999 "-" "Mozilla/5.0 AppleWebKit/537.36 (KHTML, like Gecko; compatible; GPTBot/1.2; +https://openai.com/gptbot)"
172.70.207.188 - - [08/May/2025:11:43:49 +0200] "GET /?keyword=web+sex+viet HTTP/1.1" 200 999 "-" "Mozilla/5.0 AppleWebKit/537.36 (KHTML, like Gecko; compatible; GPTBot/1.2; +https://openai.com/gptbot)"
172.70.207.188 - - [08/May/2025:11:43:50 +0200] "GET /?keyword=pim+sex+xnxx HTTP/1.1" 200 999 "-" "Mozilla/5.0 AppleWebKit/537.36 (KHTML, like Gecko; compatible; GPTBot/1.2; +https://openai.com/gptbot)"
172.70.207.188 - - [08/May/2025:11:43:51 +0200] "GET /?produc_id=ogura+yuna HTTP/1.1" 200 999 "-" "Mozilla/5.0 AppleWebKit/537.36 (KHTML, like Gecko; compatible; GPTBot/1.2; +https://openai.com/gptbot)"
172.70.207.188 - - [08/May/2025:11:43:52 +0200] "GET /?top=porn+melody+mark HTTP/1.1" 200 999 "-" "Mozilla/5.0 AppleWebKit/537.36 (KHTML, like Gecko; compatible; GPTBot/1.2; +https://openai.com/gptbot)"
172.70.207.188 - - [08/May/2025:11:43:53 +0200] "GET /?hot=lich+dau+vleague HTTP/1.1" 200 999 "-" "Mozilla/5.0 AppleWebKit/537.36 (KHTML, like Gecko; compatible; GPTBot/1.2; +https://openai.com/gptbot)"
172.70.207.188 - - [08/May/2025:11:43:54 +0200] "GET /?hot=xvideos+hiep+dam HTTP/1.1" 200 999 "-" "Mozilla/5.0 AppleWebKit/537.36 (KHTML, like Gecko; compatible; GPTBot/1.2; +https://openai.com/gptbot)"
172.70.207.188 - - [08/May/2025:11:43:55 +0200] "GET /?produc_id=phim+doggy HTTP/1.1" 200 999 "-" "Mozilla/5.0 AppleWebKit/537.36 (KHTML, like Gecko; compatible; GPTBot/1.2; +https://openai.com/gptbot)"
172.70.207.188 - - [08/May/2025:11:43:57 +0200] "GET /?hot=ket+qua+livepool HTTP/1.1" 200 999 "-" "Mozilla/5.0 AppleWebKit/537.36 (KHTML, like Gecko; compatible; GPTBot/1.2; +https://openai.com/gptbot)"
172.70.207.187 - - [08/May/2025:11:43:58 +0200] "GET /?hot=phim+sex+machiko HTTP/1.1" 200 999 "-" "Mozilla/5.0 AppleWebKit/537.36 (KHTML, like Gecko; compatible; GPTBot/1.2; +https://openai.com/gptbot)"
172.70.207.187 - - [08/May/2025:11:43:59 +0200] "GET /?app=clipsex+viet+nam HTTP/1.1" 200 999 "-" "Mozilla/5.0 AppleWebKit/537.36 (KHTML, like Gecko; compatible; GPTBot/1.2; +https://openai.com/gptbot)"
172.70.207.187 - - [08/May/2025:11:44:00 +0200] "GET /?play=phim+sex+camera HTTP/1.1" 200 999 "-" "Mozilla/5.0 AppleWebKit/537.36 (KHTML, like Gecko; compatible; GPTBot/1.2; +https://openai.com/gptbot)"
172.70.207.187 - - [08/May/2025:11:44:01 +0200] "GET /?bet=xvideos+viet+nam HTTP/1.1" 200 999 "-" "Mozilla/5.0 AppleWebKit/537.36 (KHTML, like Gecko; compatible; GPTBot/1.2; +https://openai.com/gptbot)"
172.70.207.187 - - [08/May/2025:11:44:02 +0200] "GET /?top=phim+eimi+fukada HTTP/1.1" 200 999 "-" "Mozilla/5.0 AppleWebKit/537.36 (KHTML, like Gecko; compatible; GPTBot/1.2; +https://openai.com/gptbot)"
162.158.79.129 - - [08/May/2025:11:44:01 +0200] "GET /?hot=sex%20t\xe1\xba\xadp%20th\xe1\xbb\x83 HTTP/1.1" 200 93801 "-" "meta-externalagent/1.1 (+https://developers.facebook.com/docs/sharing/webmasters/crawler)"
172.70.207.187 - - [08/May/2025:11:44:03 +0200] "GET /?ios=phum+sex+vietsub HTTP/1.1" 200 999 "-" "Mozilla/5.0 AppleWebKit/537.36 (KHTML, like Gecko; compatible; GPTBot/1.2; +https://openai.com/gptbot)"
172.70.207.187 - - [08/May/2025:11:44:05 +0200] "GET /?ios=phom+sex+vietsub HTTP/1.1" 200 999 "-" "Mozilla/5.0 AppleWebKit/537.36 (KHTML, like Gecko; compatible; GPTBot/1.2; +https://openai.com/gptbot)"
172.70.207.187 - - [08/May/2025:11:44:06 +0200] "GET /?ios=massage+kich+duc HTTP/1.1" 200 999 "-" "Mozilla/5.0 AppleWebKit/537.36 (KHTML, like Gecko; compatible; GPTBot/1.2; +https://openai.com/gptbot)"
172.70.207.187 - - [08/May/2025:11:44:07 +0200] "GET /?top=phim+sex+tsubasa HTTP/1.1" 200 999 "-" "Mozilla/5.0 AppleWebKit/537.36 (KHTML, like Gecko; compatible; GPTBot/1.2; +https://openai.com/gptbot)"
172.70.207.187 - - [08/May/2025:11:44:08 +0200] "GET /?play=eimi+fukada+jav HTTP/1.1" 200 999 "-" "Mozilla/5.0 AppleWebKit/537.36 (KHTML, like Gecko; compatible; GPTBot/1.2; +https://openai.com/gptbot)"
162.158.106.33 - - [08/May/2025:11:44:08 +0200] "GET /?i=436724021 HTTP/1.1" 200 93801 "-" "Mozilla/5.0 (Linux; Android 5.0) AppleWebKit/537.36 (KHTML, like Gecko) Mobile Safari/537.36 (compatible; Bytespider; [email protected])"
172.68.164.37 - - [08/May/2025:11:44:09 +0200] "GET /IMG/logo/1024x538_cmsv2_c54013e5-8833-5743-86fc-a18b87d54ede-8113070.jpg.webp HTTP/1.1" 200 8812 "http://www.igihango.com/?i=436724021" "Mozilla/5.0 (Linux; Android 5.0) AppleWebKit/537.36 (KHTML, like Gecko) Mobile Safari/537.36 (compatible; Bytespider; [email protected])"
162.158.88.143 - - [08/May/2025:11:44:09 +0200] "GET /IMG/logo/img-20231108-wa0084.jpg HTTP/1.1" 200 131 "http://www.igihango.com/?i=436724021" "Mozilla/5.0 (Linux; Android 5.0) AppleWebKit/537.36 (KHTML, like Gecko) Mobile Safari/537.36 (compatible; Bytespider; [email protected])"
172.70.207.187 - - [08/May/2025:11:44:09 +0200] "GET /?hot=hentai+over+flow HTTP/1.1" 200 999 "-" "Mozilla/5.0 AppleWebKit/537.36 (KHTML, like Gecko; compatible; GPTBot/1.2; +https://openai.com/gptbot)"
172.70.207.187 - - [08/May/2025:11:44:10 +0200] "GET /?hot=phim+sex+nhatban HTTP/1.1" 200 999 "-" "Mozilla/5.0 AppleWebKit/537.36 (KHTML, like Gecko; compatible; GPTBot/1.2; +https://openai.com/gptbot)"
172.70.207.187 - - [08/May/2025:11:44:12 +0200] "GET /?keyword=sex+trong+xe HTTP/1.1" 200 999 "-" "Mozilla/5.0 AppleWebKit/537.36 (KHTML, like Gecko; compatible; GPTBot/1.2; +https://openai.com/gptbot)"
172.70.207.187 - - [08/May/2025:11:44:13 +0200] "GET /?ios=sex+melody+maker HTTP/1.1" 200 999 "-" "Mozilla/5.0 AppleWebKit/537.36 (KHTML, like Gecko; compatible; GPTBot/1.2; +https://openai.com/gptbot)"
172.70.207.187 - - [08/May/2025:11:44:14 +0200] "GET /?produc_id=xnxx+china HTTP/1.1" 200 999 "-" "Mozilla/5.0 AppleWebKit/537.36 (KHTML, like Gecko; compatible; GPTBot/1.2; +https://openai.com/gptbot)"
172.70.207.187 - - [08/May/2025:11:44:15 +0200] "GET /?bet=massage+kick+duc HTTP/1.1" 200 999 "-" "Mozilla/5.0 AppleWebKit/537.36 (KHTML, like Gecko; compatible; GPTBot/1.2; +https://openai.com/gptbot)"
172.70.207.187 - - [08/May/2025:11:44:16 +0200] "GET /?top=phim+sex+vietnam HTTP/1.1" 200 999 "-" "Mozilla/5.0 AppleWebKit/537.36 (KHTML, like Gecko; compatible; GPTBot/1.2; +https://openai.com/gptbot)"
172.70.207.187 - - [08/May/2025:11:44:17 +0200] "GET /?produc_id=gaidep.com HTTP/1.1" 200 999 "-" "Mozilla/5.0 AppleWebKit/537.36 (KHTML, like Gecko; compatible; GPTBot/1.2; +https://openai.com/gptbot)"
172.70.207.187 - - [08/May/2025:11:44:18 +0200] "GET /?bet=phimsex+thai+lan HTTP/1.1" 200 999 "-" "Mozilla/5.0 AppleWebKit/537.36 (KHTML, like Gecko; compatible; GPTBot/1.2; +https://openai.com/gptbot)"
172.70.207.187 - - [08/May/2025:11:44:19 +0200] "GET /?app=sex+gay+handsome HTTP/1.1" 200 999 "-" "Mozilla/5.0 AppleWebKit/537.36 (KHTML, like Gecko; compatible; GPTBot/1.2; +https://openai.com/gptbot)"
172.70.207.187 - - [08/May/2025:11:44:21 +0200] "GET /?keyword=phim+heo+tre HTTP/1.1" 200 999 "-" "Mozilla/5.0 AppleWebKit/537.36 (KHTML, like Gecko; compatible; GPTBot/1.2; +https://openai.com/gptbot)"
172.70.207.187 - - [08/May/2025:11:44:22 +0200] "GET /?ios=chich+lop+truong HTTP/1.1" 200 999 "-" "Mozilla/5.0 AppleWebKit/537.36 (KHTML, like Gecko; compatible; GPTBot/1.2; +https://openai.com/gptbot)"
172.70.207.187 - - [08/May/2025:11:44:23 +0200] "GET /?top=vietsub+phim+sex HTTP/1.1" 200 999 "-" "Mozilla/5.0 AppleWebKit/537.36 (KHTML, like Gecko; compatible; GPTBot/1.2; +https://openai.com/gptbot)"
172.70.207.187 - - [08/May/2025:11:44:24 +0200] "GET /?bet=phim+jav+massage HTTP/1.1" 200 999 "-" "Mozilla/5.0 AppleWebKit/537.36 (KHTML, like Gecko; compatible; GPTBot/1.2; +https://openai.com/gptbot)"
172.70.207.187 - - [08/May/2025:11:44:25 +0200] "GET /?top=phim+sex+machiko HTTP/1.1" 200 999 "-" "Mozilla/5.0 AppleWebKit/537.36 (KHTML, like Gecko; compatible; GPTBot/1.2; +https://openai.com/gptbot)"
172.70.207.187 - - [08/May/2025:11:44:26 +0200] "GET /?hot=phom+sex+vietsub HTTP/1.1" 200 999 "-" "Mozilla/5.0 AppleWebKit/537.36 (KHTML, like Gecko; compatible; GPTBot/1.2; +https://openai.com/gptbot)"
172.70.207.187 - - [08/May/2025:11:44:28 +0200] "GET /?play=web+sex+chinese HTTP/1.1" 200 999 "-" "Mozilla/5.0 AppleWebKit/537.36 (KHTML, like Gecko; compatible; GPTBot/1.2; +https://openai.com/gptbot)"
172.70.207.187 - - [08/May/2025:11:44:29 +0200] "GET /?keyword=kqbd+dem+qua HTTP/1.1" 200 999 "-" "Mozilla/5.0 AppleWebKit/537.36 (KHTML, like Gecko; compatible; GPTBot/1.2; +https://openai.com/gptbot)"
172.70.207.187 - - [08/May/2025:11:44:30 +0200] "GET /?produc_id=yua+makima HTTP/1.1" 200 999 "-" "Mozilla/5.0 AppleWebKit/537.36 (KHTML, like Gecko; compatible; GPTBot/1.2; +https://openai.com/gptbot)"
172.70.207.187 - - [08/May/2025:11:44:31 +0200] "GET /?bet=phim+eimi+fukada HTTP/1.1" 200 999 "-" "Mozilla/5.0 AppleWebKit/537.36 (KHTML, like Gecko; compatible; GPTBot/1.2; +https://openai.com/gptbot)"
172.70.207.187 - - [08/May/2025:11:44:32 +0200] "GET /?produc_id=strip+chat HTTP/1.1" 200 999 "-" "Mozilla/5.0 AppleWebKit/537.36 (KHTML, like Gecko; compatible; GPTBot/1.2; +https://openai.com/gptbot)"
172.70.207.187 - - [08/May/2025:11:44:33 +0200] "GET /?keyword=coi+phim+heo HTTP/1.1" 200 999 "-" "Mozilla/5.0 AppleWebKit/537.36 (KHTML, like Gecko; compatible; GPTBot/1.2; +https://openai.com/gptbot)"
162.158.170.224 - - [08/May/2025:11:44:34 +0200] "GET /?i=201564121 HTTP/1.1" 200 93801 "-" "Mozilla/5.0 (Linux; Android 5.0) AppleWebKit/537.36 (KHTML, like Gecko) Mobile Safari/537.36 (compatible; Bytespider; [email protected])"
172.70.207.187 - - [08/May/2025:11:44:34 +0200] "GET /?produc_id=chicj+nhau HTTP/1.1" 200 999 "-" "Mozilla/5.0 AppleWebKit/537.36 (KHTML, like Gecko; compatible; GPTBot/1.2; +https://openai.com/gptbot)"
172.68.164.36 - - [08/May/2025:11:44:35 +0200] "GET /IMG/logo/1024x538_cmsv2_c54013e5-8833-5743-86fc-a18b87d54ede-8113070.jpg.webp HTTP/1.1" 200 8812 "http://www.igihango.com/?i=201564121" "Mozilla/5.0 (Linux; Android 5.0) AppleWebKit/537.36 (KHTML, like Gecko) Mobile Safari/537.36 (compatible; Bytespider; [email protected])"
162.158.88.142 - - [08/May/2025:11:44:35 +0200] "GET /IMG/logo/img-20231108-wa0084.jpg HTTP/1.1" 200 8767 "http://www.igihango.com/?i=201564121" "Mozilla/5.0 (Linux; Android 5.0) AppleWebKit/537.36 (KHTML, like Gecko) Mobile Safari/537.36 (compatible; Bytespider; [email protected])"
172.70.207.187 - - [08/May/2025:11:44:36 +0200] "GET /?ios=code+king+legacy HTTP/1.1" 200 999 "-" "Mozilla/5.0 AppleWebKit/537.36 (KHTML, like Gecko; compatible; GPTBot/1.2; +https://openai.com/gptbot)"
172.70.207.187 - - [08/May/2025:11:44:37 +0200] "GET /?app=phim+jav+vietsub HTTP/1.1" 200 999 "-" "Mozilla/5.0 AppleWebKit/537.36 (KHTML, like Gecko; compatible; GPTBot/1.2; +https://openai.com/gptbot)"
172.70.207.187 - - [08/May/2025:11:44:38 +0200] "GET /?produc_id=china+xnxx HTTP/1.1" 200 999 "-" "Mozilla/5.0 AppleWebKit/537.36 (KHTML, like Gecko; compatible; GPTBot/1.2; +https://openai.com/gptbot)"
172.70.207.187 - - [08/May/2025:11:44:39 +0200] "GET /?keyword=soi+keo+phap HTTP/1.1" 200 999 "-" "Mozilla/5.0 AppleWebKit/537.36 (KHTML, like Gecko; compatible; GPTBot/1.2; +https://openai.com/gptbot)"
172.70.207.187 - - [08/May/2025:11:44:40 +0200] "GET /?produc_id=yuna+oguga HTTP/1.1" 200 999 "-" "Mozilla/5.0 AppleWebKit/537.36 (KHTML, like Gecko; compatible; GPTBot/1.2; +https://openai.com/gptbot)"
172.70.207.187 - - [08/May/2025:11:44:41 +0200] "GET /?produc_id=sex+videos HTTP/1.1" 200 999 "-" "Mozilla/5.0 AppleWebKit/537.36 (KHTML, like Gecko; compatible; GPTBot/1.2; +https://openai.com/gptbot)"
172.70.207.187 - - [08/May/2025:11:44:43 +0200] "GET /?top=phimsex+gai+xinh HTTP/1.1" 200 999 "-" "Mozilla/5.0 AppleWebKit/537.36 (KHTML, like Gecko; compatible; GPTBot/1.2; +https://openai.com/gptbot)"
172.70.207.187 - - [08/May/2025:11:44:44 +0200] "GET /?keyword=gai+goi+hang HTTP/1.1" 200 999 "-" "Mozilla/5.0 AppleWebKit/537.36 (KHTML, like Gecko; compatible; GPTBot/1.2; +https://openai.com/gptbot)"
172.70.207.187 - - [08/May/2025:11:44:45 +0200] "GET /?produc_id=uno+kanaya HTTP/1.1" 200 999 "-" "Mozilla/5.0 AppleWebKit/537.36 (KHTML, like Gecko; compatible; GPTBot/1.2; +https://openai.com/gptbot)"
172.70.207.187 - - [08/May/2025:11:44:46 +0200] "GET /?app=phimsex+viet.nam HTTP/1.1" 200 999 "-" "Mozilla/5.0 AppleWebKit/537.36 (KHTML, like Gecko; compatible; GPTBot/1.2; +https://openai.com/gptbot)"
172.70.207.187 - - [08/May/2025:11:44:47 +0200] "GET /?produc_id=sexmoi.com HTTP/1.1" 200 999 "-" "Mozilla/5.0 AppleWebKit/537.36 (KHTML, like Gecko; compatible; GPTBot/1.2; +https://openai.com/gptbot)"
172.70.207.187 - - [08/May/2025:11:44:48 +0200] "GET /?play=emi+fukuda+phim HTTP/1.1" 200 999 "-" "Mozilla/5.0 AppleWebKit/537.36 (KHTML, like Gecko; compatible; GPTBot/1.2; +https://openai.com/gptbot)"
172.70.207.187 - - [08/May/2025:11:44:50 +0200] "GET /?keyword=sex+vlxx.xyz HTTP/1.1" 200 999 "-" "Mozilla/5.0 AppleWebKit/537.36 (KHTML, like Gecko; compatible; GPTBot/1.2; +https://openai.com/gptbot)"
172.70.207.187 - - [08/May/2025:11:44:51 +0200] "GET /?ios=phim+sex+hotgirl HTTP/1.1" 200 999 "-" "Mozilla/5.0 AppleWebKit/537.36 (KHTML, like Gecko; compatible; GPTBot/1.2; +https://openai.com/gptbot)"
172.70.207.187 - - [08/May/2025:11:44:52 +0200] "GET /?produc_id=yuma+ogura HTTP/1.1" 200 999 "-" "Mozilla/5.0 AppleWebKit/537.36 (KHTML, like Gecko; compatible; GPTBot/1.2; +https://openai.com/gptbot)"
172.70.207.187 - - [08/May/2025:11:44:53 +0200] "GET /?keyword=phim+heo+hay HTTP/1.1" 200 999 "-" "Mozilla/5.0 AppleWebKit/537.36 (KHTML, like Gecko; compatible; GPTBot/1.2; +https://openai.com/gptbot)"
172.70.207.187 - - [08/May/2025:11:44:54 +0200] "GET /?produc_id=xvdeo+viet HTTP/1.1" 200 999 "-" "Mozilla/5.0 AppleWebKit/537.36 (KHTML, like Gecko; compatible; GPTBot/1.2; +https://openai.com/gptbot)"
172.70.207.187 - - [08/May/2025:11:44:55 +0200] "GET /?hot=wap.bongdaso.com HTTP/1.1" 200 999 "-" "Mozilla/5.0 AppleWebKit/537.36 (KHTML, like Gecko; compatible; GPTBot/1.2; +https://openai.com/gptbot)"
172.70.207.187 - - [08/May/2025:11:44:56 +0200] "GET /?keyword=keo+dan+mach HTTP/1.1" 200 999 "-" "Mozilla/5.0 AppleWebKit/537.36 (KHTML, like Gecko; compatible; GPTBot/1.2; +https://openai.com/gptbot)"
172.70.207.187 - - [08/May/2025:11:44:57 +0200] "GET /?hot=dit+nhau+massage HTTP/1.1" 200 999 "-" "Mozilla/5.0 AppleWebKit/537.36 (KHTML, like Gecko; compatible; GPTBot/1.2; +https://openai.com/gptbot)"
172.70.207.187 - - [08/May/2025:11:44:59 +0200] "GET /?app=vietnam+quay+len HTTP/1.1" 200 999 "-" "Mozilla/5.0 AppleWebKit/537.36 (KHTML, like Gecko; compatible; GPTBot/1.2; +https://openai.com/gptbot)"
172.70.207.187 - - [08/May/2025:11:45:00 +0200] "GET /?play=jav+melody+mark HTTP/1.1" 200 999 "-" "Mozilla/5.0 AppleWebKit/537.36 (KHTML, like Gecko; compatible; GPTBot/1.2; +https://openai.com/gptbot)"
162.158.88.29 - - [08/May/2025:11:45:01 +0200] "GET /?i=393289321 HTTP/1.1" 200 93801 "-" "Mozilla/5.0 (Linux; Android 5.0) AppleWebKit/537.36 (KHTML, like Gecko) Mobile Safari/537.36 (compatible; Bytespider; [email protected])"
172.70.207.187 - - [08/May/2025:11:45:01 +0200] "GET /?keyword=xem+phim+heo HTTP/1.1" 200 999 "-" "Mozilla/5.0 AppleWebKit/537.36 (KHTML, like Gecko; compatible; GPTBot/1.2; +https://openai.com/gptbot)"
172.70.207.187 - - [08/May/2025:11:45:02 +0200] "GET /?bet=phim+jav+vietsub HTTP/1.1" 200 999 "-" "Mozilla/5.0 AppleWebKit/537.36 (KHTML, like Gecko; compatible; GPTBot/1.2; +https://openai.com/gptbot)"
172.68.164.36 - - [08/May/2025:11:45:02 +0200] "GET /IMG/logo/1024x538_cmsv2_c54013e5-8833-5743-86fc-a18b87d54ede-8113070.jpg.webp HTTP/1.1" 200 8812 "http://www.igihango.com/?i=393289321" "Mozilla/5.0 (Linux; Android 5.0) AppleWebKit/537.36 (KHTML, like Gecko) Mobile Safari/537.36 (compatible; Bytespider; [email protected])"
162.158.88.143 - - [08/May/2025:11:45:03 +0200] "GET /IMG/logo/img-20231108-wa0084.jpg HTTP/1.1" 200 8767 "http://www.igihango.com/?i=393289321" "Mozilla/5.0 (Linux; Android 5.0) AppleWebKit/537.36 (KHTML, like Gecko) Mobile Safari/537.36 (compatible; Bytespider; [email protected])"
172.70.207.187 - - [08/May/2025:11:45:03 +0200] "GET /?play=sex+tay+vietsub HTTP/1.1" 200 999 "-" "Mozilla/5.0 AppleWebKit/537.36 (KHTML, like Gecko; compatible; GPTBot/1.2; +https://openai.com/gptbot)"
172.71.254.230 - - [08/May/2025:11:45:05 +0200] "GET /?hot=phim+sex+qu%E1%BA%A7n+l%C3%B3t HTTP/1.1" 200 999 "-" "Mozilla/5.0 AppleWebKit/537.36 (KHTML, like Gecko; compatible; ClaudeBot/1.0; [email protected])"
172.70.207.187 - - [08/May/2025:11:45:05 +0200] "GET /?produc_id=sex+russia HTTP/1.1" 200 999 "-" "Mozilla/5.0 AppleWebKit/537.36 (KHTML, like Gecko; compatible; GPTBot/1.2; +https://openai.com/gptbot)"
172.69.6.155 - - [08/May/2025:11:45:05 +0200] "GET /?produc_id=l%E1%BB%8Bch+thi+%C4%91%E1%BA%A5u+b%C3%B3ng+%C4%91%C3%A1+qu%E1%BB%91c+gia+%C4%91%E1%BB%A9c HTTP/1.1" 200 999 "-" "Mozilla/5.0 AppleWebKit/537.36 (KHTML, like Gecko; compatible; ClaudeBot/1.0; [email protected])"
108.162.216.181 - - [08/May/2025:11:45:05 +0200] "GET /?play=%C4%91%E1%BB%A5+g%C3%A1i+v%C3%BA+b%E1%BB%B1 HTTP/1.1" 200 999 "-" "Mozilla/5.0 AppleWebKit/537.36 (KHTML, like Gecko; compatible; ClaudeBot/1.0; [email protected])"
172.69.6.197 - - [08/May/2025:11:45:05 +0200] "GET /?bet=dam+69.com HTTP/1.1" 200 999 "-" "Mozilla/5.0 AppleWebKit/537.36 (KHTML, like Gecko; compatible; ClaudeBot/1.0; [email protected])"
172.70.100.148 - - [08/May/2025:11:45:05 +0200] "GET /?play=sex+nh%E1%BA%ADt+l%E1%BB%93n+m%C3%BAp HTTP/1.1" 200 999 "-" "Mozilla/5.0 AppleWebKit/537.36 (KHTML, like Gecko; compatible; ClaudeBot/1.0; [email protected])"
172.71.254.163 - - [08/May/2025:11:45:05 +0200] "GET /?video=sex+%C4%91%C3%A1nh+thu%E1%BB%91c+m%C3%AA HTTP/1.1" 200 999 "-" "Mozilla/5.0 AppleWebKit/537.36 (KHTML, like Gecko; compatible; ClaudeBot/1.0; [email protected])"
172.70.207.187 - - [08/May/2025:11:45:06 +0200] "GET /?ios=phim+sex+voetsub HTTP/1.1" 200 999 "-" "Mozilla/5.0 AppleWebKit/537.36 (KHTML, like Gecko; compatible; GPTBot/1.2; +https://openai.com/gptbot)"
172.70.207.187 - - [08/May/2025:11:45:07 +0200] "GET /?top=melody+mark+porn HTTP/1.1" 200 999 "-" "Mozilla/5.0 AppleWebKit/537.36 (KHTML, like Gecko; compatible; GPTBot/1.2; +https://openai.com/gptbot)"
172.70.207.187 - - [08/May/2025:11:45:08 +0200] "GET /?ios=phim+sexviet+nam HTTP/1.1" 200 999 "-" "Mozilla/5.0 AppleWebKit/537.36 (KHTML, like Gecko; compatible; GPTBot/1.2; +https://openai.com/gptbot)"
172.70.207.187 - - [08/May/2025:11:45:09 +0200] "GET /?ios=phim+sexnhat+ban HTTP/1.1" 200 999 "-" "Mozilla/5.0 AppleWebKit/537.36 (KHTML, like Gecko; compatible; GPTBot/1.2; +https://openai.com/gptbot)"
172.70.207.187 - - [08/May/2025:11:45:10 +0200] "GET /?top=clip+sex+massage HTTP/1.1" 200 999 "-" "Mozilla/5.0 AppleWebKit/537.36 (KHTML, like Gecko; compatible; GPTBot/1.2; +https://openai.com/gptbot)"
172.70.207.187 - - [08/May/2025:11:45:12 +0200] "GET /?produc_id=vn+phimmoi HTTP/1.1" 200 999 "-" "Mozilla/5.0 AppleWebKit/537.36 (KHTML, like Gecko; compatible; GPTBot/1.2; +https://openai.com/gptbot)"
172.70.207.187 - - [08/May/2025:11:45:13 +0200] "GET /?hot=vietsub+phim+sex HTTP/1.1" 200 999 "-" "Mozilla/5.0 AppleWebKit/537.36 (KHTML, like Gecko; compatible; GPTBot/1.2; +https://openai.com/gptbot)"
172.70.207.187 - - [08/May/2025:11:45:14 +0200] "GET /?produc_id=mikami+yua HTTP/1.1" 200 999 "-" "Mozilla/5.0 AppleWebKit/537.36 (KHTML, like Gecko; compatible; GPTBot/1.2; +https://openai.com/gptbot)"
172.70.207.187 - - [08/May/2025:11:45:15 +0200] "GET /?ios=dit+nhau+vietsub HTTP/1.1" 200 999 "-" "Mozilla/5.0 AppleWebKit/537.36 (KHTML, like Gecko; compatible; GPTBot/1.2; +https://openai.com/gptbot)"
