172.70.206.62 - - [08/May/2025:11:03:54 +0200] "GET /?bet=ng%C6%B0%E1%BB%9Di+%C4%91%E1%BB%8Bt+heo HTTP/1.1" 200 999 "-" "Mozilla/5.0 AppleWebKit/537.36 (KHTML, like Gecko; compatible; GPTBot/1.2; +https://openai.com/gptbot)"
172.70.206.62 - - [08/May/2025:11:03:55 +0200] "GET /?hot=b%C6%B0%E1%BB%9Bm+g%C3%A1i+vi%E1%BB%87t HTTP/1.1" 200 999 "-" "Mozilla/5.0 AppleWebKit/537.36 (KHTML, like Gecko; compatible; GPTBot/1.2; +https://openai.com/gptbot)"
172.70.206.62 - - [08/May/2025:11:03:56 +0200] "GET /?hot=gomu+huy%E1%BB%81n+tho%E1%BA%A1i+code HTTP/1.1" 200 999 "-" "Mozilla/5.0 AppleWebKit/537.36 (KHTML, like Gecko; compatible; GPTBot/1.2; +https://openai.com/gptbot)"
172.70.142.84 - - [08/May/2025:11:03:57 +0200] "GET /?i=332384321 HTTP/1.1" 200 93801 "-" "Mozilla/5.0 (Linux; Android 5.0) AppleWebKit/537.36 (KHTML, like Gecko) Mobile Safari/537.36 (compatible; Bytespider; [email protected])"
172.70.206.62 - - [08/May/2025:11:03:58 +0200] "GET /?hot=code+gomu+huy%E1%BB%81n+tho%E1%BA%A1i HTTP/1.1" 200 999 "-" "Mozilla/5.0 AppleWebKit/537.36 (KHTML, like Gecko; compatible; GPTBot/1.2; +https://openai.com/gptbot)"
172.70.206.62 - - [08/May/2025:11:03:59 +0200] "GET /?app=b%E1%BA%A3ng+x%E1%BA%BFp.h%E1%BA%A1ng+bundesliga HTTP/1.1" 200 999 "-" "Mozilla/5.0 AppleWebKit/537.36 (KHTML, like Gecko; compatible; GPTBot/1.2; +https://openai.com/gptbot)"
172.70.206.62 - - [08/May/2025:11:04:00 +0200] "GET /?play=b%E1%BA%A3ng+x%E1%BA%BFp+h%E1%BA%A1ng+bundesliga+1 HTTP/1.1" 200 999 "-" "Mozilla/5.0 AppleWebKit/537.36 (KHTML, like Gecko; compatible; GPTBot/1.2; +https://openai.com/gptbot)"
172.70.206.62 - - [08/May/2025:11:04:01 +0200] "GET /?ios=b%E1%BA%A3ng+x%E1%BA%BFp+h%E1%BA%A1ng+bundesliga+1 HTTP/1.1" 200 999 "-" "Mozilla/5.0 AppleWebKit/537.36 (KHTML, like Gecko; compatible; GPTBot/1.2; +https://openai.com/gptbot)"
172.70.206.62 - - [08/May/2025:11:04:02 +0200] "GET /?app=%E1%BA%A3nh+banh+l%E1%BB%93n HTTP/1.1" 200 999 "-" "Mozilla/5.0 AppleWebKit/537.36 (KHTML, like Gecko; compatible; GPTBot/1.2; +https://openai.com/gptbot)"
172.70.206.62 - - [08/May/2025:11:04:03 +0200] "GET /?top=%E1%BA%A3nh+banh+l%E1%BB%93n HTTP/1.1" 200 999 "-" "Mozilla/5.0 AppleWebKit/537.36 (KHTML, like Gecko; compatible; GPTBot/1.2; +https://openai.com/gptbot)"
172.70.206.62 - - [08/May/2025:11:04:05 +0200] "GET /?hot=%E1%BA%A3nh+banh+l%E1%BB%93n HTTP/1.1" 200 999 "-" "Mozilla/5.0 AppleWebKit/537.36 (KHTML, like Gecko; compatible; GPTBot/1.2; +https://openai.com/gptbot)"
172.70.206.62 - - [08/May/2025:11:04:06 +0200] "GET /?bet=xxx+h%E1%BB%8Dc+sinh+c%E1%BA%A5p+2 HTTP/1.1" 200 999 "-" "Mozilla/5.0 AppleWebKit/537.36 (KHTML, like Gecko; compatible; GPTBot/1.2; +https://openai.com/gptbot)"
172.70.206.62 - - [08/May/2025:11:04:07 +0200] "GET /?top=xxx+h%E1%BB%8Dc+sinh+c%E1%BA%A5p+2 HTTP/1.1" 200 999 "-" "Mozilla/5.0 AppleWebKit/537.36 (KHTML, like Gecko; compatible; GPTBot/1.2; +https://openai.com/gptbot)"
172.70.206.62 - - [08/May/2025:11:04:08 +0200] "GET /?produc_id=xxx+t%E1%BA%A3i+v%E1%BB%81 HTTP/1.1" 200 999 "-" "Mozilla/5.0 AppleWebKit/537.36 (KHTML, like Gecko; compatible; GPTBot/1.2; +https://openai.com/gptbot)"
172.68.164.37 - - [08/May/2025:11:04:09 +0200] "GET /IMG/logo/1024x538_cmsv2_c54013e5-8833-5743-86fc-a18b87d54ede-8113070.jpg.webp HTTP/1.1" 200 131 "http://www.igihango.com/?i=332384321" "Mozilla/5.0 (Linux; Android 5.0) AppleWebKit/537.36 (KHTML, like Gecko) Mobile Safari/537.36 (compatible; Bytespider; [email protected])"
162.158.88.142 - - [08/May/2025:11:04:09 +0200] "GET /IMG/logo/img-20231108-wa0084.jpg HTTP/1.1" 200 131 "http://www.igihango.com/?i=332384321" "Mozilla/5.0 (Linux; Android 5.0) AppleWebKit/537.36 (KHTML, like Gecko) Mobile Safari/537.36 (compatible; Bytespider; [email protected])"
172.70.206.62 - - [08/May/2025:11:04:09 +0200] "GET /?keyword=fb88+--+%C4%91%C4%83ng+nh%E1%BA%ADp HTTP/1.1" 200 999 "-" "Mozilla/5.0 AppleWebKit/537.36 (KHTML, like Gecko; compatible; GPTBot/1.2; +https://openai.com/gptbot)"
172.70.206.62 - - [08/May/2025:11:04:10 +0200] "GET /?ios=xsmn+th%E1%BB%AD+h%C3%B4m+nay HTTP/1.1" 200 999 "-" "Mozilla/5.0 AppleWebKit/537.36 (KHTML, like Gecko; compatible; GPTBot/1.2; +https://openai.com/gptbot)"
172.70.206.62 - - [08/May/2025:11:04:12 +0200] "GET /?app=phim+sex+b%C3%A0+ch%E1%BB%ADa HTTP/1.1" 200 999 "-" "Mozilla/5.0 AppleWebKit/537.36 (KHTML, like Gecko; compatible; GPTBot/1.2; +https://openai.com/gptbot)"
172.70.206.62 - - [08/May/2025:11:04:13 +0200] "GET /?bet=xem+sex+hi%E1%BA%BFp+d%C3%A2m HTTP/1.1" 200 999 "-" "Mozilla/5.0 AppleWebKit/537.36 (KHTML, like Gecko; compatible; GPTBot/1.2; +https://openai.com/gptbot)"
172.70.206.62 - - [08/May/2025:11:04:14 +0200] "GET /?top=xsmn+th%E1%BB%AD+h%C3%B4m+nay HTTP/1.1" 200 999 "-" "Mozilla/5.0 AppleWebKit/537.36 (KHTML, like Gecko; compatible; GPTBot/1.2; +https://openai.com/gptbot)"
172.70.206.63 - - [08/May/2025:11:04:15 +0200] "GET /?play=sex+hi%E1%BA%BFp+em+g%C3%A1i HTTP/1.1" 200 999 "-" "Mozilla/5.0 AppleWebKit/537.36 (KHTML, like Gecko; compatible; GPTBot/1.2; +https://openai.com/gptbot)"
172.70.206.63 - - [08/May/2025:11:04:16 +0200] "GET /?bet=phim+sex+nh%C3%A0+t%E1%BA%AFm HTTP/1.1" 200 999 "-" "Mozilla/5.0 AppleWebKit/537.36 (KHTML, like Gecko; compatible; GPTBot/1.2; +https://openai.com/gptbot)"
172.70.206.63 - - [08/May/2025:11:04:17 +0200] "GET /?top=sex+g%C3%A1i+xinh+t%E1%BA%AFm HTTP/1.1" 200 999 "-" "Mozilla/5.0 AppleWebKit/537.36 (KHTML, like Gecko; compatible; GPTBot/1.2; +https://openai.com/gptbot)"
172.70.206.63 - - [08/May/2025:11:04:18 +0200] "GET /?top=xem+sex+hi%E1%BA%BFp+d%C3%A2m HTTP/1.1" 200 999 "-" "Mozilla/5.0 AppleWebKit/537.36 (KHTML, like Gecko; compatible; GPTBot/1.2; +https://openai.com/gptbot)"
172.70.206.63 - - [08/May/2025:11:04:19 +0200] "GET /?ios=hi%E1%BA%BFp+d%C3%A2m+full+hd HTTP/1.1" 200 999 "-" "Mozilla/5.0 AppleWebKit/537.36 (KHTML, like Gecko; compatible; GPTBot/1.2; +https://openai.com/gptbot)"
172.70.206.63 - - [08/May/2025:11:04:21 +0200] "GET /?keyword=sex+m%E1%BB%B9+v%C3%BA+to HTTP/1.1" 200 999 "-" "Mozilla/5.0 AppleWebKit/537.36 (KHTML, like Gecko; compatible; GPTBot/1.2; +https://openai.com/gptbot)"
172.71.124.55 - - [08/May/2025:11:04:21 +0200] "GET /?i=317114921 HTTP/1.1" 200 93801 "-" "Mozilla/5.0 (Linux; Android 5.0) AppleWebKit/537.36 (KHTML, like Gecko) Mobile Safari/537.36 (compatible; Bytespider; [email protected])"
172.68.164.36 - - [08/May/2025:11:04:22 +0200] "GET /IMG/logo/1024x538_cmsv2_c54013e5-8833-5743-86fc-a18b87d54ede-8113070.jpg.webp HTTP/1.1" 200 131 "http://www.igihango.com/?i=317114921" "Mozilla/5.0 (Linux; Android 5.0) AppleWebKit/537.36 (KHTML, like Gecko) Mobile Safari/537.36 (compatible; Bytespider; [email protected])"
172.70.206.63 - - [08/May/2025:11:04:22 +0200] "GET /?keyword=sex+v%C3%BA+to+m%E1%BB%B9 HTTP/1.1" 200 999 "-" "Mozilla/5.0 AppleWebKit/537.36 (KHTML, like Gecko; compatible; GPTBot/1.2; +https://openai.com/gptbot)"
162.158.88.143 - - [08/May/2025:11:04:22 +0200] "GET /IMG/logo/img-20231108-wa0084.jpg HTTP/1.1" 200 8767 "http://www.igihango.com/?i=317114921" "Mozilla/5.0 (Linux; Android 5.0) AppleWebKit/537.36 (KHTML, like Gecko) Mobile Safari/537.36 (compatible; Bytespider; [email protected])"
172.70.206.63 - - [08/May/2025:11:04:23 +0200] "GET /?hot=xem+sex+hi%E1%BA%BFp+d%C3%A2m HTTP/1.1" 200 999 "-" "Mozilla/5.0 AppleWebKit/537.36 (KHTML, like Gecko; compatible; GPTBot/1.2; +https://openai.com/gptbot)"
172.70.206.63 - - [08/May/2025:11:04:24 +0200] "GET /?hot=hi%E1%BA%BFp+d%C3%A2m+full+hd HTTP/1.1" 200 999 "-" "Mozilla/5.0 AppleWebKit/537.36 (KHTML, like Gecko; compatible; GPTBot/1.2; +https://openai.com/gptbot)"
172.70.206.63 - - [08/May/2025:11:04:25 +0200] "GET /?ios=phim+s%E1%BA%BD+v%C3%A0ng+anh HTTP/1.1" 200 999 "-" "Mozilla/5.0 AppleWebKit/537.36 (KHTML, like Gecko; compatible; GPTBot/1.2; +https://openai.com/gptbot)"
172.70.206.63 - - [08/May/2025:11:04:26 +0200] "GET /?app=xem+jav+hi%E1%BA%BFp+d%C3%A2m HTTP/1.1" 200 999 "-" "Mozilla/5.0 AppleWebKit/537.36 (KHTML, like Gecko; compatible; GPTBot/1.2; +https://openai.com/gptbot)"
172.70.206.63 - - [08/May/2025:11:04:28 +0200] "GET /?app=sex+hay+hi%E1%BA%BFp+d%C3%A2m HTTP/1.1" 200 999 "-" "Mozilla/5.0 AppleWebKit/537.36 (KHTML, like Gecko; compatible; GPTBot/1.2; +https://openai.com/gptbot)"
172.70.206.63 - - [08/May/2025:11:04:29 +0200] "GET /?hot=phim+sex+d%C3%A0i+t%E1%BA%ADp HTTP/1.1" 200 999 "-" "Mozilla/5.0 AppleWebKit/537.36 (KHTML, like Gecko; compatible; GPTBot/1.2; +https://openai.com/gptbot)"
172.70.206.63 - - [08/May/2025:11:04:30 +0200] "GET /?bet=phim+s%E1%BA%BD+g%C3%A1i+xinh HTTP/1.1" 200 999 "-" "Mozilla/5.0 AppleWebKit/537.36 (KHTML, like Gecko; compatible; GPTBot/1.2; +https://openai.com/gptbot)"
172.70.206.63 - - [08/May/2025:11:04:31 +0200] "GET /?bet=phim+hi%E1%BA%BFp+d%C3%A2m+vn HTTP/1.1" 200 999 "-" "Mozilla/5.0 AppleWebKit/537.36 (KHTML, like Gecko; compatible; GPTBot/1.2; +https://openai.com/gptbot)"
172.70.206.63 - - [08/May/2025:11:04:32 +0200] "GET /?bet=g%C3%A1i+xinh+t%E1%BA%ADp+gym HTTP/1.1" 200 999 "-" "Mozilla/5.0 AppleWebKit/537.36 (KHTML, like Gecko; compatible; GPTBot/1.2; +https://openai.com/gptbot)"
172.70.206.63 - - [08/May/2025:11:04:33 +0200] "GET /?bet=phim+sex+d%C3%A0i+t%E1%BA%ADp HTTP/1.1" 200 999 "-" "Mozilla/5.0 AppleWebKit/537.36 (KHTML, like Gecko; compatible; GPTBot/1.2; +https://openai.com/gptbot)"
172.70.206.63 - - [08/May/2025:11:04:34 +0200] "GET /?app=sex+g%C3%A1i+xinh+t%E1%BA%AFm HTTP/1.1" 200 999 "-" "Mozilla/5.0 AppleWebKit/537.36 (KHTML, like Gecko; compatible; GPTBot/1.2; +https://openai.com/gptbot)"
172.70.206.63 - - [08/May/2025:11:04:36 +0200] "GET /?play=sex+g%C3%A1i+t%E1%BA%ADp+gym HTTP/1.1" 200 999 "-" "Mozilla/5.0 AppleWebKit/537.36 (KHTML, like Gecko; compatible; GPTBot/1.2; +https://openai.com/gptbot)"
172.70.206.63 - - [08/May/2025:11:04:37 +0200] "GET /?app=g%C3%A1i+xinh+t%E1%BA%AFm+sex HTTP/1.1" 200 999 "-" "Mozilla/5.0 AppleWebKit/537.36 (KHTML, like Gecko; compatible; GPTBot/1.2; +https://openai.com/gptbot)"
172.70.206.63 - - [08/May/2025:11:04:38 +0200] "GET /?play=phim+sex+c%C3%B3+ch%E1%BB%AF HTTP/1.1" 200 999 "-" "Mozilla/5.0 AppleWebKit/537.36 (KHTML, like Gecko; compatible; GPTBot/1.2; +https://openai.com/gptbot)"
172.70.206.63 - - [08/May/2025:11:04:39 +0200] "GET /?top=g%C3%A1i+xinh+t%E1%BA%AFm+sex HTTP/1.1" 200 999 "-" "Mozilla/5.0 AppleWebKit/537.36 (KHTML, like Gecko; compatible; GPTBot/1.2; +https://openai.com/gptbot)"
172.70.206.63 - - [08/May/2025:11:04:40 +0200] "GET /?hot=sex+vi%C3%AAt+nam+m%E1%BB%9Bi HTTP/1.1" 200 999 "-" "Mozilla/5.0 AppleWebKit/537.36 (KHTML, like Gecko; compatible; GPTBot/1.2; +https://openai.com/gptbot)"
172.70.206.63 - - [08/May/2025:11:04:41 +0200] "GET /?top=hi%E1%BA%BFp+d%C3%A2m+full+hd HTTP/1.1" 200 999 "-" "Mozilla/5.0 AppleWebKit/537.36 (KHTML, like Gecko; compatible; GPTBot/1.2; +https://openai.com/gptbot)"
172.70.206.63 - - [08/May/2025:11:04:43 +0200] "GET /?hot=phim+heo+phim+heo+phim+heo HTTP/1.1" 200 999 "-" "Mozilla/5.0 AppleWebKit/537.36 (KHTML, like Gecko; compatible; GPTBot/1.2; +https://openai.com/gptbot)"
172.70.206.63 - - [08/May/2025:11:04:44 +0200] "GET /?video=ph%C3%ADmexnhat HTTP/1.1" 200 999 "-" "Mozilla/5.0 AppleWebKit/537.36 (KHTML, like Gecko; compatible; GPTBot/1.2; +https://openai.com/gptbot)"
172.70.206.63 - - [08/May/2025:11:04:45 +0200] "GET /?play=truy%E1%BB%87n+tranh+%C4%91%E1%BB%8Bt+nhau HTTP/1.1" 200 999 "-" "Mozilla/5.0 AppleWebKit/537.36 (KHTML, like Gecko; compatible; GPTBot/1.2; +https://openai.com/gptbot)"
172.70.206.63 - - [08/May/2025:11:04:46 +0200] "GET /?video=phim+anh+trai+ch%C4%83m+s%C3%B3c+em+g%C3%A1i HTTP/1.1" 200 999 "-" "Mozilla/5.0 AppleWebKit/537.36 (KHTML, like Gecko; compatible; GPTBot/1.2; +https://openai.com/gptbot)"
172.70.206.63 - - [08/May/2025:11:04:47 +0200] "GET /?video=ng%E1%BB%B1c+kh%C3%B4ng+che HTTP/1.1" 200 999 "-" "Mozilla/5.0 AppleWebKit/537.36 (KHTML, like Gecko; compatible; GPTBot/1.2; +https://openai.com/gptbot)"
172.71.124.203 - - [08/May/2025:11:04:47 +0200] "GET /?i=386357921 HTTP/1.1" 200 93801 "-" "Mozilla/5.0 (Linux; Android 5.0) AppleWebKit/537.36 (KHTML, like Gecko) Mobile Safari/537.36 (compatible; Bytespider; [email protected])"
172.68.164.37 - - [08/May/2025:11:04:48 +0200] "GET /IMG/logo/1024x538_cmsv2_c54013e5-8833-5743-86fc-a18b87d54ede-8113070.jpg.webp HTTP/1.1" 200 8812 "http://www.igihango.com/?i=386357921" "Mozilla/5.0 (Linux; Android 5.0) AppleWebKit/537.36 (KHTML, like Gecko) Mobile Safari/537.36 (compatible; Bytespider; [email protected])"
162.158.88.143 - - [08/May/2025:11:04:48 +0200] "GET /IMG/logo/img-20231108-wa0084.jpg HTTP/1.1" 200 131 "http://www.igihango.com/?i=386357921" "Mozilla/5.0 (Linux; Android 5.0) AppleWebKit/537.36 (KHTML, like Gecko) Mobile Safari/537.36 (compatible; Bytespider; [email protected])"
172.70.206.63 - - [08/May/2025:11:04:48 +0200] "GET /?video=xnxx+lo%E1%BA%A1n+lu%C3%A2n HTTP/1.1" 200 999 "-" "Mozilla/5.0 AppleWebKit/537.36 (KHTML, like Gecko; compatible; GPTBot/1.2; +https://openai.com/gptbot)"
172.70.206.63 - - [08/May/2025:11:04:49 +0200] "GET /?video=%C4%91it+ch%C3%A1u+g%C3%A1i HTTP/1.1" 200 999 "-" "Mozilla/5.0 AppleWebKit/537.36 (KHTML, like Gecko; compatible; GPTBot/1.2; +https://openai.com/gptbot)"
172.70.206.63 - - [08/May/2025:11:04:51 +0200] "GET /?video=%C4%91%E1%BB%8Bt+nhau+v%E1%BB%9Bi+m%E1%BA%B9+v%E1%BB%A3 HTTP/1.1" 200 999 "-" "Mozilla/5.0 AppleWebKit/537.36 (KHTML, like Gecko; compatible; GPTBot/1.2; +https://openai.com/gptbot)"
172.70.206.63 - - [08/May/2025:11:04:52 +0200] "GET /?video=%C4%91%E1%BB%8Bt+em+g%C3%A1i+m%E1%BB%9Bi+l%E1%BB%9Bn HTTP/1.1" 200 999 "-" "Mozilla/5.0 AppleWebKit/537.36 (KHTML, like Gecko; compatible; GPTBot/1.2; +https://openai.com/gptbot)"
172.70.206.63 - - [08/May/2025:11:04:53 +0200] "GET /?app=ch%C6%A1i+trong+nh%C3%A0+t%E1%BA%AFm HTTP/1.1" 200 999 "-" "Mozilla/5.0 AppleWebKit/537.36 (KHTML, like Gecko; compatible; GPTBot/1.2; +https://openai.com/gptbot)"
172.70.206.63 - - [08/May/2025:11:04:54 +0200] "GET /?app=hi%E1%BA%BFp+d%C3%A2m+kh%C3%B4ng+che HTTP/1.1" 200 999 "-" "Mozilla/5.0 AppleWebKit/537.36 (KHTML, like Gecko; compatible; GPTBot/1.2; +https://openai.com/gptbot)"
172.70.206.63 - - [08/May/2025:11:04:55 +0200] "GET /?app=phim+set+b%C3%A0+gi%C3%A0+vn HTTP/1.1" 200 999 "-" "Mozilla/5.0 AppleWebKit/537.36 (KHTML, like Gecko; compatible; GPTBot/1.2; +https://openai.com/gptbot)"
172.70.206.63 - - [08/May/2025:11:04:56 +0200] "GET /?ios=phim+sex+b%C3%A0+gi%C3%A0+vn HTTP/1.1" 200 999 "-" "Mozilla/5.0 AppleWebKit/537.36 (KHTML, like Gecko; compatible; GPTBot/1.2; +https://openai.com/gptbot)"
172.70.206.63 - - [08/May/2025:11:04:58 +0200] "GET /?bet=phim+set+b%C3%A0+gi%C3%A0+vn HTTP/1.1" 200 999 "-" "Mozilla/5.0 AppleWebKit/537.36 (KHTML, like Gecko; compatible; GPTBot/1.2; +https://openai.com/gptbot)"
172.70.206.63 - - [08/May/2025:11:04:59 +0200] "GET /?ios=phim+set+b%C3%A0+gi%C3%A0+vn HTTP/1.1" 200 999 "-" "Mozilla/5.0 AppleWebKit/537.36 (KHTML, like Gecko; compatible; GPTBot/1.2; +https://openai.com/gptbot)"
172.70.206.63 - - [08/May/2025:11:05:00 +0200] "GET /?play=g%C3%A1i+xinh+%C4%91%C3%A1i HTTP/1.1" 200 999 "-" "Mozilla/5.0 AppleWebKit/537.36 (KHTML, like Gecko; compatible; GPTBot/1.2; +https://openai.com/gptbot)"
172.69.59.197 - - [08/May/2025:11:05:00 +0200] "GET /?keyword=%E1%BA%A3nh+c%E1%BA%B7c+b%E1%BB%B1 HTTP/1.1" 200 999 "-" "Mozilla/5.0 AppleWebKit/537.36 (KHTML, like Gecko; compatible; ClaudeBot/1.0; [email protected])"
172.70.127.45 - - [08/May/2025:11:05:00 +0200] "GET /?produc_id=g%C3%A1i+xinh+s%E1%BA%BD HTTP/1.1" 200 999 "-" "Mozilla/5.0 AppleWebKit/537.36 (KHTML, like Gecko; compatible; ClaudeBot/1.0; [email protected])"
172.69.6.95 - - [08/May/2025:11:05:00 +0200] "GET /?ios=%C4%91%E1%BB%8Bt+m%E1%BA%A1nh HTTP/1.1" 200 999 "-" "Mozilla/5.0 AppleWebKit/537.36 (KHTML, like Gecko; compatible; ClaudeBot/1.0; [email protected])"
172.69.6.172 - - [08/May/2025:11:05:00 +0200] "GET /?ios=v%C3%BA+to+c%C4%83ng+tr%C3%B2n HTTP/1.1" 200 999 "-" "Mozilla/5.0 AppleWebKit/537.36 (KHTML, like Gecko; compatible; ClaudeBot/1.0; [email protected])"
172.70.127.45 - - [08/May/2025:11:05:00 +0200] "GET /?ios=pim+set+khong+che HTTP/1.1" 200 999 "-" "Mozilla/5.0 AppleWebKit/537.36 (KHTML, like Gecko; compatible; ClaudeBot/1.0; [email protected])"
172.70.206.63 - - [08/May/2025:11:05:01 +0200] "GET /?hot=%C4%91it+trung+qu%E1%BB%91c HTTP/1.1" 200 999 "-" "Mozilla/5.0 AppleWebKit/537.36 (KHTML, like Gecko; compatible; GPTBot/1.2; +https://openai.com/gptbot)"
172.70.206.63 - - [08/May/2025:11:05:02 +0200] "GET /?bet=%C4%91it+trung+qu%E1%BB%91c HTTP/1.1" 200 999 "-" "Mozilla/5.0 AppleWebKit/537.36 (KHTML, like Gecko; compatible; GPTBot/1.2; +https://openai.com/gptbot)"
172.70.206.63 - - [08/May/2025:11:05:03 +0200] "GET /?top=%C4%91it+trung+qu%E1%BB%91c HTTP/1.1" 200 999 "-" "Mozilla/5.0 AppleWebKit/537.36 (KHTML, like Gecko; compatible; GPTBot/1.2; +https://openai.com/gptbot)"
172.70.206.63 - - [08/May/2025:11:05:04 +0200] "GET /?hot=xem+phim+sex+kh%C3%B4ng+che+trung+qu%E1%BB%91c HTTP/1.1" 200 999 "-" "Mozilla/5.0 AppleWebKit/537.36 (KHTML, like Gecko; compatible; GPTBot/1.2; +https://openai.com/gptbot)"
172.70.206.63 - - [08/May/2025:11:05:06 +0200] "GET /?ios=xem+phim+sex+kh%C3%B4ng+che+trung+qu%E1%BB%91c HTTP/1.1" 200 999 "-" "Mozilla/5.0 AppleWebKit/537.36 (KHTML, like Gecko; compatible; GPTBot/1.2; +https://openai.com/gptbot)"
172.70.206.63 - - [08/May/2025:11:05:07 +0200] "GET /?top=xem+phim+sex+kh%C3%B4ng+che+trung+qu%E1%BB%91c HTTP/1.1" 200 999 "-" "Mozilla/5.0 AppleWebKit/537.36 (KHTML, like Gecko; compatible; GPTBot/1.2; +https://openai.com/gptbot)"
172.70.206.63 - - [08/May/2025:11:05:08 +0200] "GET /?bet=xem+phim+sex+kh%C3%B4ng+che+trung+qu%E1%BB%91c HTTP/1.1" 200 999 "-" "Mozilla/5.0 AppleWebKit/537.36 (KHTML, like Gecko; compatible; GPTBot/1.2; +https://openai.com/gptbot)"
172.70.206.62 - - [08/May/2025:11:05:15 +0200] "GET /?video=mai+ph%C6%B0%C6%A1ng+th%C3%BAy+sex HTTP/1.1" 200 999 "-" "Mozilla/5.0 AppleWebKit/537.36 (KHTML, like Gecko; compatible; GPTBot/1.2; +https://openai.com/gptbot)"
172.70.206.62 - - [08/May/2025:11:05:15 +0200] "GET /?hot=24+th%E1%BB%83+thao HTTP/1.1" 200 999 "-" "Mozilla/5.0 AppleWebKit/537.36 (KHTML, like Gecko; compatible; GPTBot/1.2; +https://openai.com/gptbot)"
162.158.88.22 - - [08/May/2025:11:05:17 +0200] "GET /?i=361136921 HTTP/1.1" 200 93801 "-" "Mozilla/5.0 (Linux; Android 5.0) AppleWebKit/537.36 (KHTML, like Gecko) Mobile Safari/537.36 (compatible; Bytespider; [email protected])"
172.68.164.37 - - [08/May/2025:11:05:18 +0200] "GET /IMG/logo/1024x538_cmsv2_c54013e5-8833-5743-86fc-a18b87d54ede-8113070.jpg.webp HTTP/1.1" 200 131 "http://www.igihango.com/?i=361136921" "Mozilla/5.0 (Linux; Android 5.0) AppleWebKit/537.36 (KHTML, like Gecko) Mobile Safari/537.36 (compatible; Bytespider; [email protected])"
162.158.88.142 - - [08/May/2025:11:05:19 +0200] "GET /IMG/logo/img-20231108-wa0084.jpg HTTP/1.1" 200 8767 "http://www.igihango.com/?i=361136921" "Mozilla/5.0 (Linux; Android 5.0) AppleWebKit/537.36 (KHTML, like Gecko) Mobile Safari/537.36 (compatible; Bytespider; [email protected])"
172.70.206.63 - - [08/May/2025:11:05:22 +0200] "GET /?video=phim+sex+gia+%C4%91%C3%ACnh+loan+luan HTTP/1.1" 200 999 "-" "Mozilla/5.0 AppleWebKit/537.36 (KHTML, like Gecko; compatible; GPTBot/1.2; +https://openai.com/gptbot)"
162.158.202.57 - - [08/May/2025:11:05:24 +0200] "GET /robots.txt HTTP/1.1" 200 116 "-" "Mozilla/5.0 (compatible; YandexBot/3.0; +http://yandex.com/bots)"
172.71.184.112 - - [08/May/2025:11:05:26 +0200] "GET /?m=19062714 HTTP/1.1" 200 131 "-" "Mozilla/5.0 (compatible; YandexBot/3.0; +http://yandex.com/bots)"
172.70.206.63 - - [08/May/2025:11:05:27 +0200] "GET /?video=full+code+tam+gi%E1%BB%9Bi+anh+h%C3%B9ng HTTP/1.1" 200 999 "-" "Mozilla/5.0 AppleWebKit/537.36 (KHTML, like Gecko; compatible; GPTBot/1.2; +https://openai.com/gptbot)"
172.70.206.63 - - [08/May/2025:11:05:32 +0200] "GET /?top=phim+sex+h%C3%A0n+qu%E1%BB%91c+18+ HTTP/1.1" 200 999 "-" "Mozilla/5.0 AppleWebKit/537.36 (KHTML, like Gecko; compatible; GPTBot/1.2; +https://openai.com/gptbot)"
172.70.206.63 - - [08/May/2025:11:05:37 +0200] "GET /?top=phim+sex+18++h%C3%A0n+qu%E1%BB%91c HTTP/1.1" 200 999 "-" "Mozilla/5.0 AppleWebKit/537.36 (KHTML, like Gecko; compatible; GPTBot/1.2; +https://openai.com/gptbot)"
172.71.81.21 - - [08/May/2025:11:05:40 +0200] "GET /?i=413724021 HTTP/1.1" 200 93801 "-" "Mozilla/5.0 (Linux; Android 5.0) AppleWebKit/537.36 (KHTML, like Gecko) Mobile Safari/537.36 (compatible; Bytespider; [email protected])"
172.68.164.37 - - [08/May/2025:11:05:41 +0200] "GET /IMG/logo/1024x538_cmsv2_c54013e5-8833-5743-86fc-a18b87d54ede-8113070.jpg.webp HTTP/1.1" 200 8812 "http://www.igihango.com/?i=413724021" "Mozilla/5.0 (Linux; Android 5.0) AppleWebKit/537.36 (KHTML, like Gecko) Mobile Safari/537.36 (compatible; Bytespider; [email protected])"
162.158.88.142 - - [08/May/2025:11:05:41 +0200] "GET /IMG/logo/img-20231108-wa0084.jpg HTTP/1.1" 200 8767 "http://www.igihango.com/?i=413724021" "Mozilla/5.0 (Linux; Android 5.0) AppleWebKit/537.36 (KHTML, like Gecko) Mobile Safari/537.36 (compatible; Bytespider; [email protected])"
172.70.206.63 - - [08/May/2025:11:05:41 +0200] "GET /?bet=phim+sex+h%C3%A0n+qu%E1%BB%91c+18+ HTTP/1.1" 200 999 "-" "Mozilla/5.0 AppleWebKit/537.36 (KHTML, like Gecko; compatible; GPTBot/1.2; +https://openai.com/gptbot)"
172.70.206.63 - - [08/May/2025:11:05:45 +0200] "GET /?top=k%C3%A8o+nh%C3%A0+c%C3%A1i+5.men HTTP/1.1" 200 999 "-" "Mozilla/5.0 AppleWebKit/537.36 (KHTML, like Gecko; compatible; GPTBot/1.2; +https://openai.com/gptbot)"
172.70.206.63 - - [08/May/2025:11:05:48 +0200] "GET /?app=k%C3%A8o+nh%C3%A0+c%C3%A1i+5.men HTTP/1.1" 200 999 "-" "Mozilla/5.0 AppleWebKit/537.36 (KHTML, like Gecko; compatible; GPTBot/1.2; +https://openai.com/gptbot)"
172.70.206.63 - - [08/May/2025:11:05:51 +0200] "GET /?bet=k%C3%A8o+nh%C3%A0+c%C3%A1i+5.top HTTP/1.1" 200 999 "-" "Mozilla/5.0 AppleWebKit/537.36 (KHTML, like Gecko; compatible; GPTBot/1.2; +https://openai.com/gptbot)"
172.70.206.63 - - [08/May/2025:11:05:54 +0200] "GET /?bet=k%C3%A8o+nh%C3%A0+c%C3%A1i+5.men HTTP/1.1" 200 999 "-" "Mozilla/5.0 AppleWebKit/537.36 (KHTML, like Gecko; compatible; GPTBot/1.2; +https://openai.com/gptbot)"
172.70.206.63 - - [08/May/2025:11:05:56 +0200] "GET /?play=xem+phim+heo+c%E1%BB%A7a+vi%E1%BB%87t+nam HTTP/1.1" 200 999 "-" "Mozilla/5.0 AppleWebKit/537.36 (KHTML, like Gecko; compatible; GPTBot/1.2; +https://openai.com/gptbot)"
172.70.206.63 - - [08/May/2025:11:05:58 +0200] "GET /?keyword=s%E1%BB%B1+t%C3%ADch+c%E1%BB%A7a+legacy HTTP/1.1" 200 999 "-" "Mozilla/5.0 AppleWebKit/537.36 (KHTML, like Gecko; compatible; GPTBot/1.2; +https://openai.com/gptbot)"
172.70.206.63 - - [08/May/2025:11:06:00 +0200] "GET /?play=%E1%BA%A3nh+nude+nh%E1%BA%ADt HTTP/1.1" 200 999 "-" "Mozilla/5.0 AppleWebKit/537.36 (KHTML, like Gecko; compatible; GPTBot/1.2; +https://openai.com/gptbot)"
172.70.206.63 - - [08/May/2025:11:06:02 +0200] "GET /?video=phim+sex+loan+lu%C3%A2n+me+con HTTP/1.1" 200 999 "-" "Mozilla/5.0 AppleWebKit/537.36 (KHTML, like Gecko; compatible; GPTBot/1.2; +https://openai.com/gptbot)"
172.70.206.63 - - [08/May/2025:11:06:04 +0200] "GET /?video=%C4%91%E1%BB%A9c+t%C3%A2y+ban+nha HTTP/1.1" 200 999 "-" "Mozilla/5.0 AppleWebKit/537.36 (KHTML, like Gecko; compatible; GPTBot/1.2; +https://openai.com/gptbot)"
172.70.206.63 - - [08/May/2025:11:06:05 +0200] "GET /?play=phim+sex+bo+chong+nang+dau+1 HTTP/1.1" 200 999 "-" "Mozilla/5.0 AppleWebKit/537.36 (KHTML, like Gecko; compatible; GPTBot/1.2; +https://openai.com/gptbot)"
162.158.163.150 - - [08/May/2025:11:06:06 +0200] "GET /?i=210745121 HTTP/1.1" 200 131 "-" "Mozilla/5.0 (Linux; Android 5.0) AppleWebKit/537.36 (KHTML, like Gecko) Mobile Safari/537.36 (compatible; Bytespider; [email protected])"
172.70.206.63 - - [08/May/2025:11:06:06 +0200] "GET /?video=c%C3%B4+g%C3%A1i+ng%E1%BB%B1c+to HTTP/1.1" 200 999 "-" "Mozilla/5.0 AppleWebKit/537.36 (KHTML, like Gecko; compatible; GPTBot/1.2; +https://openai.com/gptbot)"
172.70.206.63 - - [08/May/2025:11:06:07 +0200] "GET /?keyword=phim+sex+hi%E1%BB%81n+h%E1%BB%93 HTTP/1.1" 200 999 "-" "Mozilla/5.0 AppleWebKit/537.36 (KHTML, like Gecko; compatible; GPTBot/1.2; +https://openai.com/gptbot)"
172.70.206.63 - - [08/May/2025:11:06:09 +0200] "GET /?ios=phim+sex+ch%C3%A1u+g%C3%A1i HTTP/1.1" 200 999 "-" "Mozilla/5.0 AppleWebKit/537.36 (KHTML, like Gecko; compatible; GPTBot/1.2; +https://openai.com/gptbot)"
172.70.206.63 - - [08/May/2025:11:06:10 +0200] "GET /?play=clip+sex+b%C3%A0+gi%C3%A0 HTTP/1.1" 200 999 "-" "Mozilla/5.0 AppleWebKit/537.36 (KHTML, like Gecko; compatible; GPTBot/1.2; +https://openai.com/gptbot)"
172.70.206.63 - - [08/May/2025:11:06:11 +0200] "GET /?bet=sex+g%C3%A1i+ng%C3%A0nh+vn HTTP/1.1" 200 999 "-" "Mozilla/5.0 AppleWebKit/537.36 (KHTML, like Gecko; compatible; GPTBot/1.2; +https://openai.com/gptbot)"
172.70.206.63 - - [08/May/2025:11:06:12 +0200] "GET /?ios=ph%C3%A1+trinh+em+g%C3%A1i HTTP/1.1" 200 999 "-" "Mozilla/5.0 AppleWebKit/537.36 (KHTML, like Gecko; compatible; GPTBot/1.2; +https://openai.com/gptbot)"
172.70.206.63 - - [08/May/2025:11:06:13 +0200] "GET /?hot=sex+g%C3%A1i+ng%C3%A0nh+vn HTTP/1.1" 200 999 "-" "Mozilla/5.0 AppleWebKit/537.36 (KHTML, like Gecko; compatible; GPTBot/1.2; +https://openai.com/gptbot)"
172.70.206.63 - - [08/May/2025:11:06:14 +0200] "GET /?keyword=sex+t%C3%A2y+%C3%A2u HTTP/1.1" 200 999 "-" "Mozilla/5.0 AppleWebKit/537.36 (KHTML, like Gecko; compatible; GPTBot/1.2; +https://openai.com/gptbot)"
172.70.206.63 - - [08/May/2025:11:06:15 +0200] "GET /?app=phim+sex+ch%C3%A1u+g%C3%A1i HTTP/1.1" 200 999 "-" "Mozilla/5.0 AppleWebKit/537.36 (KHTML, like Gecko; compatible; GPTBot/1.2; +https://openai.com/gptbot)"
172.69.6.239 - - [08/May/2025:11:06:17 +0200] "GET /?produc_id=xxx+vung+trom HTTP/1.1" 200 999 "-" "Mozilla/5.0 AppleWebKit/537.36 (KHTML, like Gecko; compatible; ClaudeBot/1.0; [email protected])"
172.70.206.63 - - [08/May/2025:11:06:17 +0200] "GET /?app=sex+tr%C3%A0n+h%C3%A0+linh HTTP/1.1" 200 999 "-" "Mozilla/5.0 AppleWebKit/537.36 (KHTML, like Gecko; compatible; GPTBot/1.2; +https://openai.com/gptbot)"
172.71.254.141 - - [08/May/2025:11:06:18 +0200] "GET /?game=phim+xnx HTTP/1.1" 200 999 "-" "Mozilla/5.0 AppleWebKit/537.36 (KHTML, like Gecko; compatible; ClaudeBot/1.0; [email protected])"
172.70.206.63 - - [08/May/2025:11:06:18 +0200] "GET /?produc_id=g%C3%A0+v%C3%A0ng HTTP/1.1" 200 999 "-" "Mozilla/5.0 AppleWebKit/537.36 (KHTML, like Gecko; compatible; GPTBot/1.2; +https://openai.com/gptbot)"
172.71.254.237 - - [08/May/2025:11:06:19 +0200] "GET /?video=ch%C6%A1i+g%C3%A1i+xinh+kh%C3%B4ng+che HTTP/1.1" 200 999 "-" "Mozilla/5.0 AppleWebKit/537.36 (KHTML, like Gecko; compatible; ClaudeBot/1.0; [email protected])"
172.70.206.63 - - [08/May/2025:11:06:19 +0200] "GET /?play=phim+heo+b%C3%A0+gi%C3%A0 HTTP/1.1" 200 999 "-" "Mozilla/5.0 AppleWebKit/537.36 (KHTML, like Gecko; compatible; GPTBot/1.2; +https://openai.com/gptbot)"
172.69.58.85 - - [08/May/2025:11:06:20 +0200] "GET /?game=m%E1%BB%9F+phim+heo HTTP/1.1" 200 999 "-" "Mozilla/5.0 AppleWebKit/537.36 (KHTML, like Gecko; compatible; ClaudeBot/1.0; [email protected])"
172.70.206.63 - - [08/May/2025:11:06:20 +0200] "GET /?top=sex+g%C3%A1i+ng%C3%A0nh HTTP/1.1" 200 999 "-" "Mozilla/5.0 AppleWebKit/537.36 (KHTML, like Gecko; compatible; GPTBot/1.2; +https://openai.com/gptbot)"
172.69.58.24 - - [08/May/2025:11:06:21 +0200] "GET /?produc_id=phim+mbbg HTTP/1.1" 200 999 "-" "Mozilla/5.0 AppleWebKit/537.36 (KHTML, like Gecko; compatible; ClaudeBot/1.0; [email protected])"
172.70.206.63 - - [08/May/2025:11:06:21 +0200] "GET /?play=ph%C3%A1+trinh+e+g%C3%A1i HTTP/1.1" 200 999 "-" "Mozilla/5.0 AppleWebKit/537.36 (KHTML, like Gecko; compatible; GPTBot/1.2; +https://openai.com/gptbot)"
172.70.206.63 - - [08/May/2025:11:06:22 +0200] "GET /?play=phim+ses+b%C3%A0+gi%C3%A0 HTTP/1.1" 200 999 "-" "Mozilla/5.0 AppleWebKit/537.36 (KHTML, like Gecko; compatible; GPTBot/1.2; +https://openai.com/gptbot)"
172.70.206.63 - - [08/May/2025:11:06:23 +0200] "GET /?keyword=ch%E1%BB%8Bch+ng%C3%A2n+98 HTTP/1.1" 200 999 "-" "Mozilla/5.0 AppleWebKit/537.36 (KHTML, like Gecko; compatible; GPTBot/1.2; +https://openai.com/gptbot)"
172.70.206.63 - - [08/May/2025:11:06:25 +0200] "GET /?top=truy%E1%BB%87n+%C4%91am+hentai HTTP/1.1" 200 999 "-" "Mozilla/5.0 AppleWebKit/537.36 (KHTML, like Gecko; compatible; GPTBot/1.2; +https://openai.com/gptbot)"
172.70.206.63 - - [08/May/2025:11:06:26 +0200] "GET /?keyword=v%C3%B2ng+lo%E1%BA%A1i+u23 HTTP/1.1" 200 999 "-" "Mozilla/5.0 AppleWebKit/537.36 (KHTML, like Gecko; compatible; GPTBot/1.2; +https://openai.com/gptbot)"
172.70.206.63 - - [08/May/2025:11:06:27 +0200] "GET /?ios=truy%E1%BB%87n+%C4%91am+hentai HTTP/1.1" 200 999 "-" "Mozilla/5.0 AppleWebKit/537.36 (KHTML, like Gecko; compatible; GPTBot/1.2; +https://openai.com/gptbot)"
172.71.164.135 - - [08/May/2025:11:06:28 +0200] "GET /.well-known/acme-challenge/1I03V-IK2MJH0X6EW6C5V38-TWC2L-IK HTTP/1.1" 404 8790 "-" "Cpanel-HTTP-Client/1.0"
172.70.206.63 - - [08/May/2025:11:06:28 +0200] "GET /?produc_id=phim+sex+hi%E1%BA%BFp+d%C3%A2m+con+g%C3%A1i HTTP/1.1" 200 999 "-" "Mozilla/5.0 AppleWebKit/537.36 (KHTML, like Gecko; compatible; GPTBot/1.2; +https://openai.com/gptbot)"
172.70.250.20 - - [08/May/2025:11:06:28 +0200] "GET /.well-known/acme-challenge/TYTUKH0XMIL6DPNESPMSRA64GPWICEF1 HTTP/1.1" 404 8794 "-" "Cpanel-HTTP-Client/1.0"
172.71.164.97 - - [08/May/2025:11:06:29 +0200] "GET /.well-known/acme-challenge/A2VILXU-UTSY_TOSPOSW0UQ34APCBN2T HTTP/1.1" 404 8795 "-" "Cpanel-HTTP-Client/1.0"
172.70.206.63 - - [08/May/2025:11:06:29 +0200] "GET /?app=m%C3%BAp+vn HTTP/1.1" 200 999 "-" "Mozilla/5.0 AppleWebKit/537.36 (KHTML, like Gecko; compatible; GPTBot/1.2; +https://openai.com/gptbot)"
66.29.142.190 - - [08/May/2025:11:06:30 +0200] "GET /.well-known/acme-challenge/MGOBMW6SQP7UQL8HNQA89O-E4_PRBYXR HTTP/1.1" 404 8790 "-" "Cpanel-HTTP-Client/1.0"
66.29.142.190 - - [08/May/2025:11:06:30 +0200] "GET /.well-known/acme-challenge/IC5TQSZ44-Z66CHM93ZMXD6F5K_82TIH HTTP/1.1" 404 8790 "-" "Cpanel-HTTP-Client/1.0"
172.70.206.63 - - [08/May/2025:11:06:30 +0200] "GET /?ios=v%C3%BA+too HTTP/1.1" 200 999 "-" "Mozilla/5.0 AppleWebKit/537.36 (KHTML, like Gecko; compatible; GPTBot/1.2; +https://openai.com/gptbot)"
66.29.142.190 - - [08/May/2025:11:06:31 +0200] "GET /.well-known/acme-challenge/O01S-6NBLF541ANKWPTJHWBVMG14EXO1 HTTP/1.1" 404 8790 "-" "Cpanel-HTTP-Client/1.0"
172.70.206.63 - - [08/May/2025:11:06:32 +0200] "GET /?app=ph%C3%ADm+z HTTP/1.1" 200 999 "-" "Mozilla/5.0 AppleWebKit/537.36 (KHTML, like Gecko; compatible; GPTBot/1.2; +https://openai.com/gptbot)"
66.29.142.190 - - [08/May/2025:11:06:32 +0200] "GET /.well-known/acme-challenge/89JGXHZ4933FANTLC3EOELH6ZWHDB006 HTTP/1.1" 404 8790 "-" "Cpanel-HTTP-Client/1.0"
162.158.162.244 - - [08/May/2025:11:06:32 +0200] "GET /?i=460678721 HTTP/1.1" 200 131 "-" "Mozilla/5.0 (Linux; Android 5.0) AppleWebKit/537.36 (KHTML, like Gecko) Mobile Safari/537.36 (compatible; Bytespider; [email protected])"
66.29.142.190 - - [08/May/2025:11:06:32 +0200] "GET /.well-known/acme-challenge/SEBZV-B-FY29_MK1Y7AGI4A7E4SJ9B90 HTTP/1.1" 404 8790 "-" "Cpanel-HTTP-Client/1.0"
172.70.206.63 - - [08/May/2025:11:06:33 +0200] "GET /?app=v%C3%BA+dep HTTP/1.1" 200 999 "-" "Mozilla/5.0 AppleWebKit/537.36 (KHTML, like Gecko; compatible; GPTBot/1.2; +https://openai.com/gptbot)"
172.70.206.63 - - [08/May/2025:11:06:34 +0200] "GET /?top=v%C3%BA+too HTTP/1.1" 200 999 "-" "Mozilla/5.0 AppleWebKit/537.36 (KHTML, like Gecko; compatible; GPTBot/1.2; +https://openai.com/gptbot)"
172.70.206.63 - - [08/May/2025:11:06:35 +0200] "GET /?hot=v%C3%BA+too HTTP/1.1" 200 999 "-" "Mozilla/5.0 AppleWebKit/537.36 (KHTML, like Gecko; compatible; GPTBot/1.2; +https://openai.com/gptbot)"
172.70.206.63 - - [08/May/2025:11:06:36 +0200] "GET /?app=jav+v%C3%BA HTTP/1.1" 200 999 "-" "Mozilla/5.0 AppleWebKit/537.36 (KHTML, like Gecko; compatible; GPTBot/1.2; +https://openai.com/gptbot)"
172.70.206.63 - - [08/May/2025:11:06:37 +0200] "GET /?video=ph%C3%ADmex+nhat HTTP/1.1" 200 999 "-" "Mozilla/5.0 AppleWebKit/537.36 (KHTML, like Gecko; compatible; GPTBot/1.2; +https://openai.com/gptbot)"
172.70.206.63 - - [08/May/2025:11:06:39 +0200] "GET /?video=ph%C3%ADmexx+gay HTTP/1.1" 200 999 "-" "Mozilla/5.0 AppleWebKit/537.36 (KHTML, like Gecko; compatible; GPTBot/1.2; +https://openai.com/gptbot)"
172.70.206.63 - - [08/May/2025:11:06:40 +0200] "GET /?video=l%E1%BB%99+clip+m%E1%BB%9Bi HTTP/1.1" 200 999 "-" "Mozilla/5.0 AppleWebKit/537.36 (KHTML, like Gecko; compatible; GPTBot/1.2; +https://openai.com/gptbot)"
172.70.206.63 - - [08/May/2025:11:06:41 +0200] "GET /?video=xem+phim+sex+lo%E1%BA%A1n+lu%C3%A2n+nh%E1%BA%ADt+b%E1%BA%A3n HTTP/1.1" 200 999 "-" "Mozilla/5.0 AppleWebKit/537.36 (KHTML, like Gecko; compatible; GPTBot/1.2; +https://openai.com/gptbot)"
172.70.206.63 - - [08/May/2025:11:06:42 +0200] "GET /?video=bu%E1%BB%93i+%C4%91%E1%BA%B9p HTTP/1.1" 200 999 "-" "Mozilla/5.0 AppleWebKit/537.36 (KHTML, like Gecko; compatible; GPTBot/1.2; +https://openai.com/gptbot)"
172.70.206.63 - - [08/May/2025:11:06:43 +0200] "GET /?keyword=m%C3%B3c+l%E1%BB%93n+xxx HTTP/1.1" 200 999 "-" "Mozilla/5.0 AppleWebKit/537.36 (KHTML, like Gecko; compatible; GPTBot/1.2; +https://openai.com/gptbot)"
172.70.206.63 - - [08/May/2025:11:06:44 +0200] "GET /?keyword=xxx+m%C3%B3c+l%E1%BB%93n HTTP/1.1" 200 999 "-" "Mozilla/5.0 AppleWebKit/537.36 (KHTML, like Gecko; compatible; GPTBot/1.2; +https://openai.com/gptbot)"
172.70.206.63 - - [08/May/2025:11:06:45 +0200] "GET /?play=phim+18+yua+mikami HTTP/1.1" 200 999 "-" "Mozilla/5.0 AppleWebKit/537.36 (KHTML, like Gecko; compatible; GPTBot/1.2; +https://openai.com/gptbot)"
172.70.206.63 - - [08/May/2025:11:06:47 +0200] "GET /?produc_id=phim+18+chich HTTP/1.1" 200 999 "-" "Mozilla/5.0 AppleWebKit/537.36 (KHTML, like Gecko; compatible; GPTBot/1.2; +https://openai.com/gptbot)"
172.70.206.63 - - [08/May/2025:11:06:48 +0200] "GET /?app=l%E1%BB%8Bch+b%C3%B3ng+%C4%91%C3%A1+%C4%91%E1%BB%A9c HTTP/1.1" 200 999 "-" "Mozilla/5.0 AppleWebKit/537.36 (KHTML, like Gecko; compatible; GPTBot/1.2; +https://openai.com/gptbot)"
172.70.206.63 - - [08/May/2025:11:06:49 +0200] "GET /?ios=l%E1%BB%8Bch+b%C3%B3ng+%C4%91%C3%A1+%C4%91%E1%BB%A9c HTTP/1.1" 200 999 "-" "Mozilla/5.0 AppleWebKit/537.36 (KHTML, like Gecko; compatible; GPTBot/1.2; +https://openai.com/gptbot)"
172.70.206.63 - - [08/May/2025:11:06:50 +0200] "GET /?bet=l%E1%BB%8Bch+b%C3%B3ng+%C4%91%C3%A1+%C4%91%E1%BB%A9c HTTP/1.1" 200 999 "-" "Mozilla/5.0 AppleWebKit/537.36 (KHTML, like Gecko; compatible; GPTBot/1.2; +https://openai.com/gptbot)"
172.70.206.63 - - [08/May/2025:11:06:51 +0200] "GET /?hot=l%E1%BB%8Bch+b%C3%B3ng+%C4%91%C3%A1+%C4%91%E1%BB%A9c HTTP/1.1" 200 999 "-" "Mozilla/5.0 AppleWebKit/537.36 (KHTML, like Gecko; compatible; GPTBot/1.2; +https://openai.com/gptbot)"
172.70.206.63 - - [08/May/2025:11:06:52 +0200] "GET /?keyword=sex+%C4%91i%E1%BB%87p+vi%C3%AAn HTTP/1.1" 200 999 "-" "Mozilla/5.0 AppleWebKit/537.36 (KHTML, like Gecko; compatible; GPTBot/1.2; +https://openai.com/gptbot)"
172.70.206.63 - - [08/May/2025:11:06:54 +0200] "GET /?keyword=jav+%C4%91%E1%BB%93ng+t%C3%ADnh HTTP/1.1" 200 999 "-" "Mozilla/5.0 AppleWebKit/537.36 (KHTML, like Gecko; compatible; GPTBot/1.2; +https://openai.com/gptbot)"
172.70.206.63 - - [08/May/2025:11:06:55 +0200] "GET /?app=gi%E1%BA%A3i+%C4%91ac+bi%E1%BB%87t HTTP/1.1" 200 999 "-" "Mozilla/5.0 AppleWebKit/537.36 (KHTML, like Gecko; compatible; GPTBot/1.2; +https://openai.com/gptbot)"
172.70.206.63 - - [08/May/2025:11:06:56 +0200] "GET /?produc_id=sex+ng%C6%B0%E1%BB%9Di+y%C3%AAu HTTP/1.1" 200 999 "-" "Mozilla/5.0 AppleWebKit/537.36 (KHTML, like Gecko; compatible; GPTBot/1.2; +https://openai.com/gptbot)"
172.70.206.63 - - [08/May/2025:11:06:57 +0200] "GET /?keyword=phim+s%E1%BA%BD+gia+%C4%91%C3%ACnh HTTP/1.1" 200 999 "-" "Mozilla/5.0 AppleWebKit/537.36 (KHTML, like Gecko; compatible; GPTBot/1.2; +https://openai.com/gptbot)"
172.70.206.63 - - [08/May/2025:11:06:58 +0200] "GET /?ios=x%C3%A9c+h%C3%A0n HTTP/1.1" 200 999 "-" "Mozilla/5.0 AppleWebKit/537.36 (KHTML, like Gecko; compatible; GPTBot/1.2; +https://openai.com/gptbot)"
172.68.164.153 - - [08/May/2025:11:06:58 +0200] "GET /?i=496680521 HTTP/1.1" 200 93801 "-" "Mozilla/5.0 (Linux; Android 5.0) AppleWebKit/537.36 (KHTML, like Gecko) Mobile Safari/537.36 (compatible; Bytespider; [email protected])"
172.70.206.63 - - [08/May/2025:11:06:59 +0200] "GET /?top=x%C3%A9c+h%C3%A0n HTTP/1.1" 200 999 "-" "Mozilla/5.0 AppleWebKit/537.36 (KHTML, like Gecko; compatible; GPTBot/1.2; +https://openai.com/gptbot)"
172.68.164.36 - - [08/May/2025:11:07:00 +0200] "GET /IMG/logo/1024x538_cmsv2_c54013e5-8833-5743-86fc-a18b87d54ede-8113070.jpg.webp HTTP/1.1" 200 8812 "http://www.igihango.com/?i=496680521" "Mozilla/5.0 (Linux; Android 5.0) AppleWebKit/537.36 (KHTML, like Gecko) Mobile Safari/537.36 (compatible; Bytespider; [email protected])"
162.158.88.143 - - [08/May/2025:11:07:00 +0200] "GET /IMG/logo/img-20231108-wa0084.jpg HTTP/1.1" 200 8767 "http://www.igihango.com/?i=496680521" "Mozilla/5.0 (Linux; Android 5.0) AppleWebKit/537.36 (KHTML, like Gecko) Mobile Safari/537.36 (compatible; Bytespider; [email protected])"
172.70.206.63 - - [08/May/2025:11:07:00 +0200] "GET /?hot=g%C3%A1i+d%C3%A2m HTTP/1.1" 200 999 "-" "Mozilla/5.0 AppleWebKit/537.36 (KHTML, like Gecko; compatible; GPTBot/1.2; +https://openai.com/gptbot)"
172.70.206.63 - - [08/May/2025:11:07:02 +0200] "GET /?bet=nh%C3%A0+c%C3%A1i HTTP/1.1" 200 999 "-" "Mozilla/5.0 AppleWebKit/537.36 (KHTML, like Gecko; compatible; GPTBot/1.2; +https://openai.com/gptbot)"
172.70.206.63 - - [08/May/2025:11:07:03 +0200] "GET /?bet=nh%C3%A0+c%C3%A1u HTTP/1.1" 200 999 "-" "Mozilla/5.0 AppleWebKit/537.36 (KHTML, like Gecko; compatible; GPTBot/1.2; +https://openai.com/gptbot)"
172.70.206.63 - - [08/May/2025:11:07:04 +0200] "GET /?top=nh%C3%A0+c%C3%A1i HTTP/1.1" 200 999 "-" "Mozilla/5.0 AppleWebKit/537.36 (KHTML, like Gecko; compatible; GPTBot/1.2; +https://openai.com/gptbot)"
172.70.206.63 - - [08/May/2025:11:07:05 +0200] "GET /?top=nh%C3%A0+c%C3%A1u HTTP/1.1" 200 999 "-" "Mozilla/5.0 AppleWebKit/537.36 (KHTML, like Gecko; compatible; GPTBot/1.2; +https://openai.com/gptbot)"
172.70.206.63 - - [08/May/2025:11:07:06 +0200] "GET /?bet=k%C3%A8o+c%C3%A1i HTTP/1.1" 200 999 "-" "Mozilla/5.0 AppleWebKit/537.36 (KHTML, like Gecko; compatible; GPTBot/1.2; +https://openai.com/gptbot)"
172.70.206.63 - - [08/May/2025:11:07:07 +0200] "GET /?bet=g%C3%A1i+d%C3%A2m HTTP/1.1" 200 999 "-" "Mozilla/5.0 AppleWebKit/537.36 (KHTML, like Gecko; compatible; GPTBot/1.2; +https://openai.com/gptbot)"
172.70.206.63 - - [08/May/2025:11:07:09 +0200] "GET /?bet=d%C3%A2m+g%C3%A1i HTTP/1.1" 200 999 "-" "Mozilla/5.0 AppleWebKit/537.36 (KHTML, like Gecko; compatible; GPTBot/1.2; +https://openai.com/gptbot)"
172.70.206.63 - - [08/May/2025:11:07:10 +0200] "GET /?ios=nh%C3%A0+c%C3%A1u HTTP/1.1" 200 999 "-" "Mozilla/5.0 AppleWebKit/537.36 (KHTML, like Gecko; compatible; GPTBot/1.2; +https://openai.com/gptbot)"
172.70.206.63 - - [08/May/2025:11:07:11 +0200] "GET /?top=nh%C3%A0.c%C3%A1i HTTP/1.1" 200 999 "-" "Mozilla/5.0 AppleWebKit/537.36 (KHTML, like Gecko; compatible; GPTBot/1.2; +https://openai.com/gptbot)"
172.70.206.63 - - [08/May/2025:11:07:12 +0200] "GET /?top=d%C3%A2m+g%C3%A1i HTTP/1.1" 200 999 "-" "Mozilla/5.0 AppleWebKit/537.36 (KHTML, like Gecko; compatible; GPTBot/1.2; +https://openai.com/gptbot)"
172.70.206.63 - - [08/May/2025:11:07:13 +0200] "GET /?bet=k%C3%A8o+nh%C3%A0 HTTP/1.1" 200 999 "-" "Mozilla/5.0 AppleWebKit/537.36 (KHTML, like Gecko; compatible; GPTBot/1.2; +https://openai.com/gptbot)"
172.70.206.63 - - [08/May/2025:11:07:14 +0200] "GET /?video=xem+phim+s%E1%BA%BD+ch%C3%A2u+%C3%A2u HTTP/1.1" 200 999 "-" "Mozilla/5.0 AppleWebKit/537.36 (KHTML, like Gecko; compatible; GPTBot/1.2; +https://openai.com/gptbot)"
172.70.206.63 - - [08/May/2025:11:07:16 +0200] "GET /?play=24+th%E1%BB%83+thao HTTP/1.1" 200 999 "-" "Mozilla/5.0 AppleWebKit/537.36 (KHTML, like Gecko; compatible; GPTBot/1.2; +https://openai.com/gptbot)"
172.70.206.63 - - [08/May/2025:11:07:17 +0200] "GET /?video=sex+massage+nh%E1%BA%ADt+b%E1%BA%A3n HTTP/1.1" 200 999 "-" "Mozilla/5.0 AppleWebKit/537.36 (KHTML, like Gecko; compatible; GPTBot/1.2; +https://openai.com/gptbot)"
172.70.206.63 - - [08/May/2025:11:07:18 +0200] "GET /?video=phim+secret+nh%E1%BA%ADt+b%E1%BA%A3n HTTP/1.1" 200 999 "-" "Mozilla/5.0 AppleWebKit/537.36 (KHTML, like Gecko; compatible; GPTBot/1.2; +https://openai.com/gptbot)"
108.162.246.93 - - [08/May/2025:11:07:18 +0200] "GET /robots.txt HTTP/1.1" 200 116 "-" "Mozilla/5.0 (compatible; DotBot/1.2; +https://opensiteexplorer.org/dotbot; [email protected])"
172.70.206.63 - - [08/May/2025:11:07:19 +0200] "GET /?hot=xxx+ko+che+lo%E1%BA%A1n+lu%C3%A2n HTTP/1.1" 200 999 "-" "Mozilla/5.0 AppleWebKit/537.36 (KHTML, like Gecko; compatible; GPTBot/1.2; +https://openai.com/gptbot)"
172.70.206.63 - - [08/May/2025:11:07:20 +0200] "GET /?ios=phim+sex+kh%C3%B4ng+che+lo%E1%BA%A1n+lu%C3%A2n HTTP/1.1" 200 999 "-" "Mozilla/5.0 AppleWebKit/537.36 (KHTML, like Gecko; compatible; GPTBot/1.2; +https://openai.com/gptbot)"
172.70.206.63 - - [08/May/2025:11:07:21 +0200] "GET /?ios=phim+sex+lo%E1%BA%A1n+lu%C3%A2n+kh%C3%B4ng+che HTTP/1.1" 200 999 "-" "Mozilla/5.0 AppleWebKit/537.36 (KHTML, like Gecko; compatible; GPTBot/1.2; +https://openai.com/gptbot)"
172.70.206.63 - - [08/May/2025:11:07:22 +0200] "GET /?hot=phim+sex+lo%E1%BA%A1n+lu%C3%A2n+kh%C3%B4ng+che HTTP/1.1" 200 999 "-" "Mozilla/5.0 AppleWebKit/537.36 (KHTML, like Gecko; compatible; GPTBot/1.2; +https://openai.com/gptbot)"
172.70.206.63 - - [08/May/2025:11:07:24 +0200] "GET /?top=xem+phim+sex+kh%C3%B4ng+qu%E1%BA%A3ng+c%C3%A1o HTTP/1.1" 200 999 "-" "Mozilla/5.0 AppleWebKit/537.36 (KHTML, like Gecko; compatible; GPTBot/1.2; +https://openai.com/gptbot)"
162.158.162.118 - - [08/May/2025:11:07:24 +0200] "GET /?i=18666021 HTTP/1.1" 200 93801 "-" "Mozilla/5.0 (Linux; Android 5.0) AppleWebKit/537.36 (KHTML, like Gecko) Mobile Safari/537.36 (compatible; Bytespider; [email protected])"
172.70.206.63 - - [08/May/2025:11:07:25 +0200] "GET /?hot=phim+sex+kh%C3%B4ng+che+lo%E1%BA%A1n+lu%C3%A2n HTTP/1.1" 200 999 "-" "Mozilla/5.0 AppleWebKit/537.36 (KHTML, like Gecko; compatible; GPTBot/1.2; +https://openai.com/gptbot)"
172.68.164.36 - - [08/May/2025:11:07:25 +0200] "GET /IMG/logo/1024x538_cmsv2_c54013e5-8833-5743-86fc-a18b87d54ede-8113070.jpg.webp HTTP/1.1" 200 8812 "http://www.igihango.com/?i=18666021" "Mozilla/5.0 (Linux; Android 5.0) AppleWebKit/537.36 (KHTML, like Gecko) Mobile Safari/537.36 (compatible; Bytespider; [email protected])"
162.158.88.142 - - [08/May/2025:11:07:26 +0200] "GET /IMG/logo/img-20231108-wa0084.jpg HTTP/1.1" 200 8767 "http://www.igihango.com/?i=18666021" "Mozilla/5.0 (Linux; Android 5.0) AppleWebKit/537.36 (KHTML, like Gecko) Mobile Safari/537.36 (compatible; Bytespider; [email protected])"
172.70.206.63 - - [08/May/2025:11:07:26 +0200] "GET /?app=phim+sex+kh%C3%B4ng+che+lo%E1%BA%A1n+lu%C3%A2n HTTP/1.1" 200 999 "-" "Mozilla/5.0 AppleWebKit/537.36 (KHTML, like Gecko; compatible; GPTBot/1.2; +https://openai.com/gptbot)"
172.70.206.63 - - [08/May/2025:11:07:27 +0200] "GET /?app=phim+sex+lo%E1%BA%A1n+lu%C3%A2n+kh%C3%B4ng+che HTTP/1.1" 200 999 "-" "Mozilla/5.0 AppleWebKit/537.36 (KHTML, like Gecko; compatible; GPTBot/1.2; +https://openai.com/gptbot)"
172.70.206.63 - - [08/May/2025:11:07:28 +0200] "GET /?keyword=phim+gia+%C4%91%C3%ACnh+lo%E1%BA%A1n+lu%C3%A2n HTTP/1.1" 200 999 "-" "Mozilla/5.0 AppleWebKit/537.36 (KHTML, like Gecko; compatible; GPTBot/1.2; +https://openai.com/gptbot)"
172.70.206.63 - - [08/May/2025:11:07:29 +0200] "GET /?app=ch%E1%BB%8Bch+n%E1%BA%B1m HTTP/1.1" 200 999 "-" "Mozilla/5.0 AppleWebKit/537.36 (KHTML, like Gecko; compatible; GPTBot/1.2; +https://openai.com/gptbot)"
172.70.206.63 - - [08/May/2025:11:07:30 +0200] "GET /?hot=ch%E1%BB%8Bch+n%E1%BA%B1m HTTP/1.1" 200 999 "-" "Mozilla/5.0 AppleWebKit/537.36 (KHTML, like Gecko; compatible; GPTBot/1.2; +https://openai.com/gptbot)"
172.70.206.63 - - [08/May/2025:11:07:32 +0200] "GET /?top=sex+kh%C3%B4ng+l%C3%B4ng HTTP/1.1" 200 999 "-" "Mozilla/5.0 AppleWebKit/537.36 (KHTML, like Gecko; compatible; GPTBot/1.2; +https://openai.com/gptbot)"
172.70.206.63 - - [08/May/2025:11:07:33 +0200] "GET /?game=%C4%91%E1%BB%8Bt+em+n%E1%BB%AF+sinh HTTP/1.1" 200 999 "-" "Mozilla/5.0 AppleWebKit/537.36 (KHTML, like Gecko; compatible; GPTBot/1.2; +https://openai.com/gptbot)"
172.70.206.63 - - [08/May/2025:11:07:34 +0200] "GET /?play=l%E1%BB%8Bch+%C4%91%C3%A1+u23+vn HTTP/1.1" 200 999 "-" "Mozilla/5.0 AppleWebKit/537.36 (KHTML, like Gecko; compatible; GPTBot/1.2; +https://openai.com/gptbot)"
172.70.206.63 - - [08/May/2025:11:07:35 +0200] "GET /?produc_id=%C4%91%E1%BB%8Bt+l%E1%BB%97+nh%E1%BB%8B HTTP/1.1" 200 999 "-" "Mozilla/5.0 AppleWebKit/537.36 (KHTML, like Gecko; compatible; GPTBot/1.2; +https://openai.com/gptbot)"
172.70.206.63 - - [08/May/2025:11:07:36 +0200] "GET /?bet=ch%C4%83m+em+g%C3%A1i+b%E1%BB%8B+b%E1%BB%87nh HTTP/1.1" 200 999 "-" "Mozilla/5.0 AppleWebKit/537.36 (KHTML, like Gecko; compatible; GPTBot/1.2; +https://openai.com/gptbot)"
172.70.206.63 - - [08/May/2025:11:07:37 +0200] "GET /?video=phim+sex+trong+ph%C3%B2ng+t%E1%BA%AFm HTTP/1.1" 200 999 "-" "Mozilla/5.0 AppleWebKit/537.36 (KHTML, like Gecko; compatible; GPTBot/1.2; +https://openai.com/gptbot)"
172.70.206.63 - - [08/May/2025:11:07:38 +0200] "GET /?keyword=nh%E1%BB%AFng+di%E1%BB%85n+vi%C3%AAn+sex HTTP/1.1" 200 999 "-" "Mozilla/5.0 AppleWebKit/537.36 (KHTML, like Gecko; compatible; GPTBot/1.2; +https://openai.com/gptbot)"
172.70.206.63 - - [08/May/2025:11:07:40 +0200] "GET /?ios=th%C6%B0+k%C3%BD+d%C3%A2m+%C4%91%C3%A3ng HTTP/1.1" 200 999 "-" "Mozilla/5.0 AppleWebKit/537.36 (KHTML, like Gecko; compatible; GPTBot/1.2; +https://openai.com/gptbot)"
172.70.206.63 - - [08/May/2025:11:07:41 +0200] "GET /?keyword=daga+truc+tiep HTTP/1.1" 200 999 "-" "Mozilla/5.0 AppleWebKit/537.36 (KHTML, like Gecko; compatible; GPTBot/1.2; +https://openai.com/gptbot)"
172.70.206.63 - - [08/May/2025:11:07:42 +0200] "GET /?produc_id=nami+nhentai HTTP/1.1" 200 999 "-" "Mozilla/5.0 AppleWebKit/537.36 (KHTML, like Gecko; compatible; GPTBot/1.2; +https://openai.com/gptbot)"
172.70.206.63 - - [08/May/2025:11:07:43 +0200] "GET /?keyword=sex+nhieu+nuoc HTTP/1.1" 200 999 "-" "Mozilla/5.0 AppleWebKit/537.36 (KHTML, like Gecko; compatible; GPTBot/1.2; +https://openai.com/gptbot)"
172.70.206.63 - - [08/May/2025:11:07:44 +0200] "GET /?produc_id=anime.hentai HTTP/1.1" 200 999 "-" "Mozilla/5.0 AppleWebKit/537.36 (KHTML, like Gecko; compatible; GPTBot/1.2; +https://openai.com/gptbot)"
172.70.206.63 - - [08/May/2025:11:07:45 +0200] "GET /?hot=phim+sex+argentina HTTP/1.1" 200 999 "-" "Mozilla/5.0 AppleWebKit/537.36 (KHTML, like Gecko; compatible; GPTBot/1.2; +https://openai.com/gptbot)"
172.70.206.63 - - [08/May/2025:11:07:47 +0200] "GET /?hot=phim+melody+makers HTTP/1.1" 200 999 "-" "Mozilla/5.0 AppleWebKit/537.36 (KHTML, like Gecko; compatible; GPTBot/1.2; +https://openai.com/gptbot)"
172.70.206.62 - - [08/May/2025:11:07:48 +0200] "GET /?play=bong+datruc+tuyen HTTP/1.1" 200 999 "-" "Mozilla/5.0 AppleWebKit/537.36 (KHTML, like Gecko; compatible; GPTBot/1.2; +https://openai.com/gptbot)"
172.69.58.157 - - [08/May/2025:11:07:48 +0200] "GET /?ios=xech+kh%C3%B4ng+che HTTP/1.1" 200 999 "-" "Mozilla/5.0 AppleWebKit/537.36 (KHTML, like Gecko; compatible; ClaudeBot/1.0; [email protected])"
172.70.206.62 - - [08/May/2025:11:07:49 +0200] "GET /?ios=karen+yuzuriha+sex HTTP/1.1" 200 999 "-" "Mozilla/5.0 AppleWebKit/537.36 (KHTML, like Gecko; compatible; GPTBot/1.2; +https://openai.com/gptbot)"
172.69.17.118 - - [08/May/2025:11:07:49 +0200] "GET /?ios=xes+trung+qu%C3%B4c HTTP/1.1" 200 999 "-" "Mozilla/5.0 AppleWebKit/537.36 (KHTML, like Gecko; compatible; ClaudeBot/1.0; [email protected])"
172.70.206.62 - - [08/May/2025:11:07:50 +0200] "GET /?keyword=sex+trung+wuoc HTTP/1.1" 200 999 "-" "Mozilla/5.0 AppleWebKit/537.36 (KHTML, like Gecko; compatible; GPTBot/1.2; +https://openai.com/gptbot)"
172.69.59.48 - - [08/May/2025:11:07:50 +0200] "GET /?play=l%E1%BB%93n+g%C3%A1i+nga HTTP/1.1" 200 999 "-" "Mozilla/5.0 AppleWebKit/537.36 (KHTML, like Gecko; compatible; ClaudeBot/1.0; [email protected])"
172.68.164.160 - - [08/May/2025:11:07:51 +0200] "GET /?i=414686321 HTTP/1.1" 200 131 "-" "Mozilla/5.0 (Linux; Android 5.0) AppleWebKit/537.36 (KHTML, like Gecko) Mobile Safari/537.36 (compatible; Bytespider; [email protected])"
172.71.223.38 - - [08/May/2025:11:07:51 +0200] "GET /?produc_id=emi.fukuda HTTP/1.1" 200 999 "-" "Mozilla/5.0 AppleWebKit/537.36 (KHTML, like Gecko; compatible; Amazonbot/0.1; +https://developer.amazon.com/support/amazonbot) Chrome/119.0.6045.214 Safari/537.36"
172.69.7.140 - - [08/May/2025:11:07:51 +0200] "GET /?produc_id=phim+t%C3%ACnh+c%E1%BA%A3m+hay+nh%E1%BA%A5t HTTP/1.1" 200 999 "-" "Mozilla/5.0 AppleWebKit/537.36 (KHTML, like Gecko; compatible; ClaudeBot/1.0; [email protected])"
172.70.206.62 - - [08/May/2025:11:07:51 +0200] "GET /?keyword=gai+xinh+chich HTTP/1.1" 200 999 "-" "Mozilla/5.0 AppleWebKit/537.36 (KHTML, like Gecko; compatible; GPTBot/1.2; +https://openai.com/gptbot)"
172.70.206.62 - - [08/May/2025:11:07:52 +0200] "GET /?keyword=sex+yua+mikami HTTP/1.1" 200 999 "-" "Mozilla/5.0 AppleWebKit/537.36 (KHTML, like Gecko; compatible; GPTBot/1.2; +https://openai.com/gptbot)"
172.70.35.7 - - [08/May/2025:11:07:53 +0200] "GET /?produc_id=hentaix HTTP/1.1" 200 999 "-" "Mozilla/5.0 AppleWebKit/537.36 (KHTML, like Gecko; compatible; Amazonbot/0.1; +https://developer.amazon.com/support/amazonbot) Chrome/119.0.6045.214 Safari/537.36"
172.70.206.62 - - [08/May/2025:11:07:54 +0200] "GET /?top=phim+sex+education HTTP/1.1" 200 999 "-" "Mozilla/5.0 AppleWebKit/537.36 (KHTML, like Gecko; compatible; GPTBot/1.2; +https://openai.com/gptbot)"
