172.71.150.168 - - [08/May/2025:11:22:39 +0200] "GET /?i=71633921 HTTP/1.1" 200 131 "-" "Mozilla/5.0 (compatible; DotBot/1.2; +https://opensiteexplorer.org/dotbot; [email protected])"
172.70.215.57 - - [08/May/2025:11:22:39 +0200] "GET /?game=sexvip HTTP/1.1" 200 999 "-" "Mozilla/5.0 AppleWebKit/537.36 (KHTML, like Gecko; compatible; GPTBot/1.2; +https://openai.com/gptbot)"
172.70.215.57 - - [08/May/2025:11:22:40 +0200] "GET /?game=secthu HTTP/1.1" 200 999 "-" "Mozilla/5.0 AppleWebKit/537.36 (KHTML, like Gecko; compatible; GPTBot/1.2; +https://openai.com/gptbot)"
172.70.215.57 - - [08/May/2025:11:22:41 +0200] "GET /?game=khoecu HTTP/1.1" 200 999 "-" "Mozilla/5.0 AppleWebKit/537.36 (KHTML, like Gecko; compatible; GPTBot/1.2; +https://openai.com/gptbot)"
172.71.147.94 - - [08/May/2025:11:22:41 +0200] "GET /?i=76471021 HTTP/1.1" 200 93801 "-" "Mozilla/5.0 (compatible; DotBot/1.2; +https://opensiteexplorer.org/dotbot; [email protected])"
172.70.215.57 - - [08/May/2025:11:22:43 +0200] "GET /?game=sexcho HTTP/1.1" 200 999 "-" "Mozilla/5.0 AppleWebKit/537.36 (KHTML, like Gecko; compatible; GPTBot/1.2; +https://openai.com/gptbot)"
172.70.142.46 - - [08/May/2025:11:22:43 +0200] "GET /?i=338283821 HTTP/1.1" 200 93801 "-" "Mozilla/5.0 (Linux; Android 5.0) AppleWebKit/537.36 (KHTML, like Gecko) Mobile Safari/537.36 (compatible; Bytespider; [email protected])"
172.68.164.36 - - [08/May/2025:11:22:44 +0200] "GET /IMG/logo/1024x538_cmsv2_c54013e5-8833-5743-86fc-a18b87d54ede-8113070.jpg.webp HTTP/1.1" 200 8812 "http://www.igihango.com/?i=338283821" "Mozilla/5.0 (Linux; Android 5.0) AppleWebKit/537.36 (KHTML, like Gecko) Mobile Safari/537.36 (compatible; Bytespider; [email protected])"
162.158.88.143 - - [08/May/2025:11:22:44 +0200] "GET /IMG/logo/img-20231108-wa0084.jpg HTTP/1.1" 200 8767 "http://www.igihango.com/?i=338283821" "Mozilla/5.0 (Linux; Android 5.0) AppleWebKit/537.36 (KHTML, like Gecko) Mobile Safari/537.36 (compatible; Bytespider; [email protected])"
172.70.215.57 - - [08/May/2025:11:22:44 +0200] "GET /?game=tukoda HTTP/1.1" 200 999 "-" "Mozilla/5.0 AppleWebKit/537.36 (KHTML, like Gecko; compatible; GPTBot/1.2; +https://openai.com/gptbot)"
172.71.150.216 - - [08/May/2025:11:22:44 +0200] "GET /?i=79344421 HTTP/1.1" 200 93801 "-" "Mozilla/5.0 (compatible; DotBot/1.2; +https://opensiteexplorer.org/dotbot; [email protected])"
172.70.215.57 - - [08/May/2025:11:22:45 +0200] "GET /?game=sexdit HTTP/1.1" 200 999 "-" "Mozilla/5.0 AppleWebKit/537.36 (KHTML, like Gecko; compatible; GPTBot/1.2; +https://openai.com/gptbot)"
172.70.215.57 - - [08/May/2025:11:22:46 +0200] "GET /?game=kqbdtt HTTP/1.1" 200 999 "-" "Mozilla/5.0 AppleWebKit/537.36 (KHTML, like Gecko; compatible; GPTBot/1.2; +https://openai.com/gptbot)"
162.158.42.8 - - [08/May/2025:11:22:46 +0200] "GET /?i=8038821 HTTP/1.1" 200 131 "-" "Mozilla/5.0 (compatible; DotBot/1.2; +https://opensiteexplorer.org/dotbot; [email protected])"
172.70.215.57 - - [08/May/2025:11:22:47 +0200] "GET /?game=londep HTTP/1.1" 200 999 "-" "Mozilla/5.0 AppleWebKit/537.36 (KHTML, like Gecko; compatible; GPTBot/1.2; +https://openai.com/gptbot)"
162.158.41.249 - - [08/May/2025:11:22:48 +0200] "GET /?i=82458921 HTTP/1.1" 200 93801 "-" "Mozilla/5.0 (compatible; DotBot/1.2; +https://opensiteexplorer.org/dotbot; [email protected])"
172.70.215.57 - - [08/May/2025:11:22:48 +0200] "GET /?game=sexthu HTTP/1.1" 200 999 "-" "Mozilla/5.0 AppleWebKit/537.36 (KHTML, like Gecko; compatible; GPTBot/1.2; +https://openai.com/gptbot)"
172.70.215.57 - - [08/May/2025:11:22:50 +0200] "GET /?game=xvjdeo HTTP/1.1" 200 999 "-" "Mozilla/5.0 AppleWebKit/537.36 (KHTML, like Gecko; compatible; GPTBot/1.2; +https://openai.com/gptbot)"
162.158.41.249 - - [08/May/2025:11:22:50 +0200] "GET /?i=9906121 HTTP/1.1" 200 93801 "-" "Mozilla/5.0 (compatible; DotBot/1.2; +https://opensiteexplorer.org/dotbot; [email protected])"
172.70.215.57 - - [08/May/2025:11:22:51 +0200] "GET /?game=chimto HTTP/1.1" 200 999 "-" "Mozilla/5.0 AppleWebKit/537.36 (KHTML, like Gecko; compatible; GPTBot/1.2; +https://openai.com/gptbot)"
162.158.41.87 - - [08/May/2025:11:22:51 +0200] "GET /?i=99480921 HTTP/1.1" 200 93801 "-" "Mozilla/5.0 (compatible; DotBot/1.2; +https://opensiteexplorer.org/dotbot; [email protected])"
172.70.215.57 - - [08/May/2025:11:22:52 +0200] "GET /?game=javphr HTTP/1.1" 200 999 "-" "Mozilla/5.0 AppleWebKit/537.36 (KHTML, like Gecko; compatible; GPTBot/1.2; +https://openai.com/gptbot)"
162.158.42.89 - - [08/May/2025:11:22:52 +0200] "GET /?i=112798021 HTTP/1.1" 200 93801 "-" "Mozilla/5.0 (compatible; DotBot/1.2; +https://opensiteexplorer.org/dotbot; [email protected])"
172.70.215.57 - - [08/May/2025:11:22:53 +0200] "GET /?game=fukoda HTTP/1.1" 200 999 "-" "Mozilla/5.0 AppleWebKit/537.36 (KHTML, like Gecko; compatible; GPTBot/1.2; +https://openai.com/gptbot)"
172.71.147.202 - - [08/May/2025:11:22:54 +0200] "GET /?i=119216221 HTTP/1.1" 200 93801 "-" "Mozilla/5.0 (compatible; DotBot/1.2; +https://opensiteexplorer.org/dotbot; [email protected])"
172.70.215.57 - - [08/May/2025:11:22:54 +0200] "GET /?game=sextop HTTP/1.1" 200 999 "-" "Mozilla/5.0 AppleWebKit/537.36 (KHTML, like Gecko; compatible; GPTBot/1.2; +https://openai.com/gptbot)"
172.70.215.57 - - [08/May/2025:11:22:55 +0200] "GET /?game=tokuda HTTP/1.1" 200 999 "-" "Mozilla/5.0 AppleWebKit/537.36 (KHTML, like Gecko; compatible; GPTBot/1.2; +https://openai.com/gptbot)"
172.70.215.57 - - [08/May/2025:11:22:56 +0200] "GET /?game=lonmup HTTP/1.1" 200 999 "-" "Mozilla/5.0 AppleWebKit/537.36 (KHTML, like Gecko; compatible; GPTBot/1.2; +https://openai.com/gptbot)"
108.162.245.36 - - [08/May/2025:11:22:57 +0200] "GET /?i=122116621 HTTP/1.1" 200 93801 "-" "Mozilla/5.0 (compatible; DotBot/1.2; +https://opensiteexplorer.org/dotbot; [email protected])"
172.70.215.57 - - [08/May/2025:11:22:58 +0200] "GET /?game=xsmbkt HTTP/1.1" 200 999 "-" "Mozilla/5.0 AppleWebKit/537.36 (KHTML, like Gecko; compatible; GPTBot/1.2; +https://openai.com/gptbot)"
172.70.215.57 - - [08/May/2025:11:22:59 +0200] "GET /?game=boysex HTTP/1.1" 200 999 "-" "Mozilla/5.0 AppleWebKit/537.36 (KHTML, like Gecko; compatible; GPTBot/1.2; +https://openai.com/gptbot)"
172.70.215.57 - - [08/May/2025:11:23:00 +0200] "GET /?game=sexhoc HTTP/1.1" 200 999 "-" "Mozilla/5.0 AppleWebKit/537.36 (KHTML, like Gecko; compatible; GPTBot/1.2; +https://openai.com/gptbot)"
172.70.215.57 - - [08/May/2025:11:23:01 +0200] "GET /?game=fukadq HTTP/1.1" 200 999 "-" "Mozilla/5.0 AppleWebKit/537.36 (KHTML, like Gecko; compatible; GPTBot/1.2; +https://openai.com/gptbot)"
172.71.146.180 - - [08/May/2025:11:23:01 +0200] "GET /?i=125762721 HTTP/1.1" 200 93801 "-" "Mozilla/5.0 (compatible; DotBot/1.2; +https://opensiteexplorer.org/dotbot; [email protected])"
172.70.215.57 - - [08/May/2025:11:23:02 +0200] "GET /?game=buomtv HTTP/1.1" 200 999 "-" "Mozilla/5.0 AppleWebKit/537.36 (KHTML, like Gecko; compatible; GPTBot/1.2; +https://openai.com/gptbot)"
172.70.215.57 - - [08/May/2025:11:23:03 +0200] "GET /?game=ttkqbd HTTP/1.1" 200 999 "-" "Mozilla/5.0 AppleWebKit/537.36 (KHTML, like Gecko; compatible; GPTBot/1.2; +https://openai.com/gptbot)"
172.70.215.57 - - [08/May/2025:11:23:04 +0200] "GET /?game=xbideo HTTP/1.1" 200 999 "-" "Mozilla/5.0 AppleWebKit/537.36 (KHTML, like Gecko; compatible; GPTBot/1.2; +https://openai.com/gptbot)"
162.158.41.87 - - [08/May/2025:11:23:05 +0200] "GET /?i=143409521 HTTP/1.1" 200 93801 "-" "Mozilla/5.0 (compatible; DotBot/1.2; +https://opensiteexplorer.org/dotbot; [email protected])"
172.70.215.57 - - [08/May/2025:11:23:06 +0200] "GET /?game=supjav HTTP/1.1" 200 999 "-" "Mozilla/5.0 AppleWebKit/537.36 (KHTML, like Gecko; compatible; GPTBot/1.2; +https://openai.com/gptbot)"
172.70.215.57 - - [08/May/2025:11:23:07 +0200] "GET /?game=lonsex HTTP/1.1" 200 999 "-" "Mozilla/5.0 AppleWebKit/537.36 (KHTML, like Gecko; compatible; GPTBot/1.2; +https://openai.com/gptbot)"
172.70.215.57 - - [08/May/2025:11:23:08 +0200] "GET /?game=xvdieo HTTP/1.1" 200 999 "-" "Mozilla/5.0 AppleWebKit/537.36 (KHTML, like Gecko; compatible; GPTBot/1.2; +https://openai.com/gptbot)"
172.70.215.57 - - [08/May/2025:11:23:09 +0200] "GET /?game=loclip HTTP/1.1" 200 999 "-" "Mozilla/5.0 AppleWebKit/537.36 (KHTML, like Gecko; compatible; GPTBot/1.2; +https://openai.com/gptbot)"
162.158.88.104 - - [08/May/2025:11:23:09 +0200] "GET /?i=40810421 HTTP/1.1" 200 93801 "-" "Mozilla/5.0 (Linux; Android 5.0) AppleWebKit/537.36 (KHTML, like Gecko) Mobile Safari/537.36 (compatible; Bytespider; [email protected])"
162.158.41.7 - - [08/May/2025:11:23:09 +0200] "GET /?i=144167521 HTTP/1.1" 200 93801 "-" "Mozilla/5.0 (compatible; DotBot/1.2; +https://opensiteexplorer.org/dotbot; [email protected])"
172.68.164.37 - - [08/May/2025:11:23:10 +0200] "GET /IMG/logo/1024x538_cmsv2_c54013e5-8833-5743-86fc-a18b87d54ede-8113070.jpg.webp HTTP/1.1" 200 8812 "http://www.igihango.com/?i=40810421" "Mozilla/5.0 (Linux; Android 5.0) AppleWebKit/537.36 (KHTML, like Gecko) Mobile Safari/537.36 (compatible; Bytespider; [email protected])"
162.158.88.143 - - [08/May/2025:11:23:10 +0200] "GET /IMG/logo/img-20231108-wa0084.jpg HTTP/1.1" 200 8767 "http://www.igihango.com/?i=40810421" "Mozilla/5.0 (Linux; Android 5.0) AppleWebKit/537.36 (KHTML, like Gecko) Mobile Safari/537.36 (compatible; Bytespider; [email protected])"
172.70.215.57 - - [08/May/2025:11:23:10 +0200] "GET /?game=sexvui HTTP/1.1" 200 999 "-" "Mozilla/5.0 AppleWebKit/537.36 (KHTML, like Gecko; compatible; GPTBot/1.2; +https://openai.com/gptbot)"
172.70.215.57 - - [08/May/2025:11:23:11 +0200] "GET /?game=javsub HTTP/1.1" 200 999 "-" "Mozilla/5.0 AppleWebKit/537.36 (KHTML, like Gecko; compatible; GPTBot/1.2; +https://openai.com/gptbot)"
172.68.22.73 - - [08/May/2025:11:23:12 +0200] "GET /?i=145850621 HTTP/1.1" 200 131 "-" "Mozilla/5.0 (compatible; DotBot/1.2; +https://opensiteexplorer.org/dotbot; [email protected])"
172.70.215.57 - - [08/May/2025:11:23:12 +0200] "GET /?game=sexinh HTTP/1.1" 200 999 "-" "Mozilla/5.0 AppleWebKit/537.36 (KHTML, like Gecko; compatible; GPTBot/1.2; +https://openai.com/gptbot)"
172.70.215.57 - - [08/May/2025:11:23:14 +0200] "GET /?game=videox HTTP/1.1" 200 999 "-" "Mozilla/5.0 AppleWebKit/537.36 (KHTML, like Gecko; compatible; GPTBot/1.2; +https://openai.com/gptbot)"
172.70.215.57 - - [08/May/2025:11:23:15 +0200] "GET /?game=xvdeos HTTP/1.1" 200 999 "-" "Mozilla/5.0 AppleWebKit/537.36 (KHTML, like Gecko; compatible; GPTBot/1.2; +https://openai.com/gptbot)"
172.71.147.201 - - [08/May/2025:11:23:16 +0200] "GET /?i=147866321 HTTP/1.1" 200 131 "-" "Mozilla/5.0 (compatible; DotBot/1.2; +https://opensiteexplorer.org/dotbot; [email protected])"
172.70.215.57 - - [08/May/2025:11:23:16 +0200] "GET /?game=topsex HTTP/1.1" 200 999 "-" "Mozilla/5.0 AppleWebKit/537.36 (KHTML, like Gecko; compatible; GPTBot/1.2; +https://openai.com/gptbot)"
172.70.215.57 - - [08/May/2025:11:23:17 +0200] "GET /?game=xesthu HTTP/1.1" 200 999 "-" "Mozilla/5.0 AppleWebKit/537.36 (KHTML, like Gecko; compatible; GPTBot/1.2; +https://openai.com/gptbot)"
108.162.245.153 - - [08/May/2025:11:23:17 +0200] "GET /?i=148903921 HTTP/1.1" 200 93801 "-" "Mozilla/5.0 (compatible; DotBot/1.2; +https://opensiteexplorer.org/dotbot; [email protected])"
172.70.215.57 - - [08/May/2025:11:23:18 +0200] "GET /?game=buoito HTTP/1.1" 200 999 "-" "Mozilla/5.0 AppleWebKit/537.36 (KHTML, like Gecko; compatible; GPTBot/1.2; +https://openai.com/gptbot)"
162.158.42.7 - - [08/May/2025:11:23:19 +0200] "GET /?i=160743121 HTTP/1.1" 200 131 "-" "Mozilla/5.0 (compatible; DotBot/1.2; +https://opensiteexplorer.org/dotbot; [email protected])"
172.70.215.57 - - [08/May/2025:11:23:19 +0200] "GET /?game=subjav HTTP/1.1" 200 999 "-" "Mozilla/5.0 AppleWebKit/537.36 (KHTML, like Gecko; compatible; GPTBot/1.2; +https://openai.com/gptbot)"
172.70.215.57 - - [08/May/2025:11:23:20 +0200] "GET /?game=tocuda HTTP/1.1" 200 999 "-" "Mozilla/5.0 AppleWebKit/537.36 (KHTML, like Gecko; compatible; GPTBot/1.2; +https://openai.com/gptbot)"
172.71.147.201 - - [08/May/2025:11:23:20 +0200] "GET /?i=172066821 HTTP/1.1" 200 93801 "-" "Mozilla/5.0 (compatible; DotBot/1.2; +https://opensiteexplorer.org/dotbot; [email protected])"
172.70.215.57 - - [08/May/2025:11:23:21 +0200] "GET /?game=phimsx HTTP/1.1" 200 999 "-" "Mozilla/5.0 AppleWebKit/537.36 (KHTML, like Gecko; compatible; GPTBot/1.2; +https://openai.com/gptbot)"
172.68.22.72 - - [08/May/2025:11:23:22 +0200] "GET /?i=18275221 HTTP/1.1" 200 93801 "-" "Mozilla/5.0 (compatible; DotBot/1.2; +https://opensiteexplorer.org/dotbot; [email protected])"
172.70.215.57 - - [08/May/2025:11:23:23 +0200] "GET /?game=javful HTTP/1.1" 200 999 "-" "Mozilla/5.0 AppleWebKit/537.36 (KHTML, like Gecko; compatible; GPTBot/1.2; +https://openai.com/gptbot)"
172.68.22.72 - - [08/May/2025:11:23:24 +0200] "GET /?i=201870321 HTTP/1.1" 200 93801 "-" "Mozilla/5.0 (compatible; DotBot/1.2; +https://opensiteexplorer.org/dotbot; [email protected])"
172.70.215.57 - - [08/May/2025:11:23:24 +0200] "GET /?game=thisav HTTP/1.1" 200 999 "-" "Mozilla/5.0 AppleWebKit/537.36 (KHTML, like Gecko; compatible; GPTBot/1.2; +https://openai.com/gptbot)"
172.70.215.57 - - [08/May/2025:11:23:25 +0200] "GET /?game=xvideo HTTP/1.1" 200 999 "-" "Mozilla/5.0 AppleWebKit/537.36 (KHTML, like Gecko; compatible; GPTBot/1.2; +https://openai.com/gptbot)"
162.158.42.89 - - [08/May/2025:11:23:25 +0200] "GET /?i=208140021 HTTP/1.1" 200 93801 "-" "Mozilla/5.0 (compatible; DotBot/1.2; +https://opensiteexplorer.org/dotbot; [email protected])"
172.70.215.57 - - [08/May/2025:11:23:26 +0200] "GET /?game=sexchi HTTP/1.1" 200 999 "-" "Mozilla/5.0 AppleWebKit/537.36 (KHTML, like Gecko; compatible; GPTBot/1.2; +https://openai.com/gptbot)"
172.71.147.94 - - [08/May/2025:11:23:26 +0200] "GET /?i=218260221 HTTP/1.1" 200 93801 "-" "Mozilla/5.0 (compatible; DotBot/1.2; +https://opensiteexplorer.org/dotbot; [email protected])"
172.70.215.57 - - [08/May/2025:11:23:27 +0200] "GET /?game=lauxnh HTTP/1.1" 200 999 "-" "Mozilla/5.0 AppleWebKit/537.36 (KHTML, like Gecko; compatible; GPTBot/1.2; +https://openai.com/gptbot)"
172.71.147.53 - - [08/May/2025:11:23:27 +0200] "GET /?i=218430821 HTTP/1.1" 200 93801 "-" "Mozilla/5.0 (compatible; DotBot/1.2; +https://opensiteexplorer.org/dotbot; [email protected])"
162.158.41.86 - - [08/May/2025:11:23:28 +0200] "GET /?i=220960721 HTTP/1.1" 200 93801 "-" "Mozilla/5.0 (compatible; DotBot/1.2; +https://opensiteexplorer.org/dotbot; [email protected])"
172.70.215.57 - - [08/May/2025:11:23:28 +0200] "GET /?game=miuzxc HTTP/1.1" 200 999 "-" "Mozilla/5.0 AppleWebKit/537.36 (KHTML, like Gecko; compatible; GPTBot/1.2; +https://openai.com/gptbot)"
172.70.215.57 - - [08/May/2025:11:23:29 +0200] "GET /?game=coisex HTTP/1.1" 200 999 "-" "Mozilla/5.0 AppleWebKit/537.36 (KHTML, like Gecko; compatible; GPTBot/1.2; +https://openai.com/gptbot)"
172.71.150.90 - - [08/May/2025:11:23:30 +0200] "GET /?i=224341821 HTTP/1.1" 200 93801 "-" "Mozilla/5.0 (compatible; DotBot/1.2; +https://opensiteexplorer.org/dotbot; [email protected])"
172.70.215.57 - - [08/May/2025:11:23:31 +0200] "GET /?game=cvideo HTTP/1.1" 200 999 "-" "Mozilla/5.0 AppleWebKit/537.36 (KHTML, like Gecko; compatible; GPTBot/1.2; +https://openai.com/gptbot)"
172.70.215.57 - - [08/May/2025:11:23:32 +0200] "GET /?video=soi+c%E1%BA%A7u+soi+c%E1%BA%A7u+mi%E1%BB%81n+nam HTTP/1.1" 200 999 "-" "Mozilla/5.0 AppleWebKit/537.36 (KHTML, like Gecko; compatible; GPTBot/1.2; +https://openai.com/gptbot)"
172.70.215.57 - - [08/May/2025:11:23:33 +0200] "GET /?app=phim+sex+l%C3%A0m+t%C3%ACnh+hay HTTP/1.1" 200 999 "-" "Mozilla/5.0 AppleWebKit/537.36 (KHTML, like Gecko; compatible; GPTBot/1.2; +https://openai.com/gptbot)"
162.158.42.18 - - [08/May/2025:11:23:33 +0200] "GET /?i=236186021 HTTP/1.1" 200 93801 "-" "Mozilla/5.0 (compatible; DotBot/1.2; +https://opensiteexplorer.org/dotbot; [email protected])"
172.70.215.57 - - [08/May/2025:11:23:34 +0200] "GET /?play=keno+tr%E1%BB%B1c+ti%E1%BA%BFp HTTP/1.1" 200 999 "-" "Mozilla/5.0 AppleWebKit/537.36 (KHTML, like Gecko; compatible; GPTBot/1.2; +https://openai.com/gptbot)"
172.70.215.57 - - [08/May/2025:11:23:35 +0200] "GET /?play=phim+th%E1%BA%AFng+l%E1%BB%A3i HTTP/1.1" 200 999 "-" "Mozilla/5.0 AppleWebKit/537.36 (KHTML, like Gecko; compatible; GPTBot/1.2; +https://openai.com/gptbot)"
162.158.163.82 - - [08/May/2025:11:23:35 +0200] "GET /?i=318939521 HTTP/1.1" 200 93801 "-" "Mozilla/5.0 (Linux; Android 5.0) AppleWebKit/537.36 (KHTML, like Gecko) Mobile Safari/537.36 (compatible; Bytespider; [email protected])"
172.68.164.36 - - [08/May/2025:11:23:36 +0200] "GET /IMG/logo/1024x538_cmsv2_c54013e5-8833-5743-86fc-a18b87d54ede-8113070.jpg.webp HTTP/1.1" 200 8812 "http://www.igihango.com/?i=318939521" "Mozilla/5.0 (Linux; Android 5.0) AppleWebKit/537.36 (KHTML, like Gecko) Mobile Safari/537.36 (compatible; Bytespider; [email protected])"
172.70.215.57 - - [08/May/2025:11:23:36 +0200] "GET /?play=sex+tr%E1%BB%B1c+tuy%E1%BA%BFn HTTP/1.1" 200 999 "-" "Mozilla/5.0 AppleWebKit/537.36 (KHTML, like Gecko; compatible; GPTBot/1.2; +https://openai.com/gptbot)"
162.158.88.142 - - [08/May/2025:11:23:37 +0200] "GET /IMG/logo/img-20231108-wa0084.jpg HTTP/1.1" 200 8767 "http://www.igihango.com/?i=318939521" "Mozilla/5.0 (Linux; Android 5.0) AppleWebKit/537.36 (KHTML, like Gecko) Mobile Safari/537.36 (compatible; Bytespider; [email protected])"
172.70.215.57 - - [08/May/2025:11:23:37 +0200] "GET /?keyword=sex+th%E1%BB%B1c+t%E1%BA%BF HTTP/1.1" 200 999 "-" "Mozilla/5.0 AppleWebKit/537.36 (KHTML, like Gecko; compatible; GPTBot/1.2; +https://openai.com/gptbot)"
162.158.41.87 - - [08/May/2025:11:23:38 +0200] "GET /?i=244072021 HTTP/1.1" 200 131 "-" "Mozilla/5.0 (compatible; DotBot/1.2; +https://opensiteexplorer.org/dotbot; [email protected])"
172.70.215.57 - - [08/May/2025:11:23:39 +0200] "GET /?play=xbd+tr%E1%BB%B1c+tuy%E1%BA%BFn HTTP/1.1" 200 999 "-" "Mozilla/5.0 AppleWebKit/537.36 (KHTML, like Gecko; compatible; GPTBot/1.2; +https://openai.com/gptbot)"
172.70.215.57 - - [08/May/2025:11:23:40 +0200] "GET /?keyword=phim+sex+hay+nh%E1%BA%A5t+c%E1%BB%A7a+m%E1%BB%B9 HTTP/1.1" 200 999 "-" "Mozilla/5.0 AppleWebKit/537.36 (KHTML, like Gecko; compatible; GPTBot/1.2; +https://openai.com/gptbot)"
172.70.215.57 - - [08/May/2025:11:23:41 +0200] "GET /?produc_id=l%E1%BB%8Bch+thi+%C4%91%E1%BA%A5u+b%C3%B3ng+%C4%91%C3%A1+v%C3%B4+%C4%91%E1%BB%8Bch+%C4%91%E1%BB%A9c HTTP/1.1" 200 999 "-" "Mozilla/5.0 AppleWebKit/537.36 (KHTML, like Gecko; compatible; GPTBot/1.2; +https://openai.com/gptbot)"
172.70.215.57 - - [08/May/2025:11:23:42 +0200] "GET /?keyword=l%E1%BB%8Bch+thi+%C4%91%E1%BA%A5u+b%C3%B3ng+%C4%91%C3%A1+v%C3%B4+%C4%91%E1%BB%8Bch+%C4%91%E1%BB%A9c HTTP/1.1" 200 999 "-" "Mozilla/5.0 AppleWebKit/537.36 (KHTML, like Gecko; compatible; GPTBot/1.2; +https://openai.com/gptbot)"
172.68.22.72 - - [08/May/2025:11:23:42 +0200] "GET /?i=245485021 HTTP/1.1" 200 93801 "-" "Mozilla/5.0 (compatible; DotBot/1.2; +https://opensiteexplorer.org/dotbot; [email protected])"
172.70.215.57 - - [08/May/2025:11:23:43 +0200] "GET /?bet=phim+s%E1%BA%BD+h%C3%A0n+qu%C3%B3c HTTP/1.1" 200 999 "-" "Mozilla/5.0 AppleWebKit/537.36 (KHTML, like Gecko; compatible; GPTBot/1.2; +https://openai.com/gptbot)"
172.70.215.57 - - [08/May/2025:11:23:44 +0200] "GET /?app=phim+hi%E1%BA%BFp+d%C3%A2m+vn HTTP/1.1" 200 999 "-" "Mozilla/5.0 AppleWebKit/537.36 (KHTML, like Gecko; compatible; GPTBot/1.2; +https://openai.com/gptbot)"
172.70.215.57 - - [08/May/2025:11:23:45 +0200] "GET /?ios=phim+s%E1%BA%BD+g%C3%A1i+xinh HTTP/1.1" 200 999 "-" "Mozilla/5.0 AppleWebKit/537.36 (KHTML, like Gecko; compatible; GPTBot/1.2; +https://openai.com/gptbot)"
162.158.41.6 - - [08/May/2025:11:23:46 +0200] "GET /?i=246380021 HTTP/1.1" 200 93801 "-" "Mozilla/5.0 (compatible; DotBot/1.2; +https://opensiteexplorer.org/dotbot; [email protected])"
172.70.215.57 - - [08/May/2025:11:23:47 +0200] "GET /?top=phim+sex+c%E1%BB%B1c+ph%C3%AA HTTP/1.1" 200 999 "-" "Mozilla/5.0 AppleWebKit/537.36 (KHTML, like Gecko; compatible; GPTBot/1.2; +https://openai.com/gptbot)"
172.70.215.57 - - [08/May/2025:11:23:48 +0200] "GET /?ios=phim+sex+c%E1%BB%B1c+ph%C3%AA HTTP/1.1" 200 999 "-" "Mozilla/5.0 AppleWebKit/537.36 (KHTML, like Gecko; compatible; GPTBot/1.2; +https://openai.com/gptbot)"
172.70.175.211 - - [08/May/2025:11:23:49 +0200] "GET /?app=nhat%20niem%20tieu%20dao%20code HTTP/1.1" 200 999 "-" "Mozilla/5.0 AppleWebKit/537.36 (KHTML, like Gecko; compatible; Amazonbot/0.1; +https://developer.amazon.com/support/amazonbot) Chrome/119.0.6045.214 Safari/537.36"
172.70.215.57 - - [08/May/2025:11:23:49 +0200] "GET /?hot=phim+sex+c%E1%BB%B1c+ph%C3%AA HTTP/1.1" 200 999 "-" "Mozilla/5.0 AppleWebKit/537.36 (KHTML, like Gecko; compatible; GPTBot/1.2; +https://openai.com/gptbot)"
172.68.23.204 - - [08/May/2025:11:23:49 +0200] "GET /?i=248642521 HTTP/1.1" 200 93801 "-" "Mozilla/5.0 (compatible; DotBot/1.2; +https://opensiteexplorer.org/dotbot; [email protected])"
172.70.215.57 - - [08/May/2025:11:23:50 +0200] "GET /?app=phim+s%E1%BA%BD+g%C3%A1i+xinh HTTP/1.1" 200 999 "-" "Mozilla/5.0 AppleWebKit/537.36 (KHTML, like Gecko; compatible; GPTBot/1.2; +https://openai.com/gptbot)"
172.70.215.57 - - [08/May/2025:11:23:51 +0200] "GET /?produc_id=xem+keo+nha+cai+5 HTTP/1.1" 200 999 "-" "Mozilla/5.0 AppleWebKit/537.36 (KHTML, like Gecko; compatible; GPTBot/1.2; +https://openai.com/gptbot)"
172.70.127.54 - - [08/May/2025:11:23:51 +0200] "GET /hot/oxbet-casino-2023 HTTP/1.1" 200 132535 "-" "Mozilla/5.0 (Linux; Android 6.0.1; Nexus 5X Build/MMB29P) AppleWebKit/537.36 (KHTML, like Gecko) Chrome/136.0.7103.59 Mobile Safari/537.36 (compatible; Googlebot/2.1; +http://www.google.com/bot.html)"
162.158.42.90 - - [08/May/2025:11:23:52 +0200] "GET /?i=259315921 HTTP/1.1" 200 93801 "-" "Mozilla/5.0 (compatible; DotBot/1.2; +https://opensiteexplorer.org/dotbot; [email protected])"
172.70.215.57 - - [08/May/2025:11:23:52 +0200] "GET /?play=sex+%C3%B4ng+v%C3%A0+ch%C3%A1u HTTP/1.1" 200 999 "-" "Mozilla/5.0 AppleWebKit/537.36 (KHTML, like Gecko; compatible; GPTBot/1.2; +https://openai.com/gptbot)"
172.70.215.57 - - [08/May/2025:11:23:54 +0200] "GET /?app=massage+sung+s%C6%B0%E1%BB%9Bng HTTP/1.1" 200 999 "-" "Mozilla/5.0 AppleWebKit/537.36 (KHTML, like Gecko; compatible; GPTBot/1.2; +https://openai.com/gptbot)"
162.158.42.90 - - [08/May/2025:11:23:55 +0200] "GET /?i=261757321 HTTP/1.1" 200 93801 "-" "Mozilla/5.0 (compatible; DotBot/1.2; +https://opensiteexplorer.org/dotbot; [email protected])"
172.70.215.57 - - [08/May/2025:11:23:55 +0200] "GET /?produc_id=soi+c%E1%BA%A7u+vi%E1%BB%87t+1.com HTTP/1.1" 200 999 "-" "Mozilla/5.0 AppleWebKit/537.36 (KHTML, like Gecko; compatible; GPTBot/1.2; +https://openai.com/gptbot)"
172.70.215.57 - - [08/May/2025:11:23:56 +0200] "GET /?produc_id=sex+l%C3%AA+b%C3%B3ng HTTP/1.1" 200 999 "-" "Mozilla/5.0 AppleWebKit/537.36 (KHTML, like Gecko; compatible; GPTBot/1.2; +https://openai.com/gptbot)"
172.68.22.72 - - [08/May/2025:11:23:57 +0200] "GET /?i=262293021 HTTP/1.1" 200 131 "-" "Mozilla/5.0 (compatible; DotBot/1.2; +https://opensiteexplorer.org/dotbot; [email protected])"
172.70.215.57 - - [08/May/2025:11:23:57 +0200] "GET /?produc_id=phim+quay+l%C3%A9n+g%C3%A1i+t%E1%BA%AFm HTTP/1.1" 200 999 "-" "Mozilla/5.0 AppleWebKit/537.36 (KHTML, like Gecko; compatible; GPTBot/1.2; +https://openai.com/gptbot)"
108.162.245.36 - - [08/May/2025:11:23:58 +0200] "GET /?i=265905221 HTTP/1.1" 200 131 "-" "Mozilla/5.0 (compatible; DotBot/1.2; +https://opensiteexplorer.org/dotbot; [email protected])"
172.70.215.57 - - [08/May/2025:11:23:58 +0200] "GET /?produc_id=phim+c%E1%BA%A5p+3+h%C3%A0n+qu%E1%BB%91c HTTP/1.1" 200 999 "-" "Mozilla/5.0 AppleWebKit/537.36 (KHTML, like Gecko; compatible; GPTBot/1.2; +https://openai.com/gptbot)"
172.70.215.57 - - [08/May/2025:11:23:59 +0200] "GET /?ios=em+g%C3%A1i+m%C3%B4ng+to HTTP/1.1" 200 999 "-" "Mozilla/5.0 AppleWebKit/537.36 (KHTML, like Gecko; compatible; GPTBot/1.2; +https://openai.com/gptbot)"
172.68.22.39 - - [08/May/2025:11:23:59 +0200] "GET /?i=271642221 HTTP/1.1" 200 93801 "-" "Mozilla/5.0 (compatible; DotBot/1.2; +https://opensiteexplorer.org/dotbot; [email protected])"
172.70.215.57 - - [08/May/2025:11:24:00 +0200] "GET /?ios=sex+g%C3%B3c+nh%C3%ACn+1 HTTP/1.1" 200 999 "-" "Mozilla/5.0 AppleWebKit/537.36 (KHTML, like Gecko; compatible; GPTBot/1.2; +https://openai.com/gptbot)"
172.70.215.57 - - [08/May/2025:11:24:01 +0200] "GET /?top=g%C3%A1i+vn+m%C3%B4ng+to HTTP/1.1" 200 999 "-" "Mozilla/5.0 AppleWebKit/537.36 (KHTML, like Gecko; compatible; GPTBot/1.2; +https://openai.com/gptbot)"
172.71.81.214 - - [08/May/2025:11:24:01 +0200] "GET /?i=365620021 HTTP/1.1" 200 93801 "-" "Mozilla/5.0 (Linux; Android 5.0) AppleWebKit/537.36 (KHTML, like Gecko) Mobile Safari/537.36 (compatible; Bytespider; [email protected])"
172.71.150.191 - - [08/May/2025:11:24:02 +0200] "GET /?i=273340821 HTTP/1.1" 200 93801 "-" "Mozilla/5.0 (compatible; DotBot/1.2; +https://opensiteexplorer.org/dotbot; [email protected])"
172.68.164.37 - - [08/May/2025:11:24:02 +0200] "GET /IMG/logo/1024x538_cmsv2_c54013e5-8833-5743-86fc-a18b87d54ede-8113070.jpg.webp HTTP/1.1" 200 8812 "http://www.igihango.com/?i=365620021" "Mozilla/5.0 (Linux; Android 5.0) AppleWebKit/537.36 (KHTML, like Gecko) Mobile Safari/537.36 (compatible; Bytespider; [email protected])"
162.158.88.142 - - [08/May/2025:11:24:02 +0200] "GET /IMG/logo/img-20231108-wa0084.jpg HTTP/1.1" 200 8767 "http://www.igihango.com/?i=365620021" "Mozilla/5.0 (Linux; Android 5.0) AppleWebKit/537.36 (KHTML, like Gecko) Mobile Safari/537.36 (compatible; Bytespider; [email protected])"
172.70.215.57 - - [08/May/2025:11:24:03 +0200] "GET /?hot=em+g%C3%A1i+m%C3%B4ng+to HTTP/1.1" 200 999 "-" "Mozilla/5.0 AppleWebKit/537.36 (KHTML, like Gecko; compatible; GPTBot/1.2; +https://openai.com/gptbot)"
172.70.215.57 - - [08/May/2025:11:24:04 +0200] "GET /?hot=soi+k%C3%A8o+c%C3%BAp+c1 HTTP/1.1" 200 999 "-" "Mozilla/5.0 AppleWebKit/537.36 (KHTML, like Gecko; compatible; GPTBot/1.2; +https://openai.com/gptbot)"
108.162.246.68 - - [08/May/2025:11:24:04 +0200] "GET /?i=273716921 HTTP/1.1" 200 93801 "-" "Mozilla/5.0 (compatible; DotBot/1.2; +https://opensiteexplorer.org/dotbot; [email protected])"
172.69.7.101 - - [08/May/2025:11:24:04 +0200] "POST /get-message-notify HTTP/1.1" 200 117019 "http://igihango.com/hot/oxbet-casino-2023" "Mozilla/5.0 (Linux; Android 6.0.1; Nexus 5X Build/MMB29P) AppleWebKit/537.36 (KHTML, like Gecko) Chrome/135.0.7049.114 Mobile Safari/537.36 (compatible; Googlebot/2.1; +http://www.google.com/bot.html)"
172.70.215.57 - - [08/May/2025:11:24:05 +0200] "GET /?ios=g%C3%A1i+vn+m%C3%B4ng+to HTTP/1.1" 200 999 "-" "Mozilla/5.0 AppleWebKit/537.36 (KHTML, like Gecko; compatible; GPTBot/1.2; +https://openai.com/gptbot)"
172.70.215.57 - - [08/May/2025:11:24:06 +0200] "GET /?top=soi+k%C3%A8o+c%C3%BAp+c1 HTTP/1.1" 200 999 "-" "Mozilla/5.0 AppleWebKit/537.36 (KHTML, like Gecko; compatible; GPTBot/1.2; +https://openai.com/gptbot)"
172.68.23.203 - - [08/May/2025:11:24:06 +0200] "GET /?i=273833321 HTTP/1.1" 200 93801 "-" "Mozilla/5.0 (compatible; DotBot/1.2; +https://opensiteexplorer.org/dotbot; [email protected])"
172.70.215.57 - - [08/May/2025:11:24:07 +0200] "GET /?hot=sex+g%C3%B3c+nh%C3%ACn+1 HTTP/1.1" 200 999 "-" "Mozilla/5.0 AppleWebKit/537.36 (KHTML, like Gecko; compatible; GPTBot/1.2; +https://openai.com/gptbot)"
172.71.147.53 - - [08/May/2025:11:24:08 +0200] "GET /?i=275727821 HTTP/1.1" 200 93801 "-" "Mozilla/5.0 (compatible; DotBot/1.2; +https://opensiteexplorer.org/dotbot; [email protected])"
172.70.215.57 - - [08/May/2025:11:24:08 +0200] "GET /?top=em+g%C3%A1i+m%C3%B4ng+to HTTP/1.1" 200 999 "-" "Mozilla/5.0 AppleWebKit/537.36 (KHTML, like Gecko; compatible; GPTBot/1.2; +https://openai.com/gptbot)"
172.70.215.57 - - [08/May/2025:11:24:10 +0200] "GET /?bet=sex+g%C3%B3c+nh%C3%ACn+1 HTTP/1.1" 200 999 "-" "Mozilla/5.0 AppleWebKit/537.36 (KHTML, like Gecko; compatible; GPTBot/1.2; +https://openai.com/gptbot)"
172.70.215.57 - - [08/May/2025:11:24:11 +0200] "GET /?bet=em+g%C3%A1i+m%C3%B4ng+to HTTP/1.1" 200 999 "-" "Mozilla/5.0 AppleWebKit/537.36 (KHTML, like Gecko; compatible; GPTBot/1.2; +https://openai.com/gptbot)"
172.68.23.203 - - [08/May/2025:11:24:11 +0200] "GET /?i=277603721 HTTP/1.1" 200 93801 "-" "Mozilla/5.0 (compatible; DotBot/1.2; +https://opensiteexplorer.org/dotbot; [email protected])"
172.70.215.57 - - [08/May/2025:11:24:12 +0200] "GET /?video=phim+sex+t%E1%BA%ADp+th%E1%BB%83+nh%E1%BA%ADt HTTP/1.1" 200 999 "-" "Mozilla/5.0 AppleWebKit/537.36 (KHTML, like Gecko; compatible; GPTBot/1.2; +https://openai.com/gptbot)"
172.71.146.181 - - [08/May/2025:11:24:13 +0200] "GET /?i=278624621 HTTP/1.1" 200 131 "-" "Mozilla/5.0 (compatible; DotBot/1.2; +https://opensiteexplorer.org/dotbot; [email protected])"
172.70.215.57 - - [08/May/2025:11:24:13 +0200] "GET /?hot=truy%E1%BB%87n+tranh+h%C3%A0n+qu%E1%BB%91c+sex HTTP/1.1" 200 999 "-" "Mozilla/5.0 AppleWebKit/537.36 (KHTML, like Gecko; compatible; GPTBot/1.2; +https://openai.com/gptbot)"
172.70.215.57 - - [08/May/2025:11:24:14 +0200] "GET /?bet=truy%E1%BB%87n+tranh+h%C3%A0n+qu%E1%BB%91c+sex HTTP/1.1" 200 999 "-" "Mozilla/5.0 AppleWebKit/537.36 (KHTML, like Gecko; compatible; GPTBot/1.2; +https://openai.com/gptbot)"
172.68.22.38 - - [08/May/2025:11:24:14 +0200] "GET /?i=292824521 HTTP/1.1" 200 93801 "-" "Mozilla/5.0 (compatible; DotBot/1.2; +https://opensiteexplorer.org/dotbot; [email protected])"
172.70.215.57 - - [08/May/2025:11:24:15 +0200] "GET /?keyword=phim+sex+g%C3%A1i+d%C3%A2m HTTP/1.1" 200 999 "-" "Mozilla/5.0 AppleWebKit/537.36 (KHTML, like Gecko; compatible; GPTBot/1.2; +https://openai.com/gptbot)"
172.71.150.56 - - [08/May/2025:11:24:16 +0200] "GET /?i=293228021 HTTP/1.1" 200 93801 "-" "Mozilla/5.0 (compatible; DotBot/1.2; +https://opensiteexplorer.org/dotbot; [email protected])"
172.70.215.57 - - [08/May/2025:11:24:17 +0200] "GET /?keyword=sex+g%C3%A1i+t%C3%A2y+xinh HTTP/1.1" 200 999 "-" "Mozilla/5.0 AppleWebKit/537.36 (KHTML, like Gecko; compatible; GPTBot/1.2; +https://openai.com/gptbot)"
172.68.22.38 - - [08/May/2025:11:24:17 +0200] "GET /?i=297120821 HTTP/1.1" 200 131 "-" "Mozilla/5.0 (compatible; DotBot/1.2; +https://opensiteexplorer.org/dotbot; [email protected])"
172.70.215.57 - - [08/May/2025:11:24:18 +0200] "GET /?play=sex+ch%C3%A1u+%C3%A2u+vietsub HTTP/1.1" 200 999 "-" "Mozilla/5.0 AppleWebKit/537.36 (KHTML, like Gecko; compatible; GPTBot/1.2; +https://openai.com/gptbot)"
172.68.22.3 - - [08/May/2025:11:24:18 +0200] "GET /?i=298819621 HTTP/1.1" 200 93801 "-" "Mozilla/5.0 (compatible; DotBot/1.2; +https://opensiteexplorer.org/dotbot; [email protected])"
172.70.215.57 - - [08/May/2025:11:24:19 +0200] "GET /?keyword=ch%C6%A1i+em+g%C3%A1i+xinh HTTP/1.1" 200 999 "-" "Mozilla/5.0 AppleWebKit/537.36 (KHTML, like Gecko; compatible; GPTBot/1.2; +https://openai.com/gptbot)"
108.162.245.37 - - [08/May/2025:11:24:19 +0200] "GET /?i=302422321 HTTP/1.1" 200 93801 "-" "Mozilla/5.0 (compatible; DotBot/1.2; +https://opensiteexplorer.org/dotbot; [email protected])"
172.70.215.57 - - [08/May/2025:11:24:20 +0200] "GET /?keyword=sex+g%C3%A1i+xinh+t%C3%A2y HTTP/1.1" 200 999 "-" "Mozilla/5.0 AppleWebKit/537.36 (KHTML, like Gecko; compatible; GPTBot/1.2; +https://openai.com/gptbot)"
172.68.22.73 - - [08/May/2025:11:24:20 +0200] "GET /?i=30325221 HTTP/1.1" 200 93801 "-" "Mozilla/5.0 (compatible; DotBot/1.2; +https://opensiteexplorer.org/dotbot; [email protected])"
172.70.215.57 - - [08/May/2025:11:24:21 +0200] "GET /?produc_id=sex+g%C3%A1i+ngh%C3%A0nh HTTP/1.1" 200 999 "-" "Mozilla/5.0 AppleWebKit/537.36 (KHTML, like Gecko; compatible; GPTBot/1.2; +https://openai.com/gptbot)"
172.71.146.181 - - [08/May/2025:11:24:21 +0200] "GET /?i=308598721 HTTP/1.1" 200 93801 "-" "Mozilla/5.0 (compatible; DotBot/1.2; +https://opensiteexplorer.org/dotbot; [email protected])"
172.68.22.3 - - [08/May/2025:11:24:22 +0200] "GET /?i=313221421 HTTP/1.1" 200 93801 "-" "Mozilla/5.0 (compatible; DotBot/1.2; +https://opensiteexplorer.org/dotbot; [email protected])"
172.70.215.57 - - [08/May/2025:11:24:22 +0200] "GET /?keyword=tr%C3%A2n+h%C3%A0+linh+sex HTTP/1.1" 200 999 "-" "Mozilla/5.0 AppleWebKit/537.36 (KHTML, like Gecko; compatible; GPTBot/1.2; +https://openai.com/gptbot)"
162.158.41.87 - - [08/May/2025:11:24:23 +0200] "GET /?i=313402221 HTTP/1.1" 200 93801 "-" "Mozilla/5.0 (compatible; DotBot/1.2; +https://opensiteexplorer.org/dotbot; [email protected])"
172.70.215.57 - - [08/May/2025:11:24:23 +0200] "GET /?keyword=s%C3%AAx+t%C3%A2y+%C3%A2u HTTP/1.1" 200 999 "-" "Mozilla/5.0 AppleWebKit/537.36 (KHTML, like Gecko; compatible; GPTBot/1.2; +https://openai.com/gptbot)"
172.71.146.109 - - [08/May/2025:11:24:24 +0200] "GET /?i=315627021 HTTP/1.1" 200 131 "-" "Mozilla/5.0 (compatible; DotBot/1.2; +https://opensiteexplorer.org/dotbot; [email protected])"
162.158.42.90 - - [08/May/2025:11:24:24 +0200] "GET /?i=316127221 HTTP/1.1" 200 93801 "-" "Mozilla/5.0 (compatible; DotBot/1.2; +https://opensiteexplorer.org/dotbot; [email protected])"
172.70.215.57 - - [08/May/2025:11:24:25 +0200] "GET /?play=phim+sex+ko+che+v%E1%BB%A5ng+tr%E1%BB%99m HTTP/1.1" 200 999 "-" "Mozilla/5.0 AppleWebKit/537.36 (KHTML, like Gecko; compatible; GPTBot/1.2; +https://openai.com/gptbot)"
162.158.42.236 - - [08/May/2025:11:24:25 +0200] "GET /?i=316421521 HTTP/1.1" 200 93801 "-" "Mozilla/5.0 (compatible; DotBot/1.2; +https://opensiteexplorer.org/dotbot; [email protected])"
172.70.215.57 - - [08/May/2025:11:24:26 +0200] "GET /?produc_id=bang+dac+biet+nam+2023 HTTP/1.1" 200 999 "-" "Mozilla/5.0 AppleWebKit/537.36 (KHTML, like Gecko; compatible; GPTBot/1.2; +https://openai.com/gptbot)"
172.71.151.165 - - [08/May/2025:11:24:26 +0200] "GET /?i=316759221 HTTP/1.1" 200 93801 "-" "Mozilla/5.0 (compatible; DotBot/1.2; +https://opensiteexplorer.org/dotbot; [email protected])"
172.70.215.57 - - [08/May/2025:11:24:27 +0200] "GET /?hot=ket+qua+30+ngay+xsmb HTTP/1.1" 200 999 "-" "Mozilla/5.0 AppleWebKit/537.36 (KHTML, like Gecko; compatible; GPTBot/1.2; +https://openai.com/gptbot)"
172.68.22.3 - - [08/May/2025:11:24:27 +0200] "GET /?i=318966621 HTTP/1.1" 200 93801 "-" "Mozilla/5.0 (compatible; DotBot/1.2; +https://opensiteexplorer.org/dotbot; [email protected])"
162.158.88.139 - - [08/May/2025:11:24:28 +0200] "GET /?i=149149021 HTTP/1.1" 200 93801 "-" "Mozilla/5.0 (Linux; Android 5.0) AppleWebKit/537.36 (KHTML, like Gecko) Mobile Safari/537.36 (compatible; Bytespider; [email protected])"
162.158.41.238 - - [08/May/2025:11:24:28 +0200] "GET /?i=320313421 HTTP/1.1" 200 93801 "-" "Mozilla/5.0 (compatible; DotBot/1.2; +https://opensiteexplorer.org/dotbot; [email protected])"
172.70.215.57 - - [08/May/2025:11:24:28 +0200] "GET /?ios=ket+qua+xsmb+30+ngay HTTP/1.1" 200 999 "-" "Mozilla/5.0 AppleWebKit/537.36 (KHTML, like Gecko; compatible; GPTBot/1.2; +https://openai.com/gptbot)"
172.68.164.37 - - [08/May/2025:11:24:29 +0200] "GET /IMG/logo/1024x538_cmsv2_c54013e5-8833-5743-86fc-a18b87d54ede-8113070.jpg.webp HTTP/1.1" 200 8812 "http://www.igihango.com/?i=149149021" "Mozilla/5.0 (Linux; Android 5.0) AppleWebKit/537.36 (KHTML, like Gecko) Mobile Safari/537.36 (compatible; Bytespider; [email protected])"
172.71.150.66 - - [08/May/2025:11:24:29 +0200] "GET /?i=324919321 HTTP/1.1" 200 93801 "-" "Mozilla/5.0 (compatible; DotBot/1.2; +https://opensiteexplorer.org/dotbot; [email protected])"
162.158.88.142 - - [08/May/2025:11:24:29 +0200] "GET /IMG/logo/img-20231108-wa0084.jpg HTTP/1.1" 200 8767 "http://www.igihango.com/?i=149149021" "Mozilla/5.0 (Linux; Android 5.0) AppleWebKit/537.36 (KHTML, like Gecko) Mobile Safari/537.36 (compatible; Bytespider; [email protected])"
172.70.215.57 - - [08/May/2025:11:24:29 +0200] "GET /?ios=ket+qua+30+ngay+xsmb HTTP/1.1" 200 999 "-" "Mozilla/5.0 AppleWebKit/537.36 (KHTML, like Gecko; compatible; GPTBot/1.2; +https://openai.com/gptbot)"
172.71.150.217 - - [08/May/2025:11:24:29 +0200] "GET /?i=333114621 HTTP/1.1" 200 131 "-" "Mozilla/5.0 (compatible; DotBot/1.2; +https://opensiteexplorer.org/dotbot; [email protected])"
162.158.42.195 - - [08/May/2025:11:24:30 +0200] "GET /?i=341259421 HTTP/1.1" 200 93801 "-" "Mozilla/5.0 (compatible; DotBot/1.2; +https://opensiteexplorer.org/dotbot; [email protected])"
172.70.215.57 - - [08/May/2025:11:24:30 +0200] "GET /?bet=phim+sex+han+quoc+18 HTTP/1.1" 200 999 "-" "Mozilla/5.0 AppleWebKit/537.36 (KHTML, like Gecko; compatible; GPTBot/1.2; +https://openai.com/gptbot)"
172.71.147.93 - - [08/May/2025:11:24:31 +0200] "GET /?i=343074721 HTTP/1.1" 200 131 "-" "Mozilla/5.0 (compatible; DotBot/1.2; +https://opensiteexplorer.org/dotbot; [email protected])"
172.70.215.57 - - [08/May/2025:11:24:32 +0200] "GET /?top=ket+qua+30+ngay+xsmb HTTP/1.1" 200 999 "-" "Mozilla/5.0 AppleWebKit/537.36 (KHTML, like Gecko; compatible; GPTBot/1.2; +https://openai.com/gptbot)"
172.71.150.191 - - [08/May/2025:11:24:32 +0200] "GET /?i=343162821 HTTP/1.1" 200 93801 "-" "Mozilla/5.0 (compatible; DotBot/1.2; +https://opensiteexplorer.org/dotbot; [email protected])"
162.158.41.238 - - [08/May/2025:11:24:33 +0200] "GET /?i=346101921 HTTP/1.1" 200 93801 "-" "Mozilla/5.0 (compatible; DotBot/1.2; +https://opensiteexplorer.org/dotbot; [email protected])"
172.70.215.57 - - [08/May/2025:11:24:33 +0200] "GET /?keyword=linh+miu+1+can+3 HTTP/1.1" 200 999 "-" "Mozilla/5.0 AppleWebKit/537.36 (KHTML, like Gecko; compatible; GPTBot/1.2; +https://openai.com/gptbot)"
162.158.41.248 - - [08/May/2025:11:24:34 +0200] "GET /?i=351295821 HTTP/1.1" 200 93801 "-" "Mozilla/5.0 (compatible; DotBot/1.2; +https://opensiteexplorer.org/dotbot; [email protected])"
172.70.215.57 - - [08/May/2025:11:24:34 +0200] "GET /?bet=phim+sex+18+han+quoc HTTP/1.1" 200 999 "-" "Mozilla/5.0 AppleWebKit/537.36 (KHTML, like Gecko; compatible; GPTBot/1.2; +https://openai.com/gptbot)"
162.158.42.7 - - [08/May/2025:11:24:35 +0200] "GET /?i=353977521 HTTP/1.1" 200 131 "-" "Mozilla/5.0 (compatible; DotBot/1.2; +https://opensiteexplorer.org/dotbot; [email protected])"
172.70.215.57 - - [08/May/2025:11:24:35 +0200] "GET /?hot=ket+qua+xsmb+30+ngay HTTP/1.1" 200 999 "-" "Mozilla/5.0 AppleWebKit/537.36 (KHTML, like Gecko; compatible; GPTBot/1.2; +https://openai.com/gptbot)"
172.71.146.42 - - [08/May/2025:11:24:36 +0200] "GET /?i=36736921 HTTP/1.1" 200 93801 "-" "Mozilla/5.0 (compatible; DotBot/1.2; +https://opensiteexplorer.org/dotbot; [email protected])"
172.70.215.57 - - [08/May/2025:11:24:36 +0200] "GET /?video=k%C3%A8o+h%C3%A0+lan HTTP/1.1" 200 999 "-" "Mozilla/5.0 AppleWebKit/537.36 (KHTML, like Gecko; compatible; GPTBot/1.2; +https://openai.com/gptbot)"
172.70.215.57 - - [08/May/2025:11:24:37 +0200] "GET /?video=nh%C3%A0+c%C3%A1i+km HTTP/1.1" 200 999 "-" "Mozilla/5.0 AppleWebKit/537.36 (KHTML, like Gecko; compatible; GPTBot/1.2; +https://openai.com/gptbot)"
172.70.215.57 - - [08/May/2025:11:24:39 +0200] "GET /?video=sex+ch%C3%A2u+%C3%A1 HTTP/1.1" 200 999 "-" "Mozilla/5.0 AppleWebKit/537.36 (KHTML, like Gecko; compatible; GPTBot/1.2; +https://openai.com/gptbot)"
172.68.22.2 - - [08/May/2025:11:24:39 +0200] "GET /?i=368840821 HTTP/1.1" 200 131 "-" "Mozilla/5.0 (compatible; DotBot/1.2; +https://opensiteexplorer.org/dotbot; [email protected])"
172.70.215.57 - - [08/May/2025:11:24:40 +0200] "GET /?video=sex+c%C3%B4+tr%C3%B2 HTTP/1.1" 200 999 "-" "Mozilla/5.0 AppleWebKit/537.36 (KHTML, like Gecko; compatible; GPTBot/1.2; +https://openai.com/gptbot)"
172.70.215.57 - - [08/May/2025:11:24:41 +0200] "GET /?produc_id=l%E1%BB%8Bch+giao+h%E1%BB%AFu+manchester+united HTTP/1.1" 200 999 "-" "Mozilla/5.0 AppleWebKit/537.36 (KHTML, like Gecko; compatible; GPTBot/1.2; +https://openai.com/gptbot)"
172.68.22.2 - - [08/May/2025:11:24:41 +0200] "GET /?i=369336021 HTTP/1.1" 200 93801 "-" "Mozilla/5.0 (compatible; DotBot/1.2; +https://opensiteexplorer.org/dotbot; [email protected])"
172.70.215.57 - - [08/May/2025:11:24:42 +0200] "GET /?bet=si%C3%AAu+d%C3%A2m.com HTTP/1.1" 200 999 "-" "Mozilla/5.0 AppleWebKit/537.36 (KHTML, like Gecko; compatible; GPTBot/1.2; +https://openai.com/gptbot)"
172.70.215.57 - - [08/May/2025:11:24:43 +0200] "GET /?bet=jav+hi%C3%AAp+d%C3%A2m HTTP/1.1" 200 999 "-" "Mozilla/5.0 AppleWebKit/537.36 (KHTML, like Gecko; compatible; GPTBot/1.2; +https://openai.com/gptbot)"
172.68.22.73 - - [08/May/2025:11:24:43 +0200] "GET /?i=372362421 HTTP/1.1" 200 93801 "-" "Mozilla/5.0 (compatible; DotBot/1.2; +https://opensiteexplorer.org/dotbot; [email protected])"
172.70.215.57 - - [08/May/2025:11:24:44 +0200] "GET /?hot=sex+k%C3%ADch+d%C3%A2m HTTP/1.1" 200 999 "-" "Mozilla/5.0 AppleWebKit/537.36 (KHTML, like Gecko; compatible; GPTBot/1.2; +https://openai.com/gptbot)"
172.70.215.57 - - [08/May/2025:11:24:45 +0200] "GET /?ios=sex+k%C3%ADch+d%C3%A2m HTTP/1.1" 200 999 "-" "Mozilla/5.0 AppleWebKit/537.36 (KHTML, like Gecko; compatible; GPTBot/1.2; +https://openai.com/gptbot)"
172.68.23.204 - - [08/May/2025:11:24:45 +0200] "GET /?i=375700421 HTTP/1.1" 200 93801 "-" "Mozilla/5.0 (compatible; DotBot/1.2; +https://opensiteexplorer.org/dotbot; [email protected])"
172.70.215.57 - - [08/May/2025:11:24:47 +0200] "GET /?bet=sex+k%C3%ADch+d%C3%A2m HTTP/1.1" 200 999 "-" "Mozilla/5.0 AppleWebKit/537.36 (KHTML, like Gecko; compatible; GPTBot/1.2; +https://openai.com/gptbot)"
162.158.41.19 - - [08/May/2025:11:24:47 +0200] "GET /?i=379473921 HTTP/1.1" 200 93801 "-" "Mozilla/5.0 (compatible; DotBot/1.2; +https://opensiteexplorer.org/dotbot; [email protected])"
172.70.215.57 - - [08/May/2025:11:24:48 +0200] "GET /?play=sex+ti%C3%AAn+c%C3%A1 HTTP/1.1" 200 999 "-" "Mozilla/5.0 AppleWebKit/537.36 (KHTML, like Gecko; compatible; GPTBot/1.2; +https://openai.com/gptbot)"
172.68.22.39 - - [08/May/2025:11:24:48 +0200] "GET /?i=382144421 HTTP/1.1" 200 93801 "-" "Mozilla/5.0 (compatible; DotBot/1.2; +https://opensiteexplorer.org/dotbot; [email protected])"
172.70.215.57 - - [08/May/2025:11:24:49 +0200] "GET /?video=b%C3%BA+c%E1%BA%B7c HTTP/1.1" 200 999 "-" "Mozilla/5.0 AppleWebKit/537.36 (KHTML, like Gecko; compatible; GPTBot/1.2; +https://openai.com/gptbot)"
172.71.142.58 - - [08/May/2025:11:24:50 +0200] "GET /?i=386993321 HTTP/1.1" 200 93801 "-" "Mozilla/5.0 (compatible; DotBot/1.2; +https://opensiteexplorer.org/dotbot; [email protected])"
172.70.215.57 - - [08/May/2025:11:24:50 +0200] "GET /?keyword=sex+%E1%BA%A5n+%C4%91%E1%BB%99 HTTP/1.1" 200 999 "-" "Mozilla/5.0 AppleWebKit/537.36 (KHTML, like Gecko; compatible; GPTBot/1.2; +https://openai.com/gptbot)"
172.70.215.57 - - [08/May/2025:11:24:51 +0200] "GET /?play=l%E1%BB%93n+%C4%91%E1%BA%A7y+tinh HTTP/1.1" 200 999 "-" "Mozilla/5.0 AppleWebKit/537.36 (KHTML, like Gecko; compatible; GPTBot/1.2; +https://openai.com/gptbot)"
108.162.245.119 - - [08/May/2025:11:24:51 +0200] "GET /?i=387034921 HTTP/1.1" 200 93801 "-" "Mozilla/5.0 (compatible; DotBot/1.2; +https://opensiteexplorer.org/dotbot; [email protected])"
172.70.215.57 - - [08/May/2025:11:24:52 +0200] "GET /?produc_id=l%E1%BB%95n+%C4%91%E1%BA%B9p HTTP/1.1" 200 999 "-" "Mozilla/5.0 AppleWebKit/537.36 (KHTML, like Gecko; compatible; GPTBot/1.2; +https://openai.com/gptbot)"
172.70.215.57 - - [08/May/2025:11:24:54 +0200] "GET /?produc_id=l%E1%BB%93n+%C4%91%E1%BA%B9p HTTP/1.1" 200 999 "-" "Mozilla/5.0 AppleWebKit/537.36 (KHTML, like Gecko; compatible; GPTBot/1.2; +https://openai.com/gptbot)"
172.68.22.3 - - [08/May/2025:11:24:54 +0200] "GET /?i=393261321 HTTP/1.1" 200 93801 "-" "Mozilla/5.0 (compatible; DotBot/1.2; +https://opensiteexplorer.org/dotbot; [email protected])"
162.158.189.107 - - [08/May/2025:11:24:54 +0200] "GET /?i=366094721 HTTP/1.1" 200 93801 "-" "Mozilla/5.0 (Linux; Android 5.0) AppleWebKit/537.36 (KHTML, like Gecko) Mobile Safari/537.36 (compatible; Bytespider; [email protected])"
172.70.215.57 - - [08/May/2025:11:24:55 +0200] "GET /?produc_id=l%E1%BB%93n+%C4%91%E1%BA%B9o HTTP/1.1" 200 999 "-" "Mozilla/5.0 AppleWebKit/537.36 (KHTML, like Gecko; compatible; GPTBot/1.2; +https://openai.com/gptbot)"
172.70.215.57 - - [08/May/2025:11:24:56 +0200] "GET /?keyword=%E1%BA%A5n+%C4%91%E1%BB%99+sex HTTP/1.1" 200 999 "-" "Mozilla/5.0 AppleWebKit/537.36 (KHTML, like Gecko; compatible; GPTBot/1.2; +https://openai.com/gptbot)"
172.68.164.37 - - [08/May/2025:11:24:57 +0200] "GET /IMG/logo/1024x538_cmsv2_c54013e5-8833-5743-86fc-a18b87d54ede-8113070.jpg.webp HTTP/1.1" 200 8812 "http://www.igihango.com/?i=366094721" "Mozilla/5.0 (Linux; Android 5.0) AppleWebKit/537.36 (KHTML, like Gecko) Mobile Safari/537.36 (compatible; Bytespider; [email protected])"
162.158.88.143 - - [08/May/2025:11:24:57 +0200] "GET /IMG/logo/img-20231108-wa0084.jpg HTTP/1.1" 200 8767 "http://www.igihango.com/?i=366094721" "Mozilla/5.0 (Linux; Android 5.0) AppleWebKit/537.36 (KHTML, like Gecko) Mobile Safari/537.36 (compatible; Bytespider; [email protected])"
172.70.215.57 - - [08/May/2025:11:24:57 +0200] "GET /?produc_id=phim+sex+loan+luan+top+1 HTTP/1.1" 200 999 "-" "Mozilla/5.0 AppleWebKit/537.36 (KHTML, like Gecko; compatible; GPTBot/1.2; +https://openai.com/gptbot)"
172.68.22.3 - - [08/May/2025:11:24:57 +0200] "GET /?i=404661821 HTTP/1.1" 200 93801 "-" "Mozilla/5.0 (compatible; DotBot/1.2; +https://opensiteexplorer.org/dotbot; [email protected])"
172.70.215.57 - - [08/May/2025:11:24:58 +0200] "GET /?video=du+%C4%91o%C3%A1n+b%C3%B3ng+%C4%91%C3%A1 HTTP/1.1" 200 999 "-" "Mozilla/5.0 AppleWebKit/537.36 (KHTML, like Gecko; compatible; GPTBot/1.2; +https://openai.com/gptbot)"
172.70.215.57 - - [08/May/2025:11:24:59 +0200] "GET /?game=xxxvn.com HTTP/1.1" 200 999 "-" "Mozilla/5.0 AppleWebKit/537.36 (KHTML, like Gecko; compatible; GPTBot/1.2; +https://openai.com/gptbot)"
172.70.215.57 - - [08/May/2025:11:25:00 +0200] "GET /?video=sex+n%E1%BB%AF+t%E1%BB%B1+s%C6%B0%E1%BB%9Bng HTTP/1.1" 200 999 "-" "Mozilla/5.0 AppleWebKit/537.36 (KHTML, like Gecko; compatible; GPTBot/1.2; +https://openai.com/gptbot)"
172.71.147.54 - - [08/May/2025:11:25:01 +0200] "GET /?i=406696921 HTTP/1.1" 200 93801 "-" "Mozilla/5.0 (compatible; DotBot/1.2; +https://opensiteexplorer.org/dotbot; [email protected])"
172.70.215.57 - - [08/May/2025:11:25:02 +0200] "GET /?video=b%C3%BA+l%E1%BB%93n+nh%E1%BA%ADt+b%E1%BA%A3n HTTP/1.1" 200 999 "-" "Mozilla/5.0 AppleWebKit/537.36 (KHTML, like Gecko; compatible; GPTBot/1.2; +https://openai.com/gptbot)"
172.70.215.57 - - [08/May/2025:11:25:03 +0200] "GET /?produc_id=sex+em+g%C3%A1i+%C4%91%E1%BA%B9p HTTP/1.1" 200 999 "-" "Mozilla/5.0 AppleWebKit/537.36 (KHTML, like Gecko; compatible; GPTBot/1.2; +https://openai.com/gptbot)"
172.70.215.57 - - [08/May/2025:11:25:04 +0200] "GET /?video=t%E1%BB%89+s%E1%BB%91+h%C3%B4m+qua HTTP/1.1" 200 999 "-" "Mozilla/5.0 AppleWebKit/537.36 (KHTML, like Gecko; compatible; GPTBot/1.2; +https://openai.com/gptbot)"
172.68.22.2 - - [08/May/2025:11:25:04 +0200] "GET /?i=409091521 HTTP/1.1" 200 93801 "-" "Mozilla/5.0 (compatible; DotBot/1.2; +https://opensiteexplorer.org/dotbot; [email protected])"
172.70.215.57 - - [08/May/2025:11:25:05 +0200] "GET /?top=phim+sex+g%C3%A1i+xinh+g%C3%A1i+%C4%91%E1%BA%B9p HTTP/1.1" 200 999 "-" "Mozilla/5.0 AppleWebKit/537.36 (KHTML, like Gecko; compatible; GPTBot/1.2; +https://openai.com/gptbot)"
172.70.215.57 - - [08/May/2025:11:25:06 +0200] "GET /?bet=phim+sex+g%C3%A1i+xinh+g%C3%A1i+%C4%91%E1%BA%B9p HTTP/1.1" 200 999 "-" "Mozilla/5.0 AppleWebKit/537.36 (KHTML, like Gecko; compatible; GPTBot/1.2; +https://openai.com/gptbot)"
172.71.150.47 - - [08/May/2025:11:25:07 +0200] "GET /?i=411533621 HTTP/1.1" 200 93801 "-" "Mozilla/5.0 (compatible; DotBot/1.2; +https://opensiteexplorer.org/dotbot; [email protected])"
172.70.215.57 - - [08/May/2025:11:25:07 +0200] "GET /?hot=phim+sex+g%C3%A1i+xinh+g%C3%A1i+%C4%91%E1%BA%B9p HTTP/1.1" 200 999 "-" "Mozilla/5.0 AppleWebKit/537.36 (KHTML, like Gecko; compatible; GPTBot/1.2; +https://openai.com/gptbot)"
172.70.215.57 - - [08/May/2025:11:25:09 +0200] "GET /?produc_id=phim+sex+ng%E1%BB%B1c+b%E1%BB%B1 HTTP/1.1" 200 999 "-" "Mozilla/5.0 AppleWebKit/537.36 (KHTML, like Gecko; compatible; GPTBot/1.2; +https://openai.com/gptbot)"
162.158.42.90 - - [08/May/2025:11:25:10 +0200] "GET /?i=413084721 HTTP/1.1" 200 93801 "-" "Mozilla/5.0 (compatible; DotBot/1.2; +https://opensiteexplorer.org/dotbot; [email protected])"
172.70.215.57 - - [08/May/2025:11:25:10 +0200] "GET /?ios=c%C3%A1c+b%C3%A0i+tay+sau HTTP/1.1" 200 999 "-" "Mozilla/5.0 AppleWebKit/537.36 (KHTML, like Gecko; compatible; GPTBot/1.2; +https://openai.com/gptbot)"
172.70.215.57 - - [08/May/2025:11:25:11 +0200] "GET /?ios=g%C3%A1i+goi+cao+c%C3%A2p HTTP/1.1" 200 999 "-" "Mozilla/5.0 AppleWebKit/537.36 (KHTML, like Gecko; compatible; GPTBot/1.2; +https://openai.com/gptbot)"
172.71.146.42 - - [08/May/2025:11:25:12 +0200] "GET /?i=420239521 HTTP/1.1" 200 93801 "-" "Mozilla/5.0 (compatible; DotBot/1.2; +https://opensiteexplorer.org/dotbot; [email protected])"
172.70.215.57 - - [08/May/2025:11:25:12 +0200] "GET /?play=m%C3%A1y+bay+b%C3%A0+gia HTTP/1.1" 200 999 "-" "Mozilla/5.0 AppleWebKit/537.36 (KHTML, like Gecko; compatible; GPTBot/1.2; +https://openai.com/gptbot)"
172.70.215.57 - - [08/May/2025:11:25:13 +0200] "GET /?bet=g%C3%A1i+goi+cao+c%C3%A2p HTTP/1.1" 200 999 "-" "Mozilla/5.0 AppleWebKit/537.36 (KHTML, like Gecko; compatible; GPTBot/1.2; +https://openai.com/gptbot)"
172.71.147.136 - - [08/May/2025:11:25:13 +0200] "GET /?i=422047421 HTTP/1.1" 200 93801 "-" "Mozilla/5.0 (compatible; DotBot/1.2; +https://opensiteexplorer.org/dotbot; [email protected])"
172.70.215.57 - - [08/May/2025:11:25:14 +0200] "GET /?hot=xem+sex+g%C3%A1i+gi%C3%A0 HTTP/1.1" 200 999 "-" "Mozilla/5.0 AppleWebKit/537.36 (KHTML, like Gecko; compatible; GPTBot/1.2; +https://openai.com/gptbot)"
162.158.41.206 - - [08/May/2025:11:25:15 +0200] "GET /?i=428309321 HTTP/1.1" 200 93801 "-" "Mozilla/5.0 (compatible; DotBot/1.2; +https://opensiteexplorer.org/dotbot; [email protected])"
172.70.215.57 - - [08/May/2025:11:25:16 +0200] "GET /?top=g%C3%A1i+goi+cao+c%C3%A2p HTTP/1.1" 200 999 "-" "Mozilla/5.0 AppleWebKit/537.36 (KHTML, like Gecko; compatible; GPTBot/1.2; +https://openai.com/gptbot)"
