162.158.42.195 - - [08/May/2025:11:35:47 +0200] "GET /?i=347996021 HTTP/1.1" 200 131 "-" "Mozilla/5.0 (compatible; DotBot/1.2; +https://opensiteexplorer.org/dotbot; [email protected])"
172.70.207.187 - - [08/May/2025:11:35:48 +0200] "GET /?play=phim+18+++han+qu%E1%BB%91c HTTP/1.1" 200 999 "-" "Mozilla/5.0 AppleWebKit/537.36 (KHTML, like Gecko; compatible; GPTBot/1.2; +https://openai.com/gptbot)"
172.71.142.87 - - [08/May/2025:11:35:48 +0200] "GET /?i=373480521 HTTP/1.1" 200 93801 "-" "Mozilla/5.0 (compatible; DotBot/1.2; +https://opensiteexplorer.org/dotbot; [email protected])"
172.71.150.203 - - [08/May/2025:11:35:49 +0200] "GET /?i=380079721 HTTP/1.1" 200 131 "-" "Mozilla/5.0 (compatible; DotBot/1.2; +https://opensiteexplorer.org/dotbot; [email protected])"
172.70.207.187 - - [08/May/2025:11:35:49 +0200] "GET /?ios=xxx+l%E1%BB%99+h%C3%A0ng HTTP/1.1" 200 999 "-" "Mozilla/5.0 AppleWebKit/537.36 (KHTML, like Gecko; compatible; GPTBot/1.2; +https://openai.com/gptbot)"
162.158.41.239 - - [08/May/2025:11:35:49 +0200] "GET /?i=382423021 HTTP/1.1" 200 93801 "-" "Mozilla/5.0 (compatible; DotBot/1.2; +https://opensiteexplorer.org/dotbot; [email protected])"
172.71.81.152 - - [08/May/2025:11:35:50 +0200] "GET /?i=187012821 HTTP/1.1" 200 93801 "-" "Mozilla/5.0 (Linux; Android 5.0) AppleWebKit/537.36 (KHTML, like Gecko) Mobile Safari/537.36 (compatible; Bytespider; [email protected])"
162.158.42.17 - - [08/May/2025:11:35:50 +0200] "GET /?i=383195821 HTTP/1.1" 200 93801 "-" "Mozilla/5.0 (compatible; DotBot/1.2; +https://opensiteexplorer.org/dotbot; [email protected])"
172.70.207.187 - - [08/May/2025:11:35:50 +0200] "GET /?ios=xxx+hi%E1%BA%BFp+d%C3%A2m+trung+qu%E1%BB%91c HTTP/1.1" 200 999 "-" "Mozilla/5.0 AppleWebKit/537.36 (KHTML, like Gecko; compatible; GPTBot/1.2; +https://openai.com/gptbot)"
172.68.164.37 - - [08/May/2025:11:35:50 +0200] "GET /IMG/logo/1024x538_cmsv2_c54013e5-8833-5743-86fc-a18b87d54ede-8113070.jpg.webp HTTP/1.1" 200 8812 "http://www.igihango.com/?i=187012821" "Mozilla/5.0 (Linux; Android 5.0) AppleWebKit/537.36 (KHTML, like Gecko) Mobile Safari/537.36 (compatible; Bytespider; [email protected])"
162.158.88.143 - - [08/May/2025:11:35:51 +0200] "GET /IMG/logo/img-20231108-wa0084.jpg HTTP/1.1" 200 8767 "http://www.igihango.com/?i=187012821" "Mozilla/5.0 (Linux; Android 5.0) AppleWebKit/537.36 (KHTML, like Gecko) Mobile Safari/537.36 (compatible; Bytespider; [email protected])"
162.158.41.19 - - [08/May/2025:11:35:51 +0200] "GET /?i=401652321 HTTP/1.1" 200 93801 "-" "Mozilla/5.0 (compatible; DotBot/1.2; +https://opensiteexplorer.org/dotbot; [email protected])"
172.70.207.187 - - [08/May/2025:11:35:51 +0200] "GET /?app=sex+ch%C3%A2u+%C3%A2u+vietssub HTTP/1.1" 200 999 "-" "Mozilla/5.0 AppleWebKit/537.36 (KHTML, like Gecko; compatible; GPTBot/1.2; +https://openai.com/gptbot)"
108.162.245.97 - - [08/May/2025:11:35:52 +0200] "GET /?i=409791121 HTTP/1.1" 200 131 "-" "Mozilla/5.0 (compatible; DotBot/1.2; +https://opensiteexplorer.org/dotbot; [email protected])"
172.70.207.187 - - [08/May/2025:11:35:52 +0200] "GET /?top=sex+ch%C3%A2u+%C3%A2u+vietssub HTTP/1.1" 200 999 "-" "Mozilla/5.0 AppleWebKit/537.36 (KHTML, like Gecko; compatible; GPTBot/1.2; +https://openai.com/gptbot)"
108.162.245.179 - - [08/May/2025:11:35:53 +0200] "GET /?i=413568721 HTTP/1.1" 200 93801 "-" "Mozilla/5.0 (compatible; DotBot/1.2; +https://opensiteexplorer.org/dotbot; [email protected])"
172.71.147.54 - - [08/May/2025:11:35:53 +0200] "GET /?i=426118421 HTTP/1.1" 200 131 "-" "Mozilla/5.0 (compatible; DotBot/1.2; +https://opensiteexplorer.org/dotbot; [email protected])"
172.70.207.187 - - [08/May/2025:11:35:54 +0200] "GET /?top=sex+ch%C3%A2u+%C3%A2u+vietshup HTTP/1.1" 200 999 "-" "Mozilla/5.0 AppleWebKit/537.36 (KHTML, like Gecko; compatible; GPTBot/1.2; +https://openai.com/gptbot)"
108.162.245.152 - - [08/May/2025:11:35:54 +0200] "GET /?i=436046021 HTTP/1.1" 200 93801 "-" "Mozilla/5.0 (compatible; DotBot/1.2; +https://opensiteexplorer.org/dotbot; [email protected])"
172.70.207.187 - - [08/May/2025:11:35:55 +0200] "GET /?bet=phim+sex+gai+xinh+%C4%91%E1%BA%B9p HTTP/1.1" 200 999 "-" "Mozilla/5.0 AppleWebKit/537.36 (KHTML, like Gecko; compatible; GPTBot/1.2; +https://openai.com/gptbot)"
172.70.207.187 - - [08/May/2025:11:35:56 +0200] "GET /?app=phim+x%C3%A9t+gay+vi%E1%BB%87t+nam HTTP/1.1" 200 999 "-" "Mozilla/5.0 AppleWebKit/537.36 (KHTML, like Gecko; compatible; GPTBot/1.2; +https://openai.com/gptbot)"
172.71.150.67 - - [08/May/2025:11:35:56 +0200] "GET /?i=443228221 HTTP/1.1" 200 131 "-" "Mozilla/5.0 (compatible; DotBot/1.2; +https://opensiteexplorer.org/dotbot; [email protected])"
172.70.207.187 - - [08/May/2025:11:35:57 +0200] "GET /?ios=g%C3%A1i+xinh+sex+vi%E1%BB%87t+nam HTTP/1.1" 200 999 "-" "Mozilla/5.0 AppleWebKit/537.36 (KHTML, like Gecko; compatible; GPTBot/1.2; +https://openai.com/gptbot)"
172.68.22.39 - - [08/May/2025:11:35:57 +0200] "GET /?i=44806921 HTTP/1.1" 200 93801 "-" "Mozilla/5.0 (compatible; DotBot/1.2; +https://opensiteexplorer.org/dotbot; [email protected])"
172.70.207.187 - - [08/May/2025:11:35:58 +0200] "GET /?top=phim+sex+%C4%91%E1%BB%8Bt+nhau+hay HTTP/1.1" 200 999 "-" "Mozilla/5.0 AppleWebKit/537.36 (KHTML, like Gecko; compatible; GPTBot/1.2; +https://openai.com/gptbot)"
172.68.22.73 - - [08/May/2025:11:35:59 +0200] "GET /?i=452055921 HTTP/1.1" 200 131 "-" "Mozilla/5.0 (compatible; DotBot/1.2; +https://opensiteexplorer.org/dotbot; [email protected])"
172.70.207.187 - - [08/May/2025:11:35:59 +0200] "GET /?play=xem+phim+b%E1%BB%99+th%C3%A1i+lan HTTP/1.1" 200 999 "-" "Mozilla/5.0 AppleWebKit/537.36 (KHTML, like Gecko; compatible; GPTBot/1.2; +https://openai.com/gptbot)"
108.162.246.42 - - [08/May/2025:11:36:00 +0200] "GET /?i=458621 HTTP/1.1" 200 93801 "-" "Mozilla/5.0 (compatible; DotBot/1.2; +https://opensiteexplorer.org/dotbot; [email protected])"
172.70.207.187 - - [08/May/2025:11:36:00 +0200] "GET /?ios=sex+g%C3%A1i+xinh+vi%E1%BB%87t+nam HTTP/1.1" 200 999 "-" "Mozilla/5.0 AppleWebKit/537.36 (KHTML, like Gecko; compatible; GPTBot/1.2; +https://openai.com/gptbot)"
172.71.147.136 - - [08/May/2025:11:36:01 +0200] "GET /?i=60235721 HTTP/1.1" 200 93801 "-" "Mozilla/5.0 (compatible; DotBot/1.2; +https://opensiteexplorer.org/dotbot; [email protected])"
172.70.207.187 - - [08/May/2025:11:36:02 +0200] "GET /?bet=phim+sex+g%C3%A1i+xinh+l%E1%BB%93n HTTP/1.1" 200 999 "-" "Mozilla/5.0 AppleWebKit/537.36 (KHTML, like Gecko; compatible; GPTBot/1.2; +https://openai.com/gptbot)"
172.71.146.108 - - [08/May/2025:11:36:03 +0200] "GET /?i=72472721 HTTP/1.1" 200 131 "-" "Mozilla/5.0 (compatible; DotBot/1.2; +https://opensiteexplorer.org/dotbot; [email protected])"
172.70.207.187 - - [08/May/2025:11:36:03 +0200] "GET /?play=xx+g%C3%A1i+xinh+vi%E1%BB%87t+nam HTTP/1.1" 200 999 "-" "Mozilla/5.0 AppleWebKit/537.36 (KHTML, like Gecko; compatible; GPTBot/1.2; +https://openai.com/gptbot)"
172.71.146.43 - - [08/May/2025:11:36:03 +0200] "GET /?i=72749121 HTTP/1.1" 200 93801 "-" "Mozilla/5.0 (compatible; DotBot/1.2; +https://opensiteexplorer.org/dotbot; [email protected])"
172.70.207.187 - - [08/May/2025:11:36:04 +0200] "GET /?ios=g%C3%A1i+xinh+vi%E1%BB%87t+nam+sex HTTP/1.1" 200 999 "-" "Mozilla/5.0 AppleWebKit/537.36 (KHTML, like Gecko; compatible; GPTBot/1.2; +https://openai.com/gptbot)"
172.68.22.3 - - [08/May/2025:11:36:05 +0200] "GET /?i=73483621 HTTP/1.1" 200 131 "-" "Mozilla/5.0 (compatible; DotBot/1.2; +https://opensiteexplorer.org/dotbot; [email protected])"
172.70.207.187 - - [08/May/2025:11:36:05 +0200] "GET /?ios=phim+sex+%C4%91%E1%BB%8Bt+nhau+hay HTTP/1.1" 200 999 "-" "Mozilla/5.0 AppleWebKit/537.36 (KHTML, like Gecko; compatible; GPTBot/1.2; +https://openai.com/gptbot)"
162.158.41.239 - - [08/May/2025:11:36:05 +0200] "GET /?i=88933121 HTTP/1.1" 200 131 "-" "Mozilla/5.0 (compatible; DotBot/1.2; +https://opensiteexplorer.org/dotbot; [email protected])"
172.70.207.187 - - [08/May/2025:11:36:06 +0200] "GET /?top=phim+xet+g%C3%A1i+vi%E1%BB%87t+nam HTTP/1.1" 200 999 "-" "Mozilla/5.0 AppleWebKit/537.36 (KHTML, like Gecko; compatible; GPTBot/1.2; +https://openai.com/gptbot)"
172.71.147.94 - - [08/May/2025:11:36:07 +0200] "GET /?i=108981921 HTTP/1.1" 200 93801 "-" "Mozilla/5.0 (compatible; DotBot/1.2; +https://opensiteexplorer.org/dotbot; [email protected])"
172.70.207.187 - - [08/May/2025:11:36:08 +0200] "GET /?bet=phim+sex+%C4%91%E1%BB%8Bt+nhau+hay HTTP/1.1" 200 999 "-" "Mozilla/5.0 AppleWebKit/537.36 (KHTML, like Gecko; compatible; GPTBot/1.2; +https://openai.com/gptbot)"
108.162.245.130 - - [08/May/2025:11:36:08 +0200] "GET /?i=112198721 HTTP/1.1" 200 131 "-" "Mozilla/5.0 (compatible; DotBot/1.2; +https://opensiteexplorer.org/dotbot; [email protected])"
172.70.207.187 - - [08/May/2025:11:36:09 +0200] "GET /?ios=sex+vi%E1%BB%87t+nam+g%C3%A1i+xinh HTTP/1.1" 200 999 "-" "Mozilla/5.0 AppleWebKit/537.36 (KHTML, like Gecko; compatible; GPTBot/1.2; +https://openai.com/gptbot)"
162.158.41.18 - - [08/May/2025:11:36:08 +0200] "GET /?i=11238421 HTTP/1.1" 200 93801 "-" "Mozilla/5.0 (compatible; DotBot/1.2; +https://opensiteexplorer.org/dotbot; [email protected])"
172.71.151.109 - - [08/May/2025:11:36:10 +0200] "GET /?i=131519321 HTTP/1.1" 200 131 "-" "Mozilla/5.0 (compatible; DotBot/1.2; +https://opensiteexplorer.org/dotbot; [email protected])"
172.70.207.187 - - [08/May/2025:11:36:10 +0200] "GET /?ios=xex+vi%E1%BB%87t+nam+g%C3%A1i+xinh HTTP/1.1" 200 999 "-" "Mozilla/5.0 AppleWebKit/537.36 (KHTML, like Gecko; compatible; GPTBot/1.2; +https://openai.com/gptbot)"
172.68.22.72 - - [08/May/2025:11:36:10 +0200] "GET /?i=131522821 HTTP/1.1" 200 131 "-" "Mozilla/5.0 (compatible; DotBot/1.2; +https://opensiteexplorer.org/dotbot; [email protected])"
172.70.207.188 - - [08/May/2025:11:36:11 +0200] "GET /?hot=sex+trong+nh%C3%A0+v%E1%BB%87+sinh HTTP/1.1" 200 999 "-" "Mozilla/5.0 AppleWebKit/537.36 (KHTML, like Gecko; compatible; GPTBot/1.2; +https://openai.com/gptbot)"
172.71.142.87 - - [08/May/2025:11:36:11 +0200] "GET /?i=137663421 HTTP/1.1" 200 131 "-" "Mozilla/5.0 (compatible; DotBot/1.2; +https://opensiteexplorer.org/dotbot; [email protected])"
108.162.246.98 - - [08/May/2025:11:36:12 +0200] "GET /?i=147392621 HTTP/1.1" 200 93801 "-" "Mozilla/5.0 (compatible; DotBot/1.2; +https://opensiteexplorer.org/dotbot; [email protected])"
172.70.207.188 - - [08/May/2025:11:36:12 +0200] "GET /?ios=sex+trong+nh%C3%A0+v%E1%BB%87+sinh HTTP/1.1" 200 999 "-" "Mozilla/5.0 AppleWebKit/537.36 (KHTML, like Gecko; compatible; GPTBot/1.2; +https://openai.com/gptbot)"
162.158.42.235 - - [08/May/2025:11:36:13 +0200] "GET /?i=148897021 HTTP/1.1" 200 131 "-" "Mozilla/5.0 (compatible; DotBot/1.2; +https://opensiteexplorer.org/dotbot; [email protected])"
172.70.207.188 - - [08/May/2025:11:36:13 +0200] "GET /?top=sex+g%C3%A1i+teen+vi%E1%BB%87t+nam HTTP/1.1" 200 999 "-" "Mozilla/5.0 AppleWebKit/537.36 (KHTML, like Gecko; compatible; GPTBot/1.2; +https://openai.com/gptbot)"
172.71.146.109 - - [08/May/2025:11:36:14 +0200] "GET /?i=152190621 HTTP/1.1" 200 93801 "-" "Mozilla/5.0 (compatible; DotBot/1.2; +https://opensiteexplorer.org/dotbot; [email protected])"
172.70.207.188 - - [08/May/2025:11:36:14 +0200] "GET /?top=phim+sex+g%C3%A1i+xinh+l%E1%BB%93n HTTP/1.1" 200 999 "-" "Mozilla/5.0 AppleWebKit/537.36 (KHTML, like Gecko; compatible; GPTBot/1.2; +https://openai.com/gptbot)"
108.162.246.41 - - [08/May/2025:11:36:15 +0200] "GET /?i=155275021 HTTP/1.1" 200 93801 "-" "Mozilla/5.0 (compatible; DotBot/1.2; +https://opensiteexplorer.org/dotbot; [email protected])"
172.71.124.197 - - [08/May/2025:11:36:16 +0200] "GET /?i=80762521 HTTP/1.1" 200 131 "-" "Mozilla/5.0 (Linux; Android 5.0) AppleWebKit/537.36 (KHTML, like Gecko) Mobile Safari/537.36 (compatible; Bytespider; [email protected])"
172.70.207.188 - - [08/May/2025:11:36:16 +0200] "GET /?ios=phim+sex+vi%E1%BB%87t+nam+x%C6%B0a HTTP/1.1" 200 999 "-" "Mozilla/5.0 AppleWebKit/537.36 (KHTML, like Gecko; compatible; GPTBot/1.2; +https://openai.com/gptbot)"
172.68.23.203 - - [08/May/2025:11:36:16 +0200] "GET /?i=163110521 HTTP/1.1" 200 93801 "-" "Mozilla/5.0 (compatible; DotBot/1.2; +https://opensiteexplorer.org/dotbot; [email protected])"
172.70.207.188 - - [08/May/2025:11:36:17 +0200] "GET /?produc_id=phim+18+d%C3%A0i+t%E1%BA%ADp HTTP/1.1" 200 999 "-" "Mozilla/5.0 AppleWebKit/537.36 (KHTML, like Gecko; compatible; GPTBot/1.2; +https://openai.com/gptbot)"
162.158.42.90 - - [08/May/2025:11:36:17 +0200] "GET /?i=167572021 HTTP/1.1" 200 93801 "-" "Mozilla/5.0 (compatible; DotBot/1.2; +https://opensiteexplorer.org/dotbot; [email protected])"
172.70.207.188 - - [08/May/2025:11:36:18 +0200] "GET /?top=sex+g%C3%A1i+xinh+vi%E1%BB%87t+nan HTTP/1.1" 200 999 "-" "Mozilla/5.0 AppleWebKit/537.36 (KHTML, like Gecko; compatible; GPTBot/1.2; +https://openai.com/gptbot)"
172.70.130.202 - - [08/May/2025:11:36:19 +0200] "GET /?ios=g%C3%A1i+xinh+khoe+l%E1%BB%97+%C4%91%C3%ADt HTTP/1.1" 200 999 "-" "Mozilla/5.0 AppleWebKit/537.36 (KHTML, like Gecko; compatible; ClaudeBot/1.0; [email protected])"
172.71.254.141 - - [08/May/2025:11:36:19 +0200] "GET /?play=tay+dit+nhau HTTP/1.1" 200 999 "-" "Mozilla/5.0 AppleWebKit/537.36 (KHTML, like Gecko; compatible; ClaudeBot/1.0; [email protected])"
172.71.255.32 - - [08/May/2025:11:36:19 +0200] "GET /?play=l%E1%BB%8Bch+thi+%C4%91%E1%BA%A5u+c%C3%A2u+l%E1%BA%A1c+b%E1%BB%99+manchester+city HTTP/1.1" 200 999 "-" "Mozilla/5.0 AppleWebKit/537.36 (KHTML, like Gecko; compatible; ClaudeBot/1.0; [email protected])"
172.68.22.39 - - [08/May/2025:11:36:19 +0200] "GET /?i=171659321 HTTP/1.1" 200 93801 "-" "Mozilla/5.0 (compatible; DotBot/1.2; +https://opensiteexplorer.org/dotbot; [email protected])"
172.69.7.67 - - [08/May/2025:11:36:19 +0200] "GET /?play=b%E1%BB%8B+%C4%91%E1%BB%8Bt HTTP/1.1" 200 999 "-" "Mozilla/5.0 AppleWebKit/537.36 (KHTML, like Gecko; compatible; ClaudeBot/1.0; [email protected])"
172.71.254.141 - - [08/May/2025:11:36:19 +0200] "GET /?ios=phim+xex+ti%E1%BA%BFng+vi%E1%BB%87t HTTP/1.1" 200 999 "-" "Mozilla/5.0 AppleWebKit/537.36 (KHTML, like Gecko; compatible; ClaudeBot/1.0; [email protected])"
172.70.100.157 - - [08/May/2025:11:36:19 +0200] "GET /?hot=hentai+3d+kh%C3%B4ng+che HTTP/1.1" 200 999 "-" "Mozilla/5.0 AppleWebKit/537.36 (KHTML, like Gecko; compatible; ClaudeBot/1.0; [email protected])"
172.70.207.188 - - [08/May/2025:11:36:19 +0200] "GET /?hot=phim+sex+%C4%91%E1%BB%8Bt+nhau+hay HTTP/1.1" 200 999 "-" "Mozilla/5.0 AppleWebKit/537.36 (KHTML, like Gecko; compatible; GPTBot/1.2; +https://openai.com/gptbot)"
172.70.207.188 - - [08/May/2025:11:36:20 +0200] "GET /?ios=xem+phim+sex+%C4%91%E1%BB%8Bt+nhau HTTP/1.1" 200 999 "-" "Mozilla/5.0 AppleWebKit/537.36 (KHTML, like Gecko; compatible; GPTBot/1.2; +https://openai.com/gptbot)"
172.71.150.91 - - [08/May/2025:11:36:21 +0200] "GET /?i=184516821 HTTP/1.1" 200 131 "-" "Mozilla/5.0 (compatible; DotBot/1.2; +https://opensiteexplorer.org/dotbot; [email protected])"
172.70.207.188 - - [08/May/2025:11:36:21 +0200] "GET /?hot=phim+s%C3%A9t+vi%E1%BB%87t+nam+hay HTTP/1.1" 200 999 "-" "Mozilla/5.0 AppleWebKit/537.36 (KHTML, like Gecko; compatible; GPTBot/1.2; +https://openai.com/gptbot)"
172.70.207.188 - - [08/May/2025:11:36:23 +0200] "GET /?ios=cho+xem+phim+%C4%91%E1%BB%8Bt+nhau HTTP/1.1" 200 999 "-" "Mozilla/5.0 AppleWebKit/537.36 (KHTML, like Gecko; compatible; GPTBot/1.2; +https://openai.com/gptbot)"
172.71.150.217 - - [08/May/2025:11:36:23 +0200] "GET /?i=185951321 HTTP/1.1" 200 93801 "-" "Mozilla/5.0 (compatible; DotBot/1.2; +https://opensiteexplorer.org/dotbot; [email protected])"
172.70.207.188 - - [08/May/2025:11:36:24 +0200] "GET /?bet=phim+xet+g%C3%A1i+vi%E1%BB%87t+nam HTTP/1.1" 200 999 "-" "Mozilla/5.0 AppleWebKit/537.36 (KHTML, like Gecko; compatible; GPTBot/1.2; +https://openai.com/gptbot)"
162.158.42.18 - - [08/May/2025:11:36:25 +0200] "GET /?i=187079821 HTTP/1.1" 200 131 "-" "Mozilla/5.0 (compatible; DotBot/1.2; +https://opensiteexplorer.org/dotbot; [email protected])"
172.70.207.188 - - [08/May/2025:11:36:25 +0200] "GET /?bet=sex+em+g%C3%A1i+trung+qu%E1%BB%91c HTTP/1.1" 200 999 "-" "Mozilla/5.0 AppleWebKit/537.36 (KHTML, like Gecko; compatible; GPTBot/1.2; +https://openai.com/gptbot)"
108.162.245.153 - - [08/May/2025:11:36:26 +0200] "GET /?i=188504721 HTTP/1.1" 200 131 "-" "Mozilla/5.0 (compatible; DotBot/1.2; +https://opensiteexplorer.org/dotbot; [email protected])"
172.70.207.188 - - [08/May/2025:11:36:26 +0200] "GET /?bet=cho+xem+phim+%C4%91%E1%BB%8Bt+nhau HTTP/1.1" 200 999 "-" "Mozilla/5.0 AppleWebKit/537.36 (KHTML, like Gecko; compatible; GPTBot/1.2; +https://openai.com/gptbot)"
172.68.22.73 - - [08/May/2025:11:36:27 +0200] "GET /?i=19184321 HTTP/1.1" 200 93801 "-" "Mozilla/5.0 (compatible; DotBot/1.2; +https://opensiteexplorer.org/dotbot; [email protected])"
172.70.207.188 - - [08/May/2025:11:36:27 +0200] "GET /?play=phim+c%E1%BA%A5p+3+kh%C3%B4ng+che HTTP/1.1" 200 999 "-" "Mozilla/5.0 AppleWebKit/537.36 (KHTML, like Gecko; compatible; GPTBot/1.2; +https://openai.com/gptbot)"
172.71.146.109 - - [08/May/2025:11:36:28 +0200] "GET /?i=193556721 HTTP/1.1" 200 131 "-" "Mozilla/5.0 (compatible; DotBot/1.2; +https://opensiteexplorer.org/dotbot; [email protected])"
172.70.207.188 - - [08/May/2025:11:36:28 +0200] "GET /?top=xex+vi%E1%BB%87t+nam+g%C3%A1i+xinh HTTP/1.1" 200 999 "-" "Mozilla/5.0 AppleWebKit/537.36 (KHTML, like Gecko; compatible; GPTBot/1.2; +https://openai.com/gptbot)"
108.162.246.42 - - [08/May/2025:11:36:29 +0200] "GET /?i=204101521 HTTP/1.1" 200 93801 "-" "Mozilla/5.0 (compatible; DotBot/1.2; +https://opensiteexplorer.org/dotbot; [email protected])"
172.70.207.188 - - [08/May/2025:11:36:30 +0200] "GET /?play=phim+c%E1%BA%A5p+4+kh%C3%B4ng+che HTTP/1.1" 200 999 "-" "Mozilla/5.0 AppleWebKit/537.36 (KHTML, like Gecko; compatible; GPTBot/1.2; +https://openai.com/gptbot)"
172.68.22.38 - - [08/May/2025:11:36:30 +0200] "GET /?i=20830921 HTTP/1.1" 200 131 "-" "Mozilla/5.0 (compatible; DotBot/1.2; +https://opensiteexplorer.org/dotbot; [email protected])"
172.70.207.188 - - [08/May/2025:11:36:31 +0200] "GET /?hot=jav+g%C3%A1i+xinh+vi%E1%BB%87t+nam HTTP/1.1" 200 999 "-" "Mozilla/5.0 AppleWebKit/537.36 (KHTML, like Gecko; compatible; GPTBot/1.2; +https://openai.com/gptbot)"
162.158.41.238 - - [08/May/2025:11:36:31 +0200] "GET /?i=219324921 HTTP/1.1" 200 131 "-" "Mozilla/5.0 (compatible; DotBot/1.2; +https://opensiteexplorer.org/dotbot; [email protected])"
172.71.142.121 - - [08/May/2025:11:36:31 +0200] "GET /?i=225494221 HTTP/1.1" 200 131 "-" "Mozilla/5.0 (compatible; DotBot/1.2; +https://opensiteexplorer.org/dotbot; [email protected])"
162.158.41.249 - - [08/May/2025:11:36:32 +0200] "GET /?i=231806921 HTTP/1.1" 200 131 "-" "Mozilla/5.0 (compatible; DotBot/1.2; +https://opensiteexplorer.org/dotbot; [email protected])"
172.70.207.188 - - [08/May/2025:11:36:32 +0200] "GET /?app=sex+g%C3%A1i+teen+vi%E1%BB%87t+nam HTTP/1.1" 200 999 "-" "Mozilla/5.0 AppleWebKit/537.36 (KHTML, like Gecko; compatible; GPTBot/1.2; +https://openai.com/gptbot)"
162.158.41.6 - - [08/May/2025:11:36:32 +0200] "GET /?i=241163421 HTTP/1.1" 200 131 "-" "Mozilla/5.0 (compatible; DotBot/1.2; +https://opensiteexplorer.org/dotbot; [email protected])"
172.70.207.188 - - [08/May/2025:11:36:33 +0200] "GET /?app=phim+sex+g%C3%A1i+vi%E1%BB%87t+nam HTTP/1.1" 200 999 "-" "Mozilla/5.0 AppleWebKit/537.36 (KHTML, like Gecko; compatible; GPTBot/1.2; +https://openai.com/gptbot)"
162.158.41.238 - - [08/May/2025:11:36:33 +0200] "GET /?i=255234221 HTTP/1.1" 200 93801 "-" "Mozilla/5.0 (compatible; DotBot/1.2; +https://opensiteexplorer.org/dotbot; [email protected])"
162.158.42.18 - - [08/May/2025:11:36:34 +0200] "GET /?i=263441121 HTTP/1.1" 200 131 "-" "Mozilla/5.0 (compatible; DotBot/1.2; +https://opensiteexplorer.org/dotbot; [email protected])"
162.158.41.249 - - [08/May/2025:11:36:34 +0200] "GET /?i=280135321 HTTP/1.1" 200 131 "-" "Mozilla/5.0 (compatible; DotBot/1.2; +https://opensiteexplorer.org/dotbot; [email protected])"
172.70.207.188 - - [08/May/2025:11:36:34 +0200] "GET /?produc_id=phim+xex+%C4%91am+m%E1%BB%B9 HTTP/1.1" 200 999 "-" "Mozilla/5.0 AppleWebKit/537.36 (KHTML, like Gecko; compatible; GPTBot/1.2; +https://openai.com/gptbot)"
108.162.245.85 - - [08/May/2025:11:36:35 +0200] "GET /?i=280452321 HTTP/1.1" 200 93801 "-" "Mozilla/5.0 (compatible; DotBot/1.2; +https://opensiteexplorer.org/dotbot; [email protected])"
172.70.207.188 - - [08/May/2025:11:36:35 +0200] "GET /?hot=phim+xet+g%C3%A1i+vi%E1%BB%87t+nam HTTP/1.1" 200 999 "-" "Mozilla/5.0 AppleWebKit/537.36 (KHTML, like Gecko; compatible; GPTBot/1.2; +https://openai.com/gptbot)"
162.158.42.89 - - [08/May/2025:11:36:35 +0200] "GET /?i=286549721 HTTP/1.1" 200 93801 "-" "Mozilla/5.0 (compatible; DotBot/1.2; +https://opensiteexplorer.org/dotbot; [email protected])"
162.158.42.226 - - [08/May/2025:11:36:36 +0200] "GET /?i=286681121 HTTP/1.1" 200 93801 "-" "Mozilla/5.0 (compatible; DotBot/1.2; +https://opensiteexplorer.org/dotbot; [email protected])"
172.70.207.188 - - [08/May/2025:11:36:37 +0200] "GET /?hot=sex+g%C3%A1i+teen+vi%E1%BB%87t+nam HTTP/1.1" 200 999 "-" "Mozilla/5.0 AppleWebKit/537.36 (KHTML, like Gecko; compatible; GPTBot/1.2; +https://openai.com/gptbot)"
172.70.207.188 - - [08/May/2025:11:36:38 +0200] "GET /?video=phim+%C4%91en HTTP/1.1" 200 999 "-" "Mozilla/5.0 AppleWebKit/537.36 (KHTML, like Gecko; compatible; GPTBot/1.2; +https://openai.com/gptbot)"
172.71.146.101 - - [08/May/2025:11:36:38 +0200] "GET /?i=28707421 HTTP/1.1" 200 93801 "-" "Mozilla/5.0 (compatible; DotBot/1.2; +https://opensiteexplorer.org/dotbot; [email protected])"
172.70.207.188 - - [08/May/2025:11:36:39 +0200] "GET /?video=%C4%91it+trom HTTP/1.1" 200 999 "-" "Mozilla/5.0 AppleWebKit/537.36 (KHTML, like Gecko; compatible; GPTBot/1.2; +https://openai.com/gptbot)"
172.70.207.188 - - [08/May/2025:11:36:40 +0200] "GET /?video=phim+%C4%91it HTTP/1.1" 200 999 "-" "Mozilla/5.0 AppleWebKit/537.36 (KHTML, like Gecko; compatible; GPTBot/1.2; +https://openai.com/gptbot)"
172.71.142.120 - - [08/May/2025:11:36:40 +0200] "GET /?i=290001121 HTTP/1.1" 200 93801 "-" "Mozilla/5.0 (compatible; DotBot/1.2; +https://opensiteexplorer.org/dotbot; [email protected])"
172.70.207.188 - - [08/May/2025:11:36:41 +0200] "GET /?video=hentai+%C4%91 HTTP/1.1" 200 999 "-" "Mozilla/5.0 AppleWebKit/537.36 (KHTML, like Gecko; compatible; GPTBot/1.2; +https://openai.com/gptbot)"
172.69.176.106 - - [08/May/2025:11:36:42 +0200] "GET /?i=21970821 HTTP/1.1" 200 93801 "-" "Mozilla/5.0 (Linux; Android 5.0) AppleWebKit/537.36 (KHTML, like Gecko) Mobile Safari/537.36 (compatible; Bytespider; [email protected])"
172.70.207.188 - - [08/May/2025:11:36:42 +0200] "GET /?bet=phim+quay+l%C3%A9n+vi%E1%BB%87t+nam HTTP/1.1" 200 999 "-" "Mozilla/5.0 AppleWebKit/537.36 (KHTML, like Gecko; compatible; GPTBot/1.2; +https://openai.com/gptbot)"
172.71.151.93 - - [08/May/2025:11:36:42 +0200] "GET /?i=291217621 HTTP/1.1" 200 93801 "-" "Mozilla/5.0 (compatible; DotBot/1.2; +https://opensiteexplorer.org/dotbot; [email protected])"
172.68.164.36 - - [08/May/2025:11:36:43 +0200] "GET /IMG/logo/1024x538_cmsv2_c54013e5-8833-5743-86fc-a18b87d54ede-8113070.jpg.webp HTTP/1.1" 200 8812 "http://www.igihango.com/?i=21970821" "Mozilla/5.0 (Linux; Android 5.0) AppleWebKit/537.36 (KHTML, like Gecko) Mobile Safari/537.36 (compatible; Bytespider; [email protected])"
162.158.88.142 - - [08/May/2025:11:36:43 +0200] "GET /IMG/logo/img-20231108-wa0084.jpg HTTP/1.1" 200 8767 "http://www.igihango.com/?i=21970821" "Mozilla/5.0 (Linux; Android 5.0) AppleWebKit/537.36 (KHTML, like Gecko) Mobile Safari/537.36 (compatible; Bytespider; [email protected])"
172.70.207.188 - - [08/May/2025:11:36:44 +0200] "GET /?produc_id=g%C3%A1i+sex+vi%E1%BB%87t+nam HTTP/1.1" 200 999 "-" "Mozilla/5.0 AppleWebKit/537.36 (KHTML, like Gecko; compatible; GPTBot/1.2; +https://openai.com/gptbot)"
172.70.207.188 - - [08/May/2025:11:36:45 +0200] "GET /?play=coi+phim+sex+h%C3%A0n+qu%E1%BB%91c HTTP/1.1" 200 999 "-" "Mozilla/5.0 AppleWebKit/537.36 (KHTML, like Gecko; compatible; GPTBot/1.2; +https://openai.com/gptbot)"
172.71.146.109 - - [08/May/2025:11:36:45 +0200] "GET /?i=295254821 HTTP/1.1" 200 93801 "-" "Mozilla/5.0 (compatible; DotBot/1.2; +https://opensiteexplorer.org/dotbot; [email protected])"
172.70.207.188 - - [08/May/2025:11:36:46 +0200] "GET /?hot=phim+sex+vi%E1%BB%87t+quay+l%C3%A9n HTTP/1.1" 200 999 "-" "Mozilla/5.0 AppleWebKit/537.36 (KHTML, like Gecko; compatible; GPTBot/1.2; +https://openai.com/gptbot)"
162.158.42.90 - - [08/May/2025:11:36:46 +0200] "GET /?i=30767821 HTTP/1.1" 200 131 "-" "Mozilla/5.0 (compatible; DotBot/1.2; +https://opensiteexplorer.org/dotbot; [email protected])"
172.70.207.188 - - [08/May/2025:11:36:47 +0200] "GET /?produc_id=phim+sex+l%E1%BB%93n+d%C3%A2m HTTP/1.1" 200 999 "-" "Mozilla/5.0 AppleWebKit/537.36 (KHTML, like Gecko; compatible; GPTBot/1.2; +https://openai.com/gptbot)"
172.71.151.93 - - [08/May/2025:11:36:47 +0200] "GET /?i=316215621 HTTP/1.1" 200 131 "-" "Mozilla/5.0 (compatible; DotBot/1.2; +https://opensiteexplorer.org/dotbot; [email protected])"
172.70.207.188 - - [08/May/2025:11:36:48 +0200] "GET /?produc_id=sex+trong+h%E1%BB%93+b%C6%A1i HTTP/1.1" 200 999 "-" "Mozilla/5.0 AppleWebKit/537.36 (KHTML, like Gecko; compatible; GPTBot/1.2; +https://openai.com/gptbot)"
172.71.150.67 - - [08/May/2025:11:36:48 +0200] "GET /?i=32377821 HTTP/1.1" 200 131 "-" "Mozilla/5.0 (compatible; DotBot/1.2; +https://opensiteexplorer.org/dotbot; [email protected])"
172.71.150.203 - - [08/May/2025:11:36:49 +0200] "GET /?i=324824821 HTTP/1.1" 200 93801 "-" "Mozilla/5.0 (compatible; DotBot/1.2; +https://opensiteexplorer.org/dotbot; [email protected])"
172.70.207.188 - - [08/May/2025:11:36:49 +0200] "GET /?keyword=sex+th%C3%A1i+lan+c%E1%BA%A5p+3 HTTP/1.1" 200 999 "-" "Mozilla/5.0 AppleWebKit/537.36 (KHTML, like Gecko; compatible; GPTBot/1.2; +https://openai.com/gptbot)"
108.162.245.97 - - [08/May/2025:11:36:50 +0200] "GET /?i=33164721 HTTP/1.1" 200 131 "-" "Mozilla/5.0 (compatible; DotBot/1.2; +https://opensiteexplorer.org/dotbot; [email protected])"
172.70.207.188 - - [08/May/2025:11:36:51 +0200] "GET /?play=sex+vi%E1%BB%87t+nam+quay+l%C3%A9n HTTP/1.1" 200 999 "-" "Mozilla/5.0 AppleWebKit/537.36 (KHTML, like Gecko; compatible; GPTBot/1.2; +https://openai.com/gptbot)"
162.158.42.90 - - [08/May/2025:11:36:51 +0200] "GET /?i=344721321 HTTP/1.1" 200 131 "-" "Mozilla/5.0 (compatible; DotBot/1.2; +https://opensiteexplorer.org/dotbot; [email protected])"
162.158.41.249 - - [08/May/2025:11:36:52 +0200] "GET /?i=347481521 HTTP/1.1" 200 131 "-" "Mozilla/5.0 (compatible; DotBot/1.2; +https://opensiteexplorer.org/dotbot; [email protected])"
172.70.207.188 - - [08/May/2025:11:36:52 +0200] "GET /?play=phim+sex+sub+h%C3%A0n+qu%E1%BB%91c HTTP/1.1" 200 999 "-" "Mozilla/5.0 AppleWebKit/537.36 (KHTML, like Gecko; compatible; GPTBot/1.2; +https://openai.com/gptbot)"
172.68.22.3 - - [08/May/2025:11:36:52 +0200] "GET /?i=350988921 HTTP/1.1" 200 131 "-" "Mozilla/5.0 (compatible; DotBot/1.2; +https://opensiteexplorer.org/dotbot; [email protected])"
162.158.41.7 - - [08/May/2025:11:36:52 +0200] "GET /?i=354732921 HTTP/1.1" 200 131 "-" "Mozilla/5.0 (compatible; DotBot/1.2; +https://opensiteexplorer.org/dotbot; [email protected])"
172.70.207.188 - - [08/May/2025:11:36:53 +0200] "GET /?ios=phim+quay+l%C3%A9n+vi%E1%BB%87t+nam HTTP/1.1" 200 999 "-" "Mozilla/5.0 AppleWebKit/537.36 (KHTML, like Gecko; compatible; GPTBot/1.2; +https://openai.com/gptbot)"
172.71.146.42 - - [08/May/2025:11:36:53 +0200] "GET /?i=356199121 HTTP/1.1" 200 93801 "-" "Mozilla/5.0 (compatible; DotBot/1.2; +https://opensiteexplorer.org/dotbot; [email protected])"
172.71.151.94 - - [08/May/2025:11:36:54 +0200] "GET /?i=393461921 HTTP/1.1" 200 131 "-" "Mozilla/5.0 (compatible; DotBot/1.2; +https://opensiteexplorer.org/dotbot; [email protected])"
172.70.207.188 - - [08/May/2025:11:36:54 +0200] "GET /?produc_id=sex+g%C3%A1i+khoe+l%E1%BB%93n HTTP/1.1" 200 999 "-" "Mozilla/5.0 AppleWebKit/537.36 (KHTML, like Gecko; compatible; GPTBot/1.2; +https://openai.com/gptbot)"
172.71.146.180 - - [08/May/2025:11:36:54 +0200] "GET /?i=395098721 HTTP/1.1" 200 93801 "-" "Mozilla/5.0 (compatible; DotBot/1.2; +https://opensiteexplorer.org/dotbot; [email protected])"
172.68.23.203 - - [08/May/2025:11:36:55 +0200] "GET /?i=401796321 HTTP/1.1" 200 131 "-" "Mozilla/5.0 (compatible; DotBot/1.2; +https://opensiteexplorer.org/dotbot; [email protected])"
172.70.207.188 - - [08/May/2025:11:36:55 +0200] "GET /?ios=phim+vi%E1%BB%87t+nam+quay+l%C3%A9n HTTP/1.1" 200 999 "-" "Mozilla/5.0 AppleWebKit/537.36 (KHTML, like Gecko; compatible; GPTBot/1.2; +https://openai.com/gptbot)"
162.158.42.18 - - [08/May/2025:11:36:55 +0200] "GET /?i=404644221 HTTP/1.1" 200 131 "-" "Mozilla/5.0 (compatible; DotBot/1.2; +https://opensiteexplorer.org/dotbot; [email protected])"
172.71.151.166 - - [08/May/2025:11:36:56 +0200] "GET /?i=421592921 HTTP/1.1" 200 131 "-" "Mozilla/5.0 (compatible; DotBot/1.2; +https://opensiteexplorer.org/dotbot; [email protected])"
172.68.23.203 - - [08/May/2025:11:36:56 +0200] "GET /?i=428481921 HTTP/1.1" 200 131 "-" "Mozilla/5.0 (compatible; DotBot/1.2; +https://opensiteexplorer.org/dotbot; [email protected])"
172.70.207.188 - - [08/May/2025:11:36:56 +0200] "GET /?produc_id=phim+sex+g%C3%A1i+l%E1%BB%93n HTTP/1.1" 200 999 "-" "Mozilla/5.0 AppleWebKit/537.36 (KHTML, like Gecko; compatible; GPTBot/1.2; +https://openai.com/gptbot)"
162.158.41.7 - - [08/May/2025:11:36:57 +0200] "GET /?i=431685721 HTTP/1.1" 200 93801 "-" "Mozilla/5.0 (compatible; DotBot/1.2; +https://opensiteexplorer.org/dotbot; [email protected])"
172.71.142.58 - - [08/May/2025:11:36:57 +0200] "GET /?i=434710021 HTTP/1.1" 200 131 "-" "Mozilla/5.0 (compatible; DotBot/1.2; +https://opensiteexplorer.org/dotbot; [email protected])"
172.70.207.188 - - [08/May/2025:11:36:58 +0200] "GET /?play=quay+l%C3%A9n+sex+vi%E1%BB%87t+nam HTTP/1.1" 200 999 "-" "Mozilla/5.0 AppleWebKit/537.36 (KHTML, like Gecko; compatible; GPTBot/1.2; +https://openai.com/gptbot)"
172.68.22.39 - - [08/May/2025:11:36:58 +0200] "GET /?i=454699821 HTTP/1.1" 200 93801 "-" "Mozilla/5.0 (compatible; DotBot/1.2; +https://opensiteexplorer.org/dotbot; [email protected])"
172.68.22.3 - - [08/May/2025:11:36:59 +0200] "GET /?i=457172421 HTTP/1.1" 200 131 "-" "Mozilla/5.0 (compatible; DotBot/1.2; +https://opensiteexplorer.org/dotbot; [email protected])"
172.70.207.188 - - [08/May/2025:11:36:59 +0200] "GET /?play=phim+sex+gay+h%C3%A0n+qu%E1%BB%91c HTTP/1.1" 200 999 "-" "Mozilla/5.0 AppleWebKit/537.36 (KHTML, like Gecko; compatible; GPTBot/1.2; +https://openai.com/gptbot)"
172.71.150.169 - - [08/May/2025:11:36:59 +0200] "GET /?i=476516321 HTTP/1.1" 200 131 "-" "Mozilla/5.0 (compatible; DotBot/1.2; +https://opensiteexplorer.org/dotbot; [email protected])"
172.68.22.39 - - [08/May/2025:11:36:59 +0200] "GET /?i=487293721 HTTP/1.1" 200 93801 "-" "Mozilla/5.0 (compatible; DotBot/1.2; +https://opensiteexplorer.org/dotbot; [email protected])"
172.70.207.188 - - [08/May/2025:11:37:00 +0200] "GET /?produc_id=xem+phim+%C4%91%E1%BB%A5+nhau HTTP/1.1" 200 999 "-" "Mozilla/5.0 AppleWebKit/537.36 (KHTML, like Gecko; compatible; GPTBot/1.2; +https://openai.com/gptbot)"
162.158.41.7 - - [08/May/2025:11:37:00 +0200] "GET /?i=490164921 HTTP/1.1" 200 131 "-" "Mozilla/5.0 (compatible; DotBot/1.2; +https://opensiteexplorer.org/dotbot; [email protected])"
172.71.150.191 - - [08/May/2025:11:37:01 +0200] "GET /?i=492056021 HTTP/1.1" 200 131 "-" "Mozilla/5.0 (compatible; DotBot/1.2; +https://opensiteexplorer.org/dotbot; [email protected])"
172.70.207.188 - - [08/May/2025:11:37:01 +0200] "GET /?top=xes+kh%C3%B4ng+che+vi%E1%BB%87t+nam HTTP/1.1" 200 999 "-" "Mozilla/5.0 AppleWebKit/537.36 (KHTML, like Gecko; compatible; GPTBot/1.2; +https://openai.com/gptbot)"
172.71.146.109 - - [08/May/2025:11:37:01 +0200] "GET /?i=5188521 HTTP/1.1" 200 93801 "-" "Mozilla/5.0 (compatible; DotBot/1.2; +https://opensiteexplorer.org/dotbot; [email protected])"
172.71.147.136 - - [08/May/2025:11:37:02 +0200] "GET /?i=67241921 HTTP/1.1" 200 131 "-" "Mozilla/5.0 (compatible; DotBot/1.2; +https://opensiteexplorer.org/dotbot; [email protected])"
172.70.207.188 - - [08/May/2025:11:37:02 +0200] "GET /?play=sex+em+g%C3%A1i+trung+qu%E1%BB%91c HTTP/1.1" 200 999 "-" "Mozilla/5.0 AppleWebKit/537.36 (KHTML, like Gecko; compatible; GPTBot/1.2; +https://openai.com/gptbot)"
162.158.41.238 - - [08/May/2025:11:37:03 +0200] "GET /?i=67370621 HTTP/1.1" 200 131 "-" "Mozilla/5.0 (compatible; DotBot/1.2; +https://opensiteexplorer.org/dotbot; [email protected])"
162.158.42.235 - - [08/May/2025:11:37:03 +0200] "GET /?i=69284321 HTTP/1.1" 200 131 "-" "Mozilla/5.0 (compatible; DotBot/1.2; +https://opensiteexplorer.org/dotbot; [email protected])"
172.70.207.188 - - [08/May/2025:11:37:03 +0200] "GET /?play=sex+g%C3%A1i+xinh+vi%E1%BB%87t+bam HTTP/1.1" 200 999 "-" "Mozilla/5.0 AppleWebKit/537.36 (KHTML, like Gecko; compatible; GPTBot/1.2; +https://openai.com/gptbot)"
108.162.245.237 - - [08/May/2025:11:37:03 +0200] "GET /?i=98757421 HTTP/1.1" 200 93801 "-" "Mozilla/5.0 (compatible; DotBot/1.2; +https://opensiteexplorer.org/dotbot; [email protected])"
172.70.207.188 - - [08/May/2025:11:37:04 +0200] "GET /?produc_id=phim+sex+h%C3%A0+qu%E1%BB%91c HTTP/1.1" 200 999 "-" "Mozilla/5.0 AppleWebKit/537.36 (KHTML, like Gecko; compatible; GPTBot/1.2; +https://openai.com/gptbot)"
172.70.207.188 - - [08/May/2025:11:37:06 +0200] "GET /?bet=phim+vi%E1%BB%87t+nam+quay+l%C3%A9n HTTP/1.1" 200 999 "-" "Mozilla/5.0 AppleWebKit/537.36 (KHTML, like Gecko; compatible; GPTBot/1.2; +https://openai.com/gptbot)"
172.70.207.188 - - [08/May/2025:11:37:07 +0200] "GET /?produc_id=sex+%C4%91%E1%BB%8Bt+nhau+hay HTTP/1.1" 200 999 "-" "Mozilla/5.0 AppleWebKit/537.36 (KHTML, like Gecko; compatible; GPTBot/1.2; +https://openai.com/gptbot)"
172.70.207.188 - - [08/May/2025:11:37:08 +0200] "GET /?produc_id=sex+vi%E1%BB%87t+m%C3%A1y+bay HTTP/1.1" 200 999 "-" "Mozilla/5.0 AppleWebKit/537.36 (KHTML, like Gecko; compatible; GPTBot/1.2; +https://openai.com/gptbot)"
162.158.108.73 - - [08/May/2025:11:37:08 +0200] "GET /?i=132496321 HTTP/1.1" 200 131 "-" "Mozilla/5.0 (Linux; Android 5.0) AppleWebKit/537.36 (KHTML, like Gecko) Mobile Safari/537.36 (compatible; Bytespider; [email protected])"
172.70.207.188 - - [08/May/2025:11:37:09 +0200] "GET /?app=phim+sex+vi%E1%BB%87t+quay+l%C3%A9n HTTP/1.1" 200 999 "-" "Mozilla/5.0 AppleWebKit/537.36 (KHTML, like Gecko; compatible; GPTBot/1.2; +https://openai.com/gptbot)"
172.70.207.188 - - [08/May/2025:11:37:10 +0200] "GET /?bet=phim+sex+vi%E1%BB%87t+quay+l%C3%A9n HTTP/1.1" 200 999 "-" "Mozilla/5.0 AppleWebKit/537.36 (KHTML, like Gecko; compatible; GPTBot/1.2; +https://openai.com/gptbot)"
172.70.207.188 - - [08/May/2025:11:37:11 +0200] "GET /?produc_id=sex+vi%E1%BB%87t+nam+h%C3%B3t HTTP/1.1" 200 999 "-" "Mozilla/5.0 AppleWebKit/537.36 (KHTML, like Gecko; compatible; GPTBot/1.2; +https://openai.com/gptbot)"
172.70.207.188 - - [08/May/2025:11:37:12 +0200] "GET /?produc_id=sex+gay+%C4%91%E1%BA%B9p+trai HTTP/1.1" 200 999 "-" "Mozilla/5.0 AppleWebKit/537.36 (KHTML, like Gecko; compatible; GPTBot/1.2; +https://openai.com/gptbot)"
172.70.207.188 - - [08/May/2025:11:37:14 +0200] "GET /?keyword=phim+sex+%C4%91*+kh%C3%B4ng+che HTTP/1.1" 200 999 "-" "Mozilla/5.0 AppleWebKit/537.36 (KHTML, like Gecko; compatible; GPTBot/1.2; +https://openai.com/gptbot)"
172.70.207.188 - - [08/May/2025:11:37:15 +0200] "GET /?top=sex+vi%E1%BB%87t+nam+kh%C3%B4ng+che HTTP/1.1" 200 999 "-" "Mozilla/5.0 AppleWebKit/537.36 (KHTML, like Gecko; compatible; GPTBot/1.2; +https://openai.com/gptbot)"
172.70.207.188 - - [08/May/2025:11:37:16 +0200] "GET /?ios=phim+sex+vi%E1%BB%87t+quay+l%C3%A9n HTTP/1.1" 200 999 "-" "Mozilla/5.0 AppleWebKit/537.36 (KHTML, like Gecko; compatible; GPTBot/1.2; +https://openai.com/gptbot)"
172.70.207.188 - - [08/May/2025:11:37:17 +0200] "GET /?play=sex+trong+nh%C3%A0+v%E1%BB%87+sinh HTTP/1.1" 200 999 "-" "Mozilla/5.0 AppleWebKit/537.36 (KHTML, like Gecko; compatible; GPTBot/1.2; +https://openai.com/gptbot)"
172.70.207.188 - - [08/May/2025:11:37:18 +0200] "GET /?produc_id=phim+sex+l%E1%BB%93n+gi%C3%A0 HTTP/1.1" 200 999 "-" "Mozilla/5.0 AppleWebKit/537.36 (KHTML, like Gecko; compatible; GPTBot/1.2; +https://openai.com/gptbot)"
172.70.207.188 - - [08/May/2025:11:37:19 +0200] "GET /?play=sex+g%C3%A1i+cinh+vi%E1%BB%87t+nam HTTP/1.1" 200 999 "-" "Mozilla/5.0 AppleWebKit/537.36 (KHTML, like Gecko; compatible; GPTBot/1.2; +https://openai.com/gptbot)"
172.70.207.188 - - [08/May/2025:11:37:21 +0200] "GET /?produc_id=g%C3%A1i+vi%E1%BB%87t+nam+sex HTTP/1.1" 200 999 "-" "Mozilla/5.0 AppleWebKit/537.36 (KHTML, like Gecko; compatible; GPTBot/1.2; +https://openai.com/gptbot)"
172.70.207.188 - - [08/May/2025:11:37:22 +0200] "GET /?top=sex+kh%C3%B4ng+che+vi%E1%BB%87t+nam HTTP/1.1" 200 999 "-" "Mozilla/5.0 AppleWebKit/537.36 (KHTML, like Gecko; compatible; GPTBot/1.2; +https://openai.com/gptbot)"
172.70.207.188 - - [08/May/2025:11:37:23 +0200] "GET /?produc_id=xem+sex+%C4%91%E1%BB%8Bt+nhau HTTP/1.1" 200 999 "-" "Mozilla/5.0 AppleWebKit/537.36 (KHTML, like Gecko; compatible; GPTBot/1.2; +https://openai.com/gptbot)"
172.70.207.188 - - [08/May/2025:11:37:24 +0200] "GET /?top=phim+sex+vi%E1%BB%87t+quay+l%C3%A9n HTTP/1.1" 200 999 "-" "Mozilla/5.0 AppleWebKit/537.36 (KHTML, like Gecko; compatible; GPTBot/1.2; +https://openai.com/gptbot)"
172.70.207.188 - - [08/May/2025:11:37:25 +0200] "GET /?top=phim+sex+ng%C6%B0%E1%BB%9Di+y%C3%AAu HTTP/1.1" 200 999 "-" "Mozilla/5.0 AppleWebKit/537.36 (KHTML, like Gecko; compatible; GPTBot/1.2; +https://openai.com/gptbot)"
172.70.207.188 - - [08/May/2025:11:37:26 +0200] "GET /?hot=phim+sex+ng%C6%B0%E1%BB%9Di+y%C3%AAu HTTP/1.1" 200 999 "-" "Mozilla/5.0 AppleWebKit/537.36 (KHTML, like Gecko; compatible; GPTBot/1.2; +https://openai.com/gptbot)"
172.70.207.188 - - [08/May/2025:11:37:27 +0200] "GET /?keyword=sex+ch%C3%A2u+%C3%A2u+vietsup HTTP/1.1" 200 999 "-" "Mozilla/5.0 AppleWebKit/537.36 (KHTML, like Gecko; compatible; GPTBot/1.2; +https://openai.com/gptbot)"
172.70.207.188 - - [08/May/2025:11:37:28 +0200] "GET /?keyword=sex+ch%C3%A2u+%C3%A2u+vietbus HTTP/1.1" 200 999 "-" "Mozilla/5.0 AppleWebKit/537.36 (KHTML, like Gecko; compatible; GPTBot/1.2; +https://openai.com/gptbot)"
172.70.207.188 - - [08/May/2025:11:37:30 +0200] "GET /?keyword=sex+ch%C3%A2u+%C3%A2u+vietsub HTTP/1.1" 200 999 "-" "Mozilla/5.0 AppleWebKit/537.36 (KHTML, like Gecko; compatible; GPTBot/1.2; +https://openai.com/gptbot)"
172.70.207.188 - - [08/May/2025:11:37:31 +0200] "GET /?keyword=sex+ch%C3%A2u+%C3%A2u+vietssub HTTP/1.1" 200 999 "-" "Mozilla/5.0 AppleWebKit/537.36 (KHTML, like Gecko; compatible; GPTBot/1.2; +https://openai.com/gptbot)"
172.70.207.188 - - [08/May/2025:11:37:32 +0200] "GET /?keyword=sex+ch%C3%A2u+%C3%A2u+vietshup HTTP/1.1" 200 999 "-" "Mozilla/5.0 AppleWebKit/537.36 (KHTML, like Gecko; compatible; GPTBot/1.2; +https://openai.com/gptbot)"
172.70.207.188 - - [08/May/2025:11:37:33 +0200] "GET /?produc_id=%C4%91%E1%BB%A5+em+v%C3%BA+to HTTP/1.1" 200 999 "-" "Mozilla/5.0 AppleWebKit/537.36 (KHTML, like Gecko; compatible; GPTBot/1.2; +https://openai.com/gptbot)"
172.70.207.188 - - [08/May/2025:11:37:34 +0200] "GET /?play=thong+ke+giai+dac+biet+2023 HTTP/1.1" 200 999 "-" "Mozilla/5.0 AppleWebKit/537.36 (KHTML, like Gecko; compatible; GPTBot/1.2; +https://openai.com/gptbot)"
172.71.82.115 - - [08/May/2025:11:37:34 +0200] "GET /?i=127139821 HTTP/1.1" 200 93801 "-" "Mozilla/5.0 (Linux; Android 5.0) AppleWebKit/537.36 (KHTML, like Gecko) Mobile Safari/537.36 (compatible; Bytespider; [email protected])"
172.70.207.188 - - [08/May/2025:11:37:35 +0200] "GET /?play=k%E1%BA%BFt+qu%E1%BA%A3+tr%E1%BB%B1c+tuy%E1%BA%BFn HTTP/1.1" 200 999 "-" "Mozilla/5.0 AppleWebKit/537.36 (KHTML, like Gecko; compatible; GPTBot/1.2; +https://openai.com/gptbot)"
172.68.164.36 - - [08/May/2025:11:37:36 +0200] "GET /IMG/logo/1024x538_cmsv2_c54013e5-8833-5743-86fc-a18b87d54ede-8113070.jpg.webp HTTP/1.1" 200 8812 "http://www.igihango.com/?i=127139821" "Mozilla/5.0 (Linux; Android 5.0) AppleWebKit/537.36 (KHTML, like Gecko) Mobile Safari/537.36 (compatible; Bytespider; [email protected])"
162.158.88.142 - - [08/May/2025:11:37:36 +0200] "GET /IMG/logo/img-20231108-wa0084.jpg HTTP/1.1" 200 8767 "http://www.igihango.com/?i=127139821" "Mozilla/5.0 (Linux; Android 5.0) AppleWebKit/537.36 (KHTML, like Gecko) Mobile Safari/537.36 (compatible; Bytespider; [email protected])"
172.70.207.188 - - [08/May/2025:11:37:36 +0200] "GET /?hot=phim+t%C3%ACnh+c%E1%BA%A3m+nh%E1%BA%ADt+b%E1%BA%A3n HTTP/1.1" 200 999 "-" "Mozilla/5.0 AppleWebKit/537.36 (KHTML, like Gecko; compatible; GPTBot/1.2; +https://openai.com/gptbot)"
172.70.207.188 - - [08/May/2025:11:37:38 +0200] "GET /?top=phim+t%C3%ACnh+c%E1%BA%A3m+nh%E1%BA%ADt+b%E1%BA%A3n HTTP/1.1" 200 999 "-" "Mozilla/5.0 AppleWebKit/537.36 (KHTML, like Gecko; compatible; GPTBot/1.2; +https://openai.com/gptbot)"
172.70.207.188 - - [08/May/2025:11:37:39 +0200] "GET /?top=l%E1%BB%8Bch+b%E1%BB%91c+th%C4%83m+c1 HTTP/1.1" 200 999 "-" "Mozilla/5.0 AppleWebKit/537.36 (KHTML, like Gecko; compatible; GPTBot/1.2; +https://openai.com/gptbot)"
172.70.207.188 - - [08/May/2025:11:37:40 +0200] "GET /?hot=l%E1%BB%8Bch+b%E1%BB%91c+th%C4%83m+c2 HTTP/1.1" 200 999 "-" "Mozilla/5.0 AppleWebKit/537.36 (KHTML, like Gecko; compatible; GPTBot/1.2; +https://openai.com/gptbot)"
172.70.207.188 - - [08/May/2025:11:37:41 +0200] "GET /?bet=l%E1%BB%8Bch+b%E1%BB%91c+th%C4%83m+c1 HTTP/1.1" 200 999 "-" "Mozilla/5.0 AppleWebKit/537.36 (KHTML, like Gecko; compatible; GPTBot/1.2; +https://openai.com/gptbot)"
172.70.207.188 - - [08/May/2025:11:37:42 +0200] "GET /?app=l%E1%BB%8Bch+b%E1%BB%91c+th%C4%83m+c1 HTTP/1.1" 200 999 "-" "Mozilla/5.0 AppleWebKit/537.36 (KHTML, like Gecko; compatible; GPTBot/1.2; +https://openai.com/gptbot)"
172.70.207.188 - - [08/May/2025:11:37:43 +0200] "GET /?hot=l%E1%BB%8Bch+b%E1%BB%91c+th%C4%83m+c1 HTTP/1.1" 200 999 "-" "Mozilla/5.0 AppleWebKit/537.36 (KHTML, like Gecko; compatible; GPTBot/1.2; +https://openai.com/gptbot)"
172.70.207.188 - - [08/May/2025:11:37:44 +0200] "GET /?app=phim+sex+nh%E1%BA%ADt+hi%E1%BA%BFp+d%C3%A2m HTTP/1.1" 200 999 "-" "Mozilla/5.0 AppleWebKit/537.36 (KHTML, like Gecko; compatible; GPTBot/1.2; +https://openai.com/gptbot)"
172.70.207.188 - - [08/May/2025:11:37:46 +0200] "GET /?app=phim+sex+hi%E1%BA%BFp+d%C3%A2m+nh%E1%BA%ADt HTTP/1.1" 200 999 "-" "Mozilla/5.0 AppleWebKit/537.36 (KHTML, like Gecko; compatible; GPTBot/1.2; +https://openai.com/gptbot)"
172.70.207.188 - - [08/May/2025:11:37:47 +0200] "GET /?bet=phim+sex+hi%E1%BA%BFp+d%C3%A2m+th%E1%BA%ADt HTTP/1.1" 200 999 "-" "Mozilla/5.0 AppleWebKit/537.36 (KHTML, like Gecko; compatible; GPTBot/1.2; +https://openai.com/gptbot)"
172.70.207.188 - - [08/May/2025:11:37:48 +0200] "GET /?ios=phim+sex+hi%E1%BA%BFp+d%C3%A2m+ng%E1%BA%AFn HTTP/1.1" 200 999 "-" "Mozilla/5.0 AppleWebKit/537.36 (KHTML, like Gecko; compatible; GPTBot/1.2; +https://openai.com/gptbot)"
172.70.207.188 - - [08/May/2025:11:37:49 +0200] "GET /?hot=phim+s%E1%BA%BD+nh%E1%BA%ADt+kh%C3%B4ng+che HTTP/1.1" 200 999 "-" "Mozilla/5.0 AppleWebKit/537.36 (KHTML, like Gecko; compatible; GPTBot/1.2; +https://openai.com/gptbot)"
172.70.207.188 - - [08/May/2025:11:37:50 +0200] "GET /?app=phim+s%E1%BA%BD+nh%E1%BA%ADt+kh%C3%B4ng+che HTTP/1.1" 200 999 "-" "Mozilla/5.0 AppleWebKit/537.36 (KHTML, like Gecko; compatible; GPTBot/1.2; +https://openai.com/gptbot)"
172.70.207.188 - - [08/May/2025:11:37:51 +0200] "GET /?produc_id=phim+sex+h%C3%A0n+kh%C3%B4ng+che HTTP/1.1" 200 999 "-" "Mozilla/5.0 AppleWebKit/537.36 (KHTML, like Gecko; compatible; GPTBot/1.2; +https://openai.com/gptbot)"
172.70.207.188 - - [08/May/2025:11:37:52 +0200] "GET /?keyword=%E1%BA%A3nh+sex+trung+qu%E1%BB%91c HTTP/1.1" 200 999 "-" "Mozilla/5.0 AppleWebKit/537.36 (KHTML, like Gecko; compatible; GPTBot/1.2; +https://openai.com/gptbot)"
172.70.207.188 - - [08/May/2025:11:37:54 +0200] "GET /?keyword=phim+s%C3%A9t+g%C3%A1i+xinh+ko+che HTTP/1.1" 200 999 "-" "Mozilla/5.0 AppleWebKit/537.36 (KHTML, like Gecko; compatible; GPTBot/1.2; +https://openai.com/gptbot)"
172.70.207.188 - - [08/May/2025:11:37:55 +0200] "GET /?keyword=phim+sex+n%E1%BB%95i+ti%E1%BA%BFng HTTP/1.1" 200 999 "-" "Mozilla/5.0 AppleWebKit/537.36 (KHTML, like Gecko; compatible; GPTBot/1.2; +https://openai.com/gptbot)"
172.70.207.188 - - [08/May/2025:11:37:56 +0200] "GET /?app=b%C3%B3p+v%E1%BB%A5 HTTP/1.1" 200 999 "-" "Mozilla/5.0 AppleWebKit/537.36 (KHTML, like Gecko; compatible; GPTBot/1.2; +https://openai.com/gptbot)"
172.70.207.188 - - [08/May/2025:11:37:57 +0200] "GET /?hot=ch%E1%BB%8Bch+cj HTTP/1.1" 200 999 "-" "Mozilla/5.0 AppleWebKit/537.36 (KHTML, like Gecko; compatible; GPTBot/1.2; +https://openai.com/gptbot)"
172.70.207.188 - - [08/May/2025:11:37:58 +0200] "GET /?video=kh%C3%B4ng+l%C3%B4ng HTTP/1.1" 200 999 "-" "Mozilla/5.0 AppleWebKit/537.36 (KHTML, like Gecko; compatible; GPTBot/1.2; +https://openai.com/gptbot)"
172.70.207.188 - - [08/May/2025:11:37:59 +0200] "GET /?top=phim+set+hi%E1%BA%BFp+d%C3%A2m+vi%E1%BB%87t+nam HTTP/1.1" 200 999 "-" "Mozilla/5.0 AppleWebKit/537.36 (KHTML, like Gecko; compatible; GPTBot/1.2; +https://openai.com/gptbot)"
172.69.166.84 - - [08/May/2025:11:38:01 +0200] "GET /?i=78053921 HTTP/1.1" 200 131 "-" "Mozilla/5.0 (Linux; Android 5.0) AppleWebKit/537.36 (KHTML, like Gecko) Mobile Safari/537.36 (compatible; Bytespider; [email protected])"
172.70.207.188 - - [08/May/2025:11:38:01 +0200] "GET /?app=phim+sex+hi%E1%BA%BFp+d%C3%A2m+vi%E1%BB%87t+nam HTTP/1.1" 200 999 "-" "Mozilla/5.0 AppleWebKit/537.36 (KHTML, like Gecko; compatible; GPTBot/1.2; +https://openai.com/gptbot)"
172.69.7.149 - - [08/May/2025:11:38:01 +0200] "GET /?hot=xxnxx. HTTP/1.1" 200 999 "-" "Mozilla/5.0 AppleWebKit/537.36 (KHTML, like Gecko; compatible; ClaudeBot/1.0; [email protected])"
172.70.179.95 - - [08/May/2025:11:38:01 +0200] "GET /?bet=mbbg+l%E1%BB%93n+%C4%91%E1%BA%B9p HTTP/1.1" 200 999 "-" "Mozilla/5.0 AppleWebKit/537.36 (KHTML, like Gecko; compatible; ClaudeBot/1.0; [email protected])"
172.70.207.188 - - [08/May/2025:11:38:02 +0200] "GET /?app=phim+sex+vi%E1%BB%87t+nam+hi%E1%BA%BFp+d%C3%A2m HTTP/1.1" 200 999 "-" "Mozilla/5.0 AppleWebKit/537.36 (KHTML, like Gecko; compatible; GPTBot/1.2; +https://openai.com/gptbot)"
172.69.6.22 - - [08/May/2025:11:38:02 +0200] "GET /?produc_id=phim+s%C3%AA%CC%81ch HTTP/1.1" 200 999 "-" "Mozilla/5.0 AppleWebKit/537.36 (KHTML, like Gecko; compatible; ClaudeBot/1.0; [email protected])"
172.70.100.69 - - [08/May/2025:11:38:02 +0200] "GET /?video=sex+me+con HTTP/1.1" 200 999 "-" "Mozilla/5.0 AppleWebKit/537.36 (KHTML, like Gecko; compatible; ClaudeBot/1.0; [email protected])"
172.70.207.188 - - [08/May/2025:11:38:03 +0200] "GET /?ios=phim+set+hi%E1%BA%BFp+d%C3%A2m+vi%E1%BB%87t+nam HTTP/1.1" 200 999 "-" "Mozilla/5.0 AppleWebKit/537.36 (KHTML, like Gecko; compatible; GPTBot/1.2; +https://openai.com/gptbot)"
108.162.216.181 - - [08/May/2025:11:38:03 +0200] "GET /?keyword=l%E1%BB%8Bch+thi+%C4%91%E1%BA%A5u+mc HTTP/1.1" 200 999 "-" "Mozilla/5.0 AppleWebKit/537.36 (KHTML, like Gecko; compatible; ClaudeBot/1.0; [email protected])"
172.71.254.46 - - [08/May/2025:11:38:03 +0200] "GET /?bet=xxx+hi%E1%BA%BFp+d%C3%A2m+t%E1%BA%ADp+th%E1%BB%83 HTTP/1.1" 200 999 "-" "Mozilla/5.0 AppleWebKit/537.36 (KHTML, like Gecko; compatible; ClaudeBot/1.0; [email protected])"
172.70.207.188 - - [08/May/2025:11:38:04 +0200] "GET /?app=phim+sex+c%C3%B3+ti%E1%BA%BFng+vi%E1%BB%87t+nam HTTP/1.1" 200 999 "-" "Mozilla/5.0 AppleWebKit/537.36 (KHTML, like Gecko; compatible; GPTBot/1.2; +https://openai.com/gptbot)"
172.70.207.188 - - [08/May/2025:11:38:05 +0200] "GET /?hot=phim+set+hi%E1%BA%BFp+d%C3%A2m+vi%E1%BB%87t+nam HTTP/1.1" 200 999 "-" "Mozilla/5.0 AppleWebKit/537.36 (KHTML, like Gecko; compatible; GPTBot/1.2; +https://openai.com/gptbot)"
172.70.207.188 - - [08/May/2025:11:38:06 +0200] "GET /?top=phim+set+vi%E1%BB%87t+nam+hi%E1%BA%BFp+d%C3%A2m HTTP/1.1" 200 999 "-" "Mozilla/5.0 AppleWebKit/537.36 (KHTML, like Gecko; compatible; GPTBot/1.2; +https://openai.com/gptbot)"
172.70.207.188 - - [08/May/2025:11:38:08 +0200] "GET /?app=phim+sex+vi%E1%BB%87t+nam+c%C3%B3+ti%E1%BA%BFng HTTP/1.1" 200 999 "-" "Mozilla/5.0 AppleWebKit/537.36 (KHTML, like Gecko; compatible; GPTBot/1.2; +https://openai.com/gptbot)"
172.70.207.188 - - [08/May/2025:11:38:09 +0200] "GET /?video=sex+nh%E1%BA%ADt+b%E1%BA%A3n+t%E1%BA%ADp+th%E1%BB%83 HTTP/1.1" 200 999 "-" "Mozilla/5.0 AppleWebKit/537.36 (KHTML, like Gecko; compatible; GPTBot/1.2; +https://openai.com/gptbot)"
172.70.207.188 - - [08/May/2025:11:38:10 +0200] "GET /?produc_id=l%E1%BA%A7n+%C4%91%E1%BA%A7u+%C4%91%C3%B3ng+jav HTTP/1.1" 200 999 "-" "Mozilla/5.0 AppleWebKit/537.36 (KHTML, like Gecko; compatible; GPTBot/1.2; +https://openai.com/gptbot)"
172.70.207.188 - - [08/May/2025:11:38:11 +0200] "GET /?hot=phim+sex+games+show HTTP/1.1" 200 999 "-" "Mozilla/5.0 AppleWebKit/537.36 (KHTML, like Gecko; compatible; GPTBot/1.2; +https://openai.com/gptbot)"
172.70.207.188 - - [08/May/2025:11:38:12 +0200] "GET /?play=gai+xinh+show+hang HTTP/1.1" 200 999 "-" "Mozilla/5.0 AppleWebKit/537.36 (KHTML, like Gecko; compatible; GPTBot/1.2; +https://openai.com/gptbot)"
172.70.207.188 - - [08/May/2025:11:38:13 +0200] "GET /?app=phim+sex+games+show HTTP/1.1" 200 999 "-" "Mozilla/5.0 AppleWebKit/537.36 (KHTML, like Gecko; compatible; GPTBot/1.2; +https://openai.com/gptbot)"
172.70.207.188 - - [08/May/2025:11:38:14 +0200] "GET /?produc_id=di%E1%BB%85n+vi%C3%AAn+sex+trung HTTP/1.1" 200 999 "-" "Mozilla/5.0 AppleWebKit/537.36 (KHTML, like Gecko; compatible; GPTBot/1.2; +https://openai.com/gptbot)"
172.70.207.188 - - [08/May/2025:11:38:16 +0200] "GET /?keyword=di%E1%BB%85n+vi%C3%AAn+sex+china HTTP/1.1" 200 999 "-" "Mozilla/5.0 AppleWebKit/537.36 (KHTML, like Gecko; compatible; GPTBot/1.2; +https://openai.com/gptbot)"
172.70.207.188 - - [08/May/2025:11:38:17 +0200] "GET /?play=di%E1%BB%85n+vi%C3%AAn+melody+marks HTTP/1.1" 200 999 "-" "Mozilla/5.0 AppleWebKit/537.36 (KHTML, like Gecko; compatible; GPTBot/1.2; +https://openai.com/gptbot)"
