172.68.151.60 - - [08/May/2025:12:45:55 +0200] "GET /?hot=vlxx%20vi%E1%BB%87t%20nam HTTP/1.1" 200 999 "-" "Mozilla/5.0 (compatible; MJ12bot/v1.4.8; http://mj12bot.com/)"
162.158.187.161 - - [08/May/2025:12:45:56 +0200] "GET /?bet=ch%E1%BB%8Bch+h%C3%A0n HTTP/1.1" 200 999 "-" "Mozilla/5.0 AppleWebKit/537.36 (KHTML, like Gecko; compatible; GPTBot/1.2; +https://openai.com/gptbot)"
162.158.187.161 - - [08/May/2025:12:45:57 +0200] "GET /?top=h%C3%A0n+ch%E1%BB%8Bch HTTP/1.1" 200 999 "-" "Mozilla/5.0 AppleWebKit/537.36 (KHTML, like Gecko; compatible; GPTBot/1.2; +https://openai.com/gptbot)"
162.158.187.161 - - [08/May/2025:12:45:58 +0200] "GET /?ios=sex+ng%C6%B0%E1%BB%9Di HTTP/1.1" 200 999 "-" "Mozilla/5.0 AppleWebKit/537.36 (KHTML, like Gecko; compatible; GPTBot/1.2; +https://openai.com/gptbot)"
162.158.187.161 - - [08/May/2025:12:45:59 +0200] "GET /?bet=ch%E1%BB%8Bch+t%C3%A2y HTTP/1.1" 200 999 "-" "Mozilla/5.0 AppleWebKit/537.36 (KHTML, like Gecko; compatible; GPTBot/1.2; +https://openai.com/gptbot)"
162.158.187.161 - - [08/May/2025:12:46:00 +0200] "GET /?bet=lo%E1%BA%A1n.lu%C3%A2n HTTP/1.1" 200 999 "-" "Mozilla/5.0 AppleWebKit/537.36 (KHTML, like Gecko; compatible; GPTBot/1.2; +https://openai.com/gptbot)"
172.68.151.61 - - [08/May/2025:12:46:01 +0200] "GET /?hot=quay%20l%C3%A9n%20mat%20xa HTTP/1.1" 200 999 "-" "Mozilla/5.0 (compatible; MJ12bot/v1.4.8; http://mj12bot.com/)"
162.158.187.161 - - [08/May/2025:12:46:02 +0200] "GET /?ios=lo%E1%BA%A1n.lu%C3%A2n HTTP/1.1" 200 999 "-" "Mozilla/5.0 AppleWebKit/537.36 (KHTML, like Gecko; compatible; GPTBot/1.2; +https://openai.com/gptbot)"
162.158.187.161 - - [08/May/2025:12:46:03 +0200] "GET /?ios=lo%E1%BA%A1n+lu%C3%A2n HTTP/1.1" 200 999 "-" "Mozilla/5.0 AppleWebKit/537.36 (KHTML, like Gecko; compatible; GPTBot/1.2; +https://openai.com/gptbot)"
172.68.151.61 - - [08/May/2025:12:46:03 +0200] "GET /?hot=sex%20t%E1%BA%ADp%20th%E1%BB%83%20%C3%A2u%20m%E1%BB%B9 HTTP/1.1" 200 999 "-" "Mozilla/5.0 (compatible; MJ12bot/v1.4.8; http://mj12bot.com/)"
162.158.187.161 - - [08/May/2025:12:46:04 +0200] "GET /?top=ch%E1%BB%8Bch+t%C3%A2y HTTP/1.1" 200 999 "-" "Mozilla/5.0 AppleWebKit/537.36 (KHTML, like Gecko; compatible; GPTBot/1.2; +https://openai.com/gptbot)"
162.158.187.161 - - [08/May/2025:12:46:05 +0200] "GET /?hot=khoe+b%C6%B0%E1%BB%9Bm HTTP/1.1" 200 999 "-" "Mozilla/5.0 AppleWebKit/537.36 (KHTML, like Gecko; compatible; GPTBot/1.2; +https://openai.com/gptbot)"
172.68.151.61 - - [08/May/2025:12:46:05 +0200] "GET /?hot=s%E1%BA%BDchauau HTTP/1.1" 200 999 "-" "Mozilla/5.0 (compatible; MJ12bot/v1.4.8; http://mj12bot.com/)"
162.158.187.161 - - [08/May/2025:12:46:06 +0200] "GET /?top=ch%E1%BB%8Bch+h%C3%A0n HTTP/1.1" 200 999 "-" "Mozilla/5.0 AppleWebKit/537.36 (KHTML, like Gecko; compatible; GPTBot/1.2; +https://openai.com/gptbot)"
162.158.187.161 - - [08/May/2025:12:46:07 +0200] "GET /?ios=ch%E1%BB%8Bch+g%C3%A1i HTTP/1.1" 200 999 "-" "Mozilla/5.0 AppleWebKit/537.36 (KHTML, like Gecko; compatible; GPTBot/1.2; +https://openai.com/gptbot)"
162.158.187.161 - - [08/May/2025:12:46:09 +0200] "GET /?app=ch%C6%A1i+ng%E1%BB%B1c HTTP/1.1" 200 999 "-" "Mozilla/5.0 AppleWebKit/537.36 (KHTML, like Gecko; compatible; GPTBot/1.2; +https://openai.com/gptbot)"
162.158.187.161 - - [08/May/2025:12:46:10 +0200] "GET /?hot=ch%E1%BB%8Bch+t%C3%A2y HTTP/1.1" 200 999 "-" "Mozilla/5.0 AppleWebKit/537.36 (KHTML, like Gecko; compatible; GPTBot/1.2; +https://openai.com/gptbot)"
162.158.187.161 - - [08/May/2025:12:46:11 +0200] "GET /?app=ch%E1%BB%8Bch+g%C3%A1i HTTP/1.1" 200 999 "-" "Mozilla/5.0 AppleWebKit/537.36 (KHTML, like Gecko; compatible; GPTBot/1.2; +https://openai.com/gptbot)"
172.68.151.60 - - [08/May/2025:12:46:11 +0200] "GET /?hot=%E1%BA%A3nh%20sex HTTP/1.1" 200 999 "-" "Mozilla/5.0 (compatible; MJ12bot/v1.4.8; http://mj12bot.com/)"
162.158.187.161 - - [08/May/2025:12:46:12 +0200] "GET /?app=lo%E1%BA%A1n+lu%C3%A2n HTTP/1.1" 200 999 "-" "Mozilla/5.0 AppleWebKit/537.36 (KHTML, like Gecko; compatible; GPTBot/1.2; +https://openai.com/gptbot)"
108.162.226.27 - - [08/May/2025:12:46:13 +0200] "GET /?i=309531621 HTTP/1.1" 200 131 "-" "Mozilla/5.0 (Linux; Android 5.0) AppleWebKit/537.36 (KHTML, like Gecko) Mobile Safari/537.36 (compatible; Bytespider; [email protected])"
162.158.187.161 - - [08/May/2025:12:46:13 +0200] "GET /?top=ch%E1%BB%8Bch+g%C3%A1i HTTP/1.1" 200 999 "-" "Mozilla/5.0 AppleWebKit/537.36 (KHTML, like Gecko; compatible; GPTBot/1.2; +https://openai.com/gptbot)"
162.158.187.161 - - [08/May/2025:12:46:14 +0200] "GET /?top=g%C3%A1i+ch%E1%BB%8Bch HTTP/1.1" 200 999 "-" "Mozilla/5.0 AppleWebKit/537.36 (KHTML, like Gecko; compatible; GPTBot/1.2; +https://openai.com/gptbot)"
162.158.187.161 - - [08/May/2025:12:46:15 +0200] "GET /?ios=ch%E1%BB%8Bch+t%C3%A2y HTTP/1.1" 200 999 "-" "Mozilla/5.0 AppleWebKit/537.36 (KHTML, like Gecko; compatible; GPTBot/1.2; +https://openai.com/gptbot)"
162.158.187.161 - - [08/May/2025:12:46:17 +0200] "GET /?hot=ch%E1%BB%8Bch+g%C3%A1i HTTP/1.1" 200 999 "-" "Mozilla/5.0 AppleWebKit/537.36 (KHTML, like Gecko; compatible; GPTBot/1.2; +https://openai.com/gptbot)"
162.158.187.161 - - [08/May/2025:12:46:18 +0200] "GET /?hot=lo%E1%BA%A1n.lu%C3%A2n HTTP/1.1" 200 999 "-" "Mozilla/5.0 AppleWebKit/537.36 (KHTML, like Gecko; compatible; GPTBot/1.2; +https://openai.com/gptbot)"
162.158.187.161 - - [08/May/2025:12:46:19 +0200] "GET /?play=d%C3%A2m+lo%E1%BA%A1n HTTP/1.1" 200 999 "-" "Mozilla/5.0 AppleWebKit/537.36 (KHTML, like Gecko; compatible; GPTBot/1.2; +https://openai.com/gptbot)"
172.68.151.61 - - [08/May/2025:12:46:19 +0200] "GET /?hot=xes%20trung%20qu%E1%BB%91c%20g%C3%A1i%20xinh HTTP/1.1" 200 999 "-" "Mozilla/5.0 (compatible; MJ12bot/v1.4.8; http://mj12bot.com/)"
162.158.187.161 - - [08/May/2025:12:46:20 +0200] "GET /?app=ch%E1%BB%8Bch+h%C3%A0n HTTP/1.1" 200 999 "-" "Mozilla/5.0 AppleWebKit/537.36 (KHTML, like Gecko; compatible; GPTBot/1.2; +https://openai.com/gptbot)"
162.158.187.161 - - [08/May/2025:12:46:21 +0200] "GET /?bet=g%C3%A1i+ch%E1%BB%8Bch HTTP/1.1" 200 999 "-" "Mozilla/5.0 AppleWebKit/537.36 (KHTML, like Gecko; compatible; GPTBot/1.2; +https://openai.com/gptbot)"
162.158.187.161 - - [08/May/2025:12:46:23 +0200] "GET /?bet=sex+s%C6%B0%E1%BB%9Bng HTTP/1.1" 200 999 "-" "Mozilla/5.0 AppleWebKit/537.36 (KHTML, like Gecko; compatible; GPTBot/1.2; +https://openai.com/gptbot)"
162.158.187.161 - - [08/May/2025:12:46:24 +0200] "GET /?bet=lo%E1%BA%A1n+lu%C3%A2n HTTP/1.1" 200 999 "-" "Mozilla/5.0 AppleWebKit/537.36 (KHTML, like Gecko; compatible; GPTBot/1.2; +https://openai.com/gptbot)"
162.158.187.161 - - [08/May/2025:12:46:25 +0200] "GET /?app=g%C3%A1i+ch%E1%BB%8Bch HTTP/1.1" 200 999 "-" "Mozilla/5.0 AppleWebKit/537.36 (KHTML, like Gecko; compatible; GPTBot/1.2; +https://openai.com/gptbot)"
162.158.187.161 - - [08/May/2025:12:46:26 +0200] "GET /?play=g%C3%A1i+n%E1%BB%A9ng HTTP/1.1" 200 999 "-" "Mozilla/5.0 AppleWebKit/537.36 (KHTML, like Gecko; compatible; GPTBot/1.2; +https://openai.com/gptbot)"
162.158.187.161 - - [08/May/2025:12:46:27 +0200] "GET /?hot=ch%C6%A1i+ng%E1%BB%B1c HTTP/1.1" 200 999 "-" "Mozilla/5.0 AppleWebKit/537.36 (KHTML, like Gecko; compatible; GPTBot/1.2; +https://openai.com/gptbot)"
162.158.187.161 - - [08/May/2025:12:46:28 +0200] "GET /?play=sex+n%C6%B0%E1%BB%9Bc HTTP/1.1" 200 999 "-" "Mozilla/5.0 AppleWebKit/537.36 (KHTML, like Gecko; compatible; GPTBot/1.2; +https://openai.com/gptbot)"
162.158.187.161 - - [08/May/2025:12:46:29 +0200] "GET /?hot=lo%E1%BA%A1n+lu%C3%A2n HTTP/1.1" 200 999 "-" "Mozilla/5.0 AppleWebKit/537.36 (KHTML, like Gecko; compatible; GPTBot/1.2; +https://openai.com/gptbot)"
172.68.151.60 - - [08/May/2025:12:46:30 +0200] "GET /?hot=truc%20ti%E1%BA%BFp%20hd HTTP/1.1" 200 999 "-" "Mozilla/5.0 (compatible; MJ12bot/v1.4.8; http://mj12bot.com/)"
162.158.187.161 - - [08/May/2025:12:46:31 +0200] "GET /?play=g%C3%A1i+ng%E1%BB%B1c HTTP/1.1" 200 999 "-" "Mozilla/5.0 AppleWebKit/537.36 (KHTML, like Gecko; compatible; GPTBot/1.2; +https://openai.com/gptbot)"
162.158.187.161 - - [08/May/2025:12:46:32 +0200] "GET /?ios=ch%C6%A1i+ng%E1%BB%B1c HTTP/1.1" 200 999 "-" "Mozilla/5.0 AppleWebKit/537.36 (KHTML, like Gecko; compatible; GPTBot/1.2; +https://openai.com/gptbot)"
162.158.187.161 - - [08/May/2025:12:46:33 +0200] "GET /?play=ng%E1%BB%B1c+g%C3%A1i HTTP/1.1" 200 999 "-" "Mozilla/5.0 AppleWebKit/537.36 (KHTML, like Gecko; compatible; GPTBot/1.2; +https://openai.com/gptbot)"
162.158.187.161 - - [08/May/2025:12:46:34 +0200] "GET /?bet=ch%E1%BB%8Bch+g%C3%A1i HTTP/1.1" 200 999 "-" "Mozilla/5.0 AppleWebKit/537.36 (KHTML, like Gecko; compatible; GPTBot/1.2; +https://openai.com/gptbot)"
162.158.187.161 - - [08/May/2025:12:46:35 +0200] "GET /?top=khoe+b%C6%B0%E1%BB%9Bm HTTP/1.1" 200 999 "-" "Mozilla/5.0 AppleWebKit/537.36 (KHTML, like Gecko; compatible; GPTBot/1.2; +https://openai.com/gptbot)"
162.158.187.161 - - [08/May/2025:12:46:36 +0200] "GET /?hot=g%C3%A1i+ch%E1%BB%8Bch HTTP/1.1" 200 999 "-" "Mozilla/5.0 AppleWebKit/537.36 (KHTML, like Gecko; compatible; GPTBot/1.2; +https://openai.com/gptbot)"
162.158.187.161 - - [08/May/2025:12:46:38 +0200] "GET /?top=lo%E1%BA%A1n+lu%C3%A2n HTTP/1.1" 200 999 "-" "Mozilla/5.0 AppleWebKit/537.36 (KHTML, like Gecko; compatible; GPTBot/1.2; +https://openai.com/gptbot)"
162.158.187.161 - - [08/May/2025:12:46:39 +0200] "GET /?play=b%C6%B0%E1%BB%9Bm+sex HTTP/1.1" 200 999 "-" "Mozilla/5.0 AppleWebKit/537.36 (KHTML, like Gecko; compatible; GPTBot/1.2; +https://openai.com/gptbot)"
162.158.88.7 - - [08/May/2025:12:46:40 +0200] "GET /?i=136247821 HTTP/1.1" 200 93801 "-" "Mozilla/5.0 (Linux; Android 5.0) AppleWebKit/537.36 (KHTML, like Gecko) Mobile Safari/537.36 (compatible; Bytespider; [email protected])"
162.158.187.161 - - [08/May/2025:12:46:40 +0200] "GET /?app=h%C3%A0n+ch%E1%BB%8Bch HTTP/1.1" 200 999 "-" "Mozilla/5.0 AppleWebKit/537.36 (KHTML, like Gecko; compatible; GPTBot/1.2; +https://openai.com/gptbot)"
162.158.88.142 - - [08/May/2025:12:46:41 +0200] "GET /IMG/logo/img-20231108-wa0084.jpg HTTP/1.1" 200 8767 "http://www.igihango.com/?i=136247821" "Mozilla/5.0 (Linux; Android 5.0) AppleWebKit/537.36 (KHTML, like Gecko) Mobile Safari/537.36 (compatible; Bytespider; [email protected])"
162.158.187.161 - - [08/May/2025:12:46:41 +0200] "GET /?ios=sex+s%C6%B0%E1%BB%9Bng HTTP/1.1" 200 999 "-" "Mozilla/5.0 AppleWebKit/537.36 (KHTML, like Gecko; compatible; GPTBot/1.2; +https://openai.com/gptbot)"
162.158.187.161 - - [08/May/2025:12:46:42 +0200] "GET /?play=h%C3%ACnh+l%E1%BB%93n HTTP/1.1" 200 999 "-" "Mozilla/5.0 AppleWebKit/537.36 (KHTML, like Gecko; compatible; GPTBot/1.2; +https://openai.com/gptbot)"
162.158.187.161 - - [08/May/2025:12:46:43 +0200] "GET /?hot=b%C3%B3ng+%C4%91%C3%A1+24%2F7 HTTP/1.1" 200 999 "-" "Mozilla/5.0 AppleWebKit/537.36 (KHTML, like Gecko; compatible; GPTBot/1.2; +https://openai.com/gptbot)"
162.158.187.161 - - [08/May/2025:12:46:45 +0200] "GET /?bet=b%C3%B3ng+%C4%91%C3%A1+24%2F7 HTTP/1.1" 200 999 "-" "Mozilla/5.0 AppleWebKit/537.36 (KHTML, like Gecko; compatible; GPTBot/1.2; +https://openai.com/gptbot)"
162.158.187.161 - - [08/May/2025:12:46:46 +0200] "GET /?app=b%C3%B3ng+%C4%91%C3%A1+24%2F7 HTTP/1.1" 200 999 "-" "Mozilla/5.0 AppleWebKit/537.36 (KHTML, like Gecko; compatible; GPTBot/1.2; +https://openai.com/gptbot)"
162.158.187.161 - - [08/May/2025:12:46:47 +0200] "GET /?produc_id=phim+sex+v%C3%BA+to+lo%E1%BA%A1n+lu%C3%A2n HTTP/1.1" 200 999 "-" "Mozilla/5.0 AppleWebKit/537.36 (KHTML, like Gecko; compatible; GPTBot/1.2; +https://openai.com/gptbot)"
162.158.187.161 - - [08/May/2025:12:46:48 +0200] "GET /?video=mei+itsukaichi HTTP/1.1" 200 999 "-" "Mozilla/5.0 AppleWebKit/537.36 (KHTML, like Gecko; compatible; GPTBot/1.2; +https://openai.com/gptbot)"
162.158.187.161 - - [08/May/2025:12:46:49 +0200] "GET /?video=kqbd+liverpool HTTP/1.1" 200 999 "-" "Mozilla/5.0 AppleWebKit/537.36 (KHTML, like Gecko; compatible; GPTBot/1.2; +https://openai.com/gptbot)"
162.158.187.161 - - [08/May/2025:12:46:50 +0200] "GET /?video=livestream+sex HTTP/1.1" 200 999 "-" "Mozilla/5.0 AppleWebKit/537.36 (KHTML, like Gecko; compatible; GPTBot/1.2; +https://openai.com/gptbot)"
162.158.187.161 - - [08/May/2025:12:46:52 +0200] "GET /?video=hentai+teacher HTTP/1.1" 200 999 "-" "Mozilla/5.0 AppleWebKit/537.36 (KHTML, like Gecko; compatible; GPTBot/1.2; +https://openai.com/gptbot)"
172.71.255.81 - - [08/May/2025:12:46:52 +0200] "GET /mobile/89bet-com HTTP/1.1" 200 140202 "-" "Mozilla/5.0 (Linux; Android 6.0.1; Nexus 5X Build/MMB29P) AppleWebKit/537.36 (KHTML, like Gecko) Chrome/136.0.7103.59 Mobile Safari/537.36 (compatible; Googlebot/2.1; +http://www.google.com/bot.html)"
162.158.187.161 - - [08/May/2025:12:46:53 +0200] "GET /?video=tintuc+thethao HTTP/1.1" 200 999 "-" "Mozilla/5.0 AppleWebKit/537.36 (KHTML, like Gecko; compatible; GPTBot/1.2; +https://openai.com/gptbot)"
162.158.187.161 - - [08/May/2025:12:46:54 +0200] "GET /?video=phimsex+online HTTP/1.1" 200 999 "-" "Mozilla/5.0 AppleWebKit/537.36 (KHTML, like Gecko; compatible; GPTBot/1.2; +https://openai.com/gptbot)"
162.158.187.161 - - [08/May/2025:12:46:55 +0200] "GET /?video=teacher+hentai HTTP/1.1" 200 999 "-" "Mozilla/5.0 AppleWebKit/537.36 (KHTML, like Gecko; compatible; GPTBot/1.2; +https://openai.com/gptbot)"
162.158.187.161 - - [08/May/2025:12:46:56 +0200] "GET /?video=phim+threesome HTTP/1.1" 200 999 "-" "Mozilla/5.0 AppleWebKit/537.36 (KHTML, like Gecko; compatible; GPTBot/1.2; +https://openai.com/gptbot)"
172.69.17.20 - - [08/May/2025:12:46:57 +0200] "POST /get-message-notify HTTP/1.1" 200 117019 "http://igihango.com/mobile/89bet-com" "Mozilla/5.0 (Linux; Android 6.0.1; Nexus 5X Build/MMB29P) AppleWebKit/537.36 (KHTML, like Gecko) Chrome/135.0.7049.114 Mobile Safari/537.36 (compatible; Googlebot/2.1; +http://www.google.com/bot.html)"
162.158.187.161 - - [08/May/2025:12:46:57 +0200] "GET /?video=overflow+heinz HTTP/1.1" 200 999 "-" "Mozilla/5.0 AppleWebKit/537.36 (KHTML, like Gecko; compatible; GPTBot/1.2; +https://openai.com/gptbot)"
172.70.130.210 - - [08/May/2025:12:46:58 +0200] "GET /?video=massage+lon HTTP/1.1" 200 999 "-" "Mozilla/5.0 AppleWebKit/537.36 (KHTML, like Gecko; compatible; ClaudeBot/1.0; [email protected])"
172.71.254.30 - - [08/May/2025:12:46:58 +0200] "GET /?produc_id=sex+bu+cac HTTP/1.1" 200 999 "-" "Mozilla/5.0 AppleWebKit/537.36 (KHTML, like Gecko; compatible; ClaudeBot/1.0; [email protected])"
162.158.187.161 - - [08/May/2025:12:46:58 +0200] "GET /?video=sexhocsinh.com HTTP/1.1" 200 999 "-" "Mozilla/5.0 AppleWebKit/537.36 (KHTML, like Gecko; compatible; GPTBot/1.2; +https://openai.com/gptbot)"
162.158.187.161 - - [08/May/2025:12:47:00 +0200] "GET /?video=hasimoto+arina HTTP/1.1" 200 999 "-" "Mozilla/5.0 AppleWebKit/537.36 (KHTML, like Gecko; compatible; GPTBot/1.2; +https://openai.com/gptbot)"
162.158.187.161 - - [08/May/2025:12:47:01 +0200] "GET /?video=pokemon+hentai HTTP/1.1" 200 999 "-" "Mozilla/5.0 AppleWebKit/537.36 (KHTML, like Gecko; compatible; GPTBot/1.2; +https://openai.com/gptbot)"
162.158.187.161 - - [08/May/2025:12:47:02 +0200] "GET /?video=hentai+prenant HTTP/1.1" 200 999 "-" "Mozilla/5.0 AppleWebKit/537.36 (KHTML, like Gecko; compatible; GPTBot/1.2; +https://openai.com/gptbot)"
162.158.187.161 - - [08/May/2025:12:47:03 +0200] "GET /?video=sex+livestream HTTP/1.1" 200 999 "-" "Mozilla/5.0 AppleWebKit/537.36 (KHTML, like Gecko; compatible; GPTBot/1.2; +https://openai.com/gptbot)"
162.158.187.161 - - [08/May/2025:12:47:04 +0200] "GET /?video=phimsex+mikami HTTP/1.1" 200 999 "-" "Mozilla/5.0 AppleWebKit/537.36 (KHTML, like Gecko; compatible; GPTBot/1.2; +https://openai.com/gptbot)"
162.158.187.161 - - [08/May/2025:12:47:05 +0200] "GET /?video=thegioisex.xyz HTTP/1.1" 200 999 "-" "Mozilla/5.0 AppleWebKit/537.36 (KHTML, like Gecko; compatible; GPTBot/1.2; +https://openai.com/gptbot)"
172.71.124.105 - - [08/May/2025:12:47:05 +0200] "GET /?i=353609721 HTTP/1.1" 200 93801 "-" "Mozilla/5.0 (Linux; Android 5.0) AppleWebKit/537.36 (KHTML, like Gecko) Mobile Safari/537.36 (compatible; Bytespider; [email protected])"
162.158.187.161 - - [08/May/2025:12:47:06 +0200] "GET /?video=sexvietnam+moi HTTP/1.1" 200 999 "-" "Mozilla/5.0 AppleWebKit/537.36 (KHTML, like Gecko; compatible; GPTBot/1.2; +https://openai.com/gptbot)"
162.158.88.142 - - [08/May/2025:12:47:07 +0200] "GET /IMG/logo/img-20231108-wa0084.jpg HTTP/1.1" 200 131 "http://www.igihango.com/?i=353609721" "Mozilla/5.0 (Linux; Android 5.0) AppleWebKit/537.36 (KHTML, like Gecko) Mobile Safari/537.36 (compatible; Bytespider; [email protected])"
162.158.187.161 - - [08/May/2025:12:47:08 +0200] "GET /?video=hentai+oveflow HTTP/1.1" 200 999 "-" "Mozilla/5.0 AppleWebKit/537.36 (KHTML, like Gecko; compatible; GPTBot/1.2; +https://openai.com/gptbot)"
162.158.187.161 - - [08/May/2025:12:47:09 +0200] "GET /?video=arina+hashimot HTTP/1.1" 200 999 "-" "Mozilla/5.0 AppleWebKit/537.36 (KHTML, like Gecko; compatible; GPTBot/1.2; +https://openai.com/gptbot)"
162.158.187.161 - - [08/May/2025:12:47:10 +0200] "GET /?video=massagesex.com HTTP/1.1" 200 999 "-" "Mozilla/5.0 AppleWebKit/537.36 (KHTML, like Gecko; compatible; GPTBot/1.2; +https://openai.com/gptbot)"
162.158.187.161 - - [08/May/2025:12:47:11 +0200] "GET /?video=sex+javvietsub HTTP/1.1" 200 999 "-" "Mozilla/5.0 AppleWebKit/537.36 (KHTML, like Gecko; compatible; GPTBot/1.2; +https://openai.com/gptbot)"
162.158.187.161 - - [08/May/2025:12:47:12 +0200] "GET /?video=lesbian+hentai HTTP/1.1" 200 999 "-" "Mozilla/5.0 AppleWebKit/537.36 (KHTML, like Gecko; compatible; GPTBot/1.2; +https://openai.com/gptbot)"
162.158.187.161 - - [08/May/2025:12:47:13 +0200] "GET /?app=l%E1%BB%93n+l%E1%BB%93n HTTP/1.1" 200 999 "-" "Mozilla/5.0 AppleWebKit/537.36 (KHTML, like Gecko; compatible; GPTBot/1.2; +https://openai.com/gptbot)"
162.158.187.161 - - [08/May/2025:12:47:14 +0200] "GET /?top=ch%E1%BB%91t+s%E1%BB%91 HTTP/1.1" 200 999 "-" "Mozilla/5.0 AppleWebKit/537.36 (KHTML, like Gecko; compatible; GPTBot/1.2; +https://openai.com/gptbot)"
162.158.187.161 - - [08/May/2025:12:47:16 +0200] "GET /?hot=ch%E1%BB%91t+s%E1%BB%91 HTTP/1.1" 200 999 "-" "Mozilla/5.0 AppleWebKit/537.36 (KHTML, like Gecko; compatible; GPTBot/1.2; +https://openai.com/gptbot)"
162.158.187.161 - - [08/May/2025:12:47:17 +0200] "GET /?app=ch%E1%BB%91t+s%E1%BB%91 HTTP/1.1" 200 999 "-" "Mozilla/5.0 AppleWebKit/537.36 (KHTML, like Gecko; compatible; GPTBot/1.2; +https://openai.com/gptbot)"
162.158.187.161 - - [08/May/2025:12:47:18 +0200] "GET /?bet=ch%E1%BB%91t+s%E1%BB%91 HTTP/1.1" 200 999 "-" "Mozilla/5.0 AppleWebKit/537.36 (KHTML, like Gecko; compatible; GPTBot/1.2; +https://openai.com/gptbot)"
162.158.187.161 - - [08/May/2025:12:47:19 +0200] "GET /?produc_id=phim+heo+kh%C3%B4ng+che+trung+qu%E1%BB%91c HTTP/1.1" 200 999 "-" "Mozilla/5.0 AppleWebKit/537.36 (KHTML, like Gecko; compatible; GPTBot/1.2; +https://openai.com/gptbot)"
162.158.187.161 - - [08/May/2025:12:47:20 +0200] "GET /?keyword=%C4%91%E1%BB%8Bt+%C4%91%E1%BB%8Bt HTTP/1.1" 200 999 "-" "Mozilla/5.0 AppleWebKit/537.36 (KHTML, like Gecko; compatible; GPTBot/1.2; +https://openai.com/gptbot)"
162.158.187.161 - - [08/May/2025:12:47:21 +0200] "GET /?video=ch%C4%83m+em+g%C3%A1i+b%E1%BB%87nh HTTP/1.1" 200 999 "-" "Mozilla/5.0 AppleWebKit/537.36 (KHTML, like Gecko; compatible; GPTBot/1.2; +https://openai.com/gptbot)"
162.158.187.161 - - [08/May/2025:12:47:23 +0200] "GET /?video=sex+vi%E1%BB%87t+nam+chat+sex HTTP/1.1" 200 999 "-" "Mozilla/5.0 AppleWebKit/537.36 (KHTML, like Gecko; compatible; GPTBot/1.2; +https://openai.com/gptbot)"
162.158.187.161 - - [08/May/2025:12:47:24 +0200] "GET /?top=sex+ch%C3%A2u+%C3%A2u+top+1 HTTP/1.1" 200 999 "-" "Mozilla/5.0 AppleWebKit/537.36 (KHTML, like Gecko; compatible; GPTBot/1.2; +https://openai.com/gptbot)"
162.158.187.161 - - [08/May/2025:12:47:25 +0200] "GET /?bet=v%C3%BA+b%E1%BB%B1+g%C3%A1i+xinh HTTP/1.1" 200 999 "-" "Mozilla/5.0 AppleWebKit/537.36 (KHTML, like Gecko; compatible; GPTBot/1.2; +https://openai.com/gptbot)"
162.158.187.161 - - [08/May/2025:12:47:26 +0200] "GET /?app=g%C3%A1i+xinh+v%C3%BA+b%E1%BB%B1 HTTP/1.1" 200 999 "-" "Mozilla/5.0 AppleWebKit/537.36 (KHTML, like Gecko; compatible; GPTBot/1.2; +https://openai.com/gptbot)"
162.158.187.161 - - [08/May/2025:12:47:27 +0200] "GET /?app=v%C3%BA+b%E1%BB%B1+g%C3%A1i+xinh HTTP/1.1" 200 999 "-" "Mozilla/5.0 AppleWebKit/537.36 (KHTML, like Gecko; compatible; GPTBot/1.2; +https://openai.com/gptbot)"
162.158.187.161 - - [08/May/2025:12:47:28 +0200] "GET /?top=v%C3%BA+b%E1%BB%B1+g%C3%A1i+xinh HTTP/1.1" 200 999 "-" "Mozilla/5.0 AppleWebKit/537.36 (KHTML, like Gecko; compatible; GPTBot/1.2; +https://openai.com/gptbot)"
162.158.187.161 - - [08/May/2025:12:47:30 +0200] "GET /?play=g%C3%A1i+v%C3%BA+b%E1%BB%B1+sex HTTP/1.1" 200 999 "-" "Mozilla/5.0 AppleWebKit/537.36 (KHTML, like Gecko; compatible; GPTBot/1.2; +https://openai.com/gptbot)"
162.158.187.161 - - [08/May/2025:12:47:31 +0200] "GET /?play=sex+g%C3%A1i+v%C3%BA+b%E1%BB%B1 HTTP/1.1" 200 999 "-" "Mozilla/5.0 AppleWebKit/537.36 (KHTML, like Gecko; compatible; GPTBot/1.2; +https://openai.com/gptbot)"
172.70.142.47 - - [08/May/2025:12:47:32 +0200] "GET /?i=411620521 HTTP/1.1" 200 131 "-" "Mozilla/5.0 (Linux; Android 5.0) AppleWebKit/537.36 (KHTML, like Gecko) Mobile Safari/537.36 (compatible; Bytespider; [email protected])"
162.158.187.161 - - [08/May/2025:12:47:32 +0200] "GET /?hot=v%C3%BA+b%E1%BB%B1+g%C3%A1i+xinh HTTP/1.1" 200 999 "-" "Mozilla/5.0 AppleWebKit/537.36 (KHTML, like Gecko; compatible; GPTBot/1.2; +https://openai.com/gptbot)"
162.158.187.161 - - [08/May/2025:12:47:33 +0200] "GET /?ios=g%C3%A1i+xinh+v%C3%BA+b%E1%BB%B1 HTTP/1.1" 200 999 "-" "Mozilla/5.0 AppleWebKit/537.36 (KHTML, like Gecko; compatible; GPTBot/1.2; +https://openai.com/gptbot)"
172.71.151.110 - - [08/May/2025:12:47:34 +0200] "GET /?i=4972121 HTTP/1.1" 200 131 "-" "Mozilla/5.0 (compatible; DotBot/1.2; +https://opensiteexplorer.org/dotbot; [email protected])"
162.158.187.161 - - [08/May/2025:12:47:34 +0200] "GET /?hot=g%C3%A1i+xinh+v%C3%BA+b%E1%BB%B1 HTTP/1.1" 200 999 "-" "Mozilla/5.0 AppleWebKit/537.36 (KHTML, like Gecko; compatible; GPTBot/1.2; +https://openai.com/gptbot)"
162.158.187.161 - - [08/May/2025:12:47:35 +0200] "GET /?bet=g%C3%A1i+xinh+v%C3%BA+b%E1%BB%B1 HTTP/1.1" 200 999 "-" "Mozilla/5.0 AppleWebKit/537.36 (KHTML, like Gecko; compatible; GPTBot/1.2; +https://openai.com/gptbot)"
162.158.187.161 - - [08/May/2025:12:47:37 +0200] "GET /?ios=v%C3%BA+b%E1%BB%B1+g%C3%A1i+xinh HTTP/1.1" 200 999 "-" "Mozilla/5.0 AppleWebKit/537.36 (KHTML, like Gecko; compatible; GPTBot/1.2; +https://openai.com/gptbot)"
162.158.187.161 - - [08/May/2025:12:47:38 +0200] "GET /?play=sex+h%C3%A0ng+x%C3%B3m HTTP/1.1" 200 999 "-" "Mozilla/5.0 AppleWebKit/537.36 (KHTML, like Gecko; compatible; GPTBot/1.2; +https://openai.com/gptbot)"
162.158.187.161 - - [08/May/2025:12:47:39 +0200] "GET /?keyword=g%C3%A1i+m%C3%B3c HTTP/1.1" 200 999 "-" "Mozilla/5.0 AppleWebKit/537.36 (KHTML, like Gecko; compatible; GPTBot/1.2; +https://openai.com/gptbot)"
162.158.187.161 - - [08/May/2025:12:47:40 +0200] "GET /?keyword=g%C3%A1i+non+t%C6%A1 HTTP/1.1" 200 999 "-" "Mozilla/5.0 AppleWebKit/537.36 (KHTML, like Gecko; compatible; GPTBot/1.2; +https://openai.com/gptbot)"
162.158.187.161 - - [08/May/2025:12:47:41 +0200] "GET /?keyword=g%C3%A1i+c%C3%B3+cu HTTP/1.1" 200 999 "-" "Mozilla/5.0 AppleWebKit/537.36 (KHTML, like Gecko; compatible; GPTBot/1.2; +https://openai.com/gptbot)"
162.158.187.161 - - [08/May/2025:12:47:42 +0200] "GET /?ios=sex+h%C3%A0n+qu%C3%B4vs HTTP/1.1" 200 999 "-" "Mozilla/5.0 AppleWebKit/537.36 (KHTML, like Gecko; compatible; GPTBot/1.2; +https://openai.com/gptbot)"
162.158.187.161 - - [08/May/2025:12:47:43 +0200] "GET /?play=xnxx+c%C3%B4+gi%C3%A1o HTTP/1.1" 200 999 "-" "Mozilla/5.0 AppleWebKit/537.36 (KHTML, like Gecko; compatible; GPTBot/1.2; +https://openai.com/gptbot)"
172.71.147.136 - - [08/May/2025:12:47:44 +0200] "GET /?i=11740421 HTTP/1.1" 200 131 "-" "Mozilla/5.0 (compatible; DotBot/1.2; +https://opensiteexplorer.org/dotbot; [email protected])"
162.158.187.161 - - [08/May/2025:12:47:45 +0200] "GET /?app=sex+h%C3%A0n+qu%C3%B4vs HTTP/1.1" 200 999 "-" "Mozilla/5.0 AppleWebKit/537.36 (KHTML, like Gecko; compatible; GPTBot/1.2; +https://openai.com/gptbot)"
162.158.187.161 - - [08/May/2025:12:47:46 +0200] "GET /?app=sex+kh%C3%B4ng+ch%C6%B0 HTTP/1.1" 200 999 "-" "Mozilla/5.0 AppleWebKit/537.36 (KHTML, like Gecko; compatible; GPTBot/1.2; +https://openai.com/gptbot)"
162.158.187.161 - - [08/May/2025:12:47:47 +0200] "GET /?hot=sex+kh%C3%B4ng+ch%C6%B0 HTTP/1.1" 200 999 "-" "Mozilla/5.0 AppleWebKit/537.36 (KHTML, like Gecko; compatible; GPTBot/1.2; +https://openai.com/gptbot)"
162.158.187.161 - - [08/May/2025:12:47:48 +0200] "GET /?bet=sex+kh%C3%B4ng+ch%C6%B0 HTTP/1.1" 200 999 "-" "Mozilla/5.0 AppleWebKit/537.36 (KHTML, like Gecko; compatible; GPTBot/1.2; +https://openai.com/gptbot)"
172.68.23.203 - - [08/May/2025:12:47:49 +0200] "GET /?i=12797321 HTTP/1.1" 200 131 "-" "Mozilla/5.0 (compatible; DotBot/1.2; +https://opensiteexplorer.org/dotbot; [email protected])"
162.158.187.161 - - [08/May/2025:12:47:49 +0200] "GET /?play=c%C3%B4+gi%C3%A1o+thao HTTP/1.1" 200 999 "-" "Mozilla/5.0 AppleWebKit/537.36 (KHTML, like Gecko; compatible; GPTBot/1.2; +https://openai.com/gptbot)"
162.158.187.161 - - [08/May/2025:12:47:50 +0200] "GET /?play=c%C3%B4+gi%C3%A1o+xnxx HTTP/1.1" 200 999 "-" "Mozilla/5.0 AppleWebKit/537.36 (KHTML, like Gecko; compatible; GPTBot/1.2; +https://openai.com/gptbot)"
162.158.187.161 - - [08/May/2025:12:47:51 +0200] "GET /?ios=s%C3%A9t+kh%C3%B4ng+che HTTP/1.1" 200 999 "-" "Mozilla/5.0 AppleWebKit/537.36 (KHTML, like Gecko; compatible; GPTBot/1.2; +https://openai.com/gptbot)"
172.71.142.105 - - [08/May/2025:12:47:52 +0200] "GET /?i=14431721 HTTP/1.1" 200 93801 "-" "Mozilla/5.0 (compatible; DotBot/1.2; +https://opensiteexplorer.org/dotbot; [email protected])"
162.158.187.161 - - [08/May/2025:12:47:53 +0200] "GET /?app=s%C3%A9t+kh%C3%B4ng+che HTTP/1.1" 200 999 "-" "Mozilla/5.0 AppleWebKit/537.36 (KHTML, like Gecko; compatible; GPTBot/1.2; +https://openai.com/gptbot)"
162.158.187.161 - - [08/May/2025:12:47:54 +0200] "GET /?bet=sex+h%C3%A0n+qu%C3%B4vs HTTP/1.1" 200 999 "-" "Mozilla/5.0 AppleWebKit/537.36 (KHTML, like Gecko; compatible; GPTBot/1.2; +https://openai.com/gptbot)"
162.158.187.161 - - [08/May/2025:12:47:55 +0200] "GET /?play=phim+sex+trungquoc HTTP/1.1" 200 999 "-" "Mozilla/5.0 AppleWebKit/537.36 (KHTML, like Gecko; compatible; GPTBot/1.2; +https://openai.com/gptbot)"
108.162.245.85 - - [08/May/2025:12:47:55 +0200] "GET /?i=17230421 HTTP/1.1" 200 93801 "-" "Mozilla/5.0 (compatible; DotBot/1.2; +https://opensiteexplorer.org/dotbot; [email protected])"
162.158.187.161 - - [08/May/2025:12:47:56 +0200] "GET /?play=th%E1%BB%A7+d%C3%A2m. HTTP/1.1" 200 999 "-" "Mozilla/5.0 AppleWebKit/537.36 (KHTML, like Gecko; compatible; GPTBot/1.2; +https://openai.com/gptbot)"
162.158.187.161 - - [08/May/2025:12:47:57 +0200] "GET /?game=sex+hi%E1%BA%BFp+d%C3%A2m+m%E1%BB%9Bi HTTP/1.1" 200 999 "-" "Mozilla/5.0 AppleWebKit/537.36 (KHTML, like Gecko; compatible; GPTBot/1.2; +https://openai.com/gptbot)"
162.158.42.236 - - [08/May/2025:12:47:58 +0200] "GET /?i=23545421 HTTP/1.1" 200 93801 "-" "Mozilla/5.0 (compatible; DotBot/1.2; +https://opensiteexplorer.org/dotbot; [email protected])"
172.71.152.61 - - [08/May/2025:12:47:58 +0200] "GET /?i=190443921 HTTP/1.1" 200 131 "-" "Mozilla/5.0 (Linux; Android 5.0) AppleWebKit/537.36 (KHTML, like Gecko) Mobile Safari/537.36 (compatible; Bytespider; [email protected])"
162.158.187.161 - - [08/May/2025:12:47:58 +0200] "GET /?game=sex+nh%E1%BA%ADt+th%E1%BB%A7+d%C3%A2m HTTP/1.1" 200 999 "-" "Mozilla/5.0 AppleWebKit/537.36 (KHTML, like Gecko; compatible; GPTBot/1.2; +https://openai.com/gptbot)"
162.158.187.161 - - [08/May/2025:12:47:59 +0200] "GET /?game=sex+th%E1%BB%A7+d%C3%A2m+nh%E1%BA%ADt HTTP/1.1" 200 999 "-" "Mozilla/5.0 AppleWebKit/537.36 (KHTML, like Gecko; compatible; GPTBot/1.2; +https://openai.com/gptbot)"
162.158.42.236 - - [08/May/2025:12:48:00 +0200] "GET /?i=30069021 HTTP/1.1" 200 131 "-" "Mozilla/5.0 (compatible; DotBot/1.2; +https://opensiteexplorer.org/dotbot; [email protected])"
162.158.187.161 - - [08/May/2025:12:48:01 +0200] "GET /?game=sex+m%E1%BB%9Bi+hi%E1%BA%BFp+d%C3%A2m HTTP/1.1" 200 999 "-" "Mozilla/5.0 AppleWebKit/537.36 (KHTML, like Gecko; compatible; GPTBot/1.2; +https://openai.com/gptbot)"
172.68.22.38 - - [08/May/2025:12:48:02 +0200] "GET /?i=34709321 HTTP/1.1" 200 131 "-" "Mozilla/5.0 (compatible; DotBot/1.2; +https://opensiteexplorer.org/dotbot; [email protected])"
162.158.187.161 - - [08/May/2025:12:48:02 +0200] "GET /?game=jav+hi%E1%BA%BFp+d%C3%A2m+m%E1%BB%9Bi HTTP/1.1" 200 999 "-" "Mozilla/5.0 AppleWebKit/537.36 (KHTML, like Gecko; compatible; GPTBot/1.2; +https://openai.com/gptbot)"
162.158.187.161 - - [08/May/2025:12:48:03 +0200] "GET /?game=sex+nh%E1%BA%ADt+l%E1%BB%93n+m%C3%BAp HTTP/1.1" 200 999 "-" "Mozilla/5.0 AppleWebKit/537.36 (KHTML, like Gecko; compatible; GPTBot/1.2; +https://openai.com/gptbot)"
108.162.245.96 - - [08/May/2025:12:48:03 +0200] "GET /?i=38524921 HTTP/1.1" 200 93801 "-" "Mozilla/5.0 (compatible; DotBot/1.2; +https://opensiteexplorer.org/dotbot; [email protected])"
172.69.17.121 - - [08/May/2025:12:48:04 +0200] "GET /?game=gai+xinh+vu+dep HTTP/1.1" 200 999 "-" "Mozilla/5.0 AppleWebKit/537.36 (KHTML, like Gecko; compatible; ClaudeBot/1.0; [email protected])"
172.69.7.97 - - [08/May/2025:12:48:04 +0200] "GET /?produc_id=bu+lon+con+gai HTTP/1.1" 200 999 "-" "Mozilla/5.0 AppleWebKit/537.36 (KHTML, like Gecko; compatible; ClaudeBot/1.0; [email protected])"
162.158.187.161 - - [08/May/2025:12:48:04 +0200] "GET /?game=b%C3%BA+cu+ngh%E1%BB%87+thu%E1%BA%ADt HTTP/1.1" 200 999 "-" "Mozilla/5.0 AppleWebKit/537.36 (KHTML, like Gecko; compatible; GPTBot/1.2; +https://openai.com/gptbot)"
162.158.41.206 - - [08/May/2025:12:48:05 +0200] "GET /?i=40452221 HTTP/1.1" 200 131 "-" "Mozilla/5.0 (compatible; DotBot/1.2; +https://opensiteexplorer.org/dotbot; [email protected])"
162.158.187.161 - - [08/May/2025:12:48:05 +0200] "GET /?play=sv388+tr%E1%BB%B1c+ti%E1%BA%BFp HTTP/1.1" 200 999 "-" "Mozilla/5.0 AppleWebKit/537.36 (KHTML, like Gecko; compatible; GPTBot/1.2; +https://openai.com/gptbot)"
172.71.146.181 - - [08/May/2025:12:48:06 +0200] "GET /?i=45144121 HTTP/1.1" 200 93801 "-" "Mozilla/5.0 (compatible; DotBot/1.2; +https://opensiteexplorer.org/dotbot; [email protected])"
162.158.187.161 - - [08/May/2025:12:48:06 +0200] "GET /?keyword=g%C3%A1i+xinh+b%C3%BA+to HTTP/1.1" 200 999 "-" "Mozilla/5.0 AppleWebKit/537.36 (KHTML, like Gecko; compatible; GPTBot/1.2; +https://openai.com/gptbot)"
162.158.42.7 - - [08/May/2025:12:48:07 +0200] "GET /?i=46678221 HTTP/1.1" 200 131 "-" "Mozilla/5.0 (compatible; DotBot/1.2; +https://opensiteexplorer.org/dotbot; [email protected])"
162.158.187.161 - - [08/May/2025:12:48:08 +0200] "GET /?produc_id=l%C3%B4n+gai+vi%C3%AAt HTTP/1.1" 200 999 "-" "Mozilla/5.0 AppleWebKit/537.36 (KHTML, like Gecko; compatible; GPTBot/1.2; +https://openai.com/gptbot)"
172.71.142.105 - - [08/May/2025:12:48:08 +0200] "GET /?i=48904421 HTTP/1.1" 200 93801 "-" "Mozilla/5.0 (compatible; DotBot/1.2; +https://opensiteexplorer.org/dotbot; [email protected])"
162.158.187.161 - - [08/May/2025:12:48:09 +0200] "GET /?keyword=g%C3%A1i+xinh+v%C3%BA+to HTTP/1.1" 200 999 "-" "Mozilla/5.0 AppleWebKit/537.36 (KHTML, like Gecko; compatible; GPTBot/1.2; +https://openai.com/gptbot)"
162.158.41.6 - - [08/May/2025:12:48:09 +0200] "GET /?i=49637321 HTTP/1.1" 200 93801 "-" "Mozilla/5.0 (compatible; DotBot/1.2; +https://opensiteexplorer.org/dotbot; [email protected])"
162.158.187.161 - - [08/May/2025:12:48:10 +0200] "GET /?hot=ch%E1%BB%A7+nh%E1%BA%ADt+mi%E1%BB%81n+b%E1%BA%AFc+ch%E1%BB%A7+nh%E1%BA%ADt HTTP/1.1" 200 999 "-" "Mozilla/5.0 AppleWebKit/537.36 (KHTML, like Gecko; compatible; GPTBot/1.2; +https://openai.com/gptbot)"
172.71.142.12 - - [08/May/2025:12:48:11 +0200] "GET /?i=49886421 HTTP/1.1" 200 131 "-" "Mozilla/5.0 (compatible; DotBot/1.2; +https://opensiteexplorer.org/dotbot; [email protected])"
162.158.187.161 - - [08/May/2025:12:48:11 +0200] "GET /?hot=%C4%91%C3%B4i+h%C3%ACnh+m%E1%BA%A1nh+dtcl HTTP/1.1" 200 999 "-" "Mozilla/5.0 AppleWebKit/537.36 (KHTML, like Gecko; compatible; GPTBot/1.2; +https://openai.com/gptbot)"
162.158.187.161 - - [08/May/2025:12:48:12 +0200] "GET /?produc_id=soi+c%E1%BA%A7u+3+mi%E1%BB%81n+888 HTTP/1.1" 200 999 "-" "Mozilla/5.0 AppleWebKit/537.36 (KHTML, like Gecko; compatible; GPTBot/1.2; +https://openai.com/gptbot)"
162.158.41.19 - - [08/May/2025:12:48:13 +0200] "GET /?i=50123221 HTTP/1.1" 200 131 "-" "Mozilla/5.0 (compatible; DotBot/1.2; +https://opensiteexplorer.org/dotbot; [email protected])"
162.158.187.161 - - [08/May/2025:12:48:13 +0200] "GET /?produc_id=sex+m%E1%BB%B9+m%C3%A1y+bay+b%C3%A0+gi%C3%A0 HTTP/1.1" 200 999 "-" "Mozilla/5.0 AppleWebKit/537.36 (KHTML, like Gecko; compatible; GPTBot/1.2; +https://openai.com/gptbot)"
162.158.42.17 - - [08/May/2025:12:48:14 +0200] "GET /?i=50693421 HTTP/1.1" 200 93801 "-" "Mozilla/5.0 (compatible; DotBot/1.2; +https://opensiteexplorer.org/dotbot; [email protected])"
162.158.187.161 - - [08/May/2025:12:48:14 +0200] "GET /?app=khoai+cam+la+vo+tan HTTP/1.1" 200 999 "-" "Mozilla/5.0 AppleWebKit/537.36 (KHTML, like Gecko; compatible; GPTBot/1.2; +https://openai.com/gptbot)"
162.158.187.161 - - [08/May/2025:12:48:16 +0200] "GET /?produc_id=phim+%C4%91%E1%BB%8Bt+nhau+sinh+vi%C3%AAn HTTP/1.1" 200 999 "-" "Mozilla/5.0 AppleWebKit/537.36 (KHTML, like Gecko; compatible; GPTBot/1.2; +https://openai.com/gptbot)"
172.68.22.38 - - [08/May/2025:12:48:16 +0200] "GET /?i=54917821 HTTP/1.1" 200 93801 "-" "Mozilla/5.0 (compatible; DotBot/1.2; +https://opensiteexplorer.org/dotbot; [email protected])"
162.158.187.161 - - [08/May/2025:12:48:17 +0200] "GET /?game=nhan+dinh+ngoai+hang+anh+hom+nay HTTP/1.1" 200 999 "-" "Mozilla/5.0 AppleWebKit/537.36 (KHTML, like Gecko; compatible; GPTBot/1.2; +https://openai.com/gptbot)"
172.68.23.203 - - [08/May/2025:12:48:18 +0200] "GET /?i=56947521 HTTP/1.1" 200 131 "-" "Mozilla/5.0 (compatible; DotBot/1.2; +https://opensiteexplorer.org/dotbot; [email protected])"
162.158.187.161 - - [08/May/2025:12:48:18 +0200] "GET /?app=phim+con+heo+lo%E1%BA%A1n+lu%C3%A2n HTTP/1.1" 200 999 "-" "Mozilla/5.0 AppleWebKit/537.36 (KHTML, like Gecko; compatible; GPTBot/1.2; +https://openai.com/gptbot)"
162.158.42.89 - - [08/May/2025:12:48:19 +0200] "GET /?i=60505121 HTTP/1.1" 200 93801 "-" "Mozilla/5.0 (compatible; DotBot/1.2; +https://opensiteexplorer.org/dotbot; [email protected])"
162.158.187.161 - - [08/May/2025:12:48:19 +0200] "GET /?play=l%E1%BB%8Bch+thi+%C4%91%C3%A1u+u23 HTTP/1.1" 200 999 "-" "Mozilla/5.0 AppleWebKit/537.36 (KHTML, like Gecko; compatible; GPTBot/1.2; +https://openai.com/gptbot)"
162.158.41.86 - - [08/May/2025:12:48:20 +0200] "GET /?i=64209221 HTTP/1.1" 200 131 "-" "Mozilla/5.0 (compatible; DotBot/1.2; +https://opensiteexplorer.org/dotbot; [email protected])"
162.158.187.161 - - [08/May/2025:12:48:20 +0200] "GET /?play=l%E1%BB%8Bch+thi+%C4%91%C3%A2u+u23 HTTP/1.1" 200 999 "-" "Mozilla/5.0 AppleWebKit/537.36 (KHTML, like Gecko; compatible; GPTBot/1.2; +https://openai.com/gptbot)"
162.158.187.161 - - [08/May/2025:12:48:21 +0200] "GET /?play=l%E1%BB%8Bch+%C4%91%C3%A1+banh+u23 HTTP/1.1" 200 999 "-" "Mozilla/5.0 AppleWebKit/537.36 (KHTML, like Gecko; compatible; GPTBot/1.2; +https://openai.com/gptbot)"
172.71.151.109 - - [08/May/2025:12:48:22 +0200] "GET /?i=66366421 HTTP/1.1" 200 93801 "-" "Mozilla/5.0 (compatible; DotBot/1.2; +https://opensiteexplorer.org/dotbot; [email protected])"
162.158.187.161 - - [08/May/2025:12:48:23 +0200] "GET /?app=xex+g%C3%A1i+gi%C3%A0 HTTP/1.1" 200 999 "-" "Mozilla/5.0 AppleWebKit/537.36 (KHTML, like Gecko; compatible; GPTBot/1.2; +https://openai.com/gptbot)"
162.158.187.161 - - [08/May/2025:12:48:24 +0200] "GET /?ios=xes+g%C3%A1i+gi%C3%A0 HTTP/1.1" 200 999 "-" "Mozilla/5.0 AppleWebKit/537.36 (KHTML, like Gecko; compatible; GPTBot/1.2; +https://openai.com/gptbot)"
162.158.163.82 - - [08/May/2025:12:48:24 +0200] "GET /?i=241705921 HTTP/1.1" 200 131 "-" "Mozilla/5.0 (Linux; Android 5.0) AppleWebKit/537.36 (KHTML, like Gecko) Mobile Safari/537.36 (compatible; Bytespider; [email protected])"
162.158.42.196 - - [08/May/2025:12:48:24 +0200] "GET /?i=76327621 HTTP/1.1" 200 93801 "-" "Mozilla/5.0 (compatible; DotBot/1.2; +https://opensiteexplorer.org/dotbot; [email protected])"
162.158.187.161 - - [08/May/2025:12:48:25 +0200] "GET /?ios=g%C3%A1i+so+h%C3%A0ng HTTP/1.1" 200 999 "-" "Mozilla/5.0 AppleWebKit/537.36 (KHTML, like Gecko; compatible; GPTBot/1.2; +https://openai.com/gptbot)"
162.158.187.161 - - [08/May/2025:12:48:26 +0200] "GET /?ios=sex+g%C3%A1i+gi%C3%A0 HTTP/1.1" 200 999 "-" "Mozilla/5.0 AppleWebKit/537.36 (KHTML, like Gecko; compatible; GPTBot/1.2; +https://openai.com/gptbot)"
162.158.42.89 - - [08/May/2025:12:48:26 +0200] "GET /?i=77904321 HTTP/1.1" 200 93801 "-" "Mozilla/5.0 (compatible; DotBot/1.2; +https://opensiteexplorer.org/dotbot; [email protected])"
162.158.187.161 - - [08/May/2025:12:48:27 +0200] "GET /?ios=xex+g%C3%A1i+gi%C3%A0 HTTP/1.1" 200 999 "-" "Mozilla/5.0 AppleWebKit/537.36 (KHTML, like Gecko; compatible; GPTBot/1.2; +https://openai.com/gptbot)"
162.158.187.161 - - [08/May/2025:12:48:28 +0200] "GET /?bet=xex+g%C3%A1i+gi%C3%A0 HTTP/1.1" 200 999 "-" "Mozilla/5.0 AppleWebKit/537.36 (KHTML, like Gecko; compatible; GPTBot/1.2; +https://openai.com/gptbot)"
162.158.187.161 - - [08/May/2025:12:48:30 +0200] "GET /?app=ke%CC%80o+nha%CC%80+ca%CC%81i HTTP/1.1" 200 999 "-" "Mozilla/5.0 AppleWebKit/537.36 (KHTML, like Gecko; compatible; GPTBot/1.2; +https://openai.com/gptbot)"
162.158.42.7 - - [08/May/2025:12:48:30 +0200] "GET /?i=78128521 HTTP/1.1" 200 131 "-" "Mozilla/5.0 (compatible; DotBot/1.2; +https://opensiteexplorer.org/dotbot; [email protected])"
162.158.187.161 - - [08/May/2025:12:48:31 +0200] "GET /?keyword=phim+sex+tr%E1%BA%A7n+h%C3%A0+lonh HTTP/1.1" 200 999 "-" "Mozilla/5.0 AppleWebKit/537.36 (KHTML, like Gecko; compatible; GPTBot/1.2; +https://openai.com/gptbot)"
162.158.42.18 - - [08/May/2025:12:48:31 +0200] "GET /?i=79195521 HTTP/1.1" 200 93801 "-" "Mozilla/5.0 (compatible; DotBot/1.2; +https://opensiteexplorer.org/dotbot; [email protected])"
162.158.187.161 - - [08/May/2025:12:48:32 +0200] "GET /?keyword=phim+sex+trai+th%E1%BB%A7+d%C3%A2m HTTP/1.1" 200 999 "-" "Mozilla/5.0 AppleWebKit/537.36 (KHTML, like Gecko; compatible; GPTBot/1.2; +https://openai.com/gptbot)"
172.68.22.39 - - [08/May/2025:12:48:33 +0200] "GET /?i=84747921 HTTP/1.1" 200 131 "-" "Mozilla/5.0 (compatible; DotBot/1.2; +https://opensiteexplorer.org/dotbot; [email protected])"
162.158.187.161 - - [08/May/2025:12:48:33 +0200] "GET /?keyword=phim+xes+tr%E1%BA%A7n+h%C3%A0+linh HTTP/1.1" 200 999 "-" "Mozilla/5.0 AppleWebKit/537.36 (KHTML, like Gecko; compatible; GPTBot/1.2; +https://openai.com/gptbot)"
162.158.187.161 - - [08/May/2025:12:48:34 +0200] "GET /?keyword=phim+sex+tr%E1%BA%A7n+h%C3%A0+linh HTTP/1.1" 200 999 "-" "Mozilla/5.0 AppleWebKit/537.36 (KHTML, like Gecko; compatible; GPTBot/1.2; +https://openai.com/gptbot)"
162.158.42.8 - - [08/May/2025:12:48:35 +0200] "GET /?i=88537421 HTTP/1.1" 200 93801 "-" "Mozilla/5.0 (compatible; DotBot/1.2; +https://opensiteexplorer.org/dotbot; [email protected])"
162.158.187.161 - - [08/May/2025:12:48:35 +0200] "GET /?keyword=tr%E1%BA%A7n+h%C3%A0+linh+phim+sex HTTP/1.1" 200 999 "-" "Mozilla/5.0 AppleWebKit/537.36 (KHTML, like Gecko; compatible; GPTBot/1.2; +https://openai.com/gptbot)"
162.158.187.161 - - [08/May/2025:12:48:37 +0200] "GET /?keyword=phim+sec+han+qu%E1%BB%91c+kh%C3%B4ng+che HTTP/1.1" 200 999 "-" "Mozilla/5.0 AppleWebKit/537.36 (KHTML, like Gecko; compatible; GPTBot/1.2; +https://openai.com/gptbot)"
162.158.42.226 - - [08/May/2025:12:48:37 +0200] "GET /?i=91260421 HTTP/1.1" 200 93801 "-" "Mozilla/5.0 (compatible; DotBot/1.2; +https://opensiteexplorer.org/dotbot; [email protected])"
162.158.187.161 - - [08/May/2025:12:48:38 +0200] "GET /?keyword=phim+sex+ko+qu%E1%BA%A3ng+c%C3%A1o HTTP/1.1" 200 999 "-" "Mozilla/5.0 AppleWebKit/537.36 (KHTML, like Gecko; compatible; GPTBot/1.2; +https://openai.com/gptbot)"
162.158.187.161 - - [08/May/2025:12:48:39 +0200] "GET /?produc_id=sex+ng%C6%B0ng+th%E1%BB%9Di+gian HTTP/1.1" 200 999 "-" "Mozilla/5.0 AppleWebKit/537.36 (KHTML, like Gecko; compatible; GPTBot/1.2; +https://openai.com/gptbot)"
172.68.22.73 - - [08/May/2025:12:48:39 +0200] "GET /?i=94549121 HTTP/1.1" 200 131 "-" "Mozilla/5.0 (compatible; DotBot/1.2; +https://opensiteexplorer.org/dotbot; [email protected])"
162.158.187.161 - - [08/May/2025:12:48:40 +0200] "GET /?keyword=phim+sex+lo%E1%BA%A1n+lu%C3%A2n+vn HTTP/1.1" 200 999 "-" "Mozilla/5.0 AppleWebKit/537.36 (KHTML, like Gecko; compatible; GPTBot/1.2; +https://openai.com/gptbot)"
162.158.187.161 - - [08/May/2025:12:48:41 +0200] "GET /?keyword=phim+sex+my+lo%E1%BA%A1n+lu%C3%A2n HTTP/1.1" 200 999 "-" "Mozilla/5.0 AppleWebKit/537.36 (KHTML, like Gecko; compatible; GPTBot/1.2; +https://openai.com/gptbot)"
162.158.187.161 - - [08/May/2025:12:48:42 +0200] "GET /?keyword=b%C3%ADm+g%C3%A1i HTTP/1.1" 200 999 "-" "Mozilla/5.0 AppleWebKit/537.36 (KHTML, like Gecko; compatible; GPTBot/1.2; +https://openai.com/gptbot)"
108.162.245.97 - - [08/May/2025:12:48:43 +0200] "GET /?i=95006721 HTTP/1.1" 200 131 "-" "Mozilla/5.0 (compatible; DotBot/1.2; +https://opensiteexplorer.org/dotbot; [email protected])"
162.158.187.161 - - [08/May/2025:12:48:44 +0200] "GET /?keyword=l%C3%B4n+m%C3%BAp HTTP/1.1" 200 999 "-" "Mozilla/5.0 AppleWebKit/537.36 (KHTML, like Gecko; compatible; GPTBot/1.2; +https://openai.com/gptbot)"
162.158.187.161 - - [08/May/2025:12:48:45 +0200] "GET /?game=phim+xex+18+ HTTP/1.1" 200 999 "-" "Mozilla/5.0 AppleWebKit/537.36 (KHTML, like Gecko; compatible; GPTBot/1.2; +https://openai.com/gptbot)"
162.158.187.161 - - [08/May/2025:12:48:46 +0200] "GET /?keyword=l%E1%BB%8Bch+h%E1%BA%A1ng+nh%E1%BA%A5t+anh HTTP/1.1" 200 999 "-" "Mozilla/5.0 AppleWebKit/537.36 (KHTML, like Gecko; compatible; GPTBot/1.2; +https://openai.com/gptbot)"
162.158.42.226 - - [08/May/2025:12:48:46 +0200] "GET /?i=95715821 HTTP/1.1" 200 93801 "-" "Mozilla/5.0 (compatible; DotBot/1.2; +https://opensiteexplorer.org/dotbot; [email protected])"
162.158.187.161 - - [08/May/2025:12:48:47 +0200] "GET /?ios=xem+phim+sex+hoc+sinh+viet+nam HTTP/1.1" 200 999 "-" "Mozilla/5.0 AppleWebKit/537.36 (KHTML, like Gecko; compatible; GPTBot/1.2; +https://openai.com/gptbot)"
162.158.187.161 - - [08/May/2025:12:48:48 +0200] "GET /?hot=xem+phim+sex+hoc+sinh+viet+nam HTTP/1.1" 200 999 "-" "Mozilla/5.0 AppleWebKit/537.36 (KHTML, like Gecko; compatible; GPTBot/1.2; +https://openai.com/gptbot)"
162.158.187.161 - - [08/May/2025:12:48:49 +0200] "GET /?top=phim+xxx+co+trang HTTP/1.1" 200 999 "-" "Mozilla/5.0 AppleWebKit/537.36 (KHTML, like Gecko; compatible; GPTBot/1.2; +https://openai.com/gptbot)"
172.71.142.121 - - [08/May/2025:12:48:49 +0200] "GET /?i=98758321 HTTP/1.1" 200 93801 "-" "Mozilla/5.0 (compatible; DotBot/1.2; +https://opensiteexplorer.org/dotbot; [email protected])"
162.158.187.161 - - [08/May/2025:12:48:51 +0200] "GET /?keyword=l%E1%BB%93n+g%C3%A1i+xinh+vi%E1%BB%87t+nam HTTP/1.1" 200 999 "-" "Mozilla/5.0 AppleWebKit/537.36 (KHTML, like Gecko; compatible; GPTBot/1.2; +https://openai.com/gptbot)"
104.23.175.18 - - [08/May/2025:12:48:51 +0200] "GET /?i=420876521 HTTP/1.1" 200 93801 "-" "Mozilla/5.0 (Linux; Android 5.0) AppleWebKit/537.36 (KHTML, like Gecko) Mobile Safari/537.36 (compatible; Bytespider; [email protected])"
162.158.88.143 - - [08/May/2025:12:48:52 +0200] "GET /IMG/logo/img-20231108-wa0084.jpg HTTP/1.1" 200 8767 "http://www.igihango.com/?i=420876521" "Mozilla/5.0 (Linux; Android 5.0) AppleWebKit/537.36 (KHTML, like Gecko) Mobile Safari/537.36 (compatible; Bytespider; [email protected])"
162.158.187.161 - - [08/May/2025:12:48:52 +0200] "GET /?keyword=k%C3%A8o+b%C3%B3ng+888 HTTP/1.1" 200 999 "-" "Mozilla/5.0 AppleWebKit/537.36 (KHTML, like Gecko; compatible; GPTBot/1.2; +https://openai.com/gptbot)"
172.68.22.73 - - [08/May/2025:12:48:52 +0200] "GET /?i=102329121 HTTP/1.1" 200 93801 "-" "Mozilla/5.0 (compatible; DotBot/1.2; +https://opensiteexplorer.org/dotbot; [email protected])"
162.158.187.161 - - [08/May/2025:12:48:53 +0200] "GET /?play=sex+c%C3%B4+h%C3%A0ng+x%C3%B3m+kh%C3%B4ng+che HTTP/1.1" 200 999 "-" "Mozilla/5.0 AppleWebKit/537.36 (KHTML, like Gecko; compatible; GPTBot/1.2; +https://openai.com/gptbot)"
162.158.187.161 - - [08/May/2025:12:48:54 +0200] "GET /?bet=massage+sung+s%C6%B0%E1%BB%9Bng HTTP/1.1" 200 999 "-" "Mozilla/5.0 AppleWebKit/537.36 (KHTML, like Gecko; compatible; GPTBot/1.2; +https://openai.com/gptbot)"
108.162.245.179 - - [08/May/2025:12:48:55 +0200] "GET /?i=102531821 HTTP/1.1" 200 131 "-" "Mozilla/5.0 (compatible; DotBot/1.2; +https://opensiteexplorer.org/dotbot; [email protected])"
162.158.187.161 - - [08/May/2025:12:48:55 +0200] "GET /?video=b%C3%B3ng+%C4%91%C3%A1+net HTTP/1.1" 200 999 "-" "Mozilla/5.0 AppleWebKit/537.36 (KHTML, like Gecko; compatible; GPTBot/1.2; +https://openai.com/gptbot)"
162.158.41.7 - - [08/May/2025:12:48:56 +0200] "GET /?i=105144121 HTTP/1.1" 200 131 "-" "Mozilla/5.0 (compatible; DotBot/1.2; +https://opensiteexplorer.org/dotbot; [email protected])"
162.158.187.161 - - [08/May/2025:12:48:56 +0200] "GET /?video=g%C3%A1i+nh%E1%BA%ADt+th%E1%BB%A7+d%C3%A2m HTTP/1.1" 200 999 "-" "Mozilla/5.0 AppleWebKit/537.36 (KHTML, like Gecko; compatible; GPTBot/1.2; +https://openai.com/gptbot)"
162.158.187.161 - - [08/May/2025:12:48:58 +0200] "GET /?produc_id=xxx+c%C3%B4ng+ch%C3%BAa HTTP/1.1" 200 999 "-" "Mozilla/5.0 AppleWebKit/537.36 (KHTML, like Gecko; compatible; GPTBot/1.2; +https://openai.com/gptbot)"
172.71.151.93 - - [08/May/2025:12:48:58 +0200] "GET /?i=107460221 HTTP/1.1" 200 131 "-" "Mozilla/5.0 (compatible; DotBot/1.2; +https://opensiteexplorer.org/dotbot; [email protected])"
162.158.187.161 - - [08/May/2025:12:48:59 +0200] "GET /?hot=l%C3%A0m+t%C3%ACnh+xxx HTTP/1.1" 200 999 "-" "Mozilla/5.0 AppleWebKit/537.36 (KHTML, like Gecko; compatible; GPTBot/1.2; +https://openai.com/gptbot)"
162.158.42.195 - - [08/May/2025:12:48:59 +0200] "GET /?i=115756321 HTTP/1.1" 200 93801 "-" "Mozilla/5.0 (compatible; DotBot/1.2; +https://opensiteexplorer.org/dotbot; [email protected])"
172.70.35.66 - - [08/May/2025:12:48:59 +0200] "GET /?top=sex%20tay%20v\xe1\xbb\x8bn HTTP/1.1" 200 93801 "-" "meta-externalagent/1.1 (+https://developers.facebook.com/docs/sharing/webmasters/crawler)"
162.158.187.161 - - [08/May/2025:12:49:00 +0200] "GET /?play=phim+sex+b%C3%A0+gi%C3%A0+l%C3%A1i+m%C3%A1y+bay HTTP/1.1" 200 999 "-" "Mozilla/5.0 AppleWebKit/537.36 (KHTML, like Gecko; compatible; GPTBot/1.2; +https://openai.com/gptbot)"
172.71.142.12 - - [08/May/2025:12:49:01 +0200] "GET /?i=117284921 HTTP/1.1" 200 131 "-" "Mozilla/5.0 (compatible; DotBot/1.2; +https://opensiteexplorer.org/dotbot; [email protected])"
162.158.187.161 - - [08/May/2025:12:49:01 +0200] "GET /?ios=em+g%C3%A1i+xxx HTTP/1.1" 200 999 "-" "Mozilla/5.0 AppleWebKit/537.36 (KHTML, like Gecko; compatible; GPTBot/1.2; +https://openai.com/gptbot)"
172.70.135.221 - - [08/May/2025:12:49:00 +0200] "GET /?play=phim%20sex%20th\xc3\xa1i%20lan HTTP/1.1" 200 93801 "-" "meta-externalagent/1.1 (+https://developers.facebook.com/docs/sharing/webmasters/crawler)"
108.162.246.4 - - [08/May/2025:12:49:02 +0200] "GET /?i=118891621 HTTP/1.1" 200 93801 "-" "Mozilla/5.0 (compatible; DotBot/1.2; +https://opensiteexplorer.org/dotbot; [email protected])"
162.158.187.161 - - [08/May/2025:12:49:02 +0200] "GET /?app=em+g%C3%A1i+xxx HTTP/1.1" 200 999 "-" "Mozilla/5.0 AppleWebKit/537.36 (KHTML, like Gecko; compatible; GPTBot/1.2; +https://openai.com/gptbot)"
162.158.41.249 - - [08/May/2025:12:49:03 +0200] "GET /?i=122566421 HTTP/1.1" 200 131 "-" "Mozilla/5.0 (compatible; DotBot/1.2; +https://opensiteexplorer.org/dotbot; [email protected])"
162.158.187.161 - - [08/May/2025:12:49:03 +0200] "GET /?bet=xxx+em+g%C3%A1i HTTP/1.1" 200 999 "-" "Mozilla/5.0 AppleWebKit/537.36 (KHTML, like Gecko; compatible; GPTBot/1.2; +https://openai.com/gptbot)"
108.162.245.97 - - [08/May/2025:12:49:04 +0200] "GET /?i=129437721 HTTP/1.1" 200 131 "-" "Mozilla/5.0 (compatible; DotBot/1.2; +https://opensiteexplorer.org/dotbot; [email protected])"
172.68.245.83 - - [08/May/2025:12:49:03 +0200] "GET /?play=phim%20sex%20ho\xe1\xba\xa1t%20h\xc3\xacnh HTTP/1.1" 200 131 "-" "meta-externalagent/1.1 (+https://developers.facebook.com/docs/sharing/webmasters/crawler)"
172.68.23.204 - - [08/May/2025:12:49:04 +0200] "GET /?i=143985621 HTTP/1.1" 200 93801 "-" "Mozilla/5.0 (compatible; DotBot/1.2; +https://opensiteexplorer.org/dotbot; [email protected])"
162.158.187.161 - - [08/May/2025:12:49:04 +0200] "GET /?app=xxx+em+g%C3%A1i HTTP/1.1" 200 999 "-" "Mozilla/5.0 AppleWebKit/537.36 (KHTML, like Gecko; compatible; GPTBot/1.2; +https://openai.com/gptbot)"
172.71.142.195 - - [08/May/2025:12:49:05 +0200] "GET /?i=147051121 HTTP/1.1" 200 131 "-" "Mozilla/5.0 (compatible; DotBot/1.2; +https://opensiteexplorer.org/dotbot; [email protected])"
162.158.187.161 - - [08/May/2025:12:49:06 +0200] "GET /?bet=em+g%C3%A1i+xxx HTTP/1.1" 200 999 "-" "Mozilla/5.0 AppleWebKit/537.36 (KHTML, like Gecko; compatible; GPTBot/1.2; +https://openai.com/gptbot)"
172.71.146.109 - - [08/May/2025:12:49:06 +0200] "GET /?i=147739621 HTTP/1.1" 200 131 "-" "Mozilla/5.0 (compatible; DotBot/1.2; +https://opensiteexplorer.org/dotbot; [email protected])"
172.68.22.72 - - [08/May/2025:12:49:06 +0200] "GET /?i=151506121 HTTP/1.1" 200 93801 "-" "Mozilla/5.0 (compatible; DotBot/1.2; +https://opensiteexplorer.org/dotbot; [email protected])"
162.158.187.161 - - [08/May/2025:12:49:07 +0200] "GET /?ios=xxx+em+g%C3%A1i HTTP/1.1" 200 999 "-" "Mozilla/5.0 AppleWebKit/537.36 (KHTML, like Gecko; compatible; GPTBot/1.2; +https://openai.com/gptbot)"
172.68.22.3 - - [08/May/2025:12:49:07 +0200] "GET /?i=157765121 HTTP/1.1" 200 131 "-" "Mozilla/5.0 (compatible; DotBot/1.2; +https://opensiteexplorer.org/dotbot; [email protected])"
