172.70.215.57 - - [08/May/2025:11:27:45 +0200] "GET /?produc_id=ng%E1%BB%B1c+g%C3%A1i HTTP/1.1" 200 999 "-" "Mozilla/5.0 AppleWebKit/537.36 (KHTML, like Gecko; compatible; GPTBot/1.2; +https://openai.com/gptbot)"
172.70.215.57 - - [08/May/2025:11:27:46 +0200] "GET /?app=phim+lo%E1%BA%A1n+lu%C3%A2m HTTP/1.1" 200 999 "-" "Mozilla/5.0 AppleWebKit/537.36 (KHTML, like Gecko; compatible; GPTBot/1.2; +https://openai.com/gptbot)"
172.71.142.120 - - [08/May/2025:11:27:47 +0200] "GET /?i=375602921 HTTP/1.1" 200 93801 "-" "Mozilla/5.0 (compatible; DotBot/1.2; +https://opensiteexplorer.org/dotbot; [email protected])"
172.70.215.57 - - [08/May/2025:11:27:48 +0200] "GET /?play=h%C3%ACnh+x%C4%83m+sex HTTP/1.1" 200 999 "-" "Mozilla/5.0 AppleWebKit/537.36 (KHTML, like Gecko; compatible; GPTBot/1.2; +https://openai.com/gptbot)"
172.71.146.43 - - [08/May/2025:11:27:48 +0200] "GET /?i=379630921 HTTP/1.1" 200 93801 "-" "Mozilla/5.0 (compatible; DotBot/1.2; +https://opensiteexplorer.org/dotbot; [email protected])"
172.70.215.57 - - [08/May/2025:11:27:49 +0200] "GET /?play=l%E1%BB%93n+kh%C3%B4ng+long HTTP/1.1" 200 999 "-" "Mozilla/5.0 AppleWebKit/537.36 (KHTML, like Gecko; compatible; GPTBot/1.2; +https://openai.com/gptbot)"
172.68.22.38 - - [08/May/2025:11:27:49 +0200] "GET /?i=381259921 HTTP/1.1" 200 93801 "-" "Mozilla/5.0 (compatible; DotBot/1.2; +https://opensiteexplorer.org/dotbot; [email protected])"
172.70.215.57 - - [08/May/2025:11:27:50 +0200] "GET /?produc_id=g%C3%A1i+ng%E1%BB%B1c HTTP/1.1" 200 999 "-" "Mozilla/5.0 AppleWebKit/537.36 (KHTML, like Gecko; compatible; GPTBot/1.2; +https://openai.com/gptbot)"
108.162.245.84 - - [08/May/2025:11:27:51 +0200] "GET /?i=382962421 HTTP/1.1" 200 93801 "-" "Mozilla/5.0 (compatible; DotBot/1.2; +https://opensiteexplorer.org/dotbot; [email protected])"
172.70.215.58 - - [08/May/2025:11:27:51 +0200] "GET /?app=phim+jav+v%C4%83n+ph%C3%B2ng HTTP/1.1" 200 999 "-" "Mozilla/5.0 AppleWebKit/537.36 (KHTML, like Gecko; compatible; GPTBot/1.2; +https://openai.com/gptbot)"
172.71.147.201 - - [08/May/2025:11:27:52 +0200] "GET /?i=38350221 HTTP/1.1" 200 93801 "-" "Mozilla/5.0 (compatible; DotBot/1.2; +https://opensiteexplorer.org/dotbot; [email protected])"
172.70.215.58 - - [08/May/2025:11:27:52 +0200] "GET /?top=phim+%C4%91%C3%ACt+nhau HTTP/1.1" 200 999 "-" "Mozilla/5.0 AppleWebKit/537.36 (KHTML, like Gecko; compatible; GPTBot/1.2; +https://openai.com/gptbot)"
162.158.42.90 - - [08/May/2025:11:27:53 +0200] "GET /?i=384865621 HTTP/1.1" 200 93801 "-" "Mozilla/5.0 (compatible; DotBot/1.2; +https://opensiteexplorer.org/dotbot; [email protected])"
172.70.215.58 - - [08/May/2025:11:27:53 +0200] "GET /?bet=phim+l%C3%A0nh+m%E1%BA%A1nh HTTP/1.1" 200 999 "-" "Mozilla/5.0 AppleWebKit/537.36 (KHTML, like Gecko; compatible; GPTBot/1.2; +https://openai.com/gptbot)"
108.162.246.97 - - [08/May/2025:11:27:54 +0200] "GET /?i=386114221 HTTP/1.1" 200 93801 "-" "Mozilla/5.0 (compatible; DotBot/1.2; +https://opensiteexplorer.org/dotbot; [email protected])"
172.70.215.58 - - [08/May/2025:11:27:54 +0200] "GET /?hot=tr%E1%BB%8Bch+g%C3%A1i+xinh HTTP/1.1" 200 999 "-" "Mozilla/5.0 AppleWebKit/537.36 (KHTML, like Gecko; compatible; GPTBot/1.2; +https://openai.com/gptbot)"
162.158.42.17 - - [08/May/2025:11:27:54 +0200] "GET /?i=386873321 HTTP/1.1" 200 93801 "-" "Mozilla/5.0 (compatible; DotBot/1.2; +https://opensiteexplorer.org/dotbot; [email protected])"
172.71.150.190 - - [08/May/2025:11:27:56 +0200] "GET /?i=387292121 HTTP/1.1" 200 93801 "-" "Mozilla/5.0 (compatible; DotBot/1.2; +https://opensiteexplorer.org/dotbot; [email protected])"
172.70.215.58 - - [08/May/2025:11:27:56 +0200] "GET /?hot=g%C3%A1i+ch%E1%BB%8Bch+nhau HTTP/1.1" 200 999 "-" "Mozilla/5.0 AppleWebKit/537.36 (KHTML, like Gecko; compatible; GPTBot/1.2; +https://openai.com/gptbot)"
172.68.22.3 - - [08/May/2025:11:27:57 +0200] "GET /?i=391146421 HTTP/1.1" 200 93801 "-" "Mozilla/5.0 (compatible; DotBot/1.2; +https://opensiteexplorer.org/dotbot; [email protected])"
172.70.215.58 - - [08/May/2025:11:27:57 +0200] "GET /?play=lo%E1%BA%A1n+lu%C3%A2n+jav HTTP/1.1" 200 999 "-" "Mozilla/5.0 AppleWebKit/537.36 (KHTML, like Gecko; compatible; GPTBot/1.2; +https://openai.com/gptbot)"
162.158.88.44 - - [08/May/2025:11:27:57 +0200] "GET /?i=166147621 HTTP/1.1" 200 93801 "-" "Mozilla/5.0 (Linux; Android 5.0) AppleWebKit/537.36 (KHTML, like Gecko) Mobile Safari/537.36 (compatible; Bytespider; [email protected])"
162.158.42.196 - - [08/May/2025:11:27:57 +0200] "GET /?i=392144821 HTTP/1.1" 200 93801 "-" "Mozilla/5.0 (compatible; DotBot/1.2; +https://opensiteexplorer.org/dotbot; [email protected])"
172.70.215.58 - - [08/May/2025:11:27:58 +0200] "GET /?bet=mbbg+lo%E1%BA%A1n+lu%C3%A2n HTTP/1.1" 200 999 "-" "Mozilla/5.0 AppleWebKit/537.36 (KHTML, like Gecko; compatible; GPTBot/1.2; +https://openai.com/gptbot)"
172.68.164.37 - - [08/May/2025:11:27:58 +0200] "GET /IMG/logo/1024x538_cmsv2_c54013e5-8833-5743-86fc-a18b87d54ede-8113070.jpg.webp HTTP/1.1" 200 8812 "http://www.igihango.com/?i=166147621" "Mozilla/5.0 (Linux; Android 5.0) AppleWebKit/537.36 (KHTML, like Gecko) Mobile Safari/537.36 (compatible; Bytespider; [email protected])"
162.158.88.143 - - [08/May/2025:11:27:58 +0200] "GET /IMG/logo/img-20231108-wa0084.jpg HTTP/1.1" 200 8767 "http://www.igihango.com/?i=166147621" "Mozilla/5.0 (Linux; Android 5.0) AppleWebKit/537.36 (KHTML, like Gecko) Mobile Safari/537.36 (compatible; Bytespider; [email protected])"
172.71.146.43 - - [08/May/2025:11:27:59 +0200] "GET /?i=405199021 HTTP/1.1" 200 93801 "-" "Mozilla/5.0 (compatible; DotBot/1.2; +https://opensiteexplorer.org/dotbot; [email protected])"
172.70.215.58 - - [08/May/2025:11:27:59 +0200] "GET /?ios=trai+ch%E1%BB%8Bch+g%C3%A1i HTTP/1.1" 200 999 "-" "Mozilla/5.0 AppleWebKit/537.36 (KHTML, like Gecko; compatible; GPTBot/1.2; +https://openai.com/gptbot)"
162.158.41.239 - - [08/May/2025:11:28:00 +0200] "GET /?i=406379721 HTTP/1.1" 200 93801 "-" "Mozilla/5.0 (compatible; DotBot/1.2; +https://opensiteexplorer.org/dotbot; [email protected])"
172.70.215.58 - - [08/May/2025:11:28:00 +0200] "GET /?ios=ch%E1%BB%8Bch+ban+c%C3%B4ng HTTP/1.1" 200 999 "-" "Mozilla/5.0 AppleWebKit/537.36 (KHTML, like Gecko; compatible; GPTBot/1.2; +https://openai.com/gptbot)"
172.71.142.86 - - [08/May/2025:11:28:01 +0200] "GET /?i=409873121 HTTP/1.1" 200 93801 "-" "Mozilla/5.0 (compatible; DotBot/1.2; +https://opensiteexplorer.org/dotbot; [email protected])"
172.70.215.58 - - [08/May/2025:11:28:01 +0200] "GET /?top=hentai+%C4%91%E1%BB%8Bt+nhau HTTP/1.1" 200 999 "-" "Mozilla/5.0 AppleWebKit/537.36 (KHTML, like Gecko; compatible; GPTBot/1.2; +https://openai.com/gptbot)"
172.71.147.201 - - [08/May/2025:11:28:02 +0200] "GET /?i=411291921 HTTP/1.1" 200 93801 "-" "Mozilla/5.0 (compatible; DotBot/1.2; +https://opensiteexplorer.org/dotbot; [email protected])"
172.70.215.58 - - [08/May/2025:11:28:03 +0200] "GET /?bet=ch%E1%BB%8Bch+g%C3%A1i+xinh HTTP/1.1" 200 999 "-" "Mozilla/5.0 AppleWebKit/537.36 (KHTML, like Gecko; compatible; GPTBot/1.2; +https://openai.com/gptbot)"
172.71.146.180 - - [08/May/2025:11:28:03 +0200] "GET /?i=411470421 HTTP/1.1" 200 93801 "-" "Mozilla/5.0 (compatible; DotBot/1.2; +https://opensiteexplorer.org/dotbot; [email protected])"
172.70.215.58 - - [08/May/2025:11:28:04 +0200] "GET /?app=phim+lo%E1%BA%A1n+lu%C3%A2n HTTP/1.1" 200 999 "-" "Mozilla/5.0 AppleWebKit/537.36 (KHTML, like Gecko; compatible; GPTBot/1.2; +https://openai.com/gptbot)"
172.68.22.72 - - [08/May/2025:11:28:04 +0200] "GET /?i=414171021 HTTP/1.1" 200 93801 "-" "Mozilla/5.0 (compatible; DotBot/1.2; +https://opensiteexplorer.org/dotbot; [email protected])"
172.70.215.58 - - [08/May/2025:11:28:05 +0200] "GET /?hot=ch%E1%BB%8Bch+nhau+g%C3%A1i HTTP/1.1" 200 999 "-" "Mozilla/5.0 AppleWebKit/537.36 (KHTML, like Gecko; compatible; GPTBot/1.2; +https://openai.com/gptbot)"
172.71.146.182 - - [08/May/2025:11:28:05 +0200] "GET /?i=417342221 HTTP/1.1" 200 93801 "-" "Mozilla/5.0 (compatible; DotBot/1.2; +https://opensiteexplorer.org/dotbot; [email protected])"
172.70.215.58 - - [08/May/2025:11:28:06 +0200] "GET /?play=ch%E1%BB%8Bch+chj+g%C3%A1i HTTP/1.1" 200 999 "-" "Mozilla/5.0 AppleWebKit/537.36 (KHTML, like Gecko; compatible; GPTBot/1.2; +https://openai.com/gptbot)"
172.68.23.203 - - [08/May/2025:11:28:06 +0200] "GET /?i=431697421 HTTP/1.1" 200 93801 "-" "Mozilla/5.0 (compatible; DotBot/1.2; +https://opensiteexplorer.org/dotbot; [email protected])"
172.68.22.72 - - [08/May/2025:11:28:07 +0200] "GET /?i=434947321 HTTP/1.1" 200 93801 "-" "Mozilla/5.0 (compatible; DotBot/1.2; +https://opensiteexplorer.org/dotbot; [email protected])"
172.70.215.58 - - [08/May/2025:11:28:07 +0200] "GET /?app=trai+ch%E1%BB%8Bch+g%C3%A1i HTTP/1.1" 200 999 "-" "Mozilla/5.0 AppleWebKit/537.36 (KHTML, like Gecko; compatible; GPTBot/1.2; +https://openai.com/gptbot)"
172.70.215.58 - - [08/May/2025:11:28:08 +0200] "GET /?keyword=sex+m%E1%BB%B9+18 HTTP/1.1" 200 999 "-" "Mozilla/5.0 AppleWebKit/537.36 (KHTML, like Gecko; compatible; GPTBot/1.2; +https://openai.com/gptbot)"
172.71.151.77 - - [08/May/2025:11:28:08 +0200] "GET /?i=436189421 HTTP/1.1" 200 93801 "-" "Mozilla/5.0 (compatible; DotBot/1.2; +https://opensiteexplorer.org/dotbot; [email protected])"
172.70.215.58 - - [08/May/2025:11:28:10 +0200] "GET /?ios=g%C3%A1i+ch%E1%BB%8Bch+trai HTTP/1.1" 200 999 "-" "Mozilla/5.0 AppleWebKit/537.36 (KHTML, like Gecko; compatible; GPTBot/1.2; +https://openai.com/gptbot)"
172.71.142.121 - - [08/May/2025:11:28:10 +0200] "GET /?i=440075521 HTTP/1.1" 200 93801 "-" "Mozilla/5.0 (compatible; DotBot/1.2; +https://opensiteexplorer.org/dotbot; [email protected])"
172.70.215.58 - - [08/May/2025:11:28:11 +0200] "GET /?keyword=b%E1%BA%A1o+d%C3%A2m HTTP/1.1" 200 999 "-" "Mozilla/5.0 AppleWebKit/537.36 (KHTML, like Gecko; compatible; GPTBot/1.2; +https://openai.com/gptbot)"
172.71.142.61 - - [08/May/2025:11:28:11 +0200] "GET /?i=4441521 HTTP/1.1" 200 93801 "-" "Mozilla/5.0 (compatible; DotBot/1.2; +https://opensiteexplorer.org/dotbot; [email protected])"
172.70.215.58 - - [08/May/2025:11:28:12 +0200] "GET /?ios=ch%E1%BB%8Bch+nhau+g%C3%A1i HTTP/1.1" 200 999 "-" "Mozilla/5.0 AppleWebKit/537.36 (KHTML, like Gecko; compatible; GPTBot/1.2; +https://openai.com/gptbot)"
162.158.41.238 - - [08/May/2025:11:28:12 +0200] "GET /?i=444795521 HTTP/1.1" 200 93801 "-" "Mozilla/5.0 (compatible; DotBot/1.2; +https://opensiteexplorer.org/dotbot; [email protected])"
172.70.215.58 - - [08/May/2025:11:28:13 +0200] "GET /?play=s%C3%A9c+lo%E1%BA%A1n+luan HTTP/1.1" 200 999 "-" "Mozilla/5.0 AppleWebKit/537.36 (KHTML, like Gecko; compatible; GPTBot/1.2; +https://openai.com/gptbot)"
172.68.22.3 - - [08/May/2025:11:28:13 +0200] "GET /?i=446013821 HTTP/1.1" 200 93801 "-" "Mozilla/5.0 (compatible; DotBot/1.2; +https://opensiteexplorer.org/dotbot; [email protected])"
172.70.215.58 - - [08/May/2025:11:28:14 +0200] "GET /?hot=phim+18+nhat+b%E1%BA%A3n HTTP/1.1" 200 999 "-" "Mozilla/5.0 AppleWebKit/537.36 (KHTML, like Gecko; compatible; GPTBot/1.2; +https://openai.com/gptbot)"
162.158.42.235 - - [08/May/2025:11:28:14 +0200] "GET /?i=452624821 HTTP/1.1" 200 93801 "-" "Mozilla/5.0 (compatible; DotBot/1.2; +https://opensiteexplorer.org/dotbot; [email protected])"
172.70.215.58 - - [08/May/2025:11:28:15 +0200] "GET /?app=vision+tr%E1%BA%A3+g%C3%B3p HTTP/1.1" 200 999 "-" "Mozilla/5.0 AppleWebKit/537.36 (KHTML, like Gecko; compatible; GPTBot/1.2; +https://openai.com/gptbot)"
162.158.41.207 - - [08/May/2025:11:28:15 +0200] "GET /?i=455521721 HTTP/1.1" 200 93801 "-" "Mozilla/5.0 (compatible; DotBot/1.2; +https://opensiteexplorer.org/dotbot; [email protected])"
172.68.22.72 - - [08/May/2025:11:28:16 +0200] "GET /?i=463455621 HTTP/1.1" 200 93801 "-" "Mozilla/5.0 (compatible; DotBot/1.2; +https://opensiteexplorer.org/dotbot; [email protected])"
172.70.215.58 - - [08/May/2025:11:28:17 +0200] "GET /?top=ch%E1%BB%8Bch+ban+c%C3%B4ng HTTP/1.1" 200 999 "-" "Mozilla/5.0 AppleWebKit/537.36 (KHTML, like Gecko; compatible; GPTBot/1.2; +https://openai.com/gptbot)"
162.158.42.235 - - [08/May/2025:11:28:17 +0200] "GET /?i=468217521 HTTP/1.1" 200 93801 "-" "Mozilla/5.0 (compatible; DotBot/1.2; +https://opensiteexplorer.org/dotbot; [email protected])"
172.70.215.58 - - [08/May/2025:11:28:18 +0200] "GET /?bet=sex+thi%C3%AAn+%C4%91ia HTTP/1.1" 200 999 "-" "Mozilla/5.0 AppleWebKit/537.36 (KHTML, like Gecko; compatible; GPTBot/1.2; +https://openai.com/gptbot)"
162.158.41.249 - - [08/May/2025:11:28:18 +0200] "GET /?i=474459421 HTTP/1.1" 200 93801 "-" "Mozilla/5.0 (compatible; DotBot/1.2; +https://opensiteexplorer.org/dotbot; [email protected])"
172.70.215.58 - - [08/May/2025:11:28:19 +0200] "GET /?top=vision+tr%E1%BA%A3+g%C3%B3p HTTP/1.1" 200 999 "-" "Mozilla/5.0 AppleWebKit/537.36 (KHTML, like Gecko; compatible; GPTBot/1.2; +https://openai.com/gptbot)"
162.158.42.225 - - [08/May/2025:11:28:19 +0200] "GET /?i=476992521 HTTP/1.1" 200 93801 "-" "Mozilla/5.0 (compatible; DotBot/1.2; +https://opensiteexplorer.org/dotbot; [email protected])"
172.70.215.58 - - [08/May/2025:11:28:20 +0200] "GET /?hot=sex+thi%C3%AAn+%C4%91ia HTTP/1.1" 200 999 "-" "Mozilla/5.0 AppleWebKit/537.36 (KHTML, like Gecko; compatible; GPTBot/1.2; +https://openai.com/gptbot)"
162.158.41.207 - - [08/May/2025:11:28:21 +0200] "GET /?i=480293821 HTTP/1.1" 200 93801 "-" "Mozilla/5.0 (compatible; DotBot/1.2; +https://opensiteexplorer.org/dotbot; [email protected])"
172.70.215.58 - - [08/May/2025:11:28:21 +0200] "GET /?play=phim+heo+%C4%91%C3%AAm HTTP/1.1" 200 999 "-" "Mozilla/5.0 AppleWebKit/537.36 (KHTML, like Gecko; compatible; GPTBot/1.2; +https://openai.com/gptbot)"
162.158.42.225 - - [08/May/2025:11:28:22 +0200] "GET /?i=481993121 HTTP/1.1" 200 93801 "-" "Mozilla/5.0 (compatible; DotBot/1.2; +https://opensiteexplorer.org/dotbot; [email protected])"
172.70.215.58 - - [08/May/2025:11:28:22 +0200] "GET /?app=phim+%C4%91%C3%ADt+nhau HTTP/1.1" 200 999 "-" "Mozilla/5.0 AppleWebKit/537.36 (KHTML, like Gecko; compatible; GPTBot/1.2; +https://openai.com/gptbot)"
162.158.42.196 - - [08/May/2025:11:28:23 +0200] "GET /?i=483545921 HTTP/1.1" 200 93801 "-" "Mozilla/5.0 (compatible; DotBot/1.2; +https://opensiteexplorer.org/dotbot; [email protected])"
172.70.215.58 - - [08/May/2025:11:28:23 +0200] "GET /?app=sex+thi%C3%AAn+%C4%91ia HTTP/1.1" 200 999 "-" "Mozilla/5.0 AppleWebKit/537.36 (KHTML, like Gecko; compatible; GPTBot/1.2; +https://openai.com/gptbot)"
104.23.175.104 - - [08/May/2025:11:28:24 +0200] "GET /?i=317580721 HTTP/1.1" 200 93801 "-" "Mozilla/5.0 (Linux; Android 5.0) AppleWebKit/537.36 (KHTML, like Gecko) Mobile Safari/537.36 (compatible; Bytespider; [email protected])"
162.158.42.18 - - [08/May/2025:11:28:24 +0200] "GET /?i=483948821 HTTP/1.1" 200 93801 "-" "Mozilla/5.0 (compatible; DotBot/1.2; +https://opensiteexplorer.org/dotbot; [email protected])"
172.68.164.37 - - [08/May/2025:11:28:25 +0200] "GET /IMG/logo/1024x538_cmsv2_c54013e5-8833-5743-86fc-a18b87d54ede-8113070.jpg.webp HTTP/1.1" 200 8812 "http://www.igihango.com/?i=317580721" "Mozilla/5.0 (Linux; Android 5.0) AppleWebKit/537.36 (KHTML, like Gecko) Mobile Safari/537.36 (compatible; Bytespider; [email protected])"
172.70.215.58 - - [08/May/2025:11:28:25 +0200] "GET /?bet=soi+c%E1%BA%A7u24h HTTP/1.1" 200 999 "-" "Mozilla/5.0 AppleWebKit/537.36 (KHTML, like Gecko; compatible; GPTBot/1.2; +https://openai.com/gptbot)"
162.158.88.143 - - [08/May/2025:11:28:25 +0200] "GET /IMG/logo/img-20231108-wa0084.jpg HTTP/1.1" 200 8767 "http://www.igihango.com/?i=317580721" "Mozilla/5.0 (Linux; Android 5.0) AppleWebKit/537.36 (KHTML, like Gecko) Mobile Safari/537.36 (compatible; Bytespider; [email protected])"
172.71.147.54 - - [08/May/2025:11:28:25 +0200] "GET /?i=488602121 HTTP/1.1" 200 93801 "-" "Mozilla/5.0 (compatible; DotBot/1.2; +https://opensiteexplorer.org/dotbot; [email protected])"
172.70.215.58 - - [08/May/2025:11:28:26 +0200] "GET /?produc_id=sex+s%C6%B0%E1%BB%9Dn+s%C3%A1m HTTP/1.1" 200 999 "-" "Mozilla/5.0 AppleWebKit/537.36 (KHTML, like Gecko; compatible; GPTBot/1.2; +https://openai.com/gptbot)"
162.158.41.19 - - [08/May/2025:11:28:26 +0200] "GET /?i=489117521 HTTP/1.1" 200 93801 "-" "Mozilla/5.0 (compatible; DotBot/1.2; +https://opensiteexplorer.org/dotbot; [email protected])"
172.70.215.58 - - [08/May/2025:11:28:27 +0200] "GET /?produc_id=g%C3%A1i+c%C3%B4ng+s%E1%BB%9F+sexy HTTP/1.1" 200 999 "-" "Mozilla/5.0 AppleWebKit/537.36 (KHTML, like Gecko; compatible; GPTBot/1.2; +https://openai.com/gptbot)"
172.71.150.46 - - [08/May/2025:11:28:27 +0200] "GET /?i=491742221 HTTP/1.1" 200 93801 "-" "Mozilla/5.0 (compatible; DotBot/1.2; +https://opensiteexplorer.org/dotbot; [email protected])"
172.70.215.58 - - [08/May/2025:11:28:28 +0200] "GET /?play=sex+kh%C3%B4ng+che+b%E1%BA%A1o+d%C3%A2m HTTP/1.1" 200 999 "-" "Mozilla/5.0 AppleWebKit/537.36 (KHTML, like Gecko; compatible; GPTBot/1.2; +https://openai.com/gptbot)"
172.71.142.12 - - [08/May/2025:11:28:29 +0200] "GET /?i=494942321 HTTP/1.1" 200 93801 "-" "Mozilla/5.0 (compatible; DotBot/1.2; +https://opensiteexplorer.org/dotbot; [email protected])"
172.70.215.58 - - [08/May/2025:11:28:29 +0200] "GET /?video=ch%C6%A1i+g%C3%A1i+v%C3%BA+to HTTP/1.1" 200 999 "-" "Mozilla/5.0 AppleWebKit/537.36 (KHTML, like Gecko; compatible; GPTBot/1.2; +https://openai.com/gptbot)"
172.68.22.38 - - [08/May/2025:11:28:30 +0200] "GET /?i=495341121 HTTP/1.1" 200 93801 "-" "Mozilla/5.0 (compatible; DotBot/1.2; +https://opensiteexplorer.org/dotbot; [email protected])"
172.70.215.58 - - [08/May/2025:11:28:30 +0200] "GET /?video=24%2F7+th%E1%BB%83+thao HTTP/1.1" 200 999 "-" "Mozilla/5.0 AppleWebKit/537.36 (KHTML, like Gecko; compatible; GPTBot/1.2; +https://openai.com/gptbot)"
162.158.42.196 - - [08/May/2025:11:28:31 +0200] "GET /?i=495748121 HTTP/1.1" 200 93801 "-" "Mozilla/5.0 (compatible; DotBot/1.2; +https://opensiteexplorer.org/dotbot; [email protected])"
172.70.215.58 - - [08/May/2025:11:28:32 +0200] "GET /?play=18+ch%E1%BB%8Bch HTTP/1.1" 200 999 "-" "Mozilla/5.0 AppleWebKit/537.36 (KHTML, like Gecko; compatible; GPTBot/1.2; +https://openai.com/gptbot)"
172.68.23.204 - - [08/May/2025:11:28:32 +0200] "GET /?i=496124821 HTTP/1.1" 200 93801 "-" "Mozilla/5.0 (compatible; DotBot/1.2; +https://opensiteexplorer.org/dotbot; [email protected])"
172.70.215.58 - - [08/May/2025:11:28:33 +0200] "GET /?play=ch%E1%BB%8Bch+18 HTTP/1.1" 200 999 "-" "Mozilla/5.0 AppleWebKit/537.36 (KHTML, like Gecko; compatible; GPTBot/1.2; +https://openai.com/gptbot)"
172.71.142.72 - - [08/May/2025:11:28:33 +0200] "GET /?i=5048721 HTTP/1.1" 200 93801 "-" "Mozilla/5.0 (compatible; DotBot/1.2; +https://opensiteexplorer.org/dotbot; [email protected])"
172.70.215.58 - - [08/May/2025:11:28:34 +0200] "GET /?produc_id=%C4%91%C3%A1nh+l%E1%BB%93n HTTP/1.1" 200 999 "-" "Mozilla/5.0 AppleWebKit/537.36 (KHTML, like Gecko; compatible; GPTBot/1.2; +https://openai.com/gptbot)"
162.158.42.89 - - [08/May/2025:11:28:34 +0200] "GET /?i=52405821 HTTP/1.1" 200 93801 "-" "Mozilla/5.0 (compatible; DotBot/1.2; +https://opensiteexplorer.org/dotbot; [email protected])"
172.70.215.58 - - [08/May/2025:11:28:35 +0200] "GET /?play=sex+h%C3%A0nh+%C4%91%E1%BB%99ng HTTP/1.1" 200 999 "-" "Mozilla/5.0 AppleWebKit/537.36 (KHTML, like Gecko; compatible; GPTBot/1.2; +https://openai.com/gptbot)"
172.71.147.135 - - [08/May/2025:11:28:35 +0200] "GET /?i=52940821 HTTP/1.1" 200 93801 "-" "Mozilla/5.0 (compatible; DotBot/1.2; +https://opensiteexplorer.org/dotbot; [email protected])"
172.70.215.58 - - [08/May/2025:11:28:36 +0200] "GET /?keyword=sex+hi%E1%BA%BFp+d%C3%A2m+con+g%C3%A1i HTTP/1.1" 200 999 "-" "Mozilla/5.0 AppleWebKit/537.36 (KHTML, like Gecko; compatible; GPTBot/1.2; +https://openai.com/gptbot)"
108.162.245.131 - - [08/May/2025:11:28:37 +0200] "GET /?i=53657321 HTTP/1.1" 200 93801 "-" "Mozilla/5.0 (compatible; DotBot/1.2; +https://opensiteexplorer.org/dotbot; [email protected])"
172.70.215.58 - - [08/May/2025:11:28:37 +0200] "GET /?hot=l%E1%BB%8Bch+thi+%C4%91%E1%BA%A5u+b%C3%B3ng+%C4%91%C3%A1+%C4%91%C6%B0c HTTP/1.1" 200 999 "-" "Mozilla/5.0 AppleWebKit/537.36 (KHTML, like Gecko; compatible; GPTBot/1.2; +https://openai.com/gptbot)"
172.71.146.100 - - [08/May/2025:11:28:37 +0200] "GET /?i=54140921 HTTP/1.1" 200 93801 "-" "Mozilla/5.0 (compatible; DotBot/1.2; +https://opensiteexplorer.org/dotbot; [email protected])"
172.70.215.58 - - [08/May/2025:11:28:38 +0200] "GET /?bet=l%E1%BB%8Bch+thi+%C4%91%E1%BA%A5u+b%C3%B3ng+%C4%91%C3%A1+%C4%91%C6%B0c HTTP/1.1" 200 999 "-" "Mozilla/5.0 AppleWebKit/537.36 (KHTML, like Gecko; compatible; GPTBot/1.2; +https://openai.com/gptbot)"
172.71.147.53 - - [08/May/2025:11:28:38 +0200] "GET /?i=58559421 HTTP/1.1" 200 93801 "-" "Mozilla/5.0 (compatible; DotBot/1.2; +https://opensiteexplorer.org/dotbot; [email protected])"
172.70.215.58 - - [08/May/2025:11:28:40 +0200] "GET /?top=x%C6%B0%E1%BB%9Fng+phim+21+ HTTP/1.1" 200 999 "-" "Mozilla/5.0 AppleWebKit/537.36 (KHTML, like Gecko; compatible; GPTBot/1.2; +https://openai.com/gptbot)"
172.71.146.183 - - [08/May/2025:11:28:40 +0200] "GET /?i=61502421 HTTP/1.1" 200 93801 "-" "Mozilla/5.0 (compatible; DotBot/1.2; +https://opensiteexplorer.org/dotbot; [email protected])"
172.70.215.58 - - [08/May/2025:11:28:41 +0200] "GET /?hot=x%C6%B0%E1%BB%9Fng+phim+21+ HTTP/1.1" 200 999 "-" "Mozilla/5.0 AppleWebKit/537.36 (KHTML, like Gecko; compatible; GPTBot/1.2; +https://openai.com/gptbot)"
172.71.142.59 - - [08/May/2025:11:28:41 +0200] "GET /?i=63143121 HTTP/1.1" 200 93801 "-" "Mozilla/5.0 (compatible; DotBot/1.2; +https://opensiteexplorer.org/dotbot; [email protected])"
172.70.215.58 - - [08/May/2025:11:28:42 +0200] "GET /?keyword=phim+heo+kh%C3%B4ng+che+trung+qu%E1%BB%91c HTTP/1.1" 200 999 "-" "Mozilla/5.0 AppleWebKit/537.36 (KHTML, like Gecko; compatible; GPTBot/1.2; +https://openai.com/gptbot)"
172.71.146.180 - - [08/May/2025:11:28:42 +0200] "GET /?i=65628821 HTTP/1.1" 200 93801 "-" "Mozilla/5.0 (compatible; DotBot/1.2; +https://opensiteexplorer.org/dotbot; [email protected])"
172.70.215.58 - - [08/May/2025:11:28:43 +0200] "GET /?play=l%E1%BB%99+clip+18 HTTP/1.1" 200 999 "-" "Mozilla/5.0 AppleWebKit/537.36 (KHTML, like Gecko; compatible; GPTBot/1.2; +https://openai.com/gptbot)"
162.158.41.249 - - [08/May/2025:11:28:43 +0200] "GET /?i=70618821 HTTP/1.1" 200 93801 "-" "Mozilla/5.0 (compatible; DotBot/1.2; +https://opensiteexplorer.org/dotbot; [email protected])"
172.70.215.58 - - [08/May/2025:11:28:44 +0200] "GET /?hot=th%E1%BB%83+thao+24 HTTP/1.1" 200 999 "-" "Mozilla/5.0 AppleWebKit/537.36 (KHTML, like Gecko; compatible; GPTBot/1.2; +https://openai.com/gptbot)"
172.68.23.204 - - [08/May/2025:11:28:44 +0200] "GET /?i=73634021 HTTP/1.1" 200 93801 "-" "Mozilla/5.0 (compatible; DotBot/1.2; +https://opensiteexplorer.org/dotbot; [email protected])"
172.70.215.58 - - [08/May/2025:11:28:45 +0200] "GET /?keyword=c%E1%BA%A7u+%C4%91%E1%BA%B9p+88 HTTP/1.1" 200 999 "-" "Mozilla/5.0 AppleWebKit/537.36 (KHTML, like Gecko; compatible; GPTBot/1.2; +https://openai.com/gptbot)"
162.158.41.238 - - [08/May/2025:11:28:45 +0200] "GET /?i=75119021 HTTP/1.1" 200 93801 "-" "Mozilla/5.0 (compatible; DotBot/1.2; +https://opensiteexplorer.org/dotbot; [email protected])"
172.71.146.180 - - [08/May/2025:11:28:46 +0200] "GET /?i=83152321 HTTP/1.1" 200 93801 "-" "Mozilla/5.0 (compatible; DotBot/1.2; +https://opensiteexplorer.org/dotbot; [email protected])"
172.70.215.58 - - [08/May/2025:11:28:47 +0200] "GET /?game=phim+sex+hi%E1%BA%BFp+d%C3%A2m+phim+sex HTTP/1.1" 200 999 "-" "Mozilla/5.0 AppleWebKit/537.36 (KHTML, like Gecko; compatible; GPTBot/1.2; +https://openai.com/gptbot)"
172.71.147.56 - - [08/May/2025:11:28:47 +0200] "GET /?i=11226721 HTTP/1.1" 200 93801 "-" "Mozilla/5.0 (compatible; DotBot/1.2; +https://opensiteexplorer.org/dotbot; [email protected])"
172.70.215.58 - - [08/May/2025:11:28:48 +0200] "GET /?hot=%C4%91itnhau.com HTTP/1.1" 200 999 "-" "Mozilla/5.0 AppleWebKit/537.36 (KHTML, like Gecko; compatible; GPTBot/1.2; +https://openai.com/gptbot)"
172.69.6.196 - - [08/May/2025:11:28:48 +0200] "GET /?top=link+xxx+m%E1%BB%9Bi HTTP/1.1" 200 999 "-" "Mozilla/5.0 AppleWebKit/537.36 (KHTML, like Gecko; compatible; ClaudeBot/1.0; [email protected])"
172.71.147.94 - - [08/May/2025:11:28:48 +0200] "GET /?i=113283021 HTTP/1.1" 200 93801 "-" "Mozilla/5.0 (compatible; DotBot/1.2; +https://opensiteexplorer.org/dotbot; [email protected])"
108.162.216.123 - - [08/May/2025:11:28:49 +0200] "GET /?game=phim+m%C3%B3c+l%E1%BB%93n HTTP/1.1" 200 999 "-" "Mozilla/5.0 AppleWebKit/537.36 (KHTML, like Gecko; compatible; ClaudeBot/1.0; [email protected])"
172.70.215.58 - - [08/May/2025:11:28:49 +0200] "GET /?play=m%C3%B3c+b%C3%ADm+g%C3%A1i HTTP/1.1" 200 999 "-" "Mozilla/5.0 AppleWebKit/537.36 (KHTML, like Gecko; compatible; GPTBot/1.2; +https://openai.com/gptbot)"
172.71.151.110 - - [08/May/2025:11:28:50 +0200] "GET /?i=113337621 HTTP/1.1" 200 93801 "-" "Mozilla/5.0 (compatible; DotBot/1.2; +https://opensiteexplorer.org/dotbot; [email protected])"
172.71.254.122 - - [08/May/2025:11:28:50 +0200] "GET /?keyword=sex+vn+l%E1%BB%93n+non HTTP/1.1" 200 999 "-" "Mozilla/5.0 AppleWebKit/537.36 (KHTML, like Gecko; compatible; ClaudeBot/1.0; [email protected])"
172.69.176.26 - - [08/May/2025:11:28:50 +0200] "GET /?i=9492221 HTTP/1.1" 200 93801 "-" "Mozilla/5.0 (Linux; Android 5.0) AppleWebKit/537.36 (KHTML, like Gecko) Mobile Safari/537.36 (compatible; Bytespider; [email protected])"
172.70.215.58 - - [08/May/2025:11:28:50 +0200] "GET /?play=c%C3%A1ch+b%C3%B3p+d%C3%BA HTTP/1.1" 200 999 "-" "Mozilla/5.0 AppleWebKit/537.36 (KHTML, like Gecko; compatible; GPTBot/1.2; +https://openai.com/gptbot)"
162.158.41.87 - - [08/May/2025:11:28:51 +0200] "GET /?i=120397221 HTTP/1.1" 200 93801 "-" "Mozilla/5.0 (compatible; DotBot/1.2; +https://opensiteexplorer.org/dotbot; [email protected])"
172.71.254.122 - - [08/May/2025:11:28:51 +0200] "GET /?game=ket+qua.net HTTP/1.1" 200 999 "-" "Mozilla/5.0 AppleWebKit/537.36 (KHTML, like Gecko; compatible; ClaudeBot/1.0; [email protected])"
172.68.164.36 - - [08/May/2025:11:28:51 +0200] "GET /IMG/logo/1024x538_cmsv2_c54013e5-8833-5743-86fc-a18b87d54ede-8113070.jpg.webp HTTP/1.1" 200 8812 "http://www.igihango.com/?i=9492221" "Mozilla/5.0 (Linux; Android 5.0) AppleWebKit/537.36 (KHTML, like Gecko) Mobile Safari/537.36 (compatible; Bytespider; [email protected])"
162.158.88.143 - - [08/May/2025:11:28:51 +0200] "GET /IMG/logo/img-20231108-wa0084.jpg HTTP/1.1" 200 8767 "http://www.igihango.com/?i=9492221" "Mozilla/5.0 (Linux; Android 5.0) AppleWebKit/537.36 (KHTML, like Gecko) Mobile Safari/537.36 (compatible; Bytespider; [email protected])"
172.70.215.58 - - [08/May/2025:11:28:51 +0200] "GET /?play=g%C3%A1i+m%C3%B3c+b%C3%ADm HTTP/1.1" 200 999 "-" "Mozilla/5.0 AppleWebKit/537.36 (KHTML, like Gecko; compatible; GPTBot/1.2; +https://openai.com/gptbot)"
172.71.150.217 - - [08/May/2025:11:28:51 +0200] "GET /?i=12134821 HTTP/1.1" 200 93801 "-" "Mozilla/5.0 (compatible; DotBot/1.2; +https://opensiteexplorer.org/dotbot; [email protected])"
172.71.1.165 - - [08/May/2025:11:28:52 +0200] "GET /?play=truc+tiep+thomo HTTP/1.1" 200 999 "-" "Mozilla/5.0 AppleWebKit/537.36 (KHTML, like Gecko; compatible; ClaudeBot/1.0; [email protected])"
172.70.215.58 - - [08/May/2025:11:28:52 +0200] "GET /?video=sex+t%E1%BA%ADp+th%E1%BB%83+kh%C3%B4ng+che HTTP/1.1" 200 999 "-" "Mozilla/5.0 AppleWebKit/537.36 (KHTML, like Gecko; compatible; GPTBot/1.2; +https://openai.com/gptbot)"
172.68.23.203 - - [08/May/2025:11:28:52 +0200] "GET /?i=132172321 HTTP/1.1" 200 93801 "-" "Mozilla/5.0 (compatible; DotBot/1.2; +https://opensiteexplorer.org/dotbot; [email protected])"
172.71.194.102 - - [08/May/2025:11:28:53 +0200] "GET /?hot=ban%20xep HTTP/1.1" 200 999 "-" "Mozilla/5.0 AppleWebKit/537.36 (KHTML, like Gecko; compatible; Amazonbot/0.1; +https://developer.amazon.com/support/amazonbot) Chrome/119.0.6045.214 Safari/537.36"
172.68.23.203 - - [08/May/2025:11:28:53 +0200] "GET /?i=139860321 HTTP/1.1" 200 93801 "-" "Mozilla/5.0 (compatible; DotBot/1.2; +https://opensiteexplorer.org/dotbot; [email protected])"
172.70.215.58 - - [08/May/2025:11:28:53 +0200] "GET /?video=sex+kh%C3%B4ng+che+t%E1%BA%ADp+th%E1%BB%83 HTTP/1.1" 200 999 "-" "Mozilla/5.0 AppleWebKit/537.36 (KHTML, like Gecko; compatible; GPTBot/1.2; +https://openai.com/gptbot)"
172.71.150.168 - - [08/May/2025:11:28:54 +0200] "GET /?i=140576621 HTTP/1.1" 200 93801 "-" "Mozilla/5.0 (compatible; DotBot/1.2; +https://opensiteexplorer.org/dotbot; [email protected])"
172.70.215.58 - - [08/May/2025:11:28:55 +0200] "GET /?hot=sex+kh+che+ch%C3%A2u+%C3%A2u HTTP/1.1" 200 999 "-" "Mozilla/5.0 AppleWebKit/537.36 (KHTML, like Gecko; compatible; GPTBot/1.2; +https://openai.com/gptbot)"
108.162.246.97 - - [08/May/2025:11:28:55 +0200] "GET /?i=147554721 HTTP/1.1" 200 93801 "-" "Mozilla/5.0 (compatible; DotBot/1.2; +https://opensiteexplorer.org/dotbot; [email protected])"
172.70.215.58 - - [08/May/2025:11:28:56 +0200] "GET /?app=sex+kh+che+ch%C3%A2u+%C3%A2u HTTP/1.1" 200 999 "-" "Mozilla/5.0 AppleWebKit/537.36 (KHTML, like Gecko; compatible; GPTBot/1.2; +https://openai.com/gptbot)"
172.68.22.2 - - [08/May/2025:11:28:56 +0200] "GET /?i=14989021 HTTP/1.1" 200 93801 "-" "Mozilla/5.0 (compatible; DotBot/1.2; +https://opensiteexplorer.org/dotbot; [email protected])"
172.68.22.72 - - [08/May/2025:11:28:57 +0200] "GET /?i=156839721 HTTP/1.1" 200 93801 "-" "Mozilla/5.0 (compatible; DotBot/1.2; +https://opensiteexplorer.org/dotbot; [email protected])"
172.70.215.58 - - [08/May/2025:11:28:57 +0200] "GET /?ios=sex+kh+che+ch%C3%A2u+%C3%A2u HTTP/1.1" 200 999 "-" "Mozilla/5.0 AppleWebKit/537.36 (KHTML, like Gecko; compatible; GPTBot/1.2; +https://openai.com/gptbot)"
162.158.42.90 - - [08/May/2025:11:28:57 +0200] "GET /?i=159436621 HTTP/1.1" 200 93801 "-" "Mozilla/5.0 (compatible; DotBot/1.2; +https://opensiteexplorer.org/dotbot; [email protected])"
172.70.215.58 - - [08/May/2025:11:28:58 +0200] "GET /?keyword=b%E1%BA%A3ng+%C4%91%E1%BA%B7c+bi%E1%BB%87t+n%C4%83m+2023+c%E1%BB%A7a+x%E1%BB%95+s%E1%BB%91+truy%E1%BB%81n+th%E1%BB%91ng HTTP/1.1" 200 999 "-" "Mozilla/5.0 AppleWebKit/537.36 (KHTML, like Gecko; compatible; GPTBot/1.2; +https://openai.com/gptbot)"
162.158.41.19 - - [08/May/2025:11:28:58 +0200] "GET /?i=163302221 HTTP/1.1" 200 93801 "-" "Mozilla/5.0 (compatible; DotBot/1.2; +https://opensiteexplorer.org/dotbot; [email protected])"
172.70.215.58 - - [08/May/2025:11:28:59 +0200] "GET /?top=code+gomu+huy%E1%BB%81n+tho%E1%BA%A1i HTTP/1.1" 200 999 "-" "Mozilla/5.0 AppleWebKit/537.36 (KHTML, like Gecko; compatible; GPTBot/1.2; +https://openai.com/gptbot)"
108.162.245.131 - - [08/May/2025:11:28:59 +0200] "GET /?i=168743521 HTTP/1.1" 200 93801 "-" "Mozilla/5.0 (compatible; DotBot/1.2; +https://opensiteexplorer.org/dotbot; [email protected])"
172.70.215.58 - - [08/May/2025:11:29:00 +0200] "GET /?ios=gomu+huy%E1%BB%81n+tho%E1%BA%A1i+code HTTP/1.1" 200 999 "-" "Mozilla/5.0 AppleWebKit/537.36 (KHTML, like Gecko; compatible; GPTBot/1.2; +https://openai.com/gptbot)"
108.162.246.41 - - [08/May/2025:11:29:00 +0200] "GET /?i=170266721 HTTP/1.1" 200 93801 "-" "Mozilla/5.0 (compatible; DotBot/1.2; +https://opensiteexplorer.org/dotbot; [email protected])"
172.68.22.72 - - [08/May/2025:11:29:01 +0200] "GET /?i=182727521 HTTP/1.1" 200 93801 "-" "Mozilla/5.0 (compatible; DotBot/1.2; +https://opensiteexplorer.org/dotbot; [email protected])"
172.70.215.58 - - [08/May/2025:11:29:01 +0200] "GET /?top=gomu+huy%E1%BB%81n+tho%E1%BA%A1i+code HTTP/1.1" 200 999 "-" "Mozilla/5.0 AppleWebKit/537.36 (KHTML, like Gecko; compatible; GPTBot/1.2; +https://openai.com/gptbot)"
162.158.42.18 - - [08/May/2025:11:29:02 +0200] "GET /?i=186101521 HTTP/1.1" 200 93801 "-" "Mozilla/5.0 (compatible; DotBot/1.2; +https://opensiteexplorer.org/dotbot; [email protected])"
172.70.215.58 - - [08/May/2025:11:29:03 +0200] "GET /?video=l%E1%BB%93n+%C4%91%E1%BA%B9p+kh%C3%B4ng+l%C3%B4ng HTTP/1.1" 200 999 "-" "Mozilla/5.0 AppleWebKit/537.36 (KHTML, like Gecko; compatible; GPTBot/1.2; +https://openai.com/gptbot)"
162.158.42.8 - - [08/May/2025:11:29:03 +0200] "GET /?i=192318621 HTTP/1.1" 200 93801 "-" "Mozilla/5.0 (compatible; DotBot/1.2; +https://opensiteexplorer.org/dotbot; [email protected])"
172.70.215.58 - - [08/May/2025:11:29:04 +0200] "GET /?game=kqbd+truc+tiep+truc+tuyen+hom+nay HTTP/1.1" 200 999 "-" "Mozilla/5.0 AppleWebKit/537.36 (KHTML, like Gecko; compatible; GPTBot/1.2; +https://openai.com/gptbot)"
172.71.150.203 - - [08/May/2025:11:29:04 +0200] "GET /?i=193569521 HTTP/1.1" 200 93801 "-" "Mozilla/5.0 (compatible; DotBot/1.2; +https://opensiteexplorer.org/dotbot; [email protected])"
172.70.215.58 - - [08/May/2025:11:29:05 +0200] "GET /?keyword=xnxx+hi%E1%BA%BFp+d%C3%A2m+kh%C3%B4ng+che HTTP/1.1" 200 999 "-" "Mozilla/5.0 AppleWebKit/537.36 (KHTML, like Gecko; compatible; GPTBot/1.2; +https://openai.com/gptbot)"
172.71.142.44 - - [08/May/2025:11:29:05 +0200] "GET /?i=201981521 HTTP/1.1" 200 93801 "-" "Mozilla/5.0 (compatible; DotBot/1.2; +https://opensiteexplorer.org/dotbot; [email protected])"
172.70.215.58 - - [08/May/2025:11:29:06 +0200] "GET /?keyword=g%C3%A1i+xinh+jav+kh%C3%B4ng+che HTTP/1.1" 200 999 "-" "Mozilla/5.0 AppleWebKit/537.36 (KHTML, like Gecko; compatible; GPTBot/1.2; +https://openai.com/gptbot)"
162.158.41.238 - - [08/May/2025:11:29:06 +0200] "GET /?i=203232521 HTTP/1.1" 200 93801 "-" "Mozilla/5.0 (compatible; DotBot/1.2; +https://opensiteexplorer.org/dotbot; [email protected])"
172.70.215.58 - - [08/May/2025:11:29:07 +0200] "GET /?keyword=jav+g%C3%A1i+xinh+kh%C3%B4ng+che HTTP/1.1" 200 999 "-" "Mozilla/5.0 AppleWebKit/537.36 (KHTML, like Gecko; compatible; GPTBot/1.2; +https://openai.com/gptbot)"
172.71.150.90 - - [08/May/2025:11:29:07 +0200] "GET /?i=20461321 HTTP/1.1" 200 93801 "-" "Mozilla/5.0 (compatible; DotBot/1.2; +https://opensiteexplorer.org/dotbot; [email protected])"
172.70.215.58 - - [08/May/2025:11:29:08 +0200] "GET /?keyword=jav+kh%C3%B4ng+che+g%C3%A1i+xinh HTTP/1.1" 200 999 "-" "Mozilla/5.0 AppleWebKit/537.36 (KHTML, like Gecko; compatible; GPTBot/1.2; +https://openai.com/gptbot)"
172.70.215.58 - - [08/May/2025:11:29:10 +0200] "GET /?keyword=xem+phim+sex+mi%E1%BB%85n+ph%C3%AD HTTP/1.1" 200 999 "-" "Mozilla/5.0 AppleWebKit/537.36 (KHTML, like Gecko; compatible; GPTBot/1.2; +https://openai.com/gptbot)"
172.70.215.58 - - [08/May/2025:11:29:11 +0200] "GET /?video=ph%C3%A1+trinh+em+g%C3%A1i HTTP/1.1" 200 999 "-" "Mozilla/5.0 AppleWebKit/537.36 (KHTML, like Gecko; compatible; GPTBot/1.2; +https://openai.com/gptbot)"
162.158.42.236 - - [08/May/2025:11:29:11 +0200] "GET /?i=20484221 HTTP/1.1" 200 93801 "-" "Mozilla/5.0 (compatible; DotBot/1.2; +https://opensiteexplorer.org/dotbot; [email protected])"
172.70.215.58 - - [08/May/2025:11:29:12 +0200] "GET /?video=l%E1%BB%93n+%C4%91%E1%BA%A7y+tinh HTTP/1.1" 200 999 "-" "Mozilla/5.0 AppleWebKit/537.36 (KHTML, like Gecko; compatible; GPTBot/1.2; +https://openai.com/gptbot)"
172.70.215.58 - - [08/May/2025:11:29:13 +0200] "GET /?video=l%E1%BB%8Bch+u23+ch%C3%A2u+%C3%A1 HTTP/1.1" 200 999 "-" "Mozilla/5.0 AppleWebKit/537.36 (KHTML, like Gecko; compatible; GPTBot/1.2; +https://openai.com/gptbot)"
172.70.215.58 - - [08/May/2025:11:29:14 +0200] "GET /?produc_id=xex+ng%C6%B0%E1%BB%9Di+y%C3%AAu HTTP/1.1" 200 999 "-" "Mozilla/5.0 AppleWebKit/537.36 (KHTML, like Gecko; compatible; GPTBot/1.2; +https://openai.com/gptbot)"
172.70.215.58 - - [08/May/2025:11:29:15 +0200] "GET /?play=phim+sex+ng%C6%B0%E1%BB%9Di+y%C3%AAu HTTP/1.1" 200 999 "-" "Mozilla/5.0 AppleWebKit/537.36 (KHTML, like Gecko; compatible; GPTBot/1.2; +https://openai.com/gptbot)"
172.68.242.88 - - [08/May/2025:11:29:16 +0200] "GET /?i=50062021 HTTP/1.1" 200 93801 "-" "Mozilla/5.0 (Linux; Android 5.0) AppleWebKit/537.36 (KHTML, like Gecko) Mobile Safari/537.36 (compatible; Bytespider; [email protected])"
172.70.215.58 - - [08/May/2025:11:29:16 +0200] "GET /?produc_id=to+%C4%91%E1%BA%B9p HTTP/1.1" 200 999 "-" "Mozilla/5.0 AppleWebKit/537.36 (KHTML, like Gecko; compatible; GPTBot/1.2; +https://openai.com/gptbot)"
172.68.164.36 - - [08/May/2025:11:29:17 +0200] "GET /IMG/logo/1024x538_cmsv2_c54013e5-8833-5743-86fc-a18b87d54ede-8113070.jpg.webp HTTP/1.1" 200 8812 "http://www.igihango.com/?i=50062021" "Mozilla/5.0 (Linux; Android 5.0) AppleWebKit/537.36 (KHTML, like Gecko) Mobile Safari/537.36 (compatible; Bytespider; [email protected])"
162.158.88.143 - - [08/May/2025:11:29:17 +0200] "GET /IMG/logo/img-20231108-wa0084.jpg HTTP/1.1" 200 8767 "http://www.igihango.com/?i=50062021" "Mozilla/5.0 (Linux; Android 5.0) AppleWebKit/537.36 (KHTML, like Gecko) Mobile Safari/537.36 (compatible; Bytespider; [email protected])"
172.70.215.58 - - [08/May/2025:11:29:18 +0200] "GET /?bet=l%E1%BB%93n+g%C3%A1i+xinh HTTP/1.1" 200 999 "-" "Mozilla/5.0 AppleWebKit/537.36 (KHTML, like Gecko; compatible; GPTBot/1.2; +https://openai.com/gptbot)"
108.162.245.130 - - [08/May/2025:11:29:18 +0200] "GET /?i=208219821 HTTP/1.1" 200 93801 "-" "Mozilla/5.0 (compatible; DotBot/1.2; +https://opensiteexplorer.org/dotbot; [email protected])"
172.70.215.58 - - [08/May/2025:11:29:19 +0200] "GET /?bet=xin+x%C4%83m+quan+%C3%A2m HTTP/1.1" 200 999 "-" "Mozilla/5.0 AppleWebKit/537.36 (KHTML, like Gecko; compatible; GPTBot/1.2; +https://openai.com/gptbot)"
172.70.215.58 - - [08/May/2025:11:29:20 +0200] "GET /?bet=gay+%C4%91%E1%BA%B9p+trai HTTP/1.1" 200 999 "-" "Mozilla/5.0 AppleWebKit/537.36 (KHTML, like Gecko; compatible; GPTBot/1.2; +https://openai.com/gptbot)"
172.70.215.58 - - [08/May/2025:11:29:21 +0200] "GET /?bet=h%E1%BB%8Dc+sinh+%C4%91it HTTP/1.1" 200 999 "-" "Mozilla/5.0 AppleWebKit/537.36 (KHTML, like Gecko; compatible; GPTBot/1.2; +https://openai.com/gptbot)"
172.70.215.58 - - [08/May/2025:11:29:22 +0200] "GET /?top=xex+%C4%91ang+ng%E1%BB%A7 HTTP/1.1" 200 999 "-" "Mozilla/5.0 AppleWebKit/537.36 (KHTML, like Gecko; compatible; GPTBot/1.2; +https://openai.com/gptbot)"
172.70.215.58 - - [08/May/2025:11:29:23 +0200] "GET /?top=%C4%91it+em+g%C3%A1i+xinh HTTP/1.1" 200 999 "-" "Mozilla/5.0 AppleWebKit/537.36 (KHTML, like Gecko; compatible; GPTBot/1.2; +https://openai.com/gptbot)"
162.158.41.207 - - [08/May/2025:11:29:23 +0200] "GET /?i=208822321 HTTP/1.1" 200 93801 "-" "Mozilla/5.0 (compatible; DotBot/1.2; +https://opensiteexplorer.org/dotbot; [email protected])"
172.70.215.58 - - [08/May/2025:11:29:25 +0200] "GET /?ios=phim+sex+%C4%91%E1%BB%A9c HTTP/1.1" 200 999 "-" "Mozilla/5.0 AppleWebKit/537.36 (KHTML, like Gecko; compatible; GPTBot/1.2; +https://openai.com/gptbot)"
172.70.215.58 - - [08/May/2025:11:29:26 +0200] "GET /?bet=sex+c%C3%A1c+ki%E1%BB%83u HTTP/1.1" 200 999 "-" "Mozilla/5.0 AppleWebKit/537.36 (KHTML, like Gecko; compatible; GPTBot/1.2; +https://openai.com/gptbot)"
172.70.215.58 - - [08/May/2025:11:29:27 +0200] "GET /?hot=phim+%C4%91%E1%BB%A5+nhau HTTP/1.1" 200 999 "-" "Mozilla/5.0 AppleWebKit/537.36 (KHTML, like Gecko; compatible; GPTBot/1.2; +https://openai.com/gptbot)"
172.70.215.58 - - [08/May/2025:11:29:28 +0200] "GET /?ios=%C4%91%E1%BB%8Bt+nhau+sex HTTP/1.1" 200 999 "-" "Mozilla/5.0 AppleWebKit/537.36 (KHTML, like Gecko; compatible; GPTBot/1.2; +https://openai.com/gptbot)"
172.68.22.2 - - [08/May/2025:11:29:28 +0200] "GET /?i=212057921 HTTP/1.1" 200 93801 "-" "Mozilla/5.0 (compatible; DotBot/1.2; +https://opensiteexplorer.org/dotbot; [email protected])"
172.70.215.58 - - [08/May/2025:11:29:29 +0200] "GET /?ios=xex+%C4%91ang+ng%E1%BB%A7 HTTP/1.1" 200 999 "-" "Mozilla/5.0 AppleWebKit/537.36 (KHTML, like Gecko; compatible; GPTBot/1.2; +https://openai.com/gptbot)"
172.70.215.58 - - [08/May/2025:11:29:30 +0200] "GET /?app=%C4%91it+h%E1%BB%8Dc+sinh HTTP/1.1" 200 999 "-" "Mozilla/5.0 AppleWebKit/537.36 (KHTML, like Gecko; compatible; GPTBot/1.2; +https://openai.com/gptbot)"
172.70.215.58 - - [08/May/2025:11:29:31 +0200] "GET /?top=%E1%BA%A3nh+%C4%91it+nhau HTTP/1.1" 200 999 "-" "Mozilla/5.0 AppleWebKit/537.36 (KHTML, like Gecko; compatible; GPTBot/1.2; +https://openai.com/gptbot)"
172.69.79.212 - - [08/May/2025:11:29:32 +0200] "GET /?hot=h%C3%A0ngep HTTP/1.1" 200 999 "-" "Mozilla/5.0 (compatible; MJ12bot/v2.0.1; http://mj12bot.com/)"
172.69.79.212 - - [08/May/2025:11:29:32 +0200] "GET /?hot=h%E1%BB%8Dc%20sinh%20th%E1%BB%A7%20d%C3%A2m HTTP/1.1" 200 999 "-" "Mozilla/5.0 (compatible; MJ12bot/v2.0.1; http://mj12bot.com/)"
172.70.215.58 - - [08/May/2025:11:29:33 +0200] "GET /?hot=xin+x%C4%83m+quan+%C3%A2m HTTP/1.1" 200 999 "-" "Mozilla/5.0 AppleWebKit/537.36 (KHTML, like Gecko; compatible; GPTBot/1.2; +https://openai.com/gptbot)"
172.68.22.39 - - [08/May/2025:11:29:33 +0200] "GET /?i=213386121 HTTP/1.1" 200 93801 "-" "Mozilla/5.0 (compatible; DotBot/1.2; +https://opensiteexplorer.org/dotbot; [email protected])"
172.69.79.212 - - [08/May/2025:11:29:33 +0200] "GET /?hot=hentai%20vi%E1%BB%87t%20nam! HTTP/1.1" 200 999 "-" "Mozilla/5.0 (compatible; MJ12bot/v2.0.1; http://mj12bot.com/)"
172.70.215.58 - - [08/May/2025:11:29:34 +0200] "GET /?bet=ket+qua+bong+%C4%91%C3%A1 HTTP/1.1" 200 999 "-" "Mozilla/5.0 AppleWebKit/537.36 (KHTML, like Gecko; compatible; GPTBot/1.2; +https://openai.com/gptbot)"
172.69.79.212 - - [08/May/2025:11:29:34 +0200] "GET /?hot=keo%20nh%C3%A0%20c%C3%A0i HTTP/1.1" 200 999 "-" "Mozilla/5.0 (compatible; MJ12bot/v2.0.1; http://mj12bot.com/)"
172.70.215.58 - - [08/May/2025:11:29:35 +0200] "GET /?bet=coi+%C4%91%E1%BB%8Bt+nhau HTTP/1.1" 200 999 "-" "Mozilla/5.0 AppleWebKit/537.36 (KHTML, like Gecko; compatible; GPTBot/1.2; +https://openai.com/gptbot)"
172.69.79.212 - - [08/May/2025:11:29:36 +0200] "GET /?hot=kh%C3%B4ng HTTP/1.1" 200 999 "-" "Mozilla/5.0 (compatible; MJ12bot/v2.0.1; http://mj12bot.com/)"
172.70.215.58 - - [08/May/2025:11:29:36 +0200] "GET /?bet=g%C3%A1i+vi%E1%BB%87t+sex HTTP/1.1" 200 999 "-" "Mozilla/5.0 AppleWebKit/537.36 (KHTML, like Gecko; compatible; GPTBot/1.2; +https://openai.com/gptbot)"
172.68.22.3 - - [08/May/2025:11:29:36 +0200] "GET /?i=213933921 HTTP/1.1" 200 93801 "-" "Mozilla/5.0 (compatible; DotBot/1.2; +https://opensiteexplorer.org/dotbot; [email protected])"
172.69.79.212 - - [08/May/2025:11:29:36 +0200] "GET /?hot=kh%E1%BA%A9u%20d%C3%A2m%20sex%20vi%E1%BB%87t HTTP/1.1" 200 999 "-" "Mozilla/5.0 (compatible; MJ12bot/v2.0.1; http://mj12bot.com/)"
172.70.215.58 - - [08/May/2025:11:29:37 +0200] "GET /?bet=clip+sex+%C4%91%E1%BA%B9p HTTP/1.1" 200 999 "-" "Mozilla/5.0 AppleWebKit/537.36 (KHTML, like Gecko; compatible; GPTBot/1.2; +https://openai.com/gptbot)"
172.69.79.212 - - [08/May/2025:11:29:37 +0200] "GET /?hot=l%C3%A0m%20t%C3%ACnh HTTP/1.1" 200 999 "-" "Mozilla/5.0 (compatible; MJ12bot/v2.0.1; http://mj12bot.com/)"
172.70.215.58 - - [08/May/2025:11:29:38 +0200] "GET /?top=%C4%91%E1%BB%A5+trong+bar HTTP/1.1" 200 999 "-" "Mozilla/5.0 AppleWebKit/537.36 (KHTML, like Gecko; compatible; GPTBot/1.2; +https://openai.com/gptbot)"
172.69.79.212 - - [08/May/2025:11:29:38 +0200] "GET /?hot=l%E1%BA%A7u%20xanh%20nh%E1%BA%ADt%20b%E1%BA%A3n HTTP/1.1" 200 999 "-" "Mozilla/5.0 (compatible; MJ12bot/v2.0.1; http://mj12bot.com/)"
172.69.79.212 - - [08/May/2025:11:29:39 +0200] "GET /?hot=l%E1%BB%8Bch%20thi%20%C4%91%E1%BA%A5u%20c%E1%BA%A7u%20l%C3%B4ng%20h%C3%B4m%20nay HTTP/1.1" 200 999 "-" "Mozilla/5.0 (compatible; MJ12bot/v2.0.1; http://mj12bot.com/)"
172.68.22.3 - - [08/May/2025:11:29:39 +0200] "GET /?i=21550921 HTTP/1.1" 200 93801 "-" "Mozilla/5.0 (compatible; DotBot/1.2; +https://opensiteexplorer.org/dotbot; [email protected])"
172.70.215.58 - - [08/May/2025:11:29:39 +0200] "GET /?ios=gay+trai+%C4%91%E1%BA%B9p HTTP/1.1" 200 999 "-" "Mozilla/5.0 AppleWebKit/537.36 (KHTML, like Gecko; compatible; GPTBot/1.2; +https://openai.com/gptbot)"
172.69.79.212 - - [08/May/2025:11:29:40 +0200] "GET /?hot=l%E1%BB%93n%20g%C3%A1i%20%C4%91%E1%BA%B9p HTTP/1.1" 200 999 "-" "Mozilla/5.0 (compatible; MJ12bot/v2.0.1; http://mj12bot.com/)"
172.70.215.58 - - [08/May/2025:11:29:41 +0200] "GET /?hot=g%C3%A1i+khoe+l%E1%BB%93n HTTP/1.1" 200 999 "-" "Mozilla/5.0 AppleWebKit/537.36 (KHTML, like Gecko; compatible; GPTBot/1.2; +https://openai.com/gptbot)"
172.70.58.41 - - [08/May/2025:11:29:42 +0200] "GET /?hot=li%C3%AAn%20qu%C3%A2n%20sex HTTP/1.1" 200 999 "-" "Mozilla/5.0 (compatible; MJ12bot/v2.0.1; http://mj12bot.com/)"
172.70.215.58 - - [08/May/2025:11:29:42 +0200] "GET /?app=%C4%91%E1%BB%A5+trong+bar HTTP/1.1" 200 999 "-" "Mozilla/5.0 AppleWebKit/537.36 (KHTML, like Gecko; compatible; GPTBot/1.2; +https://openai.com/gptbot)"
172.68.23.203 - - [08/May/2025:11:29:42 +0200] "GET /?i=218514721 HTTP/1.1" 200 93801 "-" "Mozilla/5.0 (compatible; DotBot/1.2; +https://opensiteexplorer.org/dotbot; [email protected])"
172.71.124.203 - - [08/May/2025:11:29:42 +0200] "GET /?i=48152221 HTTP/1.1" 200 93801 "-" "Mozilla/5.0 (Linux; Android 5.0) AppleWebKit/537.36 (KHTML, like Gecko) Mobile Safari/537.36 (compatible; Bytespider; [email protected])"
172.70.58.41 - - [08/May/2025:11:29:42 +0200] "GET /?hot=li%E1%BA%BFm%20v%C3%BA%20g%C3%A1i HTTP/1.1" 200 999 "-" "Mozilla/5.0 (compatible; MJ12bot/v2.0.1; http://mj12bot.com/)"
172.70.215.58 - - [08/May/2025:11:29:43 +0200] "GET /?bet=sex+%C4%91ang+ng%E1%BB%A7 HTTP/1.1" 200 999 "-" "Mozilla/5.0 AppleWebKit/537.36 (KHTML, like Gecko; compatible; GPTBot/1.2; +https://openai.com/gptbot)"
172.68.164.36 - - [08/May/2025:11:29:43 +0200] "GET /IMG/logo/1024x538_cmsv2_c54013e5-8833-5743-86fc-a18b87d54ede-8113070.jpg.webp HTTP/1.1" 200 8812 "http://www.igihango.com/?i=48152221" "Mozilla/5.0 (Linux; Android 5.0) AppleWebKit/537.36 (KHTML, like Gecko) Mobile Safari/537.36 (compatible; Bytespider; [email protected])"
172.70.58.41 - - [08/May/2025:11:29:43 +0200] "GET /?hot=lich%20thi%20%C4%91%E1%BA%A5u%20b%C3%B3ng%20%C4%91%C3%A1%20c1 HTTP/1.1" 200 999 "-" "Mozilla/5.0 (compatible; MJ12bot/v2.0.1; http://mj12bot.com/)"
162.158.88.143 - - [08/May/2025:11:29:44 +0200] "GET /IMG/logo/img-20231108-wa0084.jpg HTTP/1.1" 200 8767 "http://www.igihango.com/?i=48152221" "Mozilla/5.0 (Linux; Android 5.0) AppleWebKit/537.36 (KHTML, like Gecko) Mobile Safari/537.36 (compatible; Bytespider; [email protected])"
172.70.215.58 - - [08/May/2025:11:29:44 +0200] "GET /?top=xem+%C4%91%E1%BB%8Bt+nhau HTTP/1.1" 200 999 "-" "Mozilla/5.0 AppleWebKit/537.36 (KHTML, like Gecko; compatible; GPTBot/1.2; +https://openai.com/gptbot)"
172.70.58.41 - - [08/May/2025:11:29:44 +0200] "GET /?hot=link%20sex%20l%C6%B0u%20di%E1%BB%87c%20phi HTTP/1.1" 200 999 "-" "Mozilla/5.0 (compatible; MJ12bot/v2.0.1; http://mj12bot.com/)"
172.68.22.73 - - [08/May/2025:11:29:44 +0200] "GET /?i=224447521 HTTP/1.1" 200 93801 "-" "Mozilla/5.0 (compatible; DotBot/1.2; +https://opensiteexplorer.org/dotbot; [email protected])"
172.70.215.58 - - [08/May/2025:11:29:45 +0200] "GET /?ios=%E1%BA%A3nh+%C4%91it+nhau HTTP/1.1" 200 999 "-" "Mozilla/5.0 AppleWebKit/537.36 (KHTML, like Gecko; compatible; GPTBot/1.2; +https://openai.com/gptbot)"
172.70.58.41 - - [08/May/2025:11:29:45 +0200] "GET /?hot=lo%E1%BA%A1n%20lu%C3%A2n%20m%E1%BA%B9%20con HTTP/1.1" 200 999 "-" "Mozilla/5.0 (compatible; MJ12bot/v2.0.1; http://mj12bot.com/)"
172.70.215.58 - - [08/May/2025:11:29:46 +0200] "GET /?ios=%C4%91%E1%BB%8Bt+em+trang HTTP/1.1" 200 999 "-" "Mozilla/5.0 AppleWebKit/537.36 (KHTML, like Gecko; compatible; GPTBot/1.2; +https://openai.com/gptbot)"
162.158.42.8 - - [08/May/2025:11:29:46 +0200] "GET /?i=226083621 HTTP/1.1" 200 93801 "-" "Mozilla/5.0 (compatible; DotBot/1.2; +https://opensiteexplorer.org/dotbot; [email protected])"
172.70.58.41 - - [08/May/2025:11:29:46 +0200] "GET /?hot=lo%E1%BA%A1n%20lu%C3%A2n%20v%E1%BB%9Bi%20ch%E1%BB%8B%20v%E1%BB%A3 HTTP/1.1" 200 999 "-" "Mozilla/5.0 (compatible; MJ12bot/v2.0.1; http://mj12bot.com/)"
172.70.58.41 - - [08/May/2025:11:29:47 +0200] "GET /?hot=m%C3%A1t%20xa%20t%C3%ACnh%20d%E1%BB%A5c HTTP/1.1" 200 999 "-" "Mozilla/5.0 (compatible; MJ12bot/v2.0.1; http://mj12bot.com/)"
172.70.215.57 - - [08/May/2025:11:29:48 +0200] "GET /?ios=gay+%C4%91%E1%BA%B9p+trai HTTP/1.1" 200 999 "-" "Mozilla/5.0 AppleWebKit/537.36 (KHTML, like Gecko; compatible; GPTBot/1.2; +https://openai.com/gptbot)"
172.70.58.41 - - [08/May/2025:11:29:48 +0200] "GET /?hot=mai%20th%E1%BB%8F%20sex HTTP/1.1" 200 999 "-" "Mozilla/5.0 (compatible; MJ12bot/v2.0.1; http://mj12bot.com/)"
172.71.142.36 - - [08/May/2025:11:29:48 +0200] "GET /?i=234006021 HTTP/1.1" 200 93801 "-" "Mozilla/5.0 (compatible; DotBot/1.2; +https://opensiteexplorer.org/dotbot; [email protected])"
172.70.215.57 - - [08/May/2025:11:29:49 +0200] "GET /?produc_id=%C4%91an+m%E1%BB%B9 HTTP/1.1" 200 999 "-" "Mozilla/5.0 AppleWebKit/537.36 (KHTML, like Gecko; compatible; GPTBot/1.2; +https://openai.com/gptbot)"
172.70.58.41 - - [08/May/2025:11:29:49 +0200] "GET /?hot=massage%20k%C3%ADch%20d%E1%BB%A5c%20g%C3%A1i%20xinh HTTP/1.1" 200 999 "-" "Mozilla/5.0 (compatible; MJ12bot/v2.0.1; http://mj12bot.com/)"
172.70.215.57 - - [08/May/2025:11:29:50 +0200] "GET /?app=sex+c%C3%A1c+ki%E1%BB%83u HTTP/1.1" 200 999 "-" "Mozilla/5.0 AppleWebKit/537.36 (KHTML, like Gecko; compatible; GPTBot/1.2; +https://openai.com/gptbot)"
162.158.41.207 - - [08/May/2025:11:29:50 +0200] "GET /?i=240746721 HTTP/1.1" 200 93801 "-" "Mozilla/5.0 (compatible; DotBot/1.2; +https://opensiteexplorer.org/dotbot; [email protected])"
172.70.58.41 - - [08/May/2025:11:29:50 +0200] "GET /?hot=mi%20tr%E1%BA%A7n%20sex HTTP/1.1" 200 999 "-" "Mozilla/5.0 (compatible; MJ12bot/v2.0.1; http://mj12bot.com/)"
172.70.215.57 - - [08/May/2025:11:29:51 +0200] "GET /?ios=xex+%C4%91%E1%BB%8Bt+nhau HTTP/1.1" 200 999 "-" "Mozilla/5.0 AppleWebKit/537.36 (KHTML, like Gecko; compatible; GPTBot/1.2; +https://openai.com/gptbot)"
172.70.58.97 - - [08/May/2025:11:29:52 +0200] "GET /?hot=n%E1%BB%87n%20g%C3%A1i HTTP/1.1" 200 999 "-" "Mozilla/5.0 (compatible; MJ12bot/v2.0.1; http://mj12bot.com/)"
162.158.42.89 - - [08/May/2025:11:29:52 +0200] "GET /?i=241768221 HTTP/1.1" 200 93801 "-" "Mozilla/5.0 (compatible; DotBot/1.2; +https://opensiteexplorer.org/dotbot; [email protected])"
172.70.215.57 - - [08/May/2025:11:29:52 +0200] "GET /?ios=sex+%C4%91%E1%BB%8Bt+nhau HTTP/1.1" 200 999 "-" "Mozilla/5.0 AppleWebKit/537.36 (KHTML, like Gecko; compatible; GPTBot/1.2; +https://openai.com/gptbot)"
