172.69.34.208 - - [08/May/2025:12:05:35 +0200] "GET /?play=sex+ch%C3%A2u+%C3%A2u+k+che HTTP/1.1" 200 999 "-" "Mozilla/5.0 AppleWebKit/537.36 (KHTML, like Gecko; compatible; GPTBot/1.2; +https://openai.com/gptbot)"
172.69.34.208 - - [08/May/2025:12:05:36 +0200] "GET /?ios=jav+ch%C3%A2u+%C3%A2u+ko+che HTTP/1.1" 200 999 "-" "Mozilla/5.0 AppleWebKit/537.36 (KHTML, like Gecko; compatible; GPTBot/1.2; +https://openai.com/gptbot)"
172.69.34.208 - - [08/May/2025:12:05:37 +0200] "GET /?top=jav+ch%C3%A2u+%C3%A2u+ko+che HTTP/1.1" 200 999 "-" "Mozilla/5.0 AppleWebKit/537.36 (KHTML, like Gecko; compatible; GPTBot/1.2; +https://openai.com/gptbot)"
172.69.34.208 - - [08/May/2025:12:05:38 +0200] "GET /?bet=jav+ch%C3%A2u+%C3%A2u+ko+che HTTP/1.1" 200 999 "-" "Mozilla/5.0 AppleWebKit/537.36 (KHTML, like Gecko; compatible; GPTBot/1.2; +https://openai.com/gptbot)"
172.71.146.43 - - [08/May/2025:12:05:38 +0200] "GET /?i=484390621 HTTP/1.1" 200 93801 "-" "Mozilla/5.0 (compatible; DotBot/1.2; +https://opensiteexplorer.org/dotbot; [email protected])"
172.69.34.208 - - [08/May/2025:12:05:39 +0200] "GET /?produc_id=sex+g%C3%A1i+h%C3%A0n+th%E1%BB%A7+d%C3%A2m HTTP/1.1" 200 999 "-" "Mozilla/5.0 AppleWebKit/537.36 (KHTML, like Gecko; compatible; GPTBot/1.2; +https://openai.com/gptbot)"
172.69.34.208 - - [08/May/2025:12:05:40 +0200] "GET /?produc_id=sex+ng%C6%B0%E1%BB%9Di+h%E1%BA%A7u+g%C3%A1i HTTP/1.1" 200 999 "-" "Mozilla/5.0 AppleWebKit/537.36 (KHTML, like Gecko; compatible; GPTBot/1.2; +https://openai.com/gptbot)"
172.69.34.208 - - [08/May/2025:12:05:42 +0200] "GET /?hot=phim+set+choi+me+vo HTTP/1.1" 200 999 "-" "Mozilla/5.0 AppleWebKit/537.36 (KHTML, like Gecko; compatible; GPTBot/1.2; +https://openai.com/gptbot)"
162.158.41.19 - - [08/May/2025:12:05:42 +0200] "GET /?i=485884221 HTTP/1.1" 200 93801 "-" "Mozilla/5.0 (compatible; DotBot/1.2; +https://opensiteexplorer.org/dotbot; [email protected])"
172.69.34.208 - - [08/May/2025:12:05:43 +0200] "GET /?hot=sex+hoc+sinh+ko+che HTTP/1.1" 200 999 "-" "Mozilla/5.0 AppleWebKit/537.36 (KHTML, like Gecko; compatible; GPTBot/1.2; +https://openai.com/gptbot)"
172.69.34.208 - - [08/May/2025:12:05:44 +0200] "GET /?ios=phim+sex+moi+ko+che HTTP/1.1" 200 999 "-" "Mozilla/5.0 AppleWebKit/537.36 (KHTML, like Gecko; compatible; GPTBot/1.2; +https://openai.com/gptbot)"
172.69.34.208 - - [08/May/2025:12:05:45 +0200] "GET /?bet=anh+trai+dit+em+gai HTTP/1.1" 200 999 "-" "Mozilla/5.0 AppleWebKit/537.36 (KHTML, like Gecko; compatible; GPTBot/1.2; +https://openai.com/gptbot)"
172.68.23.204 - - [08/May/2025:12:05:45 +0200] "GET /?i=490324521 HTTP/1.1" 200 93801 "-" "Mozilla/5.0 (compatible; DotBot/1.2; +https://opensiteexplorer.org/dotbot; [email protected])"
172.69.34.208 - - [08/May/2025:12:05:46 +0200] "GET /?app=anh+sex+dit+tap+the HTTP/1.1" 200 999 "-" "Mozilla/5.0 AppleWebKit/537.36 (KHTML, like Gecko; compatible; GPTBot/1.2; +https://openai.com/gptbot)"
172.69.34.208 - - [08/May/2025:12:05:47 +0200] "GET /?top=dit+gai+gia+chau+au HTTP/1.1" 200 999 "-" "Mozilla/5.0 AppleWebKit/537.36 (KHTML, like Gecko; compatible; GPTBot/1.2; +https://openai.com/gptbot)"
172.68.22.3 - - [08/May/2025:12:05:48 +0200] "GET /?i=491366021 HTTP/1.1" 200 93801 "-" "Mozilla/5.0 (compatible; DotBot/1.2; +https://opensiteexplorer.org/dotbot; [email protected])"
172.69.34.208 - - [08/May/2025:12:05:49 +0200] "GET /?bet=dit+gai+gia+chau+au HTTP/1.1" 200 999 "-" "Mozilla/5.0 AppleWebKit/537.36 (KHTML, like Gecko; compatible; GPTBot/1.2; +https://openai.com/gptbot)"
172.69.34.208 - - [08/May/2025:12:05:50 +0200] "GET /?app=sex+hiep+dam+em+gai HTTP/1.1" 200 999 "-" "Mozilla/5.0 AppleWebKit/537.36 (KHTML, like Gecko; compatible; GPTBot/1.2; +https://openai.com/gptbot)"
172.69.34.208 - - [08/May/2025:12:05:51 +0200] "GET /?ios=dit+gai+gia+chau+au HTTP/1.1" 200 999 "-" "Mozilla/5.0 AppleWebKit/537.36 (KHTML, like Gecko; compatible; GPTBot/1.2; +https://openai.com/gptbot)"
172.69.34.208 - - [08/May/2025:12:05:52 +0200] "GET /?hot=hai+anh+em+dit+nhau HTTP/1.1" 200 999 "-" "Mozilla/5.0 AppleWebKit/537.36 (KHTML, like Gecko; compatible; GPTBot/1.2; +https://openai.com/gptbot)"
162.158.42.196 - - [08/May/2025:12:05:52 +0200] "GET /?i=495630021 HTTP/1.1" 200 93801 "-" "Mozilla/5.0 (compatible; DotBot/1.2; +https://opensiteexplorer.org/dotbot; [email protected])"
172.69.34.208 - - [08/May/2025:12:05:53 +0200] "GET /?top=phim+xet+my+tap+the HTTP/1.1" 200 999 "-" "Mozilla/5.0 AppleWebKit/537.36 (KHTML, like Gecko; compatible; GPTBot/1.2; +https://openai.com/gptbot)"
162.158.42.226 - - [08/May/2025:12:05:54 +0200] "GET /?i=497102321 HTTP/1.1" 200 93801 "-" "Mozilla/5.0 (compatible; DotBot/1.2; +https://opensiteexplorer.org/dotbot; [email protected])"
172.69.34.208 - - [08/May/2025:12:05:54 +0200] "GET /?bet=phim+set+my+tap+the HTTP/1.1" 200 999 "-" "Mozilla/5.0 AppleWebKit/537.36 (KHTML, like Gecko; compatible; GPTBot/1.2; +https://openai.com/gptbot)"
172.69.34.208 - - [08/May/2025:12:05:55 +0200] "GET /?ios=phim+sex+hai+anh+em HTTP/1.1" 200 999 "-" "Mozilla/5.0 AppleWebKit/537.36 (KHTML, like Gecko; compatible; GPTBot/1.2; +https://openai.com/gptbot)"
172.68.22.72 - - [08/May/2025:12:05:56 +0200] "GET /?i=499971521 HTTP/1.1" 200 93801 "-" "Mozilla/5.0 (compatible; DotBot/1.2; +https://opensiteexplorer.org/dotbot; [email protected])"
172.69.34.208 - - [08/May/2025:12:05:57 +0200] "GET /?hot=phim+set+my+tap+the HTTP/1.1" 200 999 "-" "Mozilla/5.0 AppleWebKit/537.36 (KHTML, like Gecko; compatible; GPTBot/1.2; +https://openai.com/gptbot)"
172.69.34.208 - - [08/May/2025:12:05:58 +0200] "GET /?ios=phim+sex+ko+che+moi HTTP/1.1" 200 999 "-" "Mozilla/5.0 AppleWebKit/537.36 (KHTML, like Gecko; compatible; GPTBot/1.2; +https://openai.com/gptbot)"
172.71.147.54 - - [08/May/2025:12:05:58 +0200] "GET /?i=499978621 HTTP/1.1" 200 93801 "-" "Mozilla/5.0 (compatible; DotBot/1.2; +https://opensiteexplorer.org/dotbot; [email protected])"
172.71.150.169 - - [08/May/2025:12:05:59 +0200] "GET /?i=406088321 HTTP/1.1" 200 93801 "-" "Mozilla/5.0 (compatible; DotBot/1.2; +https://opensiteexplorer.org/dotbot; [email protected])"
108.162.226.165 - - [08/May/2025:12:05:59 +0200] "GET /?i=489406221 HTTP/1.1" 200 93801 "-" "Mozilla/5.0 (Linux; Android 5.0) AppleWebKit/537.36 (KHTML, like Gecko) Mobile Safari/537.36 (compatible; Bytespider; [email protected])"
172.69.34.208 - - [08/May/2025:12:05:59 +0200] "GET /?ios=phim+set+my+tap+the HTTP/1.1" 200 999 "-" "Mozilla/5.0 AppleWebKit/537.36 (KHTML, like Gecko; compatible; GPTBot/1.2; +https://openai.com/gptbot)"
172.68.164.36 - - [08/May/2025:12:06:00 +0200] "GET /IMG/logo/1024x538_cmsv2_c54013e5-8833-5743-86fc-a18b87d54ede-8113070.jpg.webp HTTP/1.1" 200 8812 "http://www.igihango.com/?i=489406221" "Mozilla/5.0 (Linux; Android 5.0) AppleWebKit/537.36 (KHTML, like Gecko) Mobile Safari/537.36 (compatible; Bytespider; [email protected])"
172.69.34.208 - - [08/May/2025:12:06:00 +0200] "GET /?app=phim+sex+my+tap+the HTTP/1.1" 200 999 "-" "Mozilla/5.0 AppleWebKit/537.36 (KHTML, like Gecko; compatible; GPTBot/1.2; +https://openai.com/gptbot)"
162.158.88.143 - - [08/May/2025:12:06:00 +0200] "GET /IMG/logo/img-20231108-wa0084.jpg HTTP/1.1" 200 8767 "http://www.igihango.com/?i=489406221" "Mozilla/5.0 (Linux; Android 5.0) AppleWebKit/537.36 (KHTML, like Gecko) Mobile Safari/537.36 (compatible; Bytespider; [email protected])"
172.68.22.2 - - [08/May/2025:12:06:01 +0200] "GET /?i=94515421 HTTP/1.1" 200 93801 "-" "Mozilla/5.0 (compatible; DotBot/1.2; +https://opensiteexplorer.org/dotbot; [email protected])"
172.68.22.2 - - [08/May/2025:12:06:02 +0200] "GET /?i=200892421 HTTP/1.1" 200 93801 "-" "Mozilla/5.0 (compatible; DotBot/1.2; +https://opensiteexplorer.org/dotbot; [email protected])"
172.71.146.183 - - [08/May/2025:12:06:04 +0200] "GET /?i=202405021 HTTP/1.1" 200 93801 "-" "Mozilla/5.0 (compatible; DotBot/1.2; +https://opensiteexplorer.org/dotbot; [email protected])"
108.162.246.67 - - [08/May/2025:12:06:05 +0200] "GET /?i=271965221 HTTP/1.1" 200 131 "-" "Mozilla/5.0 (compatible; DotBot/1.2; +https://opensiteexplorer.org/dotbot; [email protected])"
172.68.22.73 - - [08/May/2025:12:06:06 +0200] "GET /?i=360798121 HTTP/1.1" 200 93801 "-" "Mozilla/5.0 (compatible; DotBot/1.2; +https://opensiteexplorer.org/dotbot; [email protected])"
172.71.146.109 - - [08/May/2025:12:06:06 +0200] "GET /?i=475884621 HTTP/1.1" 200 93801 "-" "Mozilla/5.0 (compatible; DotBot/1.2; +https://opensiteexplorer.org/dotbot; [email protected])"
172.68.23.204 - - [08/May/2025:12:06:07 +0200] "GET /?i=107293621 HTTP/1.1" 200 93801 "-" "Mozilla/5.0 (compatible; DotBot/1.2; +https://opensiteexplorer.org/dotbot; [email protected])"
172.71.146.109 - - [08/May/2025:12:06:08 +0200] "GET /?i=113338121 HTTP/1.1" 200 93801 "-" "Mozilla/5.0 (compatible; DotBot/1.2; +https://opensiteexplorer.org/dotbot; [email protected])"
172.69.34.208 - - [08/May/2025:12:06:01 +0200] "GET /?hot=dit+gai+gia+chau+au HTTP/1.1" 200 999 "-" "Mozilla/5.0 AppleWebKit/537.36 (KHTML, like Gecko; compatible; GPTBot/1.2; +https://openai.com/gptbot)"
162.158.41.239 - - [08/May/2025:12:06:09 +0200] "GET /?i=123539721 HTTP/1.1" 200 131 "-" "Mozilla/5.0 (compatible; DotBot/1.2; +https://opensiteexplorer.org/dotbot; [email protected])"
172.71.150.190 - - [08/May/2025:12:06:10 +0200] "GET /?i=153570521 HTTP/1.1" 200 93801 "-" "Mozilla/5.0 (compatible; DotBot/1.2; +https://opensiteexplorer.org/dotbot; [email protected])"
172.69.34.208 - - [08/May/2025:12:06:08 +0200] "GET /?app=phim+xet+my+tap+the HTTP/1.1" 200 999 "-" "Mozilla/5.0 AppleWebKit/537.36 (KHTML, like Gecko; compatible; GPTBot/1.2; +https://openai.com/gptbot)"
172.71.135.85 - - [08/May/2025:12:06:11 +0200] "GET /?hot=truy%E1%BB%87n%20tranh%20hentai. HTTP/1.1" 200 999 "-" "Mozilla/5.0 (compatible; MJ12bot/v1.4.8; http://mj12bot.com/)"
108.162.245.152 - - [08/May/2025:12:06:12 +0200] "GET /?i=253662221 HTTP/1.1" 200 131 "-" "Mozilla/5.0 (compatible; DotBot/1.2; +https://opensiteexplorer.org/dotbot; [email protected])"
172.68.22.3 - - [08/May/2025:12:06:14 +0200] "GET /?i=273497321 HTTP/1.1" 200 131 "-" "Mozilla/5.0 (compatible; DotBot/1.2; +https://opensiteexplorer.org/dotbot; [email protected])"
172.68.22.73 - - [08/May/2025:12:06:15 +0200] "GET /?i=2769621 HTTP/1.1" 200 131 "-" "Mozilla/5.0 (compatible; DotBot/1.2; +https://opensiteexplorer.org/dotbot; [email protected])"
172.69.34.208 - - [08/May/2025:12:06:16 +0200] "GET /?bet=lich+thi+dau+bd+duc HTTP/1.1" 200 999 "-" "Mozilla/5.0 AppleWebKit/537.36 (KHTML, like Gecko; compatible; GPTBot/1.2; +https://openai.com/gptbot)"
162.158.41.7 - - [08/May/2025:12:06:17 +0200] "GET /?i=319335121 HTTP/1.1" 200 131 "-" "Mozilla/5.0 (compatible; DotBot/1.2; +https://opensiteexplorer.org/dotbot; [email protected])"
162.158.41.7 - - [08/May/2025:12:06:18 +0200] "GET /?i=358855921 HTTP/1.1" 200 93801 "-" "Mozilla/5.0 (compatible; DotBot/1.2; +https://opensiteexplorer.org/dotbot; [email protected])"
162.158.41.248 - - [08/May/2025:12:06:19 +0200] "GET /?i=384552621 HTTP/1.1" 200 131 "-" "Mozilla/5.0 (compatible; DotBot/1.2; +https://opensiteexplorer.org/dotbot; [email protected])"
172.68.22.2 - - [08/May/2025:12:06:20 +0200] "GET /?i=410110921 HTTP/1.1" 200 93801 "-" "Mozilla/5.0 (compatible; DotBot/1.2; +https://opensiteexplorer.org/dotbot; [email protected])"
172.71.146.43 - - [08/May/2025:12:06:21 +0200] "GET /?i=411543521 HTTP/1.1" 200 93801 "-" "Mozilla/5.0 (compatible; DotBot/1.2; +https://opensiteexplorer.org/dotbot; [email protected])"
172.68.22.72 - - [08/May/2025:12:06:23 +0200] "GET /?i=455969821 HTTP/1.1" 200 131 "-" "Mozilla/5.0 (compatible; DotBot/1.2; +https://opensiteexplorer.org/dotbot; [email protected])"
172.69.34.207 - - [08/May/2025:12:06:23 +0200] "GET /?bet=anh+sex+dit+tap+the HTTP/1.1" 200 999 "-" "Mozilla/5.0 AppleWebKit/537.36 (KHTML, like Gecko; compatible; GPTBot/1.2; +https://openai.com/gptbot)"
172.71.150.168 - - [08/May/2025:12:06:24 +0200] "GET /?i=98184821 HTTP/1.1" 200 131 "-" "Mozilla/5.0 (compatible; DotBot/1.2; +https://opensiteexplorer.org/dotbot; [email protected])"
172.71.146.109 - - [08/May/2025:12:06:24 +0200] "GET /?i=109566821 HTTP/1.1" 200 93801 "-" "Mozilla/5.0 (compatible; DotBot/1.2; +https://opensiteexplorer.org/dotbot; [email protected])"
172.68.23.203 - - [08/May/2025:12:06:25 +0200] "GET /?i=123714321 HTTP/1.1" 200 93801 "-" "Mozilla/5.0 (compatible; DotBot/1.2; +https://opensiteexplorer.org/dotbot; [email protected])"
162.158.162.71 - - [08/May/2025:12:06:26 +0200] "GET /?i=303613121 HTTP/1.1" 200 93801 "-" "Mozilla/5.0 (Linux; Android 5.0) AppleWebKit/537.36 (KHTML, like Gecko) Mobile Safari/537.36 (compatible; Bytespider; [email protected])"
172.68.23.203 - - [08/May/2025:12:06:26 +0200] "GET /?i=126664321 HTTP/1.1" 200 131 "-" "Mozilla/5.0 (compatible; DotBot/1.2; +https://opensiteexplorer.org/dotbot; [email protected])"
172.68.164.37 - - [08/May/2025:12:06:27 +0200] "GET /IMG/logo/1024x538_cmsv2_c54013e5-8833-5743-86fc-a18b87d54ede-8113070.jpg.webp HTTP/1.1" 200 131 "http://www.igihango.com/?i=303613121" "Mozilla/5.0 (Linux; Android 5.0) AppleWebKit/537.36 (KHTML, like Gecko) Mobile Safari/537.36 (compatible; Bytespider; [email protected])"
162.158.88.143 - - [08/May/2025:12:06:27 +0200] "GET /IMG/logo/img-20231108-wa0084.jpg HTTP/1.1" 200 131 "http://www.igihango.com/?i=303613121" "Mozilla/5.0 (Linux; Android 5.0) AppleWebKit/537.36 (KHTML, like Gecko) Mobile Safari/537.36 (compatible; Bytespider; [email protected])"
108.162.246.98 - - [08/May/2025:12:06:27 +0200] "GET /?i=147308621 HTTP/1.1" 200 93801 "-" "Mozilla/5.0 (compatible; DotBot/1.2; +https://opensiteexplorer.org/dotbot; [email protected])"
172.68.22.73 - - [08/May/2025:12:06:28 +0200] "GET /?i=174507821 HTTP/1.1" 200 131 "-" "Mozilla/5.0 (compatible; DotBot/1.2; +https://opensiteexplorer.org/dotbot; [email protected])"
172.71.150.216 - - [08/May/2025:12:06:29 +0200] "GET /?i=186218021 HTTP/1.1" 200 131 "-" "Mozilla/5.0 (compatible; DotBot/1.2; +https://opensiteexplorer.org/dotbot; [email protected])"
172.71.146.182 - - [08/May/2025:12:06:29 +0200] "GET /?i=202405721 HTTP/1.1" 200 93801 "-" "Mozilla/5.0 (compatible; DotBot/1.2; +https://opensiteexplorer.org/dotbot; [email protected])"
162.158.42.196 - - [08/May/2025:12:06:30 +0200] "GET /?i=221249821 HTTP/1.1" 200 131 "-" "Mozilla/5.0 (compatible; DotBot/1.2; +https://opensiteexplorer.org/dotbot; [email protected])"
172.69.34.208 - - [08/May/2025:12:06:30 +0200] "GET /?app=hai+anh+em+dit+nhau HTTP/1.1" 200 999 "-" "Mozilla/5.0 AppleWebKit/537.36 (KHTML, like Gecko; compatible; GPTBot/1.2; +https://openai.com/gptbot)"
172.68.22.3 - - [08/May/2025:12:06:30 +0200] "GET /?i=22421521 HTTP/1.1" 200 131 "-" "Mozilla/5.0 (compatible; DotBot/1.2; +https://opensiteexplorer.org/dotbot; [email protected])"
172.71.146.109 - - [08/May/2025:12:06:32 +0200] "GET /?i=239188621 HTTP/1.1" 200 131 "-" "Mozilla/5.0 (compatible; DotBot/1.2; +https://opensiteexplorer.org/dotbot; [email protected])"
162.158.42.89 - - [08/May/2025:12:06:33 +0200] "GET /?i=242476321 HTTP/1.1" 200 93801 "-" "Mozilla/5.0 (compatible; DotBot/1.2; +https://opensiteexplorer.org/dotbot; [email protected])"
172.68.22.3 - - [08/May/2025:12:06:35 +0200] "GET /?i=308736521 HTTP/1.1" 200 93801 "-" "Mozilla/5.0 (compatible; DotBot/1.2; +https://opensiteexplorer.org/dotbot; [email protected])"
172.69.34.207 - - [08/May/2025:12:06:35 +0200] "GET /?bet=phim+xet+my+tap+the HTTP/1.1" 200 999 "-" "Mozilla/5.0 AppleWebKit/537.36 (KHTML, like Gecko; compatible; GPTBot/1.2; +https://openai.com/gptbot)"
172.68.22.72 - - [08/May/2025:12:06:37 +0200] "GET /?i=340495921 HTTP/1.1" 200 93801 "-" "Mozilla/5.0 (compatible; DotBot/1.2; +https://opensiteexplorer.org/dotbot; [email protected])"
162.158.41.86 - - [08/May/2025:12:06:38 +0200] "GET /?i=344184821 HTTP/1.1" 200 93801 "-" "Mozilla/5.0 (compatible; DotBot/1.2; +https://opensiteexplorer.org/dotbot; [email protected])"
162.158.41.18 - - [08/May/2025:12:06:39 +0200] "GET /?i=371935121 HTTP/1.1" 200 93801 "-" "Mozilla/5.0 (compatible; DotBot/1.2; +https://opensiteexplorer.org/dotbot; [email protected])"
172.71.147.55 - - [08/May/2025:12:06:42 +0200] "GET /?i=372576021 HTTP/1.1" 200 93801 "-" "Mozilla/5.0 (compatible; DotBot/1.2; +https://opensiteexplorer.org/dotbot; [email protected])"
172.70.126.124 - - [08/May/2025:12:06:42 +0200] "GET /?top=sex+ch%C3%A2u+au HTTP/1.1" 200 999 "-" "Mozilla/5.0 AppleWebKit/537.36 (KHTML, like Gecko; compatible; ClaudeBot/1.0; [email protected])"
172.69.34.207 - - [08/May/2025:12:06:42 +0200] "GET /?hot=phim+xet+my+tap+the HTTP/1.1" 200 999 "-" "Mozilla/5.0 AppleWebKit/537.36 (KHTML, like Gecko; compatible; GPTBot/1.2; +https://openai.com/gptbot)"
172.70.127.202 - - [08/May/2025:12:06:42 +0200] "GET /?ios=hentaikhongche HTTP/1.1" 200 999 "-" "Mozilla/5.0 AppleWebKit/537.36 (KHTML, like Gecko; compatible; ClaudeBot/1.0; [email protected])"
172.71.182.155 - - [08/May/2025:12:06:42 +0200] "GET / HTTP/1.1" 200 93801 "-" "Mozilla/5.0 (iPhone; CPU iPhone OS 13_2_3 like Mac OS X) AppleWebKit/605.1.15 (KHTML, like Gecko) Version/13.0.3 Mobile/15E148 Safari/604.1"
172.70.127.202 - - [08/May/2025:12:06:42 +0200] "GET /?bet=phim+sex+m%C3%B3c+l%E1%BB%93n+vn HTTP/1.1" 200 999 "-" "Mozilla/5.0 AppleWebKit/537.36 (KHTML, like Gecko; compatible; ClaudeBot/1.0; [email protected])"
108.162.216.123 - - [08/May/2025:12:06:42 +0200] "GET /?keyword=trai+bao+phim HTTP/1.1" 200 999 "-" "Mozilla/5.0 AppleWebKit/537.36 (KHTML, like Gecko; compatible; ClaudeBot/1.0; [email protected])"
172.69.59.51 - - [08/May/2025:12:06:43 +0200] "GET /?top=phim+dit+nhau+vo+chong HTTP/1.1" 200 999 "-" "Mozilla/5.0 AppleWebKit/537.36 (KHTML, like Gecko; compatible; ClaudeBot/1.0; [email protected])"
172.69.34.207 - - [08/May/2025:12:06:45 +0200] "GET /?bet=hai+anh+em+dit+nhau HTTP/1.1" 200 999 "-" "Mozilla/5.0 AppleWebKit/537.36 (KHTML, like Gecko; compatible; GPTBot/1.2; +https://openai.com/gptbot)"
172.68.22.72 - - [08/May/2025:12:06:46 +0200] "GET /?i=414910021 HTTP/1.1" 200 93801 "-" "Mozilla/5.0 (compatible; DotBot/1.2; +https://opensiteexplorer.org/dotbot; [email protected])"
172.69.34.207 - - [08/May/2025:12:06:49 +0200] "GET /?app=anh+trai+dit+em+gai HTTP/1.1" 200 999 "-" "Mozilla/5.0 AppleWebKit/537.36 (KHTML, like Gecko; compatible; GPTBot/1.2; +https://openai.com/gptbot)"
172.71.142.79 - - [08/May/2025:12:06:49 +0200] "GET /?i=424209321 HTTP/1.1" 200 93801 "-" "Mozilla/5.0 (compatible; DotBot/1.2; +https://opensiteexplorer.org/dotbot; [email protected])"
172.70.208.143 - - [08/May/2025:12:06:52 +0200] "GET /?i=170687521 HTTP/1.1" 200 131 "-" "Mozilla/5.0 (Linux; Android 5.0) AppleWebKit/537.36 (KHTML, like Gecko) Mobile Safari/537.36 (compatible; Bytespider; [email protected])"
172.71.147.54 - - [08/May/2025:12:06:52 +0200] "GET /?i=430763221 HTTP/1.1" 200 93801 "-" "Mozilla/5.0 (compatible; DotBot/1.2; +https://opensiteexplorer.org/dotbot; [email protected])"
172.69.34.207 - - [08/May/2025:12:06:53 +0200] "GET /?ios=phim+set+choi+me+vo HTTP/1.1" 200 999 "-" "Mozilla/5.0 AppleWebKit/537.36 (KHTML, like Gecko; compatible; GPTBot/1.2; +https://openai.com/gptbot)"
172.71.146.182 - - [08/May/2025:12:06:55 +0200] "GET /?i=470547021 HTTP/1.1" 200 93801 "-" "Mozilla/5.0 (compatible; DotBot/1.2; +https://opensiteexplorer.org/dotbot; [email protected])"
172.69.34.207 - - [08/May/2025:12:06:56 +0200] "GET /?ios=hai+anh+em+dit+nhau HTTP/1.1" 200 999 "-" "Mozilla/5.0 AppleWebKit/537.36 (KHTML, like Gecko; compatible; GPTBot/1.2; +https://openai.com/gptbot)"
108.162.245.37 - - [08/May/2025:12:06:57 +0200] "GET /?i=479623821 HTTP/1.1" 200 131 "-" "Mozilla/5.0 (compatible; DotBot/1.2; +https://opensiteexplorer.org/dotbot; [email protected])"
172.71.146.109 - - [08/May/2025:12:06:59 +0200] "GET /?i=498943721 HTTP/1.1" 200 93801 "-" "Mozilla/5.0 (compatible; DotBot/1.2; +https://opensiteexplorer.org/dotbot; [email protected])"
172.69.34.207 - - [08/May/2025:12:06:59 +0200] "GET /?app=dit+gai+gia+chau+au HTTP/1.1" 200 999 "-" "Mozilla/5.0 AppleWebKit/537.36 (KHTML, like Gecko; compatible; GPTBot/1.2; +https://openai.com/gptbot)"
172.68.23.203 - - [08/May/2025:12:07:00 +0200] "GET /?i=60412021 HTTP/1.1" 200 93801 "-" "Mozilla/5.0 (compatible; DotBot/1.2; +https://opensiteexplorer.org/dotbot; [email protected])"
172.71.150.56 - - [08/May/2025:12:07:02 +0200] "GET /?i=68604621 HTTP/1.1" 200 131 "-" "Mozilla/5.0 (compatible; DotBot/1.2; +https://opensiteexplorer.org/dotbot; [email protected])"
172.69.34.207 - - [08/May/2025:12:07:02 +0200] "GET /?app=phim+sex+hai+anh+em HTTP/1.1" 200 999 "-" "Mozilla/5.0 AppleWebKit/537.36 (KHTML, like Gecko; compatible; GPTBot/1.2; +https://openai.com/gptbot)"
172.71.150.46 - - [08/May/2025:12:07:04 +0200] "GET /?i=88203421 HTTP/1.1" 200 131 "-" "Mozilla/5.0 (compatible; DotBot/1.2; +https://opensiteexplorer.org/dotbot; [email protected])"
172.69.34.207 - - [08/May/2025:12:07:04 +0200] "GET /?hot=anh+sex+dit+tap+the HTTP/1.1" 200 999 "-" "Mozilla/5.0 AppleWebKit/537.36 (KHTML, like Gecko; compatible; GPTBot/1.2; +https://openai.com/gptbot)"
172.71.147.135 - - [08/May/2025:12:07:06 +0200] "GET /?i=101186321 HTTP/1.1" 200 93801 "-" "Mozilla/5.0 (compatible; DotBot/1.2; +https://opensiteexplorer.org/dotbot; [email protected])"
172.69.34.207 - - [08/May/2025:12:07:06 +0200] "GET /?hot=anh+trai+dit+em+gai HTTP/1.1" 200 999 "-" "Mozilla/5.0 AppleWebKit/537.36 (KHTML, like Gecko; compatible; GPTBot/1.2; +https://openai.com/gptbot)"
172.69.34.207 - - [08/May/2025:12:07:08 +0200] "GET /?bet=l%C3%B4n+g%C3%A1i HTTP/1.1" 200 999 "-" "Mozilla/5.0 AppleWebKit/537.36 (KHTML, like Gecko; compatible; GPTBot/1.2; +https://openai.com/gptbot)"
172.71.151.78 - - [08/May/2025:12:07:08 +0200] "GET /?i=105637521 HTTP/1.1" 200 93801 "-" "Mozilla/5.0 (compatible; DotBot/1.2; +https://opensiteexplorer.org/dotbot; [email protected])"
172.69.34.207 - - [08/May/2025:12:07:10 +0200] "GET /?hot=g%C3%A1i+m%C3%B3c HTTP/1.1" 200 999 "-" "Mozilla/5.0 AppleWebKit/537.36 (KHTML, like Gecko; compatible; GPTBot/1.2; +https://openai.com/gptbot)"
172.71.151.110 - - [08/May/2025:12:07:11 +0200] "GET /?i=113871221 HTTP/1.1" 200 93801 "-" "Mozilla/5.0 (compatible; DotBot/1.2; +https://opensiteexplorer.org/dotbot; [email protected])"
172.69.34.207 - - [08/May/2025:12:07:12 +0200] "GET /?hot=l%C3%B4n+g%C3%A1i HTTP/1.1" 200 999 "-" "Mozilla/5.0 AppleWebKit/537.36 (KHTML, like Gecko; compatible; GPTBot/1.2; +https://openai.com/gptbot)"
172.69.34.207 - - [08/May/2025:12:07:13 +0200] "GET /?bet=g%C3%A1i+m%C3%B3c HTTP/1.1" 200 999 "-" "Mozilla/5.0 AppleWebKit/537.36 (KHTML, like Gecko; compatible; GPTBot/1.2; +https://openai.com/gptbot)"
172.71.146.43 - - [08/May/2025:12:07:13 +0200] "GET /?i=118763521 HTTP/1.1" 200 93801 "-" "Mozilla/5.0 (compatible; DotBot/1.2; +https://opensiteexplorer.org/dotbot; [email protected])"
172.69.34.207 - - [08/May/2025:12:07:14 +0200] "GET /?top=l%C3%B4n+g%C3%A1i HTTP/1.1" 200 999 "-" "Mozilla/5.0 AppleWebKit/537.36 (KHTML, like Gecko; compatible; GPTBot/1.2; +https://openai.com/gptbot)"
172.68.22.38 - - [08/May/2025:12:07:15 +0200] "GET /?i=119243921 HTTP/1.1" 200 93801 "-" "Mozilla/5.0 (compatible; DotBot/1.2; +https://opensiteexplorer.org/dotbot; [email protected])"
172.69.34.207 - - [08/May/2025:12:07:15 +0200] "GET /?ios=l%C3%B4n+g%C3%A1i HTTP/1.1" 200 999 "-" "Mozilla/5.0 AppleWebKit/537.36 (KHTML, like Gecko; compatible; GPTBot/1.2; +https://openai.com/gptbot)"
172.69.34.207 - - [08/May/2025:12:07:17 +0200] "GET /?app=phim+sex+h%E1%BB%93+ng%E1%BB%8Dc+h%C3%A0 HTTP/1.1" 200 999 "-" "Mozilla/5.0 AppleWebKit/537.36 (KHTML, like Gecko; compatible; GPTBot/1.2; +https://openai.com/gptbot)"
172.68.23.204 - - [08/May/2025:12:07:17 +0200] "GET /?i=136221 HTTP/1.1" 200 93801 "-" "Mozilla/5.0 (compatible; DotBot/1.2; +https://opensiteexplorer.org/dotbot; [email protected])"
172.69.34.207 - - [08/May/2025:12:07:18 +0200] "GET /?ios=phim+sex+c%E1%BB%A7a+h%C3%A0+n%E1%BB%99i HTTP/1.1" 200 999 "-" "Mozilla/5.0 AppleWebKit/537.36 (KHTML, like Gecko; compatible; GPTBot/1.2; +https://openai.com/gptbot)"
162.158.170.212 - - [08/May/2025:12:07:18 +0200] "GET /?i=468441621 HTTP/1.1" 200 93801 "-" "Mozilla/5.0 (Linux; Android 5.0) AppleWebKit/537.36 (KHTML, like Gecko) Mobile Safari/537.36 (compatible; Bytespider; [email protected])"
172.71.135.86 - - [08/May/2025:12:07:18 +0200] "GET /?hot=xin%20x%C4%83m HTTP/1.1" 200 999 "-" "Mozilla/5.0 (compatible; MJ12bot/v1.4.8; http://mj12bot.com/)"
172.69.34.207 - - [08/May/2025:12:07:19 +0200] "GET /?top=sex+v%E1%BB%A5ng+tr%E1%BB%99m+em+g%C3%A1i HTTP/1.1" 200 999 "-" "Mozilla/5.0 AppleWebKit/537.36 (KHTML, like Gecko; compatible; GPTBot/1.2; +https://openai.com/gptbot)"
172.68.164.37 - - [08/May/2025:12:07:19 +0200] "GET /IMG/logo/1024x538_cmsv2_c54013e5-8833-5743-86fc-a18b87d54ede-8113070.jpg.webp HTTP/1.1" 200 8812 "http://www.igihango.com/?i=468441621" "Mozilla/5.0 (Linux; Android 5.0) AppleWebKit/537.36 (KHTML, like Gecko) Mobile Safari/537.36 (compatible; Bytespider; [email protected])"
162.158.88.142 - - [08/May/2025:12:07:19 +0200] "GET /IMG/logo/img-20231108-wa0084.jpg HTTP/1.1" 200 8767 "http://www.igihango.com/?i=468441621" "Mozilla/5.0 (Linux; Android 5.0) AppleWebKit/537.36 (KHTML, like Gecko) Mobile Safari/537.36 (compatible; Bytespider; [email protected])"
172.69.34.207 - - [08/May/2025:12:07:20 +0200] "GET /?bet=sex+v%E1%BB%A5ng+tr%E1%BB%99m+h%C3%A0n HTTP/1.1" 200 999 "-" "Mozilla/5.0 AppleWebKit/537.36 (KHTML, like Gecko; compatible; GPTBot/1.2; +https://openai.com/gptbot)"
162.158.41.248 - - [08/May/2025:12:07:21 +0200] "GET /?i=140574221 HTTP/1.1" 200 93801 "-" "Mozilla/5.0 (compatible; DotBot/1.2; +https://opensiteexplorer.org/dotbot; [email protected])"
172.69.34.207 - - [08/May/2025:12:07:21 +0200] "GET /?top=phim+sex+ch%C6%A1i+l%E1%BB%97+nh%E1%BB%8B HTTP/1.1" 200 999 "-" "Mozilla/5.0 AppleWebKit/537.36 (KHTML, like Gecko; compatible; GPTBot/1.2; +https://openai.com/gptbot)"
172.71.135.86 - - [08/May/2025:12:07:22 +0200] "GET /?hot=x%E1%BB%95%20s%E1%BB%91%20h%C3%A0%20n%E1%BB%99i%20h%C3%A0ng%20tu%E1%BA%A7n HTTP/1.1" 200 999 "-" "Mozilla/5.0 (compatible; MJ12bot/v1.4.8; http://mj12bot.com/)"
172.69.34.207 - - [08/May/2025:12:07:22 +0200] "GET /?hot=sex+v%E1%BB%A5ng+tr%E1%BB%99m+h%C3%A0n HTTP/1.1" 200 999 "-" "Mozilla/5.0 AppleWebKit/537.36 (KHTML, like Gecko; compatible; GPTBot/1.2; +https://openai.com/gptbot)"
172.69.34.207 - - [08/May/2025:12:07:24 +0200] "GET /?ios=phim+sex+b%E1%BB%91+d%C6%B0%E1%BB%A3ng HTTP/1.1" 200 999 "-" "Mozilla/5.0 AppleWebKit/537.36 (KHTML, like Gecko; compatible; GPTBot/1.2; +https://openai.com/gptbot)"
172.69.34.207 - - [08/May/2025:12:07:25 +0200] "GET /?top=h%E1%BB%8Dc+sinh+vn+%C4%91%E1%BB%A5+nhau HTTP/1.1" 200 999 "-" "Mozilla/5.0 AppleWebKit/537.36 (KHTML, like Gecko; compatible; GPTBot/1.2; +https://openai.com/gptbot)"
172.69.34.207 - - [08/May/2025:12:07:26 +0200] "GET /?bet=sex+t%C3%A2y+v%E1%BB%A5ng+tr%E1%BB%99m HTTP/1.1" 200 999 "-" "Mozilla/5.0 AppleWebKit/537.36 (KHTML, like Gecko; compatible; GPTBot/1.2; +https://openai.com/gptbot)"
172.69.34.207 - - [08/May/2025:12:07:27 +0200] "GET /?app=sex+v%E1%BB%A5ng+tr%E1%BB%99m+em+g%C3%A1i HTTP/1.1" 200 999 "-" "Mozilla/5.0 AppleWebKit/537.36 (KHTML, like Gecko; compatible; GPTBot/1.2; +https://openai.com/gptbot)"
172.69.34.207 - - [08/May/2025:12:07:28 +0200] "GET /?play=h%E1%BB%8Dc+sinh+vn+%C4%91%E1%BB%A5+nhau HTTP/1.1" 200 999 "-" "Mozilla/5.0 AppleWebKit/537.36 (KHTML, like Gecko; compatible; GPTBot/1.2; +https://openai.com/gptbot)"
172.71.151.78 - - [08/May/2025:12:07:29 +0200] "GET /?i=145886521 HTTP/1.1" 200 93801 "-" "Mozilla/5.0 (compatible; DotBot/1.2; +https://opensiteexplorer.org/dotbot; [email protected])"
172.69.34.207 - - [08/May/2025:12:07:29 +0200] "GET /?hot=sex+v%E1%BB%A5ng+tr%E1%BB%99m+em+g%C3%A1i HTTP/1.1" 200 999 "-" "Mozilla/5.0 AppleWebKit/537.36 (KHTML, like Gecko; compatible; GPTBot/1.2; +https://openai.com/gptbot)"
172.68.151.63 - - [08/May/2025:12:07:30 +0200] "GET /robots.txt HTTP/1.1" 200 116 "-" "Mozilla/5.0 (compatible; MJ12bot/v1.4.8; http://mj12bot.com/)"
172.69.34.207 - - [08/May/2025:12:07:31 +0200] "GET /?app=sex+vi%E1%BB%87t+th%E1%BB%A7+d%C3%A2m HTTP/1.1" 200 999 "-" "Mozilla/5.0 AppleWebKit/537.36 (KHTML, like Gecko; compatible; GPTBot/1.2; +https://openai.com/gptbot)"
172.69.34.207 - - [08/May/2025:12:07:32 +0200] "GET /?play=gai+vi%E1%BB%87t+th%E1%BB%A7+d%C3%A2m HTTP/1.1" 200 999 "-" "Mozilla/5.0 AppleWebKit/537.36 (KHTML, like Gecko; compatible; GPTBot/1.2; +https://openai.com/gptbot)"
172.69.222.169 - - [08/May/2025:12:07:32 +0200] "GET /?hot=c%C3%A1c%20trang%20jav%20hay HTTP/1.1" 200 999 "-" "Mozilla/5.0 (compatible; MJ12bot/v1.4.8; http://mj12bot.com/)"
172.69.34.207 - - [08/May/2025:12:07:33 +0200] "GET /?top=quay+tr%E1%BB%99m+th%E1%BB%A7+d%C3%A2m HTTP/1.1" 200 999 "-" "Mozilla/5.0 AppleWebKit/537.36 (KHTML, like Gecko; compatible; GPTBot/1.2; +https://openai.com/gptbot)"
172.69.34.207 - - [08/May/2025:12:07:34 +0200] "GET /?produc_id=t%E1%BB%B7+l%E1%BB%87+k%C3%A8o+euro HTTP/1.1" 200 999 "-" "Mozilla/5.0 AppleWebKit/537.36 (KHTML, like Gecko; compatible; GPTBot/1.2; +https://openai.com/gptbot)"
172.69.34.207 - - [08/May/2025:12:07:35 +0200] "GET /?bet=quay+tr%E1%BB%99m+th%E1%BB%A7+d%C3%A2m HTTP/1.1" 200 999 "-" "Mozilla/5.0 AppleWebKit/537.36 (KHTML, like Gecko; compatible; GPTBot/1.2; +https://openai.com/gptbot)"
162.158.41.249 - - [08/May/2025:12:07:36 +0200] "GET /?i=149135221 HTTP/1.1" 200 93801 "-" "Mozilla/5.0 (compatible; DotBot/1.2; +https://opensiteexplorer.org/dotbot; [email protected])"
172.69.34.207 - - [08/May/2025:12:07:36 +0200] "GET /?bet=h%E1%BB%8Dc+sinh+vn+%C4%91%E1%BB%A5+nhau HTTP/1.1" 200 999 "-" "Mozilla/5.0 AppleWebKit/537.36 (KHTML, like Gecko; compatible; GPTBot/1.2; +https://openai.com/gptbot)"
172.69.222.168 - - [08/May/2025:12:07:38 +0200] "GET /?hot=phim%20sex%20dit%20v%E1%BB%A3%20b%E1%BA%A1n HTTP/1.1" 200 999 "-" "Mozilla/5.0 (compatible; MJ12bot/v1.4.8; http://mj12bot.com/)"
172.69.34.207 - - [08/May/2025:12:07:38 +0200] "GET /?video=kqbd+aff+cup HTTP/1.1" 200 999 "-" "Mozilla/5.0 AppleWebKit/537.36 (KHTML, like Gecko; compatible; GPTBot/1.2; +https://openai.com/gptbot)"
172.69.34.207 - - [08/May/2025:12:07:39 +0200] "GET /?video=sex+nhat+bam HTTP/1.1" 200 999 "-" "Mozilla/5.0 AppleWebKit/537.36 (KHTML, like Gecko; compatible; GPTBot/1.2; +https://openai.com/gptbot)"
172.69.222.168 - - [08/May/2025:12:07:40 +0200] "GET /?hot=phim%20sex%20hi%E1%BA%BFp%20d%C3%A2m%20kh%C3%B4ng%20che HTTP/1.1" 200 999 "-" "Mozilla/5.0 (compatible; MJ12bot/v1.4.8; http://mj12bot.com/)"
172.69.34.207 - - [08/May/2025:12:07:40 +0200] "GET /?video=phim.sex+han HTTP/1.1" 200 999 "-" "Mozilla/5.0 AppleWebKit/537.36 (KHTML, like Gecko; compatible; GPTBot/1.2; +https://openai.com/gptbot)"
172.69.34.207 - - [08/May/2025:12:07:41 +0200] "GET /?video=xem+kqbd+anh HTTP/1.1" 200 999 "-" "Mozilla/5.0 AppleWebKit/537.36 (KHTML, like Gecko; compatible; GPTBot/1.2; +https://openai.com/gptbot)"
172.69.222.168 - - [08/May/2025:12:07:42 +0200] "GET /?hot=phim%20sex%20h%E1%BB%8Dc%20sinh HTTP/1.1" 200 999 "-" "Mozilla/5.0 (compatible; MJ12bot/v1.4.8; http://mj12bot.com/)"
172.69.34.207 - - [08/May/2025:12:07:42 +0200] "GET /?video=xep+hang+vcs HTTP/1.1" 200 999 "-" "Mozilla/5.0 AppleWebKit/537.36 (KHTML, like Gecko; compatible; GPTBot/1.2; +https://openai.com/gptbot)"
172.68.23.204 - - [08/May/2025:12:07:43 +0200] "GET /?i=180397121 HTTP/1.1" 200 93801 "-" "Mozilla/5.0 (compatible; DotBot/1.2; +https://opensiteexplorer.org/dotbot; [email protected])"
172.69.34.207 - - [08/May/2025:12:07:43 +0200] "GET /?video=phim.sex+sub HTTP/1.1" 200 999 "-" "Mozilla/5.0 AppleWebKit/537.36 (KHTML, like Gecko; compatible; GPTBot/1.2; +https://openai.com/gptbot)"
172.69.222.168 - - [08/May/2025:12:07:44 +0200] "GET /?hot=phim%20sex%20lo%E1%BA%A1n%20lu%C3%A2n HTTP/1.1" 200 999 "-" "Mozilla/5.0 (compatible; MJ12bot/v1.4.8; http://mj12bot.com/)"
172.69.34.207 - - [08/May/2025:12:07:44 +0200] "GET /?top=quay+tr%E1%BB%99m+th%E1%BB%A7+d%C3%A2m HTTP/1.1" 200 999 "-" "Mozilla/5.0 AppleWebKit/537.36 (KHTML, like Gecko; compatible; GPTBot/1.2; +https://openai.com/gptbot)"
172.70.208.142 - - [08/May/2025:12:07:44 +0200] "GET /?i=336352221 HTTP/1.1" 200 93801 "-" "Mozilla/5.0 (Linux; Android 5.0) AppleWebKit/537.36 (KHTML, like Gecko) Mobile Safari/537.36 (compatible; Bytespider; [email protected])"
172.68.164.37 - - [08/May/2025:12:07:46 +0200] "GET /IMG/logo/1024x538_cmsv2_c54013e5-8833-5743-86fc-a18b87d54ede-8113070.jpg.webp HTTP/1.1" 200 131 "http://www.igihango.com/?i=336352221" "Mozilla/5.0 (Linux; Android 5.0) AppleWebKit/537.36 (KHTML, like Gecko) Mobile Safari/537.36 (compatible; Bytespider; [email protected])"
172.69.34.207 - - [08/May/2025:12:07:45 +0200] "GET /?video=pha+trinh+my HTTP/1.1" 200 999 "-" "Mozilla/5.0 AppleWebKit/537.36 (KHTML, like Gecko; compatible; GPTBot/1.2; +https://openai.com/gptbot)"
162.158.88.142 - - [08/May/2025:12:07:46 +0200] "GET /IMG/logo/img-20231108-wa0084.jpg HTTP/1.1" 200 8767 "http://www.igihango.com/?i=336352221" "Mozilla/5.0 (Linux; Android 5.0) AppleWebKit/537.36 (KHTML, like Gecko) Mobile Safari/537.36 (compatible; Bytespider; [email protected])"
172.69.34.207 - - [08/May/2025:12:07:47 +0200] "GET /?video=sex.lau+xanh HTTP/1.1" 200 999 "-" "Mozilla/5.0 AppleWebKit/537.36 (KHTML, like Gecko; compatible; GPTBot/1.2; +https://openai.com/gptbot)"
172.69.34.207 - - [08/May/2025:12:07:48 +0200] "GET /?video=lam+tinh.com HTTP/1.1" 200 999 "-" "Mozilla/5.0 AppleWebKit/537.36 (KHTML, like Gecko; compatible; GPTBot/1.2; +https://openai.com/gptbot)"
162.158.42.8 - - [08/May/2025:12:07:48 +0200] "GET /?i=186441421 HTTP/1.1" 200 93801 "-" "Mozilla/5.0 (compatible; DotBot/1.2; +https://opensiteexplorer.org/dotbot; [email protected])"
172.69.34.207 - - [08/May/2025:12:07:49 +0200] "GET /?video=phim+sex+nga HTTP/1.1" 200 999 "-" "Mozilla/5.0 AppleWebKit/537.36 (KHTML, like Gecko; compatible; GPTBot/1.2; +https://openai.com/gptbot)"
172.69.34.207 - - [08/May/2025:12:07:50 +0200] "GET /?video=phim+tu+quay HTTP/1.1" 200 999 "-" "Mozilla/5.0 AppleWebKit/537.36 (KHTML, like Gecko; compatible; GPTBot/1.2; +https://openai.com/gptbot)"
172.69.222.168 - - [08/May/2025:12:07:51 +0200] "GET /?hot=phim%20sex%20vietsub%20kh%C3%B4ng%20che HTTP/1.1" 200 999 "-" "Mozilla/5.0 (compatible; MJ12bot/v1.4.8; http://mj12bot.com/)"
172.69.34.207 - - [08/May/2025:12:07:51 +0200] "GET /?video=phim+gay+sex HTTP/1.1" 200 999 "-" "Mozilla/5.0 AppleWebKit/537.36 (KHTML, like Gecko; compatible; GPTBot/1.2; +https://openai.com/gptbot)"
172.69.34.207 - - [08/May/2025:12:07:52 +0200] "GET /?video=han+quoc+sex HTTP/1.1" 200 999 "-" "Mozilla/5.0 AppleWebKit/537.36 (KHTML, like Gecko; compatible; GPTBot/1.2; +https://openai.com/gptbot)"
162.158.42.226 - - [08/May/2025:12:07:53 +0200] "GET /?i=190684721 HTTP/1.1" 200 131 "-" "Mozilla/5.0 (compatible; DotBot/1.2; +https://opensiteexplorer.org/dotbot; [email protected])"
172.69.222.168 - - [08/May/2025:12:07:53 +0200] "GET /?hot=phim%20sex%20v%C3%BA%20b%E1%BB%B1 HTTP/1.1" 200 999 "-" "Mozilla/5.0 (compatible; MJ12bot/v1.4.8; http://mj12bot.com/)"
172.69.34.207 - - [08/May/2025:12:07:54 +0200] "GET /?video=sun+city.com HTTP/1.1" 200 999 "-" "Mozilla/5.0 AppleWebKit/537.36 (KHTML, like Gecko; compatible; GPTBot/1.2; +https://openai.com/gptbot)"
172.69.34.207 - - [08/May/2025:12:07:55 +0200] "GET /?video=phim+sex+gay HTTP/1.1" 200 999 "-" "Mozilla/5.0 AppleWebKit/537.36 (KHTML, like Gecko; compatible; GPTBot/1.2; +https://openai.com/gptbot)"
172.69.34.207 - - [08/May/2025:12:07:56 +0200] "GET /?video=lau+xanh+com HTTP/1.1" 200 999 "-" "Mozilla/5.0 AppleWebKit/537.36 (KHTML, like Gecko; compatible; GPTBot/1.2; +https://openai.com/gptbot)"
172.71.150.203 - - [08/May/2025:12:07:56 +0200] "GET /?i=200351721 HTTP/1.1" 200 131 "-" "Mozilla/5.0 (compatible; DotBot/1.2; +https://opensiteexplorer.org/dotbot; [email protected])"
172.69.34.207 - - [08/May/2025:12:07:57 +0200] "GET /?video=sex+nhuc+ban HTTP/1.1" 200 999 "-" "Mozilla/5.0 AppleWebKit/537.36 (KHTML, like Gecko; compatible; GPTBot/1.2; +https://openai.com/gptbot)"
172.69.34.207 - - [08/May/2025:12:07:58 +0200] "GET /?video=phim+sec+nga HTTP/1.1" 200 999 "-" "Mozilla/5.0 AppleWebKit/537.36 (KHTML, like Gecko; compatible; GPTBot/1.2; +https://openai.com/gptbot)"
172.71.146.180 - - [08/May/2025:12:07:59 +0200] "GET /?i=201989121 HTTP/1.1" 200 93801 "-" "Mozilla/5.0 (compatible; DotBot/1.2; +https://opensiteexplorer.org/dotbot; [email protected])"
172.69.34.207 - - [08/May/2025:12:07:59 +0200] "GET /?video=phim+sex+bay HTTP/1.1" 200 999 "-" "Mozilla/5.0 AppleWebKit/537.36 (KHTML, like Gecko; compatible; GPTBot/1.2; +https://openai.com/gptbot)"
172.69.222.168 - - [08/May/2025:12:08:00 +0200] "GET /?hot=sex%20b%E1%BA%A1o%20d%C3%A2m HTTP/1.1" 200 999 "-" "Mozilla/5.0 (compatible; MJ12bot/v1.4.8; http://mj12bot.com/)"
172.69.34.207 - - [08/May/2025:12:08:01 +0200] "GET /?video=quay+len+sex HTTP/1.1" 200 999 "-" "Mozilla/5.0 AppleWebKit/537.36 (KHTML, like Gecko; compatible; GPTBot/1.2; +https://openai.com/gptbot)"
172.69.34.207 - - [08/May/2025:12:08:02 +0200] "GET /?video=phim+sex+yua HTTP/1.1" 200 999 "-" "Mozilla/5.0 AppleWebKit/537.36 (KHTML, like Gecko; compatible; GPTBot/1.2; +https://openai.com/gptbot)"
172.68.22.2 - - [08/May/2025:12:08:02 +0200] "GET /?i=2020921 HTTP/1.1" 200 93801 "-" "Mozilla/5.0 (compatible; DotBot/1.2; +https://opensiteexplorer.org/dotbot; [email protected])"
172.69.34.207 - - [08/May/2025:12:08:03 +0200] "GET /?video=bdkq+hom+nay HTTP/1.1" 200 999 "-" "Mozilla/5.0 AppleWebKit/537.36 (KHTML, like Gecko; compatible; GPTBot/1.2; +https://openai.com/gptbot)"
172.69.34.207 - - [08/May/2025:12:08:04 +0200] "GET /?video=sex+lam+tinh HTTP/1.1" 200 999 "-" "Mozilla/5.0 AppleWebKit/537.36 (KHTML, like Gecko; compatible; GPTBot/1.2; +https://openai.com/gptbot)"
162.158.42.18 - - [08/May/2025:12:08:05 +0200] "GET /?i=213948521 HTTP/1.1" 200 93801 "-" "Mozilla/5.0 (compatible; DotBot/1.2; +https://opensiteexplorer.org/dotbot; [email protected])"
172.69.34.207 - - [08/May/2025:12:08:05 +0200] "GET /?video=tam+quay+len HTTP/1.1" 200 999 "-" "Mozilla/5.0 AppleWebKit/537.36 (KHTML, like Gecko; compatible; GPTBot/1.2; +https://openai.com/gptbot)"
172.69.34.207 - - [08/May/2025:12:08:06 +0200] "GET /?video=sex+han+quoc HTTP/1.1" 200 999 "-" "Mozilla/5.0 AppleWebKit/537.36 (KHTML, like Gecko; compatible; GPTBot/1.2; +https://openai.com/gptbot)"
172.71.147.93 - - [08/May/2025:12:08:07 +0200] "GET /?i=220057621 HTTP/1.1" 200 93801 "-" "Mozilla/5.0 (compatible; DotBot/1.2; +https://opensiteexplorer.org/dotbot; [email protected])"
172.69.34.207 - - [08/May/2025:12:08:07 +0200] "GET /?video=phim+set+gay HTTP/1.1" 200 999 "-" "Mozilla/5.0 AppleWebKit/537.36 (KHTML, like Gecko; compatible; GPTBot/1.2; +https://openai.com/gptbot)"
172.69.34.207 - - [08/May/2025:12:08:09 +0200] "GET /?video=sey+han+quoc HTTP/1.1" 200 999 "-" "Mozilla/5.0 AppleWebKit/537.36 (KHTML, like Gecko; compatible; GPTBot/1.2; +https://openai.com/gptbot)"
172.71.146.42 - - [08/May/2025:12:08:09 +0200] "GET /?i=229305621 HTTP/1.1" 200 93801 "-" "Mozilla/5.0 (compatible; DotBot/1.2; +https://opensiteexplorer.org/dotbot; [email protected])"
172.69.222.169 - - [08/May/2025:12:08:09 +0200] "GET /?hot=sex%20hi%E1%BA%BFp%20d%C3%A2m HTTP/1.1" 200 999 "-" "Mozilla/5.0 (compatible; MJ12bot/v1.4.8; http://mj12bot.com/)"
172.69.34.207 - - [08/May/2025:12:08:10 +0200] "GET /?play=thu+dam+video HTTP/1.1" 200 999 "-" "Mozilla/5.0 AppleWebKit/537.36 (KHTML, like Gecko; compatible; GPTBot/1.2; +https://openai.com/gptbot)"
162.158.108.116 - - [08/May/2025:12:08:11 +0200] "GET /?i=347302721 HTTP/1.1" 200 131 "-" "Mozilla/5.0 (Linux; Android 5.0) AppleWebKit/537.36 (KHTML, like Gecko) Mobile Safari/537.36 (compatible; Bytespider; [email protected])"
172.69.34.207 - - [08/May/2025:12:08:11 +0200] "GET /?video=xsmb+hom+nay HTTP/1.1" 200 999 "-" "Mozilla/5.0 AppleWebKit/537.36 (KHTML, like Gecko; compatible; GPTBot/1.2; +https://openai.com/gptbot)"
172.68.22.72 - - [08/May/2025:12:08:11 +0200] "GET /?i=24581621 HTTP/1.1" 200 131 "-" "Mozilla/5.0 (compatible; DotBot/1.2; +https://opensiteexplorer.org/dotbot; [email protected])"
172.69.222.169 - - [08/May/2025:12:08:11 +0200] "GET /?hot=sex%20m%C3%BAp HTTP/1.1" 200 999 "-" "Mozilla/5.0 (compatible; MJ12bot/v1.4.8; http://mj12bot.com/)"
172.69.34.208 - - [08/May/2025:12:08:12 +0200] "GET /?video=gai+nhat+mup HTTP/1.1" 200 999 "-" "Mozilla/5.0 AppleWebKit/537.36 (KHTML, like Gecko; compatible; GPTBot/1.2; +https://openai.com/gptbot)"
172.68.22.72 - - [08/May/2025:12:08:13 +0200] "GET /?i=250229321 HTTP/1.1" 200 131 "-" "Mozilla/5.0 (compatible; DotBot/1.2; +https://opensiteexplorer.org/dotbot; [email protected])"
172.69.34.208 - - [08/May/2025:12:08:13 +0200] "GET /?video=phim+lau.com HTTP/1.1" 200 999 "-" "Mozilla/5.0 AppleWebKit/537.36 (KHTML, like Gecko; compatible; GPTBot/1.2; +https://openai.com/gptbot)"
172.69.34.208 - - [08/May/2025:12:08:14 +0200] "GET /?video=sex+cosplay. HTTP/1.1" 200 999 "-" "Mozilla/5.0 AppleWebKit/537.36 (KHTML, like Gecko; compatible; GPTBot/1.2; +https://openai.com/gptbot)"
172.69.34.208 - - [08/May/2025:12:08:16 +0200] "GET /?video=phim+sex+bau HTTP/1.1" 200 999 "-" "Mozilla/5.0 AppleWebKit/537.36 (KHTML, like Gecko; compatible; GPTBot/1.2; +https://openai.com/gptbot)"
172.69.34.208 - - [08/May/2025:12:08:17 +0200] "GET /?video=sax+han+quoc HTTP/1.1" 200 999 "-" "Mozilla/5.0 AppleWebKit/537.36 (KHTML, like Gecko; compatible; GPTBot/1.2; +https://openai.com/gptbot)"
172.69.34.208 - - [08/May/2025:12:08:18 +0200] "GET /?video=sex+trung+hs HTTP/1.1" 200 999 "-" "Mozilla/5.0 AppleWebKit/537.36 (KHTML, like Gecko; compatible; GPTBot/1.2; +https://openai.com/gptbot)"
172.69.34.208 - - [08/May/2025:12:08:19 +0200] "GET /?video=sex+ong+chau HTTP/1.1" 200 999 "-" "Mozilla/5.0 AppleWebKit/537.36 (KHTML, like Gecko; compatible; GPTBot/1.2; +https://openai.com/gptbot)"
172.69.34.208 - - [08/May/2025:12:08:20 +0200] "GET /?video=lam+tinh+sex HTTP/1.1" 200 999 "-" "Mozilla/5.0 AppleWebKit/537.36 (KHTML, like Gecko; compatible; GPTBot/1.2; +https://openai.com/gptbot)"
162.158.41.238 - - [08/May/2025:12:08:21 +0200] "GET /?i=25585821 HTTP/1.1" 200 131 "-" "Mozilla/5.0 (compatible; DotBot/1.2; +https://opensiteexplorer.org/dotbot; [email protected])"
172.69.222.169 - - [08/May/2025:12:08:21 +0200] "GET /?hot=sex%20tr%C3%AAn%20t%C3%A0u%20%C4%91i%E1%BB%87n HTTP/1.1" 200 999 "-" "Mozilla/5.0 (compatible; MJ12bot/v1.4.8; http://mj12bot.com/)"
172.69.34.208 - - [08/May/2025:12:08:21 +0200] "GET /?video=sex+trong+wc HTTP/1.1" 200 999 "-" "Mozilla/5.0 AppleWebKit/537.36 (KHTML, like Gecko; compatible; GPTBot/1.2; +https://openai.com/gptbot)"
172.70.126.124 - - [08/May/2025:12:08:21 +0200] "GET /?app=sex+yuamika HTTP/1.1" 200 999 "-" "Mozilla/5.0 AppleWebKit/537.36 (KHTML, like Gecko; compatible; ClaudeBot/1.0; [email protected])"
172.69.17.76 - - [08/May/2025:12:08:21 +0200] "GET /?ios=%C3%A1o+d%C3%A0i+sex HTTP/1.1" 200 999 "-" "Mozilla/5.0 AppleWebKit/537.36 (KHTML, like Gecko; compatible; ClaudeBot/1.0; [email protected])"
172.70.131.126 - - [08/May/2025:12:08:21 +0200] "GET /?game=phim+sex+vi%E1%BB%87t+nam+h%C3%B4n+nhau HTTP/1.1" 200 999 "-" "Mozilla/5.0 AppleWebKit/537.36 (KHTML, like Gecko; compatible; ClaudeBot/1.0; [email protected])"
172.70.179.123 - - [08/May/2025:12:08:22 +0200] "GET /?produc_id=yuna+ogura+sex HTTP/1.1" 200 999 "-" "Mozilla/5.0 AppleWebKit/537.36 (KHTML, like Gecko; compatible; ClaudeBot/1.0; [email protected])"
172.69.58.27 - - [08/May/2025:12:08:22 +0200] "GET /?keyword=bus+sex HTTP/1.1" 200 999 "-" "Mozilla/5.0 AppleWebKit/537.36 (KHTML, like Gecko; compatible; ClaudeBot/1.0; [email protected])"
172.69.34.208 - - [08/May/2025:12:08:22 +0200] "GET /?video=phim+sex+tay HTTP/1.1" 200 999 "-" "Mozilla/5.0 AppleWebKit/537.36 (KHTML, like Gecko; compatible; GPTBot/1.2; +https://openai.com/gptbot)"
172.69.34.208 - - [08/May/2025:12:08:24 +0200] "GET /?video=vung+tro.com HTTP/1.1" 200 999 "-" "Mozilla/5.0 AppleWebKit/537.36 (KHTML, like Gecko; compatible; GPTBot/1.2; +https://openai.com/gptbot)"
172.69.34.208 - - [08/May/2025:12:08:25 +0200] "GET /?video=girl+thu+dam HTTP/1.1" 200 999 "-" "Mozilla/5.0 AppleWebKit/537.36 (KHTML, like Gecko; compatible; GPTBot/1.2; +https://openai.com/gptbot)"
172.69.34.208 - - [08/May/2025:12:08:26 +0200] "GET /?video=sex+cosplay. HTTP/1.1" 200 999 "-" "Mozilla/5.0 AppleWebKit/537.36 (KHTML, like Gecko; compatible; GPTBot/1.2; +https://openai.com/gptbot)"
172.69.34.208 - - [08/May/2025:12:08:27 +0200] "GET /?video=sex+puay+len HTTP/1.1" 200 999 "-" "Mozilla/5.0 AppleWebKit/537.36 (KHTML, like Gecko; compatible; GPTBot/1.2; +https://openai.com/gptbot)"
172.69.34.208 - - [08/May/2025:12:08:28 +0200] "GET /?video=sex+quay+lem HTTP/1.1" 200 999 "-" "Mozilla/5.0 AppleWebKit/537.36 (KHTML, like Gecko; compatible; GPTBot/1.2; +https://openai.com/gptbot)"
172.69.34.208 - - [08/May/2025:12:08:29 +0200] "GET /?video=sex+han+quac HTTP/1.1" 200 999 "-" "Mozilla/5.0 AppleWebKit/537.36 (KHTML, like Gecko; compatible; GPTBot/1.2; +https://openai.com/gptbot)"
172.69.34.208 - - [08/May/2025:12:08:31 +0200] "GET /?video=pim+sex+nhat HTTP/1.1" 200 999 "-" "Mozilla/5.0 AppleWebKit/537.36 (KHTML, like Gecko; compatible; GPTBot/1.2; +https://openai.com/gptbot)"
172.69.34.208 - - [08/May/2025:12:08:32 +0200] "GET /?video=sex+trung+hd HTTP/1.1" 200 999 "-" "Mozilla/5.0 AppleWebKit/537.36 (KHTML, like Gecko; compatible; GPTBot/1.2; +https://openai.com/gptbot)"
172.69.34.208 - - [08/May/2025:12:08:33 +0200] "GET /?video=sex.nhat+ban HTTP/1.1" 200 999 "-" "Mozilla/5.0 AppleWebKit/537.36 (KHTML, like Gecko; compatible; GPTBot/1.2; +https://openai.com/gptbot)"
172.69.34.208 - - [08/May/2025:12:08:34 +0200] "GET /?video=sex+gay+phim HTTP/1.1" 200 999 "-" "Mozilla/5.0 AppleWebKit/537.36 (KHTML, like Gecko; compatible; GPTBot/1.2; +https://openai.com/gptbot)"
172.69.34.208 - - [08/May/2025:12:08:35 +0200] "GET /?video=set+quay+len HTTP/1.1" 200 999 "-" "Mozilla/5.0 AppleWebKit/537.36 (KHTML, like Gecko; compatible; GPTBot/1.2; +https://openai.com/gptbot)"
172.69.34.208 - - [08/May/2025:12:08:36 +0200] "GET /?video=lau+xanh+set HTTP/1.1" 200 999 "-" "Mozilla/5.0 AppleWebKit/537.36 (KHTML, like Gecko; compatible; GPTBot/1.2; +https://openai.com/gptbot)"
172.71.81.22 - - [08/May/2025:12:08:37 +0200] "GET /?i=144333821 HTTP/1.1" 200 93801 "-" "Mozilla/5.0 (Linux; Android 5.0) AppleWebKit/537.36 (KHTML, like Gecko) Mobile Safari/537.36 (compatible; Bytespider; [email protected])"
172.69.34.208 - - [08/May/2025:12:08:38 +0200] "GET /?video=sexgay+cu+to HTTP/1.1" 200 999 "-" "Mozilla/5.0 AppleWebKit/537.36 (KHTML, like Gecko; compatible; GPTBot/1.2; +https://openai.com/gptbot)"
162.158.88.143 - - [08/May/2025:12:08:38 +0200] "GET /IMG/logo/img-20231108-wa0084.jpg HTTP/1.1" 200 8767 "http://www.igihango.com/?i=144333821" "Mozilla/5.0 (Linux; Android 5.0) AppleWebKit/537.36 (KHTML, like Gecko) Mobile Safari/537.36 (compatible; Bytespider; [email protected])"
172.69.34.208 - - [08/May/2025:12:08:39 +0200] "GET /?hot=sex+em+h%C3%A0ng+x%C3%B3m HTTP/1.1" 200 999 "-" "Mozilla/5.0 AppleWebKit/537.36 (KHTML, like Gecko; compatible; GPTBot/1.2; +https://openai.com/gptbot)"
172.69.34.208 - - [08/May/2025:12:08:40 +0200] "GET /?app=sex+em+h%C3%A0ng+x%C3%B3m HTTP/1.1" 200 999 "-" "Mozilla/5.0 AppleWebKit/537.36 (KHTML, like Gecko; compatible; GPTBot/1.2; +https://openai.com/gptbot)"
172.69.34.208 - - [08/May/2025:12:08:41 +0200] "GET /?bet=sex+em+h%C3%A0ng+x%C3%B3m HTTP/1.1" 200 999 "-" "Mozilla/5.0 AppleWebKit/537.36 (KHTML, like Gecko; compatible; GPTBot/1.2; +https://openai.com/gptbot)"
172.69.34.208 - - [08/May/2025:12:08:42 +0200] "GET /?ios=sex+em+h%C3%A0ng+x%C3%B3m HTTP/1.1" 200 999 "-" "Mozilla/5.0 AppleWebKit/537.36 (KHTML, like Gecko; compatible; GPTBot/1.2; +https://openai.com/gptbot)"
172.69.34.208 - - [08/May/2025:12:08:43 +0200] "GET /?hot=sex+hi%E1%BA%BFp+d%C3%A2m+gi%C3%BAp+vi%E1%BB%87c HTTP/1.1" 200 999 "-" "Mozilla/5.0 AppleWebKit/537.36 (KHTML, like Gecko; compatible; GPTBot/1.2; +https://openai.com/gptbot)"
172.69.34.208 - - [08/May/2025:12:08:45 +0200] "GET /?play=sex+thu%E1%BB%91c+m%C3%AA+hi%E1%BA%BFp+d%C3%A2m HTTP/1.1" 200 999 "-" "Mozilla/5.0 AppleWebKit/537.36 (KHTML, like Gecko; compatible; GPTBot/1.2; +https://openai.com/gptbot)"
172.69.34.208 - - [08/May/2025:12:08:46 +0200] "GET /?bet=sex+hi%E1%BA%BFp+d%C3%A2m+gi%C3%BAp+vi%E1%BB%87c HTTP/1.1" 200 999 "-" "Mozilla/5.0 AppleWebKit/537.36 (KHTML, like Gecko; compatible; GPTBot/1.2; +https://openai.com/gptbot)"
172.69.34.208 - - [08/May/2025:12:08:47 +0200] "GET /?ios=sex+ng%C6%B0%E1%BB%9Di+m%E1%BA%ABu+kh%C3%B4ng+che HTTP/1.1" 200 999 "-" "Mozilla/5.0 AppleWebKit/537.36 (KHTML, like Gecko; compatible; GPTBot/1.2; +https://openai.com/gptbot)"
172.69.34.208 - - [08/May/2025:12:08:48 +0200] "GET /?video=sex+%C3%B4+t%C3%B4 HTTP/1.1" 200 999 "-" "Mozilla/5.0 AppleWebKit/537.36 (KHTML, like Gecko; compatible; GPTBot/1.2; +https://openai.com/gptbot)"
172.69.34.208 - - [08/May/2025:12:08:49 +0200] "GET /?top=phim+sex+anh+trai+ch%C4%83m+s%C3%B3c+em+g%C3%A1i HTTP/1.1" 200 999 "-" "Mozilla/5.0 AppleWebKit/537.36 (KHTML, like Gecko; compatible; GPTBot/1.2; +https://openai.com/gptbot)"
172.69.34.208 - - [08/May/2025:12:08:50 +0200] "GET /?game=xem+l%E1%BB%93n+g%C3%A1i+m%E1%BB%9Bi+l%E1%BB%9Bn HTTP/1.1" 200 999 "-" "Mozilla/5.0 AppleWebKit/537.36 (KHTML, like Gecko; compatible; GPTBot/1.2; +https://openai.com/gptbot)"
162.158.41.7 - - [08/May/2025:12:08:51 +0200] "GET /?i=259357221 HTTP/1.1" 200 131 "-" "Mozilla/5.0 (compatible; DotBot/1.2; +https://opensiteexplorer.org/dotbot; [email protected])"
172.69.34.208 - - [08/May/2025:12:08:51 +0200] "GET /?game=g%C3%A1i+m%E1%BB%9Bi+l%E1%BB%9Bn+l%E1%BB%93n+non HTTP/1.1" 200 999 "-" "Mozilla/5.0 AppleWebKit/537.36 (KHTML, like Gecko; compatible; GPTBot/1.2; +https://openai.com/gptbot)"
